!C99Shell v. 1.0 pre-release build #13!

Software: Apache. PHP/5.5.15 

uname -a: Windows NT SVR-DMZ 6.1 build 7600 (Windows Server 2008 R2 Enterprise Edition) i586 

SYSTEM 

Safe-mode: OFF (not secure)

E:\nuevo\apache\logs\   drwxrwxrwx
Free 9.41 GB of 239.26 GB (3.93%)
Detected drives: [ a ] [ c ] [ d ] [ e ] [ f ]
Home    Back    Forward    UPDIR    Refresh    Search    Buffer    Encoder    Tools    Proc.    FTP brute    Sec.    SQL    PHP-code    Update    Feedback    Self remove    Logout    


Viewing file:     error.2015.07.21.log (946.48 KB)      -rw-rw-rw-
Select action/file-type:
(+) | (+) | (+) | Code (+) | Session (+) | (+) | SDB (+) | (+) | (+) | (+) | (+) | (+) |
[Tue Jul 21 02:11:16.083133 2015] [:error] [pid 4656:tid 1656] [client 192.187.110.98:46114] script 'E:/nuevo/htdocs/testproxy.php' not found or unable to stat
[Tue Jul 21 02:17:29.376189 2015] [access_compat:error] [pid 4656:tid 1548] [client 181.225.176.126:61855] AH01797: client denied by server configuration: E:/nuevo/htdocs/phpMyAdmin
[Tue Jul 21 02:57:13.498177 2015] [access_compat:error] [pid 4656:tid 1652] [client 58.11.114.172:5063] AH01797: client denied by server configuration: E:/nuevo/htdocs/phpMyAdmin
[Tue Jul 21 03:07:55.376904 2015] [mpm_winnt:warn] [pid 4656:tid 3592] (OS 64)The specified network name is no longer available.  : AH00341: winnt_accept: Asynchronous AcceptEx failed.
[Tue Jul 21 03:54:00.186360 2015] [mpm_winnt:warn] [pid 4656:tid 3592] (OS 64)The specified network name is no longer available.  : AH00341: winnt_accept: Asynchronous AcceptEx failed.
[Tue Jul 21 07:05:16.834118 2015] [proxy_http:error] [pid 4656:tid 1780] (OS 10054)An existing connection was forcibly closed by the remote host.  : [client 201.245.192.253:25726] AH01102: error reading status line from remote server 172.22.1.31:80, referer: http://190.27.245.106/isolucionsda/IdentificaUsuario.asp?Pagina1=FrameSetGeneral.asp&
[Tue Jul 21 07:05:16.834118 2015] [proxy:error] [pid 4656:tid 1780] [client 201.245.192.253:25726] AH00898: Error reading from remote server returned by /isolucionsda/g/shim.gif, referer: http://190.27.245.106/isolucionsda/IdentificaUsuario.asp?Pagina1=FrameSetGeneral.asp&
[Tue Jul 21 07:05:23.027329 2015] [proxy_http:error] [pid 4656:tid 1764] (OS 10054)An existing connection was forcibly closed by the remote host.  : [client 201.245.192.253:25733] AH01102: error reading status line from remote server 172.22.1.31:80, referer: http://190.27.245.106/isolucionsda/FrameSetGeneral.asp?Pagina1=FrameSetGeneral.asp&
[Tue Jul 21 07:05:23.027329 2015] [proxy:error] [pid 4656:tid 1764] [client 201.245.192.253:25733] AH00898: Error reading from remote server returned by /isolucionsda/BarraFavoritos.asp, referer: http://190.27.245.106/isolucionsda/FrameSetGeneral.asp?Pagina1=FrameSetGeneral.asp&
[Tue Jul 21 07:37:55.401958 2015] [proxy_http:error] [pid 4656:tid 1772] (OS 10054)An existing connection was forcibly closed by the remote host.  : [client 201.245.192.253:31775] AH01102: error reading status line from remote server 172.22.1.31:80, referer: http://190.27.245.106/isolucionsda/Encabezado.asp?Pagina=ListadoMaestroDocumentos3.asp
[Tue Jul 21 07:37:55.401958 2015] [proxy:error] [pid 4656:tid 1772] [client 201.245.192.253:31775] AH00898: Error reading from remote server returned by /isolucionsda/g/Bot_CerrarOver.jpg, referer: http://190.27.245.106/isolucionsda/Encabezado.asp?Pagina=ListadoMaestroDocumentos3.asp
[Tue Jul 21 08:20:07.303005 2015] [proxy_http:error] [pid 4656:tid 1852] (20014)Internal error: [client 201.245.192.253:48428] AH01102: error reading status line from remote server 172.22.1.47:80, referer: http://190.27.245.106/forest/buscar.do?type=documentos
[Tue Jul 21 08:44:15.547149 2015] [:error] [pid 4656:tid 1588] [client 212.253.33.251:64117] script 'E:/nuevo/htdocs/wp-login.php' not found or unable to stat
[Tue Jul 21 08:44:16.093150 2015] [:error] [pid 4656:tid 1588] [client 212.253.33.251:64117] script 'E:/nuevo/htdocs/admin.php' not found or unable to stat
[Tue Jul 21 09:20:43.405192 2015] [proxy_http:error] [pid 4656:tid 1580] (OS 10054)An existing connection was forcibly closed by the remote host.  : [client 186.84.9.99:49611] AH01102: error reading status line from remote server 172.22.1.31:80, referer: http://190.27.245.106/isolucionsda/Encabezado.asp?Pagina1=FrameSetGeneral.asp&&Pagina=MagazinHome.asp
[Tue Jul 21 09:23:27.205480 2015] [proxy_http:error] [pid 4656:tid 1396] (20014)Internal error: [client 201.245.192.253:36244] AH01102: error reading status line from remote server 172.22.1.47:80, referer: http://190.27.245.106/forest/index2.jsp?a=0.008596050326895033
[Tue Jul 21 09:23:27.205480 2015] [proxy:error] [pid 4656:tid 1396] [client 201.245.192.253:36244] AH00898: Error reading from remote server returned by /forest/session.jsp, referer: http://190.27.245.106/forest/index2.jsp?a=0.008596050326895033
[Tue Jul 21 09:23:27.205480 2015] [negotiation:error] [pid 4656:tid 1396] [client 201.245.192.253:36244] AH00690: no acceptable variant: E:/nuevo/apache/error/HTTP_BAD_GATEWAY.html.var, referer: http://190.27.245.106/forest/index2.jsp?a=0.008596050326895033
[Tue Jul 21 09:26:15.685775 2015] [proxy_http:error] [pid 4656:tid 1580] (20014)Internal error: [client 201.245.192.253:13177] AH01102: error reading status line from remote server 172.22.1.47:80, referer: http://190.27.245.106/forest/usutareas.do?codTraEsc=18355416
[Tue Jul 21 09:26:15.685775 2015] [proxy:error] [pid 4656:tid 1580] [client 201.245.192.253:13177] AH00898: Error reading from remote server returned by /forest/session.jsp, referer: http://190.27.245.106/forest/usutareas.do?codTraEsc=18355416
[Tue Jul 21 09:26:15.685775 2015] [negotiation:error] [pid 4656:tid 1580] [client 201.245.192.253:13177] AH00690: no acceptable variant: E:/nuevo/apache/error/HTTP_BAD_GATEWAY.html.var, referer: http://190.27.245.106/forest/usutareas.do?codTraEsc=18355416
[Tue Jul 21 09:28:54.852855 2015] [proxy_http:error] [pid 4656:tid 1644] (20014)Internal error: [client 201.245.192.253:24756] AH01102: error reading status line from remote server 172.22.1.47:80, referer: http://190.27.245.106/forest/index2.jsp?a=0.9522585921785
[Tue Jul 21 09:29:06.537276 2015] [proxy_http:error] [pid 4656:tid 1508] (20014)Internal error: [client 201.245.192.253:14609] AH01102: error reading status line from remote server 172.22.1.47:80, referer: http://190.27.245.106/forest/reportes.do?menu=1&group_system_actual=5
[Tue Jul 21 09:32:46.404062 2015] [proxy_http:error] [pid 4656:tid 1612] (20014)Internal error: [client 201.245.192.253:57458] AH01102: error reading status line from remote server 172.22.1.47:80, referer: http://190.27.245.106/forest/usutareas.do?_a=0.13515668621628685&group_system_actual=3
[Tue Jul 21 09:33:18.477718 2015] [proxy_http:error] [pid 4656:tid 1556] (20014)Internal error: [client 201.245.192.253:57859] AH01102: error reading status line from remote server 172.22.1.47:80, referer: http://190.27.245.106/forest/usudocumentos.do?_a=0.015107651078640982&group_system_actual=3
[Tue Jul 21 09:33:34.810947 2015] [proxy_http:error] [pid 4656:tid 1636] (20014)Internal error: [client 201.245.192.253:45864] AH01102: error reading status line from remote server 172.22.1.47:80, referer: http://190.27.245.106/forest/buscar.do?type=documentos
[Tue Jul 21 09:35:18.301529 2015] [proxy_http:error] [pid 4656:tid 1332] (20014)Internal error: [client 201.245.192.253:47152] AH01102: error reading status line from remote server 172.22.1.47:80, referer: http://190.27.245.106/forest/usutareas.do?_a=0.34347902541048825&group_system_actual=3
[Tue Jul 21 09:35:30.516350 2015] [proxy_http:error] [pid 4656:tid 1756] (20014)Internal error: [client 190.158.111.88:52329] AH01102: error reading status line from remote server 172.22.1.47:80, referer: http://190.27.245.106/forest/usudocumentos.do?_a=0.16182018141262233&group_system_actual=3
[Tue Jul 21 09:35:30.516350 2015] [proxy:error] [pid 4656:tid 1756] [client 190.158.111.88:52329] AH00898: Error reading from remote server returned by /forest/skins/gdocs-jar/css/autocomplete.css, referer: http://190.27.245.106/forest/usudocumentos.do?_a=0.16182018141262233&group_system_actual=3
[Tue Jul 21 09:35:30.516350 2015] [proxy_http:error] [pid 4656:tid 1380] (20014)Internal error: [client 190.158.111.88:52328] AH01102: error reading status line from remote server 172.22.1.47:80, referer: http://190.27.245.106/forest/usudocumentos.do?_a=0.16182018141262233&group_system_actual=3
[Tue Jul 21 09:41:25.682174 2015] [proxy_http:error] [pid 4656:tid 1540] (20014)Internal error: [client 201.245.192.253:40471] AH01102: error reading status line from remote server 172.22.1.47:80, referer: http://190.27.245.106/forest/index2.jsp?_a=0.3867189979646355
[Tue Jul 21 09:41:25.682174 2015] [proxy:error] [pid 4656:tid 1540] [client 201.245.192.253:40471] AH00898: Error reading from remote server returned by /forest/skins/gdocs-jar/css/forest.css, referer: http://190.27.245.106/forest/index2.jsp?_a=0.3867189979646355
[Tue Jul 21 09:41:25.682174 2015] [proxy_http:error] [pid 4656:tid 1636] (20014)Internal error: [client 201.245.192.253:40473] AH01102: error reading status line from remote server 172.22.1.47:80, referer: http://190.27.245.106/forest/index2.jsp?_a=0.3867189979646355
[Tue Jul 21 09:41:25.682174 2015] [proxy:error] [pid 4656:tid 1636] [client 201.245.192.253:40473] AH00898: Error reading from remote server returned by /forest/skins/gdocs-jar/css/autocomplete.css, referer: http://190.27.245.106/forest/index2.jsp?_a=0.3867189979646355
[Tue Jul 21 09:41:35.589191 2015] [proxy_http:error] [pid 4656:tid 1612] (20014)Internal error: [client 201.245.192.253:53662] AH01102: error reading status line from remote server 172.22.1.47:80
[Tue Jul 21 09:43:36.863804 2015] [proxy_http:error] [pid 4656:tid 1732] (20014)Internal error: [client 201.245.192.253:42412] AH01102: error reading status line from remote server 172.22.1.47:80, referer: http://190.27.245.106/forest/misactividades.do?group_system_actual=3&codPro=95&_a=0.20946716600751003
[Tue Jul 21 09:43:37.331805 2015] [proxy_http:error] [pid 4656:tid 1524] (20014)Internal error: [client 201.245.192.253:42384] AH01102: error reading status line from remote server 172.22.1.47:80, referer: http://190.27.245.106/forest/suactividades.do?group_system_actual=3
[Tue Jul 21 09:43:37.347405 2015] [proxy_http:error] [pid 4656:tid 1644] (20014)Internal error: [client 201.245.192.253:42383] AH01102: error reading status line from remote server 172.22.1.47:80, referer: http://190.27.245.106/forest/suactividades.do?group_system_actual=3
[Tue Jul 21 09:45:19.808385 2015] [proxy_http:error] [pid 4656:tid 1396] (20014)Internal error: [client 201.245.192.253:44009] AH01102: error reading status line from remote server 172.22.1.47:80, referer: http://190.27.245.106/forest/buscar.do
[Tue Jul 21 09:45:19.808385 2015] [proxy:error] [pid 4656:tid 1396] [client 201.245.192.253:44009] AH00898: Error reading from remote server returned by /forest/skins/gdocs-jar/css/tree.css, referer: http://190.27.245.106/forest/buscar.do
[Tue Jul 21 09:46:26.685703 2015] [proxy_http:error] [pid 4656:tid 1572] (20014)Internal error: [client 201.245.192.253:45021] AH01102: error reading status line from remote server 172.22.1.47:80, referer: http://190.27.245.106/forest/buscar.do?type=procesos
[Tue Jul 21 09:46:39.774126 2015] [proxy_http:error] [pid 4656:tid 1860] (20014)Internal error: [client 201.245.192.253:45175] AH01102: error reading status line from remote server 172.22.1.47:80, referer: http://190.27.245.106/forest/usutareas.do?_a=0.9688204334119767&group_system_actual=3
[Tue Jul 21 09:46:39.774126 2015] [proxy:error] [pid 4656:tid 1860] [client 201.245.192.253:45175] AH00898: Error reading from remote server returned by /forest/css/index.css, referer: http://190.27.245.106/forest/usutareas.do?_a=0.9688204334119767&group_system_actual=3
[Tue Jul 21 09:47:05.826171 2015] [proxy_http:error] [pid 4656:tid 1420] (20014)Internal error: [client 201.245.192.253:45513] AH01102: error reading status line from remote server 172.22.1.47:80, referer: http://190.27.245.106/forest/buscar.do?type=procesos
[Tue Jul 21 09:47:05.888571 2015] [proxy_http:error] [pid 4656:tid 1740] (20014)Internal error: [client 201.245.192.253:45512] AH01102: error reading status line from remote server 172.22.1.47:80, referer: http://190.27.245.106/forest/buscar.do?type=procesos
[Tue Jul 21 09:47:22.908201 2015] [proxy_http:error] [pid 4656:tid 1708] (20014)Internal error: [client 181.61.173.135:54066] AH01102: error reading status line from remote server 172.22.1.47:80, referer: http://190.27.245.106/forest/usutareas.do?group_system_actual=3&a=0.4415872166864574
[Tue Jul 21 09:48:36.992731 2015] [proxy_http:error] [pid 4656:tid 1444] (20014)Internal error: [client 201.245.192.253:46840] AH01102: error reading status line from remote server 172.22.1.47:80, referer: http://190.27.245.106/forest/usutareas.do?group_system_actual=3&a=0.7230311644062299
[Tue Jul 21 09:48:39.145535 2015] [proxy_http:error] [pid 4656:tid 1692] (20014)Internal error: [client 201.245.192.253:46843] AH01102: error reading status line from remote server 172.22.1.47:80, referer: http://190.27.245.106/forest/js/jquery/css/jquery-ui-1.8.1.custom.css
[Tue Jul 21 09:48:45.603947 2015] [proxy_http:error] [pid 4656:tid 1444] (20014)Internal error: [client 201.245.192.253:33288] AH01102: error reading status line from remote server 172.22.1.47:80, referer: http://190.27.245.106/forest/index2.jsp?a=0.7848410740197551
[Tue Jul 21 09:50:37.128542 2015] [proxy_http:error] [pid 4656:tid 1596] (20014)Internal error: [client 201.245.192.253:36239] AH01102: error reading status line from remote server 172.22.1.47:80, referer: http://190.27.245.106/forest/usutareas.do?_a=0.9261248105176892&group_system_actual=3
[Tue Jul 21 09:50:37.144142 2015] [proxy_http:error] [pid 4656:tid 1732] (20014)Internal error: [client 201.245.192.253:36241] AH01102: error reading status line from remote server 172.22.1.47:80, referer: http://190.27.245.106/forest/usutareas.do?_a=0.9261248105176892&group_system_actual=3
[Tue Jul 21 09:50:37.144142 2015] [proxy:error] [pid 4656:tid 1732] [client 201.245.192.253:36241] AH00898: Error reading from remote server returned by /forest/skins/gdocs-jar/css/autocomplete.css, referer: http://190.27.245.106/forest/usutareas.do?_a=0.9261248105176892&group_system_actual=3
[Tue Jul 21 09:50:37.159742 2015] [proxy_http:error] [pid 4656:tid 1708] (20014)Internal error: [client 201.245.192.253:36244] AH01102: error reading status line from remote server 172.22.1.47:80, referer: http://190.27.245.106/forest/usutareas.do?_a=0.9261248105176892&group_system_actual=3
[Tue Jul 21 09:50:37.159742 2015] [proxy_http:error] [pid 4656:tid 1668] (20014)Internal error: [client 201.245.192.253:36240] AH01102: error reading status line from remote server 172.22.1.47:80, referer: http://190.27.245.106/forest/usutareas.do?_a=0.9261248105176892&group_system_actual=3
[Tue Jul 21 09:50:50.981367 2015] [proxy_http:error] [pid 4656:tid 1644] (20014)Internal error: [client 201.245.192.253:36371] AH01102: error reading status line from remote server 172.22.1.47:80, referer: http://190.27.245.106/forest/misactividades.do?_a=0.39569311420134434&group_system_actual=3
[Tue Jul 21 09:51:36.299446 2015] [proxy_http:error] [pid 4656:tid 1692] (20014)Internal error: [client 201.245.192.253:37027] AH01102: error reading status line from remote server 172.22.1.47:80, referer: http://190.27.245.106/forest/
[Tue Jul 21 09:51:36.315046 2015] [proxy_http:error] [pid 4656:tid 1652] (20014)Internal error: [client 201.245.192.253:37030] AH01102: error reading status line from remote server 172.22.1.47:80
[Tue Jul 21 09:51:36.330646 2015] [proxy_http:error] [pid 4656:tid 1684] (20014)Internal error: [client 201.245.192.253:37029] AH01102: error reading status line from remote server 172.22.1.47:80, referer: http://190.27.245.106/forest/
[Tue Jul 21 09:51:36.346246 2015] [proxy_http:error] [pid 4656:tid 1820] (20014)Internal error: [client 201.245.192.253:37028] AH01102: error reading status line from remote server 172.22.1.47:80, referer: http://190.27.245.106/forest/
[Tue Jul 21 09:51:36.361846 2015] [proxy_http:error] [pid 4656:tid 1652] (20014)Internal error: [client 201.245.192.253:37035] AH01102: error reading status line from remote server 172.22.1.47:80, referer: http://190.27.245.106/forest/
[Tue Jul 21 09:51:36.393047 2015] [proxy_http:error] [pid 4656:tid 1820] (20014)Internal error: [client 201.245.192.253:37037] AH01102: error reading status line from remote server 172.22.1.47:80, referer: http://190.27.245.106/forest/
[Tue Jul 21 09:51:36.408647 2015] [proxy_http:error] [pid 4656:tid 1820] (20014)Internal error: [client 201.245.192.253:37039] AH01102: error reading status line from remote server 172.22.1.47:80, referer: http://190.27.245.106/forest/
[Tue Jul 21 09:51:36.408647 2015] [proxy:error] [pid 4656:tid 1820] [client 201.245.192.253:37039] AH00898: Error reading from remote server returned by /forest/skins/gdocs-jar/img/okey.gif, referer: http://190.27.245.106/forest/
[Tue Jul 21 09:51:36.424247 2015] [proxy_http:error] [pid 4656:tid 1652] (20014)Internal error: [client 201.245.192.253:37038] AH01102: error reading status line from remote server 172.22.1.47:80, referer: http://190.27.245.106/forest/
[Tue Jul 21 09:51:40.277453 2015] [proxy_http:error] [pid 4656:tid 1604] (20014)Internal error: [client 201.245.192.253:37031] AH01102: error reading status line from remote server 172.22.1.47:80, referer: http://190.27.245.106/forest/misactividades.do?group_system_actual=3&codPro=95&_a=0.5422334225434083
[Tue Jul 21 09:52:02.959893 2015] [proxy_http:error] [pid 4656:tid 1668] (20014)Internal error: [client 201.245.192.253:51314] AH01102: error reading status line from remote server 172.22.1.47:80, referer: http://190.27.245.106/forest/usutareas.do?_a=0.6231253151781857&group_system_actual=3
[Tue Jul 21 09:52:02.959893 2015] [proxy:error] [pid 4656:tid 1668] [client 201.245.192.253:51314] AH00898: Error reading from remote server returned by /forest/img/adduser.gif, referer: http://190.27.245.106/forest/usutareas.do?_a=0.6231253151781857&group_system_actual=3
[Tue Jul 21 09:52:29.947941 2015] [proxy_http:error] [pid 4656:tid 1652] (20014)Internal error: [client 201.245.192.253:11715] AH01102: error reading status line from remote server 172.22.1.47:80, referer: http://190.27.245.106/forest/buscar.do
[Tue Jul 21 09:53:01.959197 2015] [proxy_http:error] [pid 4656:tid 1868] (20014)Internal error: [client 201.245.192.253:52350] AH01102: error reading status line from remote server 172.22.1.47:80, referer: http://190.27.245.106/forest/index2.jsp?_a=0.13349475408904254
[Tue Jul 21 09:53:59.975699 2015] [proxy_http:error] [pid 4656:tid 1804] (20014)Internal error: [client 201.245.192.253:39288] AH01102: error reading status line from remote server 172.22.1.47:80, referer: http://190.27.245.106/forest/reportes.do?menu=1&group_system_actual=5
[Tue Jul 21 09:53:59.991299 2015] [proxy_http:error] [pid 4656:tid 1564] (20014)Internal error: [client 201.245.192.253:39290] AH01102: error reading status line from remote server 172.22.1.47:80, referer: http://190.27.245.106/forest/reportes.do?menu=1&group_system_actual=5
[Tue Jul 21 09:53:59.991299 2015] [proxy_http:error] [pid 4656:tid 1804] (20014)Internal error: [client 201.245.192.253:39302] AH01102: error reading status line from remote server 172.22.1.47:80, referer: http://190.27.245.106/forest/reportes.do?menu=1&group_system_actual=5
[Tue Jul 21 09:53:59.991299 2015] [proxy:error] [pid 4656:tid 1804] [client 201.245.192.253:39302] AH00898: Error reading from remote server returned by /forest/img/close.gif, referer: http://190.27.245.106/forest/reportes.do?menu=1&group_system_actual=5
[Tue Jul 21 09:54:18.929732 2015] [proxy_http:error] [pid 4656:tid 1468] (20014)Internal error: [client 201.245.192.253:39637] AH01102: error reading status line from remote server 172.22.1.47:80, referer: http://190.27.245.106/forest/usutareas.do?group_system_actual=3&a=0.5190446550577116
[Tue Jul 21 09:54:18.960932 2015] [proxy_http:error] [pid 4656:tid 1612] (20014)Internal error: [client 201.245.192.253:39667] AH01102: error reading status line from remote server 172.22.1.47:80, referer: http://190.27.245.106/forest/usutareas.do?group_system_actual=3&a=0.5190446550577116
[Tue Jul 21 09:55:51.157094 2015] [proxy_http:error] [pid 4656:tid 1604] (20014)Internal error: [client 201.245.192.253:41627] AH01102: error reading status line from remote server 172.22.1.47:80, referer: http://190.27.245.106/forest/misactividades.do?_a=0.7240684169810265&group_system_actual=3
[Tue Jul 21 09:55:51.157094 2015] [proxy:error] [pid 4656:tid 1604] [client 201.245.192.253:41627] AH00898: Error reading from remote server returned by /forest/js/jquery/css/jquery-ui-1.8.1.custom.css, referer: http://190.27.245.106/forest/misactividades.do?_a=0.7240684169810265&group_system_actual=3
[Tue Jul 21 09:55:51.172694 2015] [proxy_http:error] [pid 4656:tid 1428] (20014)Internal error: [client 201.245.192.253:41629] AH01102: error reading status line from remote server 172.22.1.47:80, referer: http://190.27.245.106/forest/misactividades.do?_a=0.7240684169810265&group_system_actual=3
[Tue Jul 21 09:55:58.910308 2015] [proxy_http:error] [pid 4656:tid 1364] (20014)Internal error: [client 201.245.192.253:41901] AH01102: error reading status line from remote server 172.22.1.47:80, referer: http://190.27.245.106/forest/reportes.do?menu=1&group_system_actual=5
[Tue Jul 21 09:56:12.763132 2015] [proxy_http:error] [pid 4656:tid 1428] (20014)Internal error: [client 201.245.192.253:13708] AH01102: error reading status line from remote server 172.22.1.47:80, referer: http://190.27.245.106/forest/index2.jsp?_a=0.055271996162108206
[Tue Jul 21 09:56:13.231133 2015] [proxy_http:error] [pid 4656:tid 1428] (20014)Internal error: [client 201.245.192.253:13709] AH01102: error reading status line from remote server 172.22.1.47:80, referer: http://190.27.245.106/forest/buscar.do?type=procesos
[Tue Jul 21 09:56:13.277933 2015] [proxy_http:error] [pid 4656:tid 1364] (20014)Internal error: [client 201.245.192.253:13714] AH01102: error reading status line from remote server 172.22.1.47:80, referer: http://190.27.245.106/forest/buscar.do?type=procesos
[Tue Jul 21 09:56:38.768378 2015] [proxy_http:error] [pid 4656:tid 1508] (20014)Internal error: [client 186.28.58.45:11720] AH01102: error reading status line from remote server 172.22.1.47:80, referer: http://190.27.245.106/forest/buscar.do
[Tue Jul 21 09:56:43.573186 2015] [proxy_http:error] [pid 4656:tid 1596] (20014)Internal error: [client 181.55.137.12:49442] AH01102: error reading status line from remote server 172.22.1.47:80, referer: http://190.27.245.106/forest/usutareas.do?codTraEsc=18681578
[Tue Jul 21 09:57:10.046433 2015] [proxy_http:error] [pid 4656:tid 1580] (20014)Internal error: [client 201.245.192.253:57273] AH01102: error reading status line from remote server 172.22.1.47:80, referer: http://190.27.245.106/forest/index2.jsp?a=0.7295385022570341
[Tue Jul 21 09:57:10.046433 2015] [proxy:error] [pid 4656:tid 1580] [client 201.245.192.253:57273] AH00898: Error reading from remote server returned by /forest/session.jsp, referer: http://190.27.245.106/forest/index2.jsp?a=0.7295385022570341
[Tue Jul 21 09:57:10.046433 2015] [negotiation:error] [pid 4656:tid 1580] [client 201.245.192.253:57273] AH00690: no acceptable variant: E:/nuevo/apache/error/HTTP_BAD_GATEWAY.html.var, referer: http://190.27.245.106/forest/index2.jsp?a=0.7295385022570341
[Tue Jul 21 09:57:56.050913 2015] [proxy_http:error] [pid 4656:tid 1396] (20014)Internal error: [client 201.245.192.253:58310] AH01102: error reading status line from remote server 172.22.1.47:80, referer: http://190.27.245.106/forest/buscar.do?type=documentos
[Tue Jul 21 09:58:04.942929 2015] [proxy_http:error] [pid 4656:tid 1556] (20014)Internal error: [client 201.245.192.253:44039] AH01102: error reading status line from remote server 172.22.1.47:80, referer: http://190.27.245.106/forest/usutareas.do?_a=0.07920109639546091&group_system_actual=3
[Tue Jul 21 09:58:11.806941 2015] [proxy_http:error] [pid 4656:tid 1436] (20014)Internal error: [client 201.245.192.253:44019] AH01102: error reading status line from remote server 172.22.1.47:80, referer: http://190.27.245.106/forest/system/process.jsp?numPro=844501
[Tue Jul 21 09:59:35.875489 2015] [proxy_http:error] [pid 4656:tid 1604] (20014)Internal error: [client 201.245.192.253:47750] AH01102: error reading status line from remote server 172.22.1.47:80, referer: http://190.27.245.106/forest/
[Tue Jul 21 09:59:35.953489 2015] [proxy_http:error] [pid 4656:tid 1476] (20014)Internal error: [client 201.245.192.253:47751] AH01102: error reading status line from remote server 172.22.1.47:80, referer: http://190.27.245.106/forest/
[Tue Jul 21 10:04:43.851230 2015] [proxy_http:error] [pid 4656:tid 1764] (20014)Internal error: [client 201.245.192.253:38572] AH01102: error reading status line from remote server 172.22.1.47:80, referer: http://190.27.245.106/forest/index2.jsp?a=0.5291057200695739
[Tue Jul 21 10:04:43.882430 2015] [proxy_http:error] [pid 4656:tid 1764] (20014)Internal error: [client 201.245.192.253:38576] AH01102: error reading status line from remote server 172.22.1.47:80, referer: http://190.27.245.106/forest/index2.jsp?a=0.5291057200695739
[Tue Jul 21 10:04:43.913630 2015] [proxy_http:error] [pid 4656:tid 1764] (20014)Internal error: [client 201.245.192.253:38577] AH01102: error reading status line from remote server 172.22.1.47:80, referer: http://190.27.245.106/forest/index2.jsp?a=0.5291057200695739
[Tue Jul 21 10:04:43.944830 2015] [proxy_http:error] [pid 4656:tid 1764] (20014)Internal error: [client 201.245.192.253:38578] AH01102: error reading status line from remote server 172.22.1.47:80, referer: http://190.27.245.106/forest/index2.jsp?a=0.5291057200695739
[Tue Jul 21 10:06:37.949830 2015] [proxy_http:error] [pid 4656:tid 1596] (20014)Internal error: [client 172.22.2.1:12336] AH01102: error reading status line from remote server 172.22.1.47:80, referer: http://190.27.245.106/forest/reimprimirradic.do?_a=0.4337848688403443&group_system_actual=4
[Tue Jul 21 10:06:37.949830 2015] [proxy_http:error] [pid 4656:tid 1772] (20014)Internal error: [client 172.22.2.1:12335] AH01102: error reading status line from remote server 172.22.1.47:80, referer: http://190.27.245.106/forest/reimprimirradic.do?_a=0.4337848688403443&group_system_actual=4
[Tue Jul 21 10:06:43.519040 2015] [proxy_http:error] [pid 4656:tid 1468] (20014)Internal error: [client 172.22.2.1:12334] AH01102: error reading status line from remote server 172.22.1.47:80, referer: http://190.27.245.106/forest/index2.jsp?_a=0.9490861442530397
[Tue Jul 21 10:07:56.667568 2015] [proxy_http:error] [pid 4656:tid 1820] (20014)Internal error: [client 201.245.192.253:56824] AH01102: error reading status line from remote server 172.22.1.47:80, referer: http://190.27.245.106/forest/misactividades.do?_a=0.791317610641775&group_system_actual=3
[Tue Jul 21 10:07:57.509970 2015] [proxy_http:error] [pid 4656:tid 1404] (20014)Internal error: [client 201.245.192.253:19880] AH01102: error reading status line from remote server 172.22.1.47:80, referer: http://190.27.245.106/forest/index2.jsp?a=0.5577641316487358
[Tue Jul 21 10:07:57.509970 2015] [proxy:error] [pid 4656:tid 1404] [client 201.245.192.253:19880] AH00898: Error reading from remote server returned by /forest/css/escritorio.css, referer: http://190.27.245.106/forest/index2.jsp?a=0.5577641316487358
[Tue Jul 21 10:07:57.946771 2015] [proxy_http:error] [pid 4656:tid 1580] (20014)Internal error: [client 201.245.192.253:19879] AH01102: error reading status line from remote server 172.22.1.47:80, referer: http://190.27.245.106/forest/index2.jsp?a=0.5577641316487358
[Tue Jul 21 10:08:29.552426 2015] [proxy_http:error] [pid 4656:tid 1516] (20014)Internal error: [client 186.28.58.45:11807] AH01102: error reading status line from remote server 172.22.1.47:80, referer: http://190.27.245.106/forest/buscar.do
[Tue Jul 21 10:08:42.578449 2015] [proxy_http:error] [pid 4656:tid 1852] (20014)Internal error: [client 201.245.192.253:42954] AH01102: error reading status line from remote server 172.22.1.47:80, referer: http://190.27.245.106/forest/js/jquery/css/jquery-ui-1.8.1.custom.css
[Tue Jul 21 10:08:44.590852 2015] [proxy_http:error] [pid 4656:tid 1540] (20014)Internal error: [client 201.245.192.253:57630] AH01102: error reading status line from remote server 172.22.1.47:80, referer: http://190.27.245.106/forest/index2.jsp?a=0.5804527602191036
[Tue Jul 21 10:08:44.590852 2015] [proxy:error] [pid 4656:tid 1540] [client 201.245.192.253:57630] AH00898: Error reading from remote server returned by /forest/1ibre/jscalendar/calendar-win2k-1.css, referer: http://190.27.245.106/forest/index2.jsp?a=0.5804527602191036
[Tue Jul 21 10:08:44.668853 2015] [proxy_http:error] [pid 4656:tid 1540] (20014)Internal error: [client 201.245.192.253:57630] AH01102: error reading status line from remote server 172.22.1.47:80, referer: http://190.27.245.106/forest/index2.jsp?a=0.5804527602191036
[Tue Jul 21 10:08:58.412477 2015] [proxy_http:error] [pid 4656:tid 1308] (20014)Internal error: [client 201.245.192.253:43172] AH01102: error reading status line from remote server 172.22.1.47:80, referer: http://190.27.245.106/forest/index2.jsp?a=0.2071869010387546
[Tue Jul 21 10:08:58.428077 2015] [proxy_http:error] [pid 4656:tid 1308] (20014)Internal error: [client 201.245.192.253:43241] AH01102: error reading status line from remote server 172.22.1.47:80, referer: http://190.27.245.106/forest/index2.jsp?a=0.2071869010387546
[Tue Jul 21 10:08:58.428077 2015] [proxy:error] [pid 4656:tid 1308] [client 201.245.192.253:43241] AH00898: Error reading from remote server returned by /forest/skins/gdocs-jar/css/dialog.css, referer: http://190.27.245.106/forest/index2.jsp?a=0.2071869010387546
[Tue Jul 21 10:10:23.635426 2015] [proxy_http:error] [pid 4656:tid 1412] (20014)Internal error: [client 201.245.192.253:20931] AH01102: error reading status line from remote server 172.22.1.47:80, referer: http://190.27.245.106/forest/buscar.do?type=documentos
[Tue Jul 21 10:11:20.263526 2015] [proxy_http:error] [pid 4656:tid 1604] (20014)Internal error: [client 201.245.192.253:47748] AH01102: error reading status line from remote server 172.22.1.47:80, referer: http://190.27.245.106/forest/usutareas.do?_a=0.6861982693928848&group_system_actual=3
[Tue Jul 21 10:11:45.457570 2015] [proxy_http:error] [pid 4656:tid 1612] (20014)Internal error: [client 201.245.192.253:46260] AH01102: error reading status line from remote server 172.22.1.47:80, referer: http://190.27.245.106/forest/usudocumentos.do?_a=0.044803160770921835&group_system_actual=3
[Tue Jul 21 10:11:52.524383 2015] [proxy_http:error] [pid 4656:tid 1436] (20014)Internal error: [client 201.245.192.253:48441] AH01102: error reading status line from remote server 172.22.1.47:80, referer: http://190.27.245.106/forest/config/permisos?_a=0.04164110621272121&group_system_actual=6
[Tue Jul 21 10:15:17.227942 2015] [proxy_http:error] [pid 4656:tid 1420] (20014)Internal error: [client 201.245.192.253:37598] AH01102: error reading status line from remote server 172.22.1.47:80, referer: http://190.27.245.106/forest/usutareas.do?group_system_actual=3&codTraEsc=18598373&_a=0.8067372415090981
[Tue Jul 21 10:15:17.243542 2015] [proxy_http:error] [pid 4656:tid 1620] (20014)Internal error: [client 201.245.192.253:37498] AH01102: error reading status line from remote server 172.22.1.47:80, referer: http://190.27.245.106/forest/usutareas.do?group_system_actual=3&codTraEsc=18598373&_a=0.8067372415090981
[Tue Jul 21 10:15:21.361949 2015] [proxy_http:error] [pid 4656:tid 1668] (20014)Internal error: [client 201.245.192.253:37705] AH01102: error reading status line from remote server 172.22.1.47:80, referer: http://190.27.245.106/forest/buscar.do?
[Tue Jul 21 10:15:21.361949 2015] [proxy:error] [pid 4656:tid 1668] [client 201.245.192.253:37705] AH00898: Error reading from remote server returned by /forest/img/nav_next.gif, referer: http://190.27.245.106/forest/buscar.do?
[Tue Jul 21 10:16:20.548453 2015] [proxy_http:error] [pid 4656:tid 1756] (20014)Internal error: [client 201.245.192.253:53366] AH01102: error reading status line from remote server 172.22.1.47:80, referer: http://190.27.245.106/forest/skins/gdocs-jar/css/menu.css?version=1503.161801
[Tue Jul 21 10:17:06.116133 2015] [proxy_http:error] [pid 4656:tid 1732] (20014)Internal error: [client 201.245.192.253:39692] AH01102: error reading status line from remote server 172.22.1.47:80, referer: http://190.27.245.106/forest/buscar.do?type=documentos
[Tue Jul 21 10:17:07.566936 2015] [proxy_http:error] [pid 4656:tid 1580] (20014)Internal error: [client 201.245.192.253:39768] AH01102: error reading status line from remote server 172.22.1.47:80, referer: http://190.27.245.106/forest/buscar.do?type=documentos
[Tue Jul 21 10:17:11.076942 2015] [proxy_http:error] [pid 4656:tid 1844] (OS 10060)A connection attempt failed because the connected party did not properly respond after a period of time, or established connection failed because connected host has failed to respond.  : [client 201.245.192.253:17751] AH01102: error reading status line from remote server 172.22.1.47:80, referer: http://190.27.245.106/forest/skins/gdocs-jar/popup/FileViewerTree.jsp?coddoc=1758964&ext=pdf&numpro=2709819&nombre=2013ER170201.pdf&codfile=-1&rootPath=/forest/
[Tue Jul 21 10:17:11.076942 2015] [proxy:error] [pid 4656:tid 1844] [client 201.245.192.253:17751] AH00898: Error reading from remote server returned by /forest/visualizar.do, referer: http://190.27.245.106/forest/skins/gdocs-jar/popup/FileViewerTree.jsp?coddoc=1758964&ext=pdf&numpro=2709819&nombre=2013ER170201.pdf&codfile=-1&rootPath=/forest/
[Tue Jul 21 10:17:19.781757 2015] [proxy_http:error] [pid 4656:tid 1676] (20014)Internal error: [client 201.245.192.253:39908] AH01102: error reading status line from remote server 172.22.1.47:80, referer: http://190.27.245.106/forest/usutareas.do?_a=0.927461468646575&group_system_actual=3
[Tue Jul 21 10:17:19.812957 2015] [proxy_http:error] [pid 4656:tid 1332] (20014)Internal error: [client 201.245.192.253:39923] AH01102: error reading status line from remote server 172.22.1.47:80, referer: http://190.27.245.106/forest/usutareas.do?_a=0.927461468646575&group_system_actual=3
[Tue Jul 21 10:17:19.828557 2015] [proxy_http:error] [pid 4656:tid 1548] (20014)Internal error: [client 201.245.192.253:39924] AH01102: error reading status line from remote server 172.22.1.47:80, referer: http://190.27.245.106/forest/usutareas.do?_a=0.927461468646575&group_system_actual=3
[Tue Jul 21 10:17:32.090179 2015] [proxy_http:error] [pid 4656:tid 1820] (20014)Internal error: [client 186.28.58.45:11893] AH01102: error reading status line from remote server 172.22.1.47:80, referer: http://190.27.245.106/forest/index2.jsp?_a=0.18794815405271947
[Tue Jul 21 10:17:47.128605 2015] [proxy_http:error] [pid 4656:tid 1656] (20014)Internal error: [client 201.245.192.253:40384] AH01102: error reading status line from remote server 172.22.1.47:80, referer: http://190.27.245.106/forest/system/process.jsp?numPro=3165871
[Tue Jul 21 10:17:47.128605 2015] [proxy:error] [pid 4656:tid 1656] [client 201.245.192.253:40384] AH00898: Error reading from remote server returned by /forest/documentos/2122606/2015ER130233.pdf, referer: http://190.27.245.106/forest/system/process.jsp?numPro=3165871
[Tue Jul 21 10:17:48.485808 2015] [proxy_http:error] [pid 4656:tid 1636] (20014)Internal error: [client 201.245.192.253:55056] AH01102: error reading status line from remote server 172.22.1.47:80, referer: http://190.27.245.106/forest/index2.jsp?a=0.9867668902400876
[Tue Jul 21 10:17:48.485808 2015] [proxy:error] [pid 4656:tid 1636] [client 201.245.192.253:55056] AH00898: Error reading from remote server returned by /forest/actions/forms.getList, referer: http://190.27.245.106/forest/index2.jsp?a=0.9867668902400876
[Tue Jul 21 10:17:48.485808 2015] [negotiation:error] [pid 4656:tid 1636] [client 201.245.192.253:55056] AH00690: no acceptable variant: E:/nuevo/apache/error/HTTP_BAD_GATEWAY.html.var, referer: http://190.27.245.106/forest/index2.jsp?a=0.9867668902400876
[Tue Jul 21 10:17:51.621413 2015] [proxy_http:error] [pid 4656:tid 1340] (20014)Internal error: [client 201.245.192.253:40462] AH01102: error reading status line from remote server 172.22.1.47:80, referer: http://190.27.245.106/forest/usutareas.do?group_system_actual=3&a=0.23834660426840137
[Tue Jul 21 10:17:51.637013 2015] [proxy_http:error] [pid 4656:tid 1788] (20014)Internal error: [client 201.245.192.253:40463] AH01102: error reading status line from remote server 172.22.1.47:80, referer: http://190.27.245.106/forest/usutareas.do?group_system_actual=3&a=0.23834660426840137
[Tue Jul 21 10:18:07.361841 2015] [proxy_http:error] [pid 4656:tid 1380] (20014)Internal error: [client 201.245.192.253:40735] AH01102: error reading status line from remote server 172.22.1.47:80, referer: http://190.27.245.106/forest/misactividades.do?group_system_actual=3&codPro=95&_a=0.5422334225434083
[Tue Jul 21 10:18:07.361841 2015] [proxy:error] [pid 4656:tid 1380] [client 201.245.192.253:40735] AH00898: Error reading from remote server returned by /forest/system/process.jsp, referer: http://190.27.245.106/forest/misactividades.do?group_system_actual=3&codPro=95&_a=0.5422334225434083
[Tue Jul 21 10:18:12.665850 2015] [proxy_http:error] [pid 4656:tid 1716] (20014)Internal error: [client 201.245.192.253:40585] AH01102: error reading status line from remote server 172.22.1.47:80, referer: http://190.27.245.106/forest/buscar.do?type=documentos
[Tue Jul 21 10:20:21.865277 2015] [proxy_http:error] [pid 4656:tid 1308] (20014)Internal error: [client 201.245.192.253:42838] AH01102: error reading status line from remote server 172.22.1.47:80, referer: http://190.27.245.106/forest/buscar.do?type=documentos
[Tue Jul 21 10:20:22.146078 2015] [proxy_http:error] [pid 4656:tid 1492] (20014)Internal error: [client 186.28.109.197:12331] AH01102: error reading status line from remote server 172.22.1.47:80, referer: http://190.27.245.106/forest/usutareas.do?group_system_actual=3&codTraEsc=18592106&_a=0.07478783307450754
[Tue Jul 21 10:20:39.602508 2015] [proxy_http:error] [pid 4656:tid 1836] (20014)Internal error: [client 201.245.192.253:57822] AH01102: error reading status line from remote server 172.22.1.47:80, referer: http://190.27.245.106/forest/usutareas.do?_a=0.6049428338237431&group_system_actual=3
[Tue Jul 21 10:20:39.602508 2015] [proxy_http:error] [pid 4656:tid 1388] (20014)Internal error: [client 201.245.192.253:57826] AH01102: error reading status line from remote server 172.22.1.47:80, referer: http://190.27.245.106/forest/usutareas.do?_a=0.6049428338237431&group_system_actual=3
[Tue Jul 21 10:20:39.914509 2015] [proxy_http:error] [pid 4656:tid 1852] (20014)Internal error: [client 201.245.192.253:57823] AH01102: error reading status line from remote server 172.22.1.47:80, referer: http://190.27.245.106/forest/usutareas.do?_a=0.6049428338237431&group_system_actual=3
[Tue Jul 21 10:21:38.648612 2015] [proxy_http:error] [pid 4656:tid 1412] (20014)Internal error: [client 201.245.192.253:59072] AH01102: error reading status line from remote server 172.22.1.47:80, referer: http://190.27.245.106/forest/usutareas.do?_a=0.7072310064985671&group_system_actual=3
[Tue Jul 21 10:21:48.585829 2015] [proxy_http:error] [pid 4656:tid 1716] (20014)Internal error: [client 201.245.192.253:13132] AH01102: error reading status line from remote server 172.22.1.47:80, referer: http://190.27.245.106/forest/
[Tue Jul 21 10:21:48.601429 2015] [proxy_http:error] [pid 4656:tid 1532] (20014)Internal error: [client 201.245.192.253:13129] AH01102: error reading status line from remote server 172.22.1.47:80, referer: http://190.27.245.106/forest/
[Tue Jul 21 10:21:48.632630 2015] [proxy_http:error] [pid 4656:tid 1676] (20014)Internal error: [client 201.245.192.253:13133] AH01102: error reading status line from remote server 172.22.1.47:80, referer: http://190.27.245.106/forest/
[Tue Jul 21 10:21:48.648230 2015] [proxy_http:error] [pid 4656:tid 1668] (20014)Internal error: [client 201.245.192.253:13134] AH01102: error reading status line from remote server 172.22.1.47:80, referer: http://190.27.245.106/forest/
[Tue Jul 21 10:21:48.960230 2015] [proxy_http:error] [pid 4656:tid 1780] (20014)Internal error: [client 201.245.192.253:13143] AH01102: error reading status line from remote server 172.22.1.47:80, referer: http://190.27.245.106/forest/buscar.do?type=procesos
[Tue Jul 21 10:21:55.434241 2015] [proxy_http:error] [pid 4656:tid 1332] (20014)Internal error: [client 201.245.192.253:13131] AH01102: error reading status line from remote server 172.22.1.47:80, referer: http://190.27.245.106/forest/buscar.do?
[Tue Jul 21 10:22:31.111504 2015] [proxy_http:error] [pid 4656:tid 1588] (20014)Internal error: [client 201.245.192.253:45138] AH01102: error reading status line from remote server 172.22.1.47:80, referer: http://190.27.245.106/forest/buscar.do?type=documentos
[Tue Jul 21 10:22:31.111504 2015] [proxy:error] [pid 4656:tid 1588] [client 201.245.192.253:45138] AH00898: Error reading from remote server returned by /forest/css/autocomplete.css, referer: http://190.27.245.106/forest/buscar.do?type=documentos
[Tue Jul 21 10:22:35.042711 2015] [proxy_http:error] [pid 4656:tid 1436] (20014)Internal error: [client 201.245.192.253:45104] AH01102: error reading status line from remote server 172.22.1.47:80, referer: http://190.27.245.106/forest/usutareas.do?group_system_actual=3&codTraEsc=18570149&_a=0.7842594213798703
[Tue Jul 21 10:22:42.265524 2015] [proxy_http:error] [pid 4656:tid 1484] (20014)Internal error: [client 201.245.192.253:47720] AH01102: error reading status line from remote server 172.22.1.47:80, referer: http://190.27.245.106/forest/usutareas.do?group_system_actual=3&a=0.7412041615126911
[Tue Jul 21 10:22:42.265524 2015] [proxy_http:error] [pid 4656:tid 1764] (20014)Internal error: [client 201.245.192.253:47724] AH01102: error reading status line from remote server 172.22.1.47:80, referer: http://190.27.245.106/forest/usutareas.do?group_system_actual=3&a=0.7412041615126911
[Tue Jul 21 10:22:48.567935 2015] [proxy_http:error] [pid 4656:tid 1292] (20014)Internal error: [client 201.245.192.253:45487] AH01102: error reading status line from remote server 172.22.1.47:80, referer: http://190.27.245.106/forest/index2.jsp?a=0.8138421282100635
[Tue Jul 21 10:22:48.567935 2015] [proxy:error] [pid 4656:tid 1292] [client 201.245.192.253:45487] AH00898: Error reading from remote server returned by /forest/session.jsp, referer: http://190.27.245.106/forest/index2.jsp?a=0.8138421282100635
[Tue Jul 21 10:22:48.567935 2015] [negotiation:error] [pid 4656:tid 1292] [client 201.245.192.253:45487] AH00690: no acceptable variant: E:/nuevo/apache/error/HTTP_BAD_GATEWAY.html.var, referer: http://190.27.245.106/forest/index2.jsp?a=0.8138421282100635
[Tue Jul 21 10:23:09.705972 2015] [proxy_http:error] [pid 4656:tid 1868] (20014)Internal error: [client 201.245.192.253:45701] AH01102: error reading status line from remote server 172.22.1.47:80, referer: http://190.27.245.106/forest/index2.jsp?selected=tab_init&tab=1
[Tue Jul 21 10:23:09.705972 2015] [proxy:error] [pid 4656:tid 1868] [client 201.245.192.253:45701] AH00898: Error reading from remote server returned by /forest/skins/gdocs-jar/css/menu.css, referer: http://190.27.245.106/forest/index2.jsp?selected=tab_init&tab=1
[Tue Jul 21 10:23:10.439173 2015] [proxy_http:error] [pid 4656:tid 1492] (20014)Internal error: [client 201.245.192.253:48116] AH01102: error reading status line from remote server 172.22.1.47:80, referer: http://190.27.245.106/forest/usutareas.do?group_system_actual=3&a=0.4714856910027344
[Tue Jul 21 10:23:18.956788 2015] [proxy_http:error] [pid 4656:tid 1868] (20014)Internal error: [client 201.245.192.253:48229] AH01102: error reading status line from remote server 172.22.1.47:80, referer: http://190.27.245.106/forest/usutareas.do?group_system_actual=3&a=0.4714856910027344
[Tue Jul 21 10:24:16.271289 2015] [proxy_http:error] [pid 4656:tid 1412] (20014)Internal error: [client 201.245.192.253:49307] AH01102: error reading status line from remote server 172.22.1.47:80, referer: http://190.27.245.106/forest/usutareas.do?_a=0.6212608296551125&group_system_actual=3
[Tue Jul 21 10:24:31.044515 2015] [proxy_http:error] [pid 4656:tid 1340] (20014)Internal error: [client 201.245.192.253:49612] AH01102: error reading status line from remote server 172.22.1.47:80, referer: http://190.27.245.106/forest/usutareas.do?group_system_actual=3&codTraEsc=18702608
[Tue Jul 21 10:24:31.044515 2015] [proxy:error] [pid 4656:tid 1340] [client 201.245.192.253:49612] AH00898: Error reading from remote server returned by /forest/1ibre/jscalendar/calendar-win2k-1.css, referer: http://190.27.245.106/forest/usutareas.do?group_system_actual=3&codTraEsc=18702608
[Tue Jul 21 10:24:31.060115 2015] [proxy_http:error] [pid 4656:tid 1340] (20014)Internal error: [client 201.245.192.253:49612] AH01102: error reading status line from remote server 172.22.1.47:80, referer: http://190.27.245.106/forest/usutareas.do?group_system_actual=3&codTraEsc=18702608
[Tue Jul 21 10:24:31.262915 2015] [proxy_http:error] [pid 4656:tid 1868] (20014)Internal error: [client 201.245.192.253:49610] AH01102: error reading status line from remote server 172.22.1.47:80, referer: http://190.27.245.106/forest/usutareas.do?group_system_actual=3&codTraEsc=18702608
[Tue Jul 21 10:25:11.635786 2015] [proxy_http:error] [pid 4656:tid 1572] (20014)Internal error: [client 201.245.192.253:50289] AH01102: error reading status line from remote server 172.22.1.47:80, referer: http://190.27.245.106/forest/usutareas.do?group_system_actual=3&a=0.8606366030748419
[Tue Jul 21 10:25:31.666221 2015] [proxy_http:error] [pid 4656:tid 1412] (20014)Internal error: [client 186.28.58.45:11960] AH01102: error reading status line from remote server 172.22.1.47:80, referer: http://190.27.245.106/forest/buscar.do
[Tue Jul 21 10:25:31.697421 2015] [proxy_http:error] [pid 4656:tid 1748] (20014)Internal error: [client 186.28.58.45:11959] AH01102: error reading status line from remote server 172.22.1.47:80, referer: http://190.27.245.106/forest/buscar.do
[Tue Jul 21 10:26:12.897094 2015] [proxy_http:error] [pid 4656:tid 1604] (20014)Internal error: [client 201.245.192.253:36331] AH01102: error reading status line from remote server 172.22.1.47:80, referer: http://190.27.245.106/forest/login.do
[Tue Jul 21 10:26:12.959494 2015] [proxy_http:error] [pid 4656:tid 1620] (20014)Internal error: [client 201.245.192.253:36336] AH01102: error reading status line from remote server 172.22.1.47:80, referer: http://190.27.245.106/forest/buscar.do?type=documentos
[Tue Jul 21 10:26:12.975094 2015] [proxy_http:error] [pid 4656:tid 1524] (20014)Internal error: [client 201.245.192.253:36337] AH01102: error reading status line from remote server 172.22.1.47:80, referer: http://190.27.245.106/forest/buscar.do?type=documentos
[Tue Jul 21 10:26:12.990694 2015] [proxy_http:error] [pid 4656:tid 1484] (20014)Internal error: [client 201.245.192.253:36167] AH01102: error reading status line from remote server 172.22.1.47:80, referer: http://190.27.245.106/forest/misactividades.do?group_system_actual=3&codPro=95&_a=0.801761647015002
[Tue Jul 21 10:26:17.842302 2015] [proxy_http:error] [pid 4656:tid 1884] (20014)Internal error: [client 201.245.192.253:51740] AH01102: error reading status line from remote server 172.22.1.47:80, referer: http://190.27.245.106/forest/misactividades.do?_a=0.5172043232505165&group_system_actual=3
[Tue Jul 21 10:26:18.357103 2015] [proxy_http:error] [pid 4656:tid 1476] (20014)Internal error: [client 201.245.192.253:51699] AH01102: error reading status line from remote server 172.22.1.47:80, referer: http://190.27.245.106/forest/misactividades.do?_a=0.5172043232505165&group_system_actual=3
[Tue Jul 21 10:26:40.306342 2015] [proxy_http:error] [pid 4656:tid 1692] (20014)Internal error: [client 201.245.192.253:52159] AH01102: error reading status line from remote server 172.22.1.47:80, referer: http://190.27.245.106/forest/usutareas.do?group_system_actual=3&codTraEsc=18688545&_a=0.08771440919826223
[Tue Jul 21 10:27:10.554795 2015] [proxy_http:error] [pid 4656:tid 1644] (20014)Internal error: [client 201.245.192.253:52754] AH01102: error reading status line from remote server 172.22.1.47:80, referer: http://190.27.245.106/forest/usutareas.do?group_system_actual=3&a=0.18985014264827538
[Tue Jul 21 10:27:17.606007 2015] [proxy_http:error] [pid 4656:tid 1396] (20014)Internal error: [client 181.55.137.12:49548] AH01102: error reading status line from remote server 172.22.1.47:80, referer: http://190.27.245.106/forest/usutareas.do?codTraEsc=18690413
[Tue Jul 21 10:27:17.606007 2015] [proxy:error] [pid 4656:tid 1396] [client 181.55.137.12:49548] AH00898: Error reading from remote server returned by /forest/system/process.jsp, referer: http://190.27.245.106/forest/usutareas.do?codTraEsc=18690413
[Tue Jul 21 10:27:47.417660 2015] [proxy_http:error] [pid 4656:tid 1852] (20014)Internal error: [client 201.245.192.253:37820] AH01102: error reading status line from remote server 172.22.1.47:80, referer: http://190.27.245.106/forest/index2.jsp?a=0.19668552600541223
[Tue Jul 21 10:28:44.326560 2015] [proxy_http:error] [pid 4656:tid 1332] (20014)Internal error: [client 201.245.192.253:39035] AH01102: error reading status line from remote server 172.22.1.47:80, referer: http://190.27.245.106/forest/misactividades.do?group_system_actual=3&codPro=95&_a=0.5422334225434083
