[Wed Jul 22 15:46:57.952651 2015] [proxy_http:error] [pid 4656:tid 1128] (20014)Internal error: [client 201.245.192.253:29962] AH01102: error reading status line from remote server 172.22.1.47:80, referer: http://190.27.245.106/forest/usutareas.do?group_system_actual=3&codTraEsc=18720119&_a=0.5419700390783712
[Wed Jul 22 15:46:57.968251 2015] [proxy_http:error] [pid 4656:tid 1656] (20014)Internal error: [client 201.245.192.253:29958] AH01102: error reading status line from remote server 172.22.1.47:80, referer: http://190.27.245.106/forest/usutareas.do?group_system_actual=3&codTraEsc=18720119&_a=0.5419700390783712
[Wed Jul 22 15:46:57.968251 2015] [proxy_http:error] [pid 4656:tid 976] (20014)Internal error: [client 201.245.192.253:29963] AH01102: error reading status line from remote server 172.22.1.47:80, referer: http://190.27.245.106/forest/usutareas.do?group_system_actual=3&codTraEsc=18720119&_a=0.5419700390783712
[Wed Jul 22 15:46:57.983851 2015] [proxy_http:error] [pid 4656:tid 1836] (20014)Internal error: [client 201.245.192.253:29961] AH01102: error reading status line from remote server 172.22.1.47:80, referer: http://190.27.245.106/forest/usutareas.do?group_system_actual=3&codTraEsc=18720119&_a=0.5419700390783712
[Wed Jul 22 15:46:57.999451 2015] [proxy_http:error] [pid 4656:tid 1128] (20014)Internal error: [client 201.245.192.253:29964] AH01102: error reading status line from remote server 172.22.1.47:80, referer: http://190.27.245.106/forest/usutareas.do?group_system_actual=3&codTraEsc=18720119&_a=0.5419700390783712
[Wed Jul 22 15:46:58.015051 2015] [proxy_http:error] [pid 4656:tid 1444] (20014)Internal error: [client 201.245.192.253:29959] AH01102: error reading status line from remote server 172.22.1.47:80, referer: http://190.27.245.106/forest/usutareas.do?group_system_actual=3&codTraEsc=18720119&_a=0.5419700390783712
[Wed Jul 22 15:46:58.217852 2015] [proxy_http:error] [pid 4656:tid 1128] (20014)Internal error: [client 201.245.192.253:45063] AH01102: error reading status line from remote server 172.22.1.47:80, referer: http://190.27.245.106/forest/login.do
[Wed Jul 22 15:46:58.217852 2015] [proxy:error] [pid 4656:tid 1128] [client 201.245.192.253:45063] AH00898: Error reading from remote server returned by /forest/skins/gdocs-jar/css/menu.css, referer: http://190.27.245.106/forest/login.do
[Wed Jul 22 15:47:00.121055 2015] [proxy_http:error] [pid 4656:tid 1628] (20014)Internal error: [client 201.245.192.253:45109] AH01102: error reading status line from remote server 172.22.1.47:80, referer: http://190.27.245.106/forest/index2.jsp?_a=0.36568114895488
[Wed Jul 22 15:47:02.305059 2015] [proxy_http:error] [pid 4656:tid 1516] (OS 10060)A connection attempt failed because the connected party did not properly respond after a period of time, or established connection failed because connected host has failed to respond.  : [client 186.147.40.222:61587] AH01102: error reading status line from remote server 172.22.1.47:80, referer: http://190.27.245.106/forest/usutareas.do?group_system_actual=3&a=0.8368283261079341
[Wed Jul 22 15:47:02.305059 2015] [proxy:error] [pid 4656:tid 1516] [client 186.147.40.222:61587] AH00898: Error reading from remote server returned by /forest/usutareas.do, referer: http://190.27.245.106/forest/usutareas.do?group_system_actual=3&a=0.8368283261079341
[Wed Jul 22 15:47:14.582280 2015] [proxy_http:error] [pid 4656:tid 1636] (20014)Internal error: [client 201.245.192.253:55032] AH01102: error reading status line from remote server 172.22.1.47:80, referer: http://190.27.245.106/forest/
[Wed Jul 22 15:47:14.582280 2015] [proxy:error] [pid 4656:tid 1636] [client 201.245.192.253:55032] AH00898: Error reading from remote server returned by /forest/css/index.css, referer: http://190.27.245.106/forest/
[Wed Jul 22 15:47:24.285497 2015] [proxy_http:error] [pid 4656:tid 1444] (20014)Internal error: [client 201.245.192.253:55034] AH01102: error reading status line from remote server 172.22.1.47:80, referer: http://190.27.245.106/forest/
[Wed Jul 22 15:47:24.597498 2015] [proxy_http:error] [pid 4656:tid 1684] (20014)Internal error: [client 201.245.192.253:15619] AH01102: error reading status line from remote server 172.22.1.47:80, referer: http://190.27.245.106/forest/index2.jsp?a=0.21328096463906343
[Wed Jul 22 15:47:24.597498 2015] [proxy:error] [pid 4656:tid 1684] [client 201.245.192.253:15619] AH00898: Error reading from remote server returned by /forest/buscar.do, referer: http://190.27.245.106/forest/index2.jsp?a=0.21328096463906343
[Wed Jul 22 15:47:26.141901 2015] [proxy_http:error] [pid 4656:tid 1076] (20014)Internal error: [client 186.147.40.222:61968] AH01102: error reading status line from remote server 172.22.1.47:80, referer: http://190.27.245.106/forest/
[Wed Jul 22 15:47:30.088708 2015] [proxy_http:error] [pid 4656:tid 1588] (20014)Internal error: [client 201.245.192.253:55214] AH01102: error reading status line from remote server 172.22.1.47:80, referer: http://190.27.245.106/forest/
[Wed Jul 22 15:47:36.531519 2015] [proxy_http:error] [pid 4656:tid 1656] (20014)Internal error: [client 181.61.173.135:54908] AH01102: error reading status line from remote server 172.22.1.47:80, referer: http://190.27.245.106/forest/usutareas.do?codTraEsc=18719202
[Wed Jul 22 15:47:36.531519 2015] [proxy_http:error] [pid 4656:tid 1420] (20014)Internal error: [client 181.61.173.135:54897] AH01102: error reading status line from remote server 172.22.1.47:80, referer: http://190.27.245.106/forest/usutareas.do?codTraEsc=18719202
[Wed Jul 22 15:47:38.387922 2015] [proxy_http:error] [pid 4656:tid 1716] (OS 10060)A connection attempt failed because the connected party did not properly respond after a period of time, or established connection failed because connected host has failed to respond.  : [client 201.245.192.253:21145] AH01102: error reading status line from remote server 172.22.1.47:80, referer: http://190.27.245.106/forest/usutareas.do?_a=0.6830314192242345&group_system_actual=3
[Wed Jul 22 15:47:38.387922 2015] [proxy:error] [pid 4656:tid 1716] [client 201.245.192.253:21145] AH00898: Error reading from remote server returned by /forest/usutareas.do, referer: http://190.27.245.106/forest/usutareas.do?_a=0.6830314192242345&group_system_actual=3
[Wed Jul 22 15:47:55.563552 2015] [proxy_http:error] [pid 4656:tid 1116] (OS 10060)A connection attempt failed because the connected party did not properly respond after a period of time, or established connection failed because connected host has failed to respond.  : [client 201.245.192.253:21261] AH01102: error reading status line from remote server 172.22.1.47:80, referer: http://190.27.245.106/forest/usutareas.do?codTraEsc=18633919
[Wed Jul 22 15:47:55.563552 2015] [proxy:error] [pid 4656:tid 1116] [client 201.245.192.253:21261] AH00898: Error reading from remote server returned by /forest/usutareas.do, referer: http://190.27.245.106/forest/usutareas.do?codTraEsc=18633919
[Wed Jul 22 15:48:01.943964 2015] [proxy_http:error] [pid 4656:tid 1588] (20014)Internal error: [client 186.147.40.222:61979] AH01102: error reading status line from remote server 172.22.1.47:80
[Wed Jul 22 15:48:18.167992 2015] [proxy_http:error] [pid 4656:tid 920] (20014)Internal error: [client 201.245.192.253:46511] AH01102: error reading status line from remote server 172.22.1.47:80
[Wed Jul 22 15:48:18.167992 2015] [proxy:error] [pid 4656:tid 920] [client 201.245.192.253:46511] AH00898: Error reading from remote server returned by /forest/usutareas.do
[Wed Jul 22 15:48:28.713611 2015] [proxy_http:error] [pid 4656:tid 1244] (20014)Internal error: [client 201.245.192.253:54458] AH01102: error reading status line from remote server 172.22.1.47:80, referer: http://190.27.245.106/forest/usutareas.do?group_system_actual=3&codAct=1477&numPro=2582742&codPro=134&fecTra=2015-07-09%2018:13:35.433&codInst=2594821&codTraEsc=18620457
[Wed Jul 22 15:48:30.694814 2015] [proxy_http:error] [pid 4656:tid 1444] (20014)Internal error: [client 201.245.192.253:46765] AH01102: error reading status line from remote server 172.22.1.47:80, referer: http://190.27.245.106/forest/login.do
[Wed Jul 22 15:48:30.694814 2015] [proxy:error] [pid 4656:tid 1444] [client 201.245.192.253:46765] AH00898: Error reading from remote server returned by /forest/css/escritorio.css, referer: http://190.27.245.106/forest/login.do
[Wed Jul 22 15:48:30.710414 2015] [proxy_http:error] [pid 4656:tid 1128] (20014)Internal error: [client 201.245.192.253:46210] AH01102: error reading status line from remote server 172.22.1.47:80, referer: http://190.27.245.106/forest/login.do
[Wed Jul 22 15:48:30.710414 2015] [proxy_http:error] [pid 4656:tid 1596] (20014)Internal error: [client 201.245.192.253:46766] AH01102: error reading status line from remote server 172.22.1.47:80, referer: http://190.27.245.106/forest/login.do
[Wed Jul 22 15:48:48.588046 2015] [proxy_http:error] [pid 4656:tid 1128] (20014)Internal error: [client 186.147.40.222:61980] AH01102: error reading status line from remote server 172.22.1.47:80, referer: http://190.27.245.106/forest/login.do
[Wed Jul 22 15:48:48.588046 2015] [proxy:error] [pid 4656:tid 1128] [client 186.147.40.222:61980] AH00898: Error reading from remote server returned by /forest/login.do, referer: http://190.27.245.106/forest/login.do
[Wed Jul 22 15:48:52.550452 2015] [core:warn] [pid 6284:tid 312] AH00098: pid file E:/nuevo/apache/logs/httpd.pid overwritten -- Unclean shutdown of previous Apache run?
[Wed Jul 22 15:48:52.550452 2015] [auth_digest:notice] [pid 6284:tid 312] AH01757: generating secret for digest authentication ...
[Wed Jul 22 15:48:52.956053 2015] [mpm_winnt:notice] [pid 6284:tid 312] AH00455: Apache/2.4.10 (Win32) OpenSSL/1.0.1i PHP/5.5.15 configured -- resuming normal operations
[Wed Jul 22 15:48:52.956053 2015] [mpm_winnt:notice] [pid 6284:tid 312] AH00456: Apache Lounge VC11 Server built: Jul 17 2014 11:50:08
[Wed Jul 22 15:48:52.956053 2015] [core:notice] [pid 6284:tid 312] AH00094: Command line: 'e:\\nuevo\\apache\\bin\\httpd.exe -d E:/nuevo/apache'
[Wed Jul 22 15:48:52.956053 2015] [mpm_winnt:notice] [pid 6284:tid 312] AH00418: Parent: Created child process 5616
AH00548: NameVirtualHost has no effect and will be removed in the next release E:/nuevo/apache/conf/extra/httpd-vhosts.conf:44
[Wed Jul 22 15:48:53.626854 2015] [auth_digest:notice] [pid 5616:tid 324] AH01757: generating secret for digest authentication ...
[Wed Jul 22 15:48:53.860855 2015] [mpm_winnt:notice] [pid 5616:tid 324] AH00354: Child: Starting 150 worker threads.
[Wed Jul 22 15:49:19.663300 2015] [proxy_http:error] [pid 5616:tid 1728] (20014)Internal error: [client 201.245.192.253:16455] AH01102: error reading status line from remote server 172.22.1.47:80, referer: http://190.27.245.106/forest/
[Wed Jul 22 15:49:19.663300 2015] [proxy:error] [pid 5616:tid 1728] [client 201.245.192.253:16455] AH00898: Error reading from remote server returned by /forest/css/escritorio.css, referer: http://190.27.245.106/forest/
[Wed Jul 22 15:50:02.688176 2015] [proxy_http:error] [pid 5616:tid 1744] (20014)Internal error: [client 186.154.253.106:56672] AH01102: error reading status line from remote server 172.22.1.47:80
[Wed Jul 22 15:50:02.688176 2015] [proxy:error] [pid 5616:tid 1744] [client 186.154.253.106:56672] AH00898: Error reading from remote server returned by /forest/radicacion.do
[Wed Jul 22 15:50:19.052604 2015] [proxy_http:error] [pid 5616:tid 1800] (20014)Internal error: [client 201.245.192.253:36649] AH01102: error reading status line from remote server 172.22.1.47:80, referer: http://190.27.245.106/forest/index2.jsp?_a=0.356592157157138
[Wed Jul 22 15:50:20.815408 2015] [proxy_http:error] [pid 5616:tid 1696] (20014)Internal error: [client 190.9.203.22:38661] AH01102: error reading status line from remote server 172.22.1.47:80, referer: http://190.27.245.106/forest/usutareas.do?group_system_actual=3&a=0.85928039384054
[Wed Jul 22 15:50:20.815408 2015] [proxy:error] [pid 5616:tid 1696] [client 190.9.203.22:38661] AH00898: Error reading from remote server returned by /forest/session.jsp, referer: http://190.27.245.106/forest/usutareas.do?group_system_actual=3&a=0.85928039384054
[Wed Jul 22 15:50:20.815408 2015] [negotiation:error] [pid 5616:tid 1696] [client 190.9.203.22:38661] AH00690: no acceptable variant: E:/nuevo/apache/error/HTTP_BAD_GATEWAY.html.var, referer: http://190.27.245.106/forest/usutareas.do?group_system_actual=3&a=0.85928039384054
[Wed Jul 22 15:50:21.205408 2015] [proxy_http:error] [pid 5616:tid 1864] (20014)Internal error: [client 201.245.192.253:36695] AH01102: error reading status line from remote server 172.22.1.47:80, referer: http://190.27.245.106/forest/usutareas.do?group_system_actual=3&codTraEsc=18398142&_a=0.886838207808901
[Wed Jul 22 15:50:21.205408 2015] [proxy:error] [pid 5616:tid 1864] [client 201.245.192.253:36695] AH00898: Error reading from remote server returned by /forest/session.jsp, referer: http://190.27.245.106/forest/usutareas.do?group_system_actual=3&codTraEsc=18398142&_a=0.886838207808901
[Wed Jul 22 15:50:21.205408 2015] [negotiation:error] [pid 5616:tid 1864] [client 201.245.192.253:36695] AH00690: no acceptable variant: E:/nuevo/apache/error/HTTP_BAD_GATEWAY.html.var, referer: http://190.27.245.106/forest/usutareas.do?group_system_actual=3&codTraEsc=18398142&_a=0.886838207808901
[Wed Jul 22 15:51:22.218115 2015] [proxy_http:error] [pid 5616:tid 1696] (20014)Internal error: [client 186.147.40.222:62084] AH01102: error reading status line from remote server 172.22.1.47:80, referer: http://190.27.245.106/forest/
[Wed Jul 22 15:51:40.516948 2015] [proxy_http:error] [pid 5616:tid 1528] (20014)Internal error: [client 201.245.192.253:59855] AH01102: error reading status line from remote server 172.22.1.47:80, referer: http://190.27.245.106/forest/
[Wed Jul 22 15:51:40.548148 2015] [proxy_http:error] [pid 5616:tid 1616] (20014)Internal error: [client 201.245.192.253:59867] AH01102: error reading status line from remote server 172.22.1.47:80, referer: http://190.27.245.106/forest/
[Wed Jul 22 15:51:40.969348 2015] [proxy_http:error] [pid 5616:tid 1880] (20014)Internal error: [client 201.245.192.253:59870] AH01102: error reading status line from remote server 172.22.1.47:80, referer: http://190.27.245.106/forest/
[Wed Jul 22 15:51:42.841352 2015] [proxy_http:error] [pid 5616:tid 1528] (20014)Internal error: [client 201.245.192.253:59871] AH01102: error reading status line from remote server 172.22.1.47:80, referer: http://190.27.245.106/forest/
[Wed Jul 22 15:51:44.682155 2015] [proxy_http:error] [pid 5616:tid 1728] (20014)Internal error: [client 201.245.192.253:38198] AH01102: error reading status line from remote server 172.22.1.47:80
[Wed Jul 22 15:51:44.682155 2015] [proxy:error] [pid 5616:tid 1728] [client 201.245.192.253:38198] AH00898: Error reading from remote server returned by /forest/index2.jsp
[Wed Jul 22 15:51:56.600576 2015] [proxy_http:error] [pid 5616:tid 1624] (20014)Internal error: [client 201.245.192.253:37968] AH01102: error reading status line from remote server 172.22.1.47:80, referer: http://190.27.245.106/forest/
[Wed Jul 22 15:52:01.483384 2015] [core:warn] [pid 7148:tid 312] AH00098: pid file E:/nuevo/apache/logs/httpd.pid overwritten -- Unclean shutdown of previous Apache run?
[Wed Jul 22 15:52:01.483384 2015] [auth_digest:notice] [pid 7148:tid 312] AH01757: generating secret for digest authentication ...
[Wed Jul 22 15:52:01.701785 2015] [mpm_winnt:notice] [pid 7148:tid 312] AH00455: Apache/2.4.10 (Win32) OpenSSL/1.0.1i PHP/5.5.15 configured -- resuming normal operations
[Wed Jul 22 15:52:01.701785 2015] [mpm_winnt:notice] [pid 7148:tid 312] AH00456: Apache Lounge VC11 Server built: Jul 17 2014 11:50:08
[Wed Jul 22 15:52:01.701785 2015] [core:notice] [pid 7148:tid 312] AH00094: Command line: 'e:\\nuevo\\apache\\bin\\httpd.exe -d E:/nuevo/apache'
[Wed Jul 22 15:52:01.701785 2015] [mpm_winnt:notice] [pid 7148:tid 312] AH00418: Parent: Created child process 4312
AH00548: NameVirtualHost has no effect and will be removed in the next release E:/nuevo/apache/conf/extra/httpd-vhosts.conf:44
[Wed Jul 22 15:52:02.388186 2015] [auth_digest:notice] [pid 4312:tid 324] AH01757: generating secret for digest authentication ...
[Wed Jul 22 15:52:02.622186 2015] [mpm_winnt:notice] [pid 4312:tid 324] AH00354: Child: Starting 150 worker threads.
[Wed Jul 22 15:53:35.364349 2015] [proxy_http:error] [pid 4312:tid 1776] (20014)Internal error: [client 201.245.192.253:40668] AH01102: error reading status line from remote server 172.22.1.47:80, referer: http://190.27.245.106/forest/?_a=0.00029165264343788966
[Wed Jul 22 15:53:35.364349 2015] [proxy_http:error] [pid 4312:tid 1704] (20014)Internal error: [client 201.245.192.253:40662] AH01102: error reading status line from remote server 172.22.1.47:80, referer: http://190.27.245.106/forest/?_a=0.00029165264343788966
[Wed Jul 22 15:53:35.364349 2015] [proxy_http:error] [pid 4312:tid 1816] (20014)Internal error: [client 201.245.192.253:40666] AH01102: error reading status line from remote server 172.22.1.47:80, referer: http://190.27.245.106/forest/?_a=0.00029165264343788966
[Wed Jul 22 15:53:35.364349 2015] [proxy_http:error] [pid 4312:tid 1608] (20014)Internal error: [client 201.245.192.253:40664] AH01102: error reading status line from remote server 172.22.1.47:80, referer: http://190.27.245.106/forest/?_a=0.00029165264343788966
[Wed Jul 22 15:53:35.411149 2015] [proxy_http:error] [pid 4312:tid 1608] (20014)Internal error: [client 201.245.192.253:40670] AH01102: error reading status line from remote server 172.22.1.47:80, referer: http://190.27.245.106/forest/?_a=0.00029165264343788966
[Wed Jul 22 15:53:35.426749 2015] [proxy_http:error] [pid 4312:tid 1584] (20014)Internal error: [client 201.245.192.253:40665] AH01102: error reading status line from remote server 172.22.1.47:80, referer: http://190.27.245.106/forest/?_a=0.00029165264343788966
[Wed Jul 22 15:53:46.986370 2015] [proxy_http:error] [pid 4312:tid 1856] (20014)Internal error: [client 201.245.192.253:18982] AH01102: error reading status line from remote server 172.22.1.47:80, referer: http://190.27.245.106/forest/
[Wed Jul 22 15:53:46.986370 2015] [proxy:error] [pid 4312:tid 1856] [client 201.245.192.253:18982] AH00898: Error reading from remote server returned by /forest/login.do, referer: http://190.27.245.106/forest/
[Wed Jul 22 15:53:50.621176 2015] [proxy_http:error] [pid 4312:tid 1608] (20014)Internal error: [client 201.245.192.253:40914] AH01102: error reading status line from remote server 172.22.1.47:80, referer: http://190.27.245.106/forest/usutareas.do?group_system_actual=3&codTraEsc=18398142&_a=0.886838207808901
[Wed Jul 22 15:53:50.621176 2015] [proxy:error] [pid 4312:tid 1608] [client 201.245.192.253:40914] AH00898: Error reading from remote server returned by /forest/logout-redirect.jsp, referer: http://190.27.245.106/forest/usutareas.do?group_system_actual=3&codTraEsc=18398142&_a=0.886838207808901
[Wed Jul 22 15:53:53.943982 2015] [proxy_http:error] [pid 4312:tid 1736] (20014)Internal error: [client 201.245.192.253:50337] AH01102: error reading status line from remote server 172.22.1.47:80, referer: http://190.27.245.106/forest/index2.jsp?_a=0.99925081652131
[Wed Jul 22 15:53:53.943982 2015] [proxy:error] [pid 4312:tid 1736] [client 201.245.192.253:50337] AH00898: Error reading from remote server returned by /forest/session.jsp, referer: http://190.27.245.106/forest/index2.jsp?_a=0.99925081652131
[Wed Jul 22 15:53:53.943982 2015] [negotiation:error] [pid 4312:tid 1736] [client 201.245.192.253:50337] AH00690: no acceptable variant: E:/nuevo/apache/error/HTTP_BAD_GATEWAY.html.var, referer: http://190.27.245.106/forest/index2.jsp?_a=0.99925081652131
[Wed Jul 22 15:55:05.126907 2015] [proxy_http:error] [pid 4312:tid 1592] (20014)Internal error: [client 201.245.192.253:19665] AH01102: error reading status line from remote server 172.22.1.47:80, referer: http://190.27.245.106/forest/login.do
[Wed Jul 22 15:55:05.142507 2015] [proxy_http:error] [pid 4312:tid 1568] (20014)Internal error: [client 201.245.192.253:19666] AH01102: error reading status line from remote server 172.22.1.47:80, referer: http://190.27.245.106/forest/login.do
[Wed Jul 22 15:55:05.392107 2015] [proxy_http:error] [pid 4312:tid 1552] (20014)Internal error: [client 201.245.192.253:42174] AH01102: error reading status line from remote server 172.22.1.47:80, referer: http://190.27.245.106/forest/login.do
[Wed Jul 22 15:55:05.392107 2015] [proxy:error] [pid 4312:tid 1552] [client 201.245.192.253:42174] AH00898: Error reading from remote server returned by /forest/1ibre/jscalendar/calendar-win2k-1.css, referer: http://190.27.245.106/forest/login.do
[Wed Jul 22 15:56:10.257021 2015] [proxy_http:error] [pid 4312:tid 1648] (20014)Internal error: [client 201.245.192.253:22577] AH01102: error reading status line from remote server 172.22.1.47:80, referer: http://190.27.245.106/forest/index2.jsp?a=0.8603445849778227
[Wed Jul 22 15:56:54.358299 2015] [proxy_http:error] [pid 4312:tid 1568] (20014)Internal error: [client 201.245.192.253:53686] AH01102: error reading status line from remote server 172.22.1.47:80, referer: http://190.27.245.106/forest/usutareas.do?group_system_actual=3&codTraEsc=18715716&_a=0.19494955649086676
[Wed Jul 22 15:56:57.525104 2015] [proxy_http:error] [pid 4312:tid 1520] (20014)Internal error: [client 186.147.40.222:62171] AH01102: error reading status line from remote server 172.22.1.47:80, referer: http://190.27.245.106/forest/login.do
[Wed Jul 22 15:58:39.830084 2015] [proxy_http:error] [pid 4312:tid 1712] (20014)Internal error: [client 190.9.203.22:38755] AH01102: error reading status line from remote server 172.22.1.47:80, referer: http://190.27.245.106/forest/usutareas.do?group_system_actual=3
[Wed Jul 22 15:58:39.830084 2015] [proxy:error] [pid 4312:tid 1712] [client 190.9.203.22:38755] AH00898: Error reading from remote server returned by /forest/skins/gdocs-jar/css/autocomplete.css, referer: http://190.27.245.106/forest/usutareas.do?group_system_actual=3
[Wed Jul 22 15:59:12.746142 2015] [proxy_http:error] [pid 4312:tid 1416] (20014)Internal error: [client 201.245.192.253:56297] AH01102: error reading status line from remote server 172.22.1.47:80, referer: http://190.27.245.106/forest/?_a=0.546446174854963
[Wed Jul 22 15:59:12.746142 2015] [proxy:error] [pid 4312:tid 1416] [client 201.245.192.253:56297] AH00898: Error reading from remote server returned by /forest/css/escritorio.css, referer: http://190.27.245.106/forest/?_a=0.546446174854963
[Wed Jul 22 15:59:17.301350 2015] [proxy_http:error] [pid 4312:tid 1552] (20014)Internal error: [client 201.245.192.253:47359] AH01102: error reading status line from remote server 172.22.1.47:80, referer: http://190.27.245.106/forest/usutareas.do?group_system_actual=3&codTraEsc=18715786&_a=0.8468912128223035
[Wed Jul 22 15:59:17.301350 2015] [proxy:error] [pid 4312:tid 1552] [client 201.245.192.253:47359] AH00898: Error reading from remote server returned by /forest/session.jsp, referer: http://190.27.245.106/forest/usutareas.do?group_system_actual=3&codTraEsc=18715786&_a=0.8468912128223035
[Wed Jul 22 15:59:17.301350 2015] [negotiation:error] [pid 4312:tid 1552] [client 201.245.192.253:47359] AH00690: no acceptable variant: E:/nuevo/apache/error/HTTP_BAD_GATEWAY.html.var, referer: http://190.27.245.106/forest/usutareas.do?group_system_actual=3&codTraEsc=18715786&_a=0.8468912128223035
[Wed Jul 22 15:59:36.052583 2015] [proxy_http:error] [pid 4312:tid 1720] (20014)Internal error: [client 186.154.53.65:13612] AH01102: error reading status line from remote server 172.22.1.47:80, referer: http://190.27.245.106/forest/
[Wed Jul 22 15:59:36.052583 2015] [proxy:error] [pid 4312:tid 1720] [client 186.154.53.65:13612] AH00898: Error reading from remote server returned by /forest/skins/gdocs-jar/css/menu.css, referer: http://190.27.245.106/forest/
[Wed Jul 22 16:00:19.607859 2015] [proxy_http:error] [pid 4312:tid 1552] (20014)Internal error: [client 201.245.192.253:57717] AH01102: error reading status line from remote server 172.22.1.47:80, referer: http://190.27.245.106/forest/login.do
[Wed Jul 22 16:02:18.651668 2015] [proxy_http:error] [pid 4312:tid 1560] (20014)Internal error: [client 201.245.192.253:59856] AH01102: error reading status line from remote server 172.22.1.47:80, referer: http://190.27.245.106/forest/login.do
[Wed Jul 22 16:02:18.651668 2015] [proxy:error] [pid 4312:tid 1560] [client 201.245.192.253:59856] AH00898: Error reading from remote server returned by /forest/skins/gdocs-jar/css/menu.css, referer: http://190.27.245.106/forest/login.do
[Wed Jul 22 16:03:29.132592 2015] [proxy_http:error] [pid 4312:tid 1568] (20014)Internal error: [client 201.245.192.253:39739] AH01102: error reading status line from remote server 172.22.1.47:80, referer: http://190.27.245.106/forest/usutareas.do?group_system_actual=3&codTraEsc=18715786&_a=0.8468912128223035
[Wed Jul 22 16:03:29.132592 2015] [proxy:error] [pid 4312:tid 1568] [client 201.245.192.253:39739] AH00898: Error reading from remote server returned by /forest/session.jsp, referer: http://190.27.245.106/forest/usutareas.do?group_system_actual=3&codTraEsc=18715786&_a=0.8468912128223035
[Wed Jul 22 16:03:29.132592 2015] [negotiation:error] [pid 4312:tid 1568] [client 201.245.192.253:39739] AH00690: no acceptable variant: E:/nuevo/apache/error/HTTP_BAD_GATEWAY.html.var, referer: http://190.27.245.106/forest/usutareas.do?group_system_actual=3&codTraEsc=18715786&_a=0.8468912128223035
[Wed Jul 22 16:04:06.182657 2015] [proxy_http:error] [pid 4312:tid 1824] (20014)Internal error: [client 201.245.192.253:49202] AH01102: error reading status line from remote server 172.22.1.47:80, referer: http://190.27.245.106/forest/login.do
[Wed Jul 22 16:04:06.182657 2015] [proxy:error] [pid 4312:tid 1824] [client 201.245.192.253:49202] AH00898: Error reading from remote server returned by /forest/skins/gdocs-jar/css/menu.css, referer: http://190.27.245.106/forest/login.do
[Wed Jul 22 16:04:06.182657 2015] [proxy_http:error] [pid 4312:tid 1512] (20014)Internal error: [client 201.245.192.253:48654] AH01102: error reading status line from remote server 172.22.1.47:80, referer: http://190.27.245.106/forest/login.do
[Wed Jul 22 16:04:06.198257 2015] [proxy_http:error] [pid 4312:tid 1872] (20014)Internal error: [client 201.245.192.253:49201] AH01102: error reading status line from remote server 172.22.1.47:80, referer: http://190.27.245.106/forest/login.do
[Wed Jul 22 16:04:06.198257 2015] [proxy_http:error] [pid 4312:tid 1824] (20014)Internal error: [client 201.245.192.253:49202] AH01102: error reading status line from remote server 172.22.1.47:80, referer: http://190.27.245.106/forest/login.do
[Wed Jul 22 16:04:06.978259 2015] [proxy_http:error] [pid 4312:tid 1792] (20014)Internal error: [client 186.147.40.222:62345] AH01102: error reading status line from remote server 172.22.1.47:80, referer: http://190.27.245.106/forest/login.do
[Wed Jul 22 16:04:06.978259 2015] [proxy:error] [pid 4312:tid 1792] [client 186.147.40.222:62345] AH00898: Error reading from remote server returned by /forest/skins/gdocs-jar/css/autocomplete.css, referer: http://190.27.245.106/forest/login.do
[Wed Jul 22 16:04:07.009459 2015] [proxy_http:error] [pid 4312:tid 1768] (20014)Internal error: [client 186.147.40.222:62343] AH01102: error reading status line from remote server 172.22.1.47:80, referer: http://190.27.245.106/forest/login.do
[Wed Jul 22 16:04:07.009459 2015] [proxy_http:error] [pid 4312:tid 1496] (20014)Internal error: [client 186.147.40.222:62333] AH01102: error reading status line from remote server 172.22.1.47:80, referer: http://190.27.245.106/forest/login.do
[Wed Jul 22 16:04:13.639470 2015] [proxy_http:error] [pid 4312:tid 1680] (20014)Internal error: [client 201.245.192.253:26765] AH01102: error reading status line from remote server 172.22.1.47:80, referer: http://190.27.245.106/forest/index2.jsp?a=0.8603445849778227
[Wed Jul 22 16:04:13.639470 2015] [proxy:error] [pid 4312:tid 1680] [client 201.245.192.253:26765] AH00898: Error reading from remote server returned by /forest/1ibre/jscalendar/calendar-win2k-1.css, referer: http://190.27.245.106/forest/index2.jsp?a=0.8603445849778227
[Wed Jul 22 16:04:17.289877 2015] [proxy_http:error] [pid 4312:tid 1488] (20014)Internal error: [client 201.245.192.253:26764] AH01102: error reading status line from remote server 172.22.1.47:80, referer: http://190.27.245.106/forest/index2.jsp?a=0.8603445849778227
[Wed Jul 22 16:10:54.372974 2015] [proxy_http:error] [pid 4312:tid 1576] (20014)Internal error: [client 201.245.192.253:30283] AH01102: error reading status line from remote server 172.22.1.47:80, referer: http://190.27.245.106/forest/
[Wed Jul 22 16:11:05.386594 2015] [proxy_http:error] [pid 4312:tid 1664] (20014)Internal error: [client 181.55.137.12:51478] AH01102: error reading status line from remote server 172.22.1.47:80
[Wed Jul 22 16:11:05.386594 2015] [proxy:error] [pid 4312:tid 1664] [client 181.55.137.12:51478] AH00898: Error reading from remote server returned by /forest/index2.jsp
[Wed Jul 22 16:11:10.893403 2015] [proxy_http:error] [pid 4312:tid 1816] (20014)Internal error: [client 201.245.192.253:56851] AH01102: error reading status line from remote server 172.22.1.47:80, referer: http://190.27.245.106/forest/login.do
[Wed Jul 22 16:19:38.783495 2015] [proxy_http:error] [pid 4312:tid 1440] (20014)Internal error: [client 201.245.192.253:45103] AH01102: error reading status line from remote server 172.22.1.47:80, referer: http://190.27.245.106/forest/index2.jsp?a=0.3743662524212895
[Wed Jul 22 16:20:26.347979 2015] [proxy_http:error] [pid 4312:tid 1704] (20014)Internal error: [client 201.245.192.253:22614] AH01102: error reading status line from remote server 172.22.1.47:80, referer: http://190.27.245.106/forest/js/jquery/css/jquery-ui-1.8.1.custom.css
[Wed Jul 22 16:22:22.131382 2015] [proxy_http:error] [pid 4312:tid 1520] (20014)Internal error: [client 201.245.192.253:35370] AH01102: error reading status line from remote server 172.22.1.47:80, referer: http://190.27.245.106/forest/buscar.do?type=procesos
[Wed Jul 22 16:22:22.131382 2015] [proxy:error] [pid 4312:tid 1520] [client 201.245.192.253:35370] AH00898: Error reading from remote server returned by /forest/js/sarissa.js, referer: http://190.27.245.106/forest/buscar.do?type=procesos
[Wed Jul 22 16:22:22.146982 2015] [proxy_http:error] [pid 4312:tid 1408] (20014)Internal error: [client 201.245.192.253:35366] AH01102: error reading status line from remote server 172.22.1.47:80, referer: http://190.27.245.106/forest/buscar.do?type=procesos
[Wed Jul 22 16:23:37.916315 2015] [proxy_http:error] [pid 4312:tid 1720] (20014)Internal error: [client 201.245.192.253:20877] AH01102: error reading status line from remote server 172.22.1.47:80, referer: http://190.27.245.106/forest/index2.jsp?_a=0.14668982801958919
[Wed Jul 22 16:23:40.022319 2015] [mpm_winnt:warn] [pid 4312:tid 2336] (OS 64)The specified network name is no longer available.  : AH00341: winnt_accept: Asynchronous AcceptEx failed.
[Wed Jul 22 16:23:45.872329 2015] [proxy_http:error] [pid 4312:tid 1496] (20014)Internal error: [client 201.245.192.253:36535] AH01102: error reading status line from remote server 172.22.1.47:80, referer: http://190.27.245.106/forest/js/jquery/css/jquery-ui-1.8.1.custom.css
[Wed Jul 22 16:25:03.310865 2015] [proxy_http:error] [pid 4312:tid 1760] (20014)Internal error: [client 201.245.192.253:37776] AH01102: error reading status line from remote server 172.22.1.47:80, referer: http://190.27.245.106/forest/buscar.do?
[Wed Jul 22 16:25:03.342065 2015] [proxy_http:error] [pid 4312:tid 1808] (20014)Internal error: [client 201.245.192.253:37781] AH01102: error reading status line from remote server 172.22.1.47:80, referer: http://190.27.245.106/forest/buscar.do?
[Wed Jul 22 16:25:33.278518 2015] [proxy_http:error] [pid 4312:tid 1576] (20014)Internal error: [client 201.245.192.253:38179] AH01102: error reading status line from remote server 172.22.1.47:80, referer: http://190.27.245.106/forest/usutareas.do?_a=0.9303161762654781&group_system_actual=3
[Wed Jul 22 16:25:45.056539 2015] [proxy_http:error] [pid 4312:tid 1856] (20014)Internal error: [client 201.245.192.253:38462] AH01102: error reading status line from remote server 172.22.1.47:80, referer: http://190.27.245.106/forest/usutareas.do?group_system_actual=3&a=0.46133702667430043
[Wed Jul 22 16:25:45.056539 2015] [proxy:error] [pid 4312:tid 1856] [client 201.245.192.253:38462] AH00898: Error reading from remote server returned by /forest/js/usutareas-docs.js, referer: http://190.27.245.106/forest/usutareas.do?group_system_actual=3&a=0.46133702667430043
[Wed Jul 22 16:26:17.317395 2015] [proxy_http:error] [pid 4312:tid 1720] (20014)Internal error: [client 201.245.192.253:38826] AH01102: error reading status line from remote server 172.22.1.47:80, referer: http://190.27.245.106/forest/usutareas.do?group_system_actual=3&a=0.8509607895687006
[Wed Jul 22 16:26:17.317395 2015] [proxy_http:error] [pid 4312:tid 1408] (20014)Internal error: [client 201.245.192.253:38827] AH01102: error reading status line from remote server 172.22.1.47:80, referer: http://190.27.245.106/forest/usutareas.do?group_system_actual=3&a=0.8509607895687006
[Wed Jul 22 16:31:11.736712 2015] [proxy_http:error] [pid 4312:tid 1888] (20014)Internal error: [client 201.245.192.253:43379] AH01102: error reading status line from remote server 172.22.1.47:80, referer: http://190.27.245.106/forest/index2.jsp?group_system_actual=3&a=0.6338639203459024
[Wed Jul 22 16:31:11.752312 2015] [proxy_http:error] [pid 4312:tid 1744] (20014)Internal error: [client 201.245.192.253:43382] AH01102: error reading status line from remote server 172.22.1.47:80, referer: http://190.27.245.106/forest/index2.jsp?group_system_actual=3&a=0.6338639203459024
[Wed Jul 22 16:32:02.483602 2015] [proxy_http:error] [pid 4312:tid 1760] (20014)Internal error: [client 201.245.192.253:44210] AH01102: error reading status line from remote server 172.22.1.47:80, referer: http://190.27.245.106/forest/index2.jsp?_a=0.3816907823580401
[Wed Jul 22 16:32:02.483602 2015] [proxy:error] [pid 4312:tid 1760] [client 201.245.192.253:44210] AH00898: Error reading from remote server returned by /forest/skins/gdocs-jar/css/menu.css, referer: http://190.27.245.106/forest/index2.jsp?_a=0.3816907823580401
[Wed Jul 22 16:32:16.305226 2015] [proxy_http:error] [pid 4312:tid 1472] (20014)Internal error: [client 201.245.192.253:44429] AH01102: error reading status line from remote server 172.22.1.47:80, referer: http://190.27.245.106/forest/usutareas.do?group_system_actual=3&a=0.8088649101555347
[Wed Jul 22 16:32:16.305226 2015] [proxy:error] [pid 4312:tid 1472] [client 201.245.192.253:44429] AH00898: Error reading from remote server returned by /forest/skins/gdocs-jar/css/menu.css, referer: http://190.27.245.106/forest/usutareas.do?group_system_actual=3&a=0.8088649101555347
[Wed Jul 22 16:32:47.458481 2015] [proxy_http:error] [pid 4312:tid 1344] (20014)Internal error: [client 201.245.192.253:51117] AH01102: error reading status line from remote server 172.22.1.47:80, referer: http://190.27.245.106/forest/usutareas.do?group_system_actual=3&codAct=1475&numPro=3169031&codPro=134&fecTra=2015-07-22%2016:31:33.0&codInst=3214522&codTraEsc=18720471
[Wed Jul 22 16:32:50.968487 2015] [proxy_http:error] [pid 4312:tid 1680] (20014)Internal error: [client 201.245.192.253:44815] AH01102: error reading status line from remote server 172.22.1.47:80, referer: http://190.27.245.106/forest/system/document.jsp?codDoc=2122913
[Wed Jul 22 16:32:50.968487 2015] [proxy:error] [pid 4312:tid 1680] [client 201.245.192.253:44815] AH00898: Error reading from remote server returned by /forest/css/index.css, referer: http://190.27.245.106/forest/system/document.jsp?codDoc=2122913
[Wed Jul 22 16:33:00.312903 2015] [proxy_http:error] [pid 4312:tid 1656] (20014)Internal error: [client 201.245.192.253:44931] AH01102: error reading status line from remote server 172.22.1.47:80, referer: http://190.27.245.106/forest/buscar.do?type=procesos
[Wed Jul 22 16:33:00.359703 2015] [proxy_http:error] [pid 4312:tid 1528] (20014)Internal error: [client 201.245.192.253:44938] AH01102: error reading status line from remote server 172.22.1.47:80, referer: http://190.27.245.106/forest/buscar.do?type=procesos
[Wed Jul 22 16:33:26.708149 2015] [proxy_http:error] [pid 4312:tid 1376] (20014)Internal error: [client 190.9.203.22:38886] AH01102: error reading status line from remote server 172.22.1.47:80, referer: http://190.27.245.106/forest/system/process.jsp?numPro=3073110
[Wed Jul 22 16:35:00.916715 2015] [proxy_http:error] [pid 4312:tid 1344] (20014)Internal error: [client 186.154.253.106:57709] AH01102: error reading status line from remote server 172.22.1.47:80, referer: http://190.27.245.106/forest/radicacion.do?codMod=11&group_system_actual=4&_a=0.30051920466279924
[Wed Jul 22 16:35:56.842813 2015] [proxy_http:error] [pid 4312:tid 1800] (20014)Internal error: [client 201.245.192.11:34318] AH01102: error reading status line from remote server 172.22.1.47:80, referer: http://190.27.245.106/forest/usutareas.do?group_system_actual=3&codTraEsc=18534096&_a=0.7177250620399982
[Wed Jul 22 16:35:56.842813 2015] [proxy:error] [pid 4312:tid 1800] [client 201.245.192.11:34318] AH00898: Error reading from remote server returned by /forest/session.jsp, referer: http://190.27.245.106/forest/usutareas.do?group_system_actual=3&codTraEsc=18534096&_a=0.7177250620399982
[Wed Jul 22 16:35:56.842813 2015] [negotiation:error] [pid 4312:tid 1800] [client 201.245.192.11:34318] AH00690: no acceptable variant: E:/nuevo/apache/error/HTTP_BAD_GATEWAY.html.var, referer: http://190.27.245.106/forest/usutareas.do?group_system_actual=3&codTraEsc=18534096&_a=0.7177250620399982
[Wed Jul 22 16:36:40.101689 2015] [proxy_http:error] [pid 4312:tid 1784] (20014)Internal error: [client 201.245.192.253:12922] AH01102: error reading status line from remote server 172.22.1.47:80, referer: http://190.27.245.106/forest/index2.jsp?a=0.06967959489118514
[Wed Jul 22 16:36:40.101689 2015] [proxy:error] [pid 4312:tid 1784] [client 201.245.192.253:12922] AH00898: Error reading from remote server returned by /forest/buscar.do, referer: http://190.27.245.106/forest/index2.jsp?a=0.06967959489118514
[Wed Jul 22 16:36:42.379293 2015] [proxy_http:error] [pid 4312:tid 1720] (20014)Internal error: [client 201.245.192.11:34400] AH01102: error reading status line from remote server 172.22.1.47:80, referer: http://190.27.245.106/forest/misactividades.do?group_system_actual=3&codPro=0&_a=0.7762703275317808
[Wed Jul 22 16:36:42.379293 2015] [proxy:error] [pid 4312:tid 1720] [client 201.245.192.11:34400] AH00898: Error reading from remote server returned by /forest/js/jqGridConf.js, referer: http://190.27.245.106/forest/misactividades.do?group_system_actual=3&codPro=0&_a=0.7762703275317808
[Wed Jul 22 16:36:46.216900 2015] [proxy_http:error] [pid 4312:tid 1368] (20014)Internal error: [client 201.245.192.253:35064] AH01102: error reading status line from remote server 172.22.1.47:80, referer: http://190.27.245.106/forest/buscar.do?type=procesos
[Wed Jul 22 16:36:50.382107 2015] [proxy_http:error] [pid 4312:tid 1864] (20014)Internal error: [client 201.245.192.11:34389] AH01102: error reading status line from remote server 172.22.1.47:80, referer: http://190.27.245.106/forest/index2.jsp?_a=0.7397682136565809
[Wed Jul 22 16:36:50.382107 2015] [proxy_http:error] [pid 4312:tid 1768] (20014)Internal error: [client 201.245.192.11:34394] AH01102: error reading status line from remote server 172.22.1.47:80, referer: http://190.27.245.106/forest/index2.jsp?_a=0.7397682136565809
[Wed Jul 22 16:37:27.978173 2015] [proxy_http:error] [pid 4312:tid 1872] (20014)Internal error: [client 201.245.192.11:34439] AH01102: error reading status line from remote server 172.22.1.47:80, referer: http://190.27.245.106/forest/usudocumentos.do?_a=0.6282219484203214&group_system_actual=3
[Wed Jul 22 16:37:45.153803 2015] [proxy_http:error] [pid 4312:tid 1440] (20014)Internal error: [client 201.245.192.11:34484] AH01102: error reading status line from remote server 172.22.1.47:80
[Wed Jul 22 16:37:45.216203 2015] [proxy_http:error] [pid 4312:tid 1472] (20014)Internal error: [client 201.245.192.11:34481] AH01102: error reading status line from remote server 172.22.1.47:80, referer: http://190.27.245.106/forest/usutareas.do?_a=0.572186538835664&group_system_actual=3
[Wed Jul 22 16:38:18.475462 2015] [proxy_http:error] [pid 4312:tid 1464] (20014)Internal error: [client 186.154.53.65:14237] AH01102: error reading status line from remote server 172.22.1.47:80, referer: http://190.27.245.106/forest/usutareas.do?group_system_actual=3&codTraEsc=18715270&_a=0.5355269967766952
[Wed Jul 22 16:38:18.475462 2015] [proxy_http:error] [pid 4312:tid 1744] (20014)Internal error: [client 186.154.53.65:14233] AH01102: error reading status line from remote server 172.22.1.47:80, referer: http://190.27.245.106/forest/usutareas.do?group_system_actual=3&codTraEsc=18715270&_a=0.5355269967766952
[Wed Jul 22 16:38:18.506662 2015] [proxy_http:error] [pid 4312:tid 1552] (20014)Internal error: [client 186.154.53.65:14236] AH01102: error reading status line from remote server 172.22.1.47:80, referer: http://190.27.245.106/forest/usutareas.do?group_system_actual=3&codTraEsc=18715270&_a=0.5355269967766952
[Wed Jul 22 16:38:18.537862 2015] [proxy_http:error] [pid 4312:tid 1656] (20014)Internal error: [client 186.154.53.65:14234] AH01102: error reading status line from remote server 172.22.1.47:80, referer: http://190.27.245.106/forest/usutareas.do?group_system_actual=3&codTraEsc=18715270&_a=0.5355269967766952
[Wed Jul 22 16:38:18.662662 2015] [proxy_http:error] [pid 4312:tid 1552] (20014)Internal error: [client 186.154.53.65:14242] AH01102: error reading status line from remote server 172.22.1.47:80, referer: http://190.27.245.106/forest/usutareas.do?group_system_actual=3&codTraEsc=18715270&_a=0.5355269967766952
[Wed Jul 22 16:38:18.662662 2015] [proxy:error] [pid 4312:tid 1552] [client 186.154.53.65:14242] AH00898: Error reading from remote server returned by /forest/skins/gdocs-jar/css/autocomplete.css, referer: http://190.27.245.106/forest/usutareas.do?group_system_actual=3&codTraEsc=18715270&_a=0.5355269967766952
[Wed Jul 22 16:38:19.021463 2015] [proxy_http:error] [pid 4312:tid 1744] (20014)Internal error: [client 186.154.53.65:14241] AH01102: error reading status line from remote server 172.22.1.47:80, referer: http://190.27.245.106/forest/usutareas.do?group_system_actual=3&codTraEsc=18715270&_a=0.5355269967766952
[Wed Jul 22 16:38:19.068263 2015] [proxy_http:error] [pid 4312:tid 1552] (20014)Internal error: [client 186.154.53.65:14242] AH01102: error reading status line from remote server 172.22.1.47:80, referer: http://190.27.245.106/forest/usutareas.do?group_system_actual=3&codTraEsc=18715270&_a=0.5355269967766952
[Wed Jul 22 16:38:19.115063 2015] [proxy_http:error] [pid 4312:tid 1608] (20014)Internal error: [client 186.154.53.65:14235] AH01102: error reading status line from remote server 172.22.1.47:80, referer: http://190.27.245.106/forest/usutareas.do?group_system_actual=3&codTraEsc=18715270&_a=0.5355269967766952
[Wed Jul 22 16:38:24.309872 2015] [proxy_http:error] [pid 4312:tid 1560] (20014)Internal error: [client 201.245.192.11:34552] AH01102: error reading status line from remote server 172.22.1.47:80, referer: http://190.27.245.106/forest/usutareas.do?_a=0.7336408229127044&group_system_actual=3
[Wed Jul 22 16:38:32.031886 2015] [proxy_http:error] [pid 4312:tid 1680] (20014)Internal error: [client 201.245.192.253:55213] AH01102: error reading status line from remote server 172.22.1.47:80, referer: http://190.27.245.106/forest/index2.jsp?_a=0.8804816755000502
[Wed Jul 22 16:38:42.655504 2015] [proxy_http:error] [pid 4312:tid 1640] (20014)Internal error: [client 201.245.192.253:55302] AH01102: error reading status line from remote server 172.22.1.47:80
[Wed Jul 22 16:38:42.655504 2015] [proxy:error] [pid 4312:tid 1640] [client 201.245.192.253:55302] AH00898: Error reading from remote server returned by /forest/login.do
[Wed Jul 22 16:38:51.843921 2015] [proxy_http:error] [pid 4312:tid 1704] (20014)Internal error: [client 201.245.192.253:36404] AH01102: error reading status line from remote server 172.22.1.47:80, referer: http://190.27.245.106/forest/index2.jsp?group_system_actual=&a=0.7544195474655292
[Wed Jul 22 16:38:57.101130 2015] [proxy_http:error] [pid 4312:tid 1368] (20014)Internal error: [client 201.245.192.253:55478] AH01102: error reading status line from remote server 172.22.1.47:80, referer: http://190.27.245.106/forest/index2.jsp?a=0.5713007881913162
[Wed Jul 22 16:38:57.101130 2015] [proxy:error] [pid 4312:tid 1368] [client 201.245.192.253:55478] AH00898: Error reading from remote server returned by /forest/skins/gdocs-jar/css/autocomplete.css, referer: http://190.27.245.106/forest/index2.jsp?a=0.5713007881913162
[Wed Jul 22 16:39:02.529939 2015] [proxy_http:error] [pid 4312:tid 1568] (20014)Internal error: [client 201.245.192.253:36498] AH01102: error reading status line from remote server 172.22.1.47:80, referer: http://190.27.245.106/forest/index2.jsp?group_system_actual=&a=0.7544195474655292
[Wed Jul 22 16:39:02.529939 2015] [proxy_http:error] [pid 4312:tid 1560] (20014)Internal error: [client 201.245.192.253:55541] AH01102: error reading status line from remote server 172.22.1.47:80, referer: http://190.27.245.106/forest/buscar.do?type=procesos
[Wed Jul 22 16:39:02.732740 2015] [proxy_http:error] [pid 4312:tid 1560] (20014)Internal error: [client 201.245.192.253:36518] AH01102: error reading status line from remote server 172.22.1.47:80, referer: http://190.27.245.106/forest/index2.jsp?group_system_actual=&a=0.7544195474655292
[Wed Jul 22 16:39:02.732740 2015] [proxy:error] [pid 4312:tid 1560] [client 201.245.192.253:36518] AH00898: Error reading from remote server returned by /forest/actions/forms.getList, referer: http://190.27.245.106/forest/index2.jsp?group_system_actual=&a=0.7544195474655292
[Wed Jul 22 16:39:02.732740 2015] [negotiation:error] [pid 4312:tid 1560] [client 201.245.192.253:36518] AH00690: no acceptable variant: E:/nuevo/apache/error/HTTP_BAD_GATEWAY.html.var, referer: http://190.27.245.106/forest/index2.jsp?group_system_actual=&a=0.7544195474655292
[Wed Jul 22 16:39:06.133546 2015] [proxy_http:error] [pid 4312:tid 1592] (20014)Internal error: [client 201.245.192.253:13772] AH01102: error reading status line from remote server 172.22.1.47:80, referer: http://190.27.245.106/forest/usutareas.do?_a=0.9753338063601404&group_system_actual=3
[Wed Jul 22 16:39:06.133546 2015] [proxy:error] [pid 4312:tid 1592] [client 201.245.192.253:13772] AH00898: Error reading from remote server returned by /forest/img/users/7.gif, referer: http://190.27.245.106/forest/usutareas.do?_a=0.9753338063601404&group_system_actual=3
[Wed Jul 22 16:39:12.404757 2015] [proxy_http:error] [pid 4312:tid 1360] (20014)Internal error: [client 201.245.192.253:55570] AH01102: error reading status line from remote server 172.22.1.47:80, referer: http://190.27.245.106/forest/
[Wed Jul 22 16:39:12.420357 2015] [proxy_http:error] [pid 4312:tid 1360] (20014)Internal error: [client 201.245.192.253:55675] AH01102: error reading status line from remote server 172.22.1.47:80, referer: http://190.27.245.106/forest/
[Wed Jul 22 16:39:12.420357 2015] [proxy:error] [pid 4312:tid 1360] [client 201.245.192.253:55675] AH00898: Error reading from remote server returned by /forest/img/misdocumentos.gif, referer: http://190.27.245.106/forest/
[Wed Jul 22 16:39:12.997558 2015] [proxy_http:error] [pid 4312:tid 1296] (20014)Internal error: [client 201.245.192.253:55641] AH01102: error reading status line from remote server 172.22.1.47:80, referer: http://190.27.245.106/forest/index2.jsp?a=0.5713007881913162
[Wed Jul 22 16:39:13.028758 2015] [proxy_http:error] [pid 4312:tid 1528] (20014)Internal error: [client 201.245.192.253:55646] AH01102: error reading status line from remote server 172.22.1.47:80, referer: http://190.27.245.106/forest/index2.jsp?a=0.5713007881913162
[Wed Jul 22 16:39:22.154774 2015] [proxy_http:error] [pid 4312:tid 1600] (20014)Internal error: [client 201.245.192.253:13873] AH01102: error reading status line from remote server 172.22.1.47:80, referer: http://190.27.245.106/forest/usutareas.do?group_system_actual=3&a=0.767685784259811
[Wed Jul 22 16:39:27.895584 2015] [proxy_http:error] [pid 4312:tid 1336] (20014)Internal error: [client 201.245.192.253:55859] AH01102: error reading status line from remote server 172.22.1.47:80, referer: http://190.27.245.106/forest/system/process.jsp?numPro=3084248
[Wed Jul 22 16:39:27.895584 2015] [proxy:error] [pid 4312:tid 1336] [client 201.245.192.253:55859] AH00898: Error reading from remote server returned by /forest/documentos/2064519/2015IE72146.docx, referer: http://190.27.245.106/forest/system/process.jsp?numPro=3084248
[Wed Jul 22 16:39:31.280790 2015] [proxy_http:error] [pid 4312:tid 1872] (20014)Internal error: [client 201.245.192.11:34676] AH01102: error reading status line from remote server 172.22.1.47:80, referer: http://190.27.245.106/forest/misactividades.do?_a=0.2824462865053907&group_system_actual=3
[Wed Jul 22 16:39:35.227597 2015] [proxy_http:error] [pid 4312:tid 1656] (20014)Internal error: [client 201.245.192.253:36878] AH01102: error reading status line from remote server 172.22.1.47:80, referer: http://190.27.245.106/forest/index2.jsp?group_system_actual=&a=0.7544195474655292
