[Wed Jul 22 18:45:33.319072 2015] [proxy:error] [pid 2060:tid 1812] [client 201.245.192.253:52829] AH00898: Error reading from remote server returned by /forest/actions/forms.getList, referer: http://190.27.245.106/forest/index2.jsp?selected=tab_init&tab=1
[Wed Jul 22 18:45:33.319072 2015] [negotiation:error] [pid 2060:tid 1812] [client 201.245.192.253:52829] AH00690: no acceptable variant: E:/nuevo/apache/error/HTTP_BAD_GATEWAY.html.var, referer: http://190.27.245.106/forest/index2.jsp?selected=tab_init&tab=1
[Wed Jul 22 18:45:33.818273 2015] [proxy_http:error] [pid 2060:tid 1884] (20014)Internal error: [client 201.184.24.68:49617] AH01102: error reading status line from remote server 172.22.1.47:80, referer: http://190.27.245.106/forest/misactividades.do?group_system_actual=3&_a=0.9250639183446765
[Wed Jul 22 18:45:33.818273 2015] [proxy:error] [pid 2060:tid 1884] [client 201.184.24.68:49617] AH00898: Error reading from remote server returned by /forest/misactividades.do, referer: http://190.27.245.106/forest/misactividades.do?group_system_actual=3&_a=0.9250639183446765
[Wed Jul 22 18:45:42.257888 2015] [proxy_http:error] [pid 2060:tid 1812] (20014)Internal error: [client 201.245.192.253:52829] AH01102: error reading status line from remote server 172.22.1.47:80, referer: http://190.27.245.106/forest/index2.jsp?selected=tab_init&tab=1
[Wed Jul 22 18:45:49.995501 2015] [proxy_http:error] [pid 2060:tid 1796] (20014)Internal error: [client 190.68.202.111:50125] AH01102: error reading status line from remote server 172.22.1.47:80, referer: http://190.27.245.106/forest/usutareas.do?_a=0.8597873062826693&group_system_actual=3
[Wed Jul 22 18:45:49.995501 2015] [proxy:error] [pid 2060:tid 1796] [client 190.68.202.111:50125] AH00898: Error reading from remote server returned by /forest/usutareas.do, referer: http://190.27.245.106/forest/usutareas.do?_a=0.8597873062826693&group_system_actual=3
[Wed Jul 22 18:45:51.274704 2015] [proxy_http:error] [pid 2060:tid 1948] (20014)Internal error: [client 201.245.192.253:52890] AH01102: error reading status line from remote server 172.22.1.47:80, referer: http://190.27.245.106/forest/index2.jsp?selected=tab_init&tab=1
[Wed Jul 22 18:45:51.352704 2015] [proxy_http:error] [pid 2060:tid 1788] (20014)Internal error: [client 201.184.24.68:49619] AH01102: error reading status line from remote server 172.22.1.47:80, referer: http://190.27.245.106/forest/misactividades.do?group_system_actual=3&_a=0.8993235563393682
[Wed Jul 22 18:45:51.352704 2015] [proxy:error] [pid 2060:tid 1788] [client 201.184.24.68:49619] AH00898: Error reading from remote server returned by /forest/usutareas.do, referer: http://190.27.245.106/forest/misactividades.do?group_system_actual=3&_a=0.8993235563393682
[Wed Jul 22 18:45:58.871917 2015] [proxy_http:error] [pid 2060:tid 1700] (20014)Internal error: [client 201.245.192.253:52901] AH01102: error reading status line from remote server 172.22.1.47:80, referer: http://190.27.245.106/forest/index2.jsp?selected=tab_init&tab=1
[Wed Jul 22 18:45:58.871917 2015] [proxy:error] [pid 2060:tid 1700] [client 201.245.192.253:52901] AH00898: Error reading from remote server returned by /forest/actions/forms.getList, referer: http://190.27.245.106/forest/index2.jsp?selected=tab_init&tab=1
[Wed Jul 22 18:45:58.871917 2015] [negotiation:error] [pid 2060:tid 1700] [client 201.245.192.253:52901] AH00690: no acceptable variant: E:/nuevo/apache/error/HTTP_BAD_GATEWAY.html.var, referer: http://190.27.245.106/forest/index2.jsp?selected=tab_init&tab=1
[Wed Jul 22 18:46:13.457942 2015] [proxy_http:error] [pid 2060:tid 1708] (20014)Internal error: [client 201.184.24.68:49625] AH01102: error reading status line from remote server 172.22.1.47:80, referer: http://190.27.245.106/forest/index2.jsp?_a=0.24913690402172506
[Wed Jul 22 18:46:16.796348 2015] [core:warn] [pid 4248:tid 300] AH00098: pid file E:/nuevo/apache/logs/httpd.pid overwritten -- Unclean shutdown of previous Apache run?
[Wed Jul 22 18:46:16.796348 2015] [auth_digest:notice] [pid 4248:tid 300] AH01757: generating secret for digest authentication ...
[Wed Jul 22 18:46:17.014749 2015] [mpm_winnt:notice] [pid 4248:tid 300] AH00455: Apache/2.4.10 (Win32) OpenSSL/1.0.1i PHP/5.5.15 configured -- resuming normal operations
[Wed Jul 22 18:46:17.014749 2015] [mpm_winnt:notice] [pid 4248:tid 300] AH00456: Apache Lounge VC11 Server built: Jul 17 2014 11:50:08
[Wed Jul 22 18:46:17.014749 2015] [core:notice] [pid 4248:tid 300] AH00094: Command line: 'e:\\nuevo\\apache\\bin\\httpd.exe -d E:/nuevo/apache'
[Wed Jul 22 18:46:17.014749 2015] [mpm_winnt:notice] [pid 4248:tid 300] AH00418: Parent: Created child process 1344
AH00548: NameVirtualHost has no effect and will be removed in the next release E:/nuevo/apache/conf/extra/httpd-vhosts.conf:44
[Wed Jul 22 18:46:17.701150 2015] [auth_digest:notice] [pid 1344:tid 312] AH01757: generating secret for digest authentication ...
[Wed Jul 22 18:46:17.919550 2015] [mpm_winnt:notice] [pid 1344:tid 312] AH00354: Child: Starting 150 worker threads.
[Wed Jul 22 18:46:20.649555 2015] [proxy_http:error] [pid 1344:tid 1772] (20014)Internal error: [client 201.184.24.68:49638] AH01102: error reading status line from remote server 172.22.1.47:80, referer: http://190.27.245.106/forest/misactividades.do?group_system_actual=3&codPro=95&_a=0.2033016232943481
[Wed Jul 22 18:46:20.649555 2015] [proxy:error] [pid 1344:tid 1772] [client 201.184.24.68:49638] AH00898: Error reading from remote server returned by /forest/skins/gdocs-jar/css/autocomplete.css, referer: http://190.27.245.106/forest/misactividades.do?group_system_actual=3&codPro=95&_a=0.2033016232943481
[Wed Jul 22 18:46:20.680755 2015] [proxy_http:error] [pid 1344:tid 1804] (20014)Internal error: [client 201.184.24.68:49640] AH01102: error reading status line from remote server 172.22.1.47:80, referer: http://190.27.245.106/forest/misactividades.do?group_system_actual=3&codPro=95&_a=0.2033016232943481
[Wed Jul 22 18:46:20.680755 2015] [proxy:error] [pid 1344:tid 1804] [client 201.184.24.68:49640] AH00898: Error reading from remote server returned by /forest/css/index.css, referer: http://190.27.245.106/forest/misactividades.do?group_system_actual=3&codPro=95&_a=0.2033016232943481
[Wed Jul 22 18:46:20.711955 2015] [proxy_http:error] [pid 1344:tid 1788] (20014)Internal error: [client 201.184.24.68:49637] AH01102: error reading status line from remote server 172.22.1.47:80, referer: http://190.27.245.106/forest/misactividades.do?group_system_actual=3&codPro=95&_a=0.2033016232943481
[Wed Jul 22 18:46:20.789955 2015] [proxy_http:error] [pid 1344:tid 1860] (20014)Internal error: [client 201.184.24.68:49639] AH01102: error reading status line from remote server 172.22.1.47:80, referer: http://190.27.245.106/forest/misactividades.do?group_system_actual=3&codPro=95&_a=0.2033016232943481
[Wed Jul 22 18:46:20.805555 2015] [proxy_http:error] [pid 1344:tid 1796] (20014)Internal error: [client 201.184.24.68:49636] AH01102: error reading status line from remote server 172.22.1.47:80, referer: http://190.27.245.106/forest/misactividades.do?group_system_actual=3&codPro=95&_a=0.2033016232943481
[Wed Jul 22 18:46:20.821155 2015] [proxy_http:error] [pid 1344:tid 1780] (20014)Internal error: [client 201.184.24.68:49634] AH01102: error reading status line from remote server 172.22.1.47:80, referer: http://190.27.245.106/forest/misactividades.do?group_system_actual=3&codPro=95&_a=0.2033016232943481
[Wed Jul 22 18:46:20.867955 2015] [proxy_http:error] [pid 1344:tid 1772] (20014)Internal error: [client 201.184.24.68:49638] AH01102: error reading status line from remote server 172.22.1.47:80, referer: http://190.27.245.106/forest/misactividades.do?group_system_actual=3&codPro=95&_a=0.2033016232943481
[Wed Jul 22 18:47:05.577634 2015] [proxy_http:error] [pid 1344:tid 1732] (20014)Internal error: [client 201.245.192.253:53078] AH01102: error reading status line from remote server 172.22.1.47:80, referer: http://190.27.245.106/forest/index2.jsp?selected=tab_init&tab=1
[Wed Jul 22 18:48:39.723799 2015] [proxy_http:error] [pid 1344:tid 1692] (20014)Internal error: [client 201.184.24.68:49677] AH01102: error reading status line from remote server 172.22.1.47:80, referer: http://190.27.245.106/forest/misactividades.do?group_system_actual=3&_a=0.8504366930574179
[Wed Jul 22 18:48:39.723799 2015] [proxy:error] [pid 1344:tid 1692] [client 201.184.24.68:49677] AH00898: Error reading from remote server returned by /forest/usutareas.do, referer: http://190.27.245.106/forest/misactividades.do?group_system_actual=3&_a=0.8504366930574179
[Wed Jul 22 18:48:41.985803 2015] [proxy_http:error] [pid 1344:tid 1876] (20014)Internal error: [client 201.184.24.68:49681] AH01102: error reading status line from remote server 172.22.1.47:80, referer: http://190.27.245.106/forest/usutareas.do?_a=0.9966316511854529&group_system_actual=3
[Wed Jul 22 18:48:41.985803 2015] [proxy:error] [pid 1344:tid 1876] [client 201.184.24.68:49681] AH00898: Error reading from remote server returned by /forest/css/escritorio.css, referer: http://190.27.245.106/forest/usutareas.do?_a=0.9966316511854529&group_system_actual=3
[Wed Jul 22 18:48:42.001403 2015] [proxy_http:error] [pid 1344:tid 1860] (20014)Internal error: [client 201.184.24.68:49678] AH01102: error reading status line from remote server 172.22.1.47:80, referer: http://190.27.245.106/forest/usutareas.do?_a=0.9966316511854529&group_system_actual=3
[Wed Jul 22 18:48:42.001403 2015] [proxy:error] [pid 1344:tid 1860] [client 201.184.24.68:49678] AH00898: Error reading from remote server returned by /forest/skins/gdocs-jar/css/forest.css, referer: http://190.27.245.106/forest/usutareas.do?_a=0.9966316511854529&group_system_actual=3
[Wed Jul 22 18:48:42.032603 2015] [proxy_http:error] [pid 1344:tid 1724] (20014)Internal error: [client 201.184.24.68:49679] AH01102: error reading status line from remote server 172.22.1.47:80, referer: http://190.27.245.106/forest/usutareas.do?_a=0.9966316511854529&group_system_actual=3
[Wed Jul 22 18:48:42.063803 2015] [proxy_http:error] [pid 1344:tid 1876] (20014)Internal error: [client 201.184.24.68:49681] AH01102: error reading status line from remote server 172.22.1.47:80, referer: http://190.27.245.106/forest/usutareas.do?_a=0.9966316511854529&group_system_actual=3
[Wed Jul 22 18:49:27.693884 2015] [proxy_http:error] [pid 1344:tid 1724] (20014)Internal error: [client 201.245.192.253:53498] AH01102: error reading status line from remote server 172.22.1.47:80, referer: http://190.27.245.106/forest/index2.jsp?selected=tab_init&tab=1
[Wed Jul 22 18:49:27.693884 2015] [proxy:error] [pid 1344:tid 1724] [client 201.245.192.253:53498] AH00898: Error reading from remote server returned by /forest/login.do, referer: http://190.27.245.106/forest/index2.jsp?selected=tab_init&tab=1
[Wed Jul 22 18:49:53.168728 2015] [proxy_http:error] [pid 1344:tid 1804] (20014)Internal error: [client 201.245.192.253:53573] AH01102: error reading status line from remote server 172.22.1.47:80, referer: http://190.27.245.106/forest/index2.jsp?a=0.7727980460776054
[Wed Jul 22 18:49:56.741135 2015] [proxy_http:error] [pid 1344:tid 1756] (20014)Internal error: [client 201.245.192.253:53575] AH01102: error reading status line from remote server 172.22.1.47:80, referer: http://190.27.245.106/forest/misactividades.do?group_system_actual=3&codPro=134&todas=1
[Wed Jul 22 18:49:56.756735 2015] [proxy_http:error] [pid 1344:tid 1676] (20014)Internal error: [client 201.245.192.253:53570] AH01102: error reading status line from remote server 172.22.1.47:80, referer: http://190.27.245.106/forest/misactividades.do?group_system_actual=3&codPro=134&todas=1
[Wed Jul 22 18:50:15.429967 2015] [proxy_http:error] [pid 1344:tid 1868] (20014)Internal error: [client 181.55.137.12:49442] AH01102: error reading status line from remote server 172.22.1.47:80, referer: http://190.27.245.106/forest/index2.jsp?a=0.9818077002348943
[Wed Jul 22 18:50:33.775600 2015] [proxy_http:error] [pid 1344:tid 1724] (20014)Internal error: [client 201.184.24.68:49691] AH01102: error reading status line from remote server 172.22.1.47:80, referer: http://190.27.245.106/forest/usutareas.do?_a=0.5974226829130203&group_system_actual=3
[Wed Jul 22 18:50:37.566406 2015] [proxy_http:error] [pid 1344:tid 1724] (20014)Internal error: [client 201.184.24.68:49693] AH01102: error reading status line from remote server 172.22.1.47:80, referer: http://190.27.245.106/forest/misactividades.do?group_system_actual=3&_a=0.716353670693934
[Wed Jul 22 18:50:37.940807 2015] [proxy_http:error] [pid 1344:tid 1724] (20014)Internal error: [client 201.245.192.253:53704] AH01102: error reading status line from remote server 172.22.1.47:80, referer: http://190.27.245.106/forest/misactividades.do?group_system_actual=3&codPro=134&todas=1
[Wed Jul 22 18:50:37.940807 2015] [proxy:error] [pid 1344:tid 1724] [client 201.245.192.253:53704] AH00898: Error reading from remote server returned by /forest/misactividades.do, referer: http://190.27.245.106/forest/misactividades.do?group_system_actual=3&codPro=134&todas=1
[Wed Jul 22 18:50:43.432017 2015] [proxy_http:error] [pid 1344:tid 1820] (20014)Internal error: [client 201.245.192.253:53715] AH01102: error reading status line from remote server 172.22.1.47:80, referer: http://190.27.245.106/forest/index2.jsp?selected=tab_init&tab=1
[Wed Jul 22 18:50:43.432017 2015] [proxy:error] [pid 1344:tid 1820] [client 201.245.192.253:53715] AH00898: Error reading from remote server returned by /forest/skins/gdocs-jar/css/autocomplete.css, referer: http://190.27.245.106/forest/index2.jsp?selected=tab_init&tab=1
[Wed Jul 22 18:50:48.330425 2015] [proxy_http:error] [pid 1344:tid 1820] (20014)Internal error: [client 201.245.192.253:53715] AH01102: error reading status line from remote server 172.22.1.47:80, referer: http://190.27.245.106/forest/misactividades.do?group_system_actual=3&codPro=90&todas=1
[Wed Jul 22 18:51:57.017346 2015] [proxy_http:error] [pid 1344:tid 1852] (20014)Internal error: [client 181.55.137.12:49454] AH01102: error reading status line from remote server 172.22.1.47:80, referer: http://190.27.245.106/forest/buscar.do?type=documentos
[Wed Jul 22 18:51:57.017346 2015] [proxy:error] [pid 1344:tid 1852] [client 181.55.137.12:49454] AH00898: Error reading from remote server returned by /forest/1ibre/jscalendar/calendar-win2k-1.css, referer: http://190.27.245.106/forest/buscar.do?type=documentos
[Wed Jul 22 18:51:57.095346 2015] [proxy_http:error] [pid 1344:tid 1676] (20014)Internal error: [client 181.55.137.12:49452] AH01102: error reading status line from remote server 172.22.1.47:80, referer: http://190.27.245.106/forest/buscar.do?type=documentos
[Wed Jul 22 18:51:58.031348 2015] [proxy_http:error] [pid 1344:tid 1676] (20014)Internal error: [client 181.55.137.12:49457] AH01102: error reading status line from remote server 172.22.1.47:80, referer: http://190.27.245.106/forest/buscar.do?type=documentos
[Wed Jul 22 18:51:58.312148 2015] [proxy_http:error] [pid 1344:tid 1676] (20014)Internal error: [client 181.55.137.12:49458] AH01102: error reading status line from remote server 172.22.1.47:80, referer: http://190.27.245.106/forest/buscar.do?type=documentos
[Wed Jul 22 18:51:58.312148 2015] [proxy:error] [pid 1344:tid 1676] [client 181.55.137.12:49458] AH00898: Error reading from remote server returned by /forest/js/dialog.js, referer: http://190.27.245.106/forest/buscar.do?type=documentos
[Wed Jul 22 18:52:22.039790 2015] [proxy_http:error] [pid 1344:tid 1796] (20014)Internal error: [client 181.55.137.12:49460] AH01102: error reading status line from remote server 172.22.1.47:80, referer: http://190.27.245.106/forest/buscar.do?type=documentos
[Wed Jul 22 18:52:22.039790 2015] [proxy:error] [pid 1344:tid 1796] [client 181.55.137.12:49460] AH00898: Error reading from remote server returned by /forest/buscar.do, referer: http://190.27.245.106/forest/buscar.do?type=documentos
[Wed Jul 22 18:52:27.609000 2015] [proxy_http:error] [pid 1344:tid 1660] (20014)Internal error: [client 66.249.83.156:47754] AH01102: error reading status line from remote server 172.22.1.47:80
[Wed Jul 22 18:52:27.609000 2015] [proxy:error] [pid 1344:tid 1660] [client 66.249.83.156:47754] AH00898: Error reading from remote server returned by /forest/img/nav_prev.gif
[Wed Jul 22 18:52:27.702600 2015] [proxy_http:error] [pid 1344:tid 1828] (20014)Internal error: [client 66.249.83.159:54012] AH01102: error reading status line from remote server 172.22.1.47:80
[Wed Jul 22 18:52:27.702600 2015] [proxy:error] [pid 1344:tid 1828] [client 66.249.83.159:54012] AH00898: Error reading from remote server returned by /forest/img/nav_next.gif
[Wed Jul 22 18:52:28.607401 2015] [proxy_http:error] [pid 1344:tid 1660] (20014)Internal error: [client 66.249.83.156:47754] AH01102: error reading status line from remote server 172.22.1.47:80
[Wed Jul 22 18:52:37.390217 2015] [proxy_http:error] [pid 1344:tid 1876] (20014)Internal error: [client 181.55.137.12:49461] AH01102: error reading status line from remote server 172.22.1.47:80, referer: http://190.27.245.106/forest/index2.jsp?a=0.9818077002348943
[Wed Jul 22 18:52:37.390217 2015] [proxy:error] [pid 1344:tid 1876] [client 181.55.137.12:49461] AH00898: Error reading from remote server returned by /forest/skins/gdocs-jar/popup/popup.jsp, referer: http://190.27.245.106/forest/index2.jsp?a=0.9818077002348943
[Wed Jul 22 18:52:38.388619 2015] [proxy_http:error] [pid 1344:tid 1772] (20014)Internal error: [client 190.68.202.111:50143] AH01102: error reading status line from remote server 172.22.1.47:80, referer: http://190.27.245.106/forest/buscar.do?type=documentos
[Wed Jul 22 18:52:38.482219 2015] [proxy_http:error] [pid 1344:tid 1788] (20014)Internal error: [client 190.68.202.111:50144] AH01102: error reading status line from remote server 172.22.1.47:80, referer: http://190.27.245.106/forest/buscar.do?type=documentos
[Wed Jul 22 18:52:38.607019 2015] [proxy_http:error] [pid 1344:tid 1772] (20014)Internal error: [client 190.68.202.111:50148] AH01102: error reading status line from remote server 172.22.1.47:80, referer: http://190.27.245.106/forest/buscar.do?type=documentos
[Wed Jul 22 18:52:38.607019 2015] [proxy:error] [pid 1344:tid 1772] [client 190.68.202.111:50148] AH00898: Error reading from remote server returned by /forest/json.do, referer: http://190.27.245.106/forest/buscar.do?type=documentos
[Wed Jul 22 18:52:38.607019 2015] [negotiation:error] [pid 1344:tid 1772] [client 190.68.202.111:50148] AH00690: no acceptable variant: E:/nuevo/apache/error/HTTP_BAD_GATEWAY.html.var, referer: http://190.27.245.106/forest/buscar.do?type=documentos
[Wed Jul 22 18:52:40.869023 2015] [proxy_http:error] [pid 1344:tid 1772] (20014)Internal error: [client 190.68.202.111:50148] AH01102: error reading status line from remote server 172.22.1.47:80, referer: http://190.27.245.106/forest/index2.jsp?_a=0.24406553758308291
[Wed Jul 22 18:52:44.457029 2015] [proxy_http:error] [pid 1344:tid 1772] (20014)Internal error: [client 181.55.137.12:49463] AH01102: error reading status line from remote server 172.22.1.47:80, referer: http://190.27.245.106/forest/buscar.do?type=documentos
[Wed Jul 22 18:52:44.472629 2015] [proxy_http:error] [pid 1344:tid 1876] (20014)Internal error: [client 181.55.137.12:49464] AH01102: error reading status line from remote server 172.22.1.47:80, referer: http://190.27.245.106/forest/buscar.do?type=documentos
[Wed Jul 22 18:52:44.535029 2015] [proxy_http:error] [pid 1344:tid 1876] (20014)Internal error: [client 181.55.137.12:49466] AH01102: error reading status line from remote server 172.22.1.47:80, referer: http://190.27.245.106/forest/buscar.do?type=documentos
[Wed Jul 22 18:52:44.535029 2015] [proxy:error] [pid 1344:tid 1876] [client 181.55.137.12:49466] AH00898: Error reading from remote server returned by /forest/json.do, referer: http://190.27.245.106/forest/buscar.do?type=documentos
[Wed Jul 22 18:52:44.535029 2015] [negotiation:error] [pid 1344:tid 1876] [client 181.55.137.12:49466] AH00690: no acceptable variant: E:/nuevo/apache/error/HTTP_BAD_GATEWAY.html.var, referer: http://190.27.245.106/forest/buscar.do?type=documentos
[Wed Jul 22 18:53:11.523077 2015] [proxy_http:error] [pid 1344:tid 1652] (20014)Internal error: [client 201.184.24.68:49714] AH01102: error reading status line from remote server 172.22.1.47:80, referer: http://190.27.245.106/forest/usutareas.do?codTraEsc=18469492
[Wed Jul 22 18:53:58.401159 2015] [proxy_http:error] [pid 1344:tid 1812] (20014)Internal error: [client 201.184.24.68:49721] AH01102: error reading status line from remote server 172.22.1.47:80, referer: http://190.27.245.106/forest/usutareas.do?_a=0.16719531058333814&group_system_actual=3
[Wed Jul 22 18:54:00.631963 2015] [proxy_http:error] [pid 1344:tid 1812] (20014)Internal error: [client 201.184.24.68:49723] AH01102: error reading status line from remote server 172.22.1.47:80, referer: http://190.27.245.106/forest/misactividades.do?group_system_actual=3&codPro=95&_a=0.5938681145777743
[Wed Jul 22 18:54:00.741163 2015] [proxy_http:error] [pid 1344:tid 1652] (20014)Internal error: [client 201.184.24.68:49724] AH01102: error reading status line from remote server 172.22.1.47:80, referer: http://190.27.245.106/forest/misactividades.do?group_system_actual=3&codPro=95&_a=0.5938681145777743
[Wed Jul 22 18:54:22.877602 2015] [proxy_http:error] [pid 1344:tid 1732] (20014)Internal error: [client 201.245.192.253:53617] AH01102: error reading status line from remote server 172.22.1.47:80, referer: http://190.27.245.106/forest/usutareas.do?_a=0.4509351053275168&group_system_actual=3
[Wed Jul 22 18:54:26.450008 2015] [proxy_http:error] [pid 1344:tid 1652] (20014)Internal error: [client 201.184.24.68:49725] AH01102: error reading status line from remote server 172.22.1.47:80, referer: http://190.27.245.106/forest/misactividades.do?group_system_actual=3&codPro=95&_a=0.5938681145777743
[Wed Jul 22 18:54:42.330836 2015] [proxy_http:error] [pid 1344:tid 1652] (20014)Internal error: [client 201.184.24.68:49730] AH01102: error reading status line from remote server 172.22.1.47:80, referer: http://190.27.245.106/forest/usutareas.do?_a=0.9993833417538553&group_system_actual=3
[Wed Jul 22 18:54:51.800053 2015] [proxy_http:error] [pid 1344:tid 1652] (20014)Internal error: [client 201.184.24.68:49734] AH01102: error reading status line from remote server 172.22.1.47:80, referer: http://190.27.245.106/forest/misactividades.do?group_system_actual=3&codPro=176&_a=0.1417322318512262
[Wed Jul 22 18:55:26.541314 2015] [proxy_http:error] [pid 1344:tid 1700] (20014)Internal error: [client 201.184.24.68:49737] AH01102: error reading status line from remote server 172.22.1.47:80, referer: http://190.27.245.106/forest/misactividades.do?group_system_actual=3&codPro=176&_a=0.1417322318512262
[Wed Jul 22 18:55:26.541314 2015] [proxy:error] [pid 1344:tid 1700] [client 201.184.24.68:49737] AH00898: Error reading from remote server returned by /forest/usutareas.do, referer: http://190.27.245.106/forest/misactividades.do?group_system_actual=3&codPro=176&_a=0.1417322318512262
[Wed Jul 22 18:55:49.722955 2015] [proxy_http:error] [pid 1344:tid 1700] (20014)Internal error: [client 190.68.202.111:50157] AH01102: error reading status line from remote server 172.22.1.47:80, referer: http://190.27.245.106/forest/index2.jsp?_a=0.24406553758308291
[Wed Jul 22 18:56:41.359045 2015] [proxy_http:error] [pid 1344:tid 1684] (20014)Internal error: [client 190.9.203.22:38796] AH01102: error reading status line from remote server 172.22.1.47:80, referer: http://190.27.245.106/forest/reportes.do?menu=1&group_system_actual=5
[Wed Jul 22 18:56:41.359045 2015] [proxy:error] [pid 1344:tid 1684] [client 190.9.203.22:38796] AH00898: Error reading from remote server returned by /forest/session.jsp, referer: http://190.27.245.106/forest/reportes.do?menu=1&group_system_actual=5
[Wed Jul 22 18:56:41.359045 2015] [negotiation:error] [pid 1344:tid 1684] [client 190.9.203.22:38796] AH00690: no acceptable variant: E:/nuevo/apache/error/HTTP_BAD_GATEWAY.html.var, referer: http://190.27.245.106/forest/reportes.do?menu=1&group_system_actual=5
[Wed Jul 22 18:56:43.605449 2015] [proxy_http:error] [pid 1344:tid 1652] (20014)Internal error: [client 201.184.24.68:49756] AH01102: error reading status line from remote server 172.22.1.47:80, referer: http://190.27.245.106/forest/usutareas.do?group_system_actual=3&a=0.23333029611967504
[Wed Jul 22 18:56:47.021855 2015] [proxy_http:error] [pid 1344:tid 1652] (20014)Internal error: [client 201.184.24.68:49757] AH01102: error reading status line from remote server 172.22.1.47:80, referer: http://190.27.245.106/forest/usutareas.do?group_system_actual=3&a=0.23333029611967504
[Wed Jul 22 18:58:07.767597 2015] [proxy_http:error] [pid 1344:tid 1652] (20014)Internal error: [client 201.184.24.68:49761] AH01102: error reading status line from remote server 172.22.1.47:80, referer: http://190.27.245.106/forest/usutareas.do?_a=0.24019953305833042&group_system_actual=3
[Wed Jul 22 18:59:07.281702 2015] [proxy_http:error] [pid 1344:tid 1796] (20014)Internal error: [client 201.245.192.253:34763] AH01102: error reading status line from remote server 172.22.1.47:80, referer: http://190.27.245.106/forest/usutareas.do?_a=0.11027752366722543&group_system_actual=3
[Wed Jul 22 18:59:08.358104 2015] [proxy_http:error] [pid 1344:tid 1804] (20014)Internal error: [client 201.245.192.253:16242] AH01102: error reading status line from remote server 172.22.1.47:80, referer: http://190.27.245.106/forest/js/jquery/css/jquery-ui-1.8.1.custom.css
[Wed Jul 22 18:59:34.690950 2015] [proxy_http:error] [pid 1344:tid 1724] (20014)Internal error: [client 190.26.60.119:25614] AH01102: error reading status line from remote server 172.22.1.47:80, referer: http://190.27.245.106/forest/radicacion.do?codMod=11&group_system_actual=4&_a=0.3270090729237549
[Wed Jul 22 18:59:34.706550 2015] [proxy_http:error] [pid 1344:tid 1836] (20014)Internal error: [client 190.26.60.119:25613] AH01102: error reading status line from remote server 172.22.1.47:80, referer: http://190.27.245.106/forest/radicacion.do?codMod=11&group_system_actual=4&_a=0.3270090729237549
[Wed Jul 22 18:59:34.768950 2015] [proxy_http:error] [pid 1344:tid 1748] (20014)Internal error: [client 190.26.60.119:25615] AH01102: error reading status line from remote server 172.22.1.47:80, referer: http://190.27.245.106/forest/radicacion.do?codMod=11&group_system_actual=4&_a=0.3270090729237549
[Wed Jul 22 18:59:48.746574 2015] [proxy_http:error] [pid 1344:tid 1604] (20014)Internal error: [client 190.26.60.119:25626] AH01102: error reading status line from remote server 172.22.1.47:80, referer: http://190.27.245.106/forest/radicacion.do?codMod=11&group_system_actual=4&_a=0.3270090729237549
[Wed Jul 22 18:59:49.370576 2015] [proxy_http:error] [pid 1344:tid 1764] (20014)Internal error: [client 190.26.60.119:25628] AH01102: error reading status line from remote server 172.22.1.47:80, referer: http://190.27.245.106/forest/reportes.do?menu=1&group_system_actual=5
[Wed Jul 22 18:59:49.370576 2015] [proxy:error] [pid 1344:tid 1764] [client 190.26.60.119:25628] AH00898: Error reading from remote server returned by /forest/skins/gdocs-jar/css/forest.css, referer: http://190.27.245.106/forest/reportes.do?menu=1&group_system_actual=5
[Wed Jul 22 18:59:49.386176 2015] [proxy_http:error] [pid 1344:tid 1724] (20014)Internal error: [client 190.26.60.119:25631] AH01102: error reading status line from remote server 172.22.1.47:80, referer: http://190.27.245.106/forest/reportes.do?menu=1&group_system_actual=5
[Wed Jul 22 18:59:49.386176 2015] [proxy:error] [pid 1344:tid 1724] [client 190.26.60.119:25631] AH00898: Error reading from remote server returned by /forest/css/escritorio.css, referer: http://190.27.245.106/forest/reportes.do?menu=1&group_system_actual=5
[Wed Jul 22 19:00:11.585015 2015] [proxy_http:error] [pid 1344:tid 1660] (20014)Internal error: [client 201.184.24.68:49770] AH01102: error reading status line from remote server 172.22.1.47:80, referer: http://190.27.245.106/forest/usutareas.do?_a=0.35123572312295437&group_system_actual=3
[Wed Jul 22 19:00:11.585015 2015] [proxy:error] [pid 1344:tid 1660] [client 201.184.24.68:49770] AH00898: Error reading from remote server returned by /forest/usutareas.do, referer: http://190.27.245.106/forest/usutareas.do?_a=0.35123572312295437&group_system_actual=3
[Wed Jul 22 19:00:13.363418 2015] [proxy_http:error] [pid 1344:tid 1860] (20014)Internal error: [client 201.245.192.253:34836] AH01102: error reading status line from remote server 172.22.1.47:80, referer: http://190.27.245.106/forest/misactividades.do?_a=0.16186231107797466&group_system_actual=3
[Wed Jul 22 19:00:13.363418 2015] [proxy:error] [pid 1344:tid 1860] [client 201.245.192.253:34836] AH00898: Error reading from remote server returned by /forest/misactividades.do, referer: http://190.27.245.106/forest/misactividades.do?_a=0.16186231107797466&group_system_actual=3
[Wed Jul 22 19:00:15.812622 2015] [proxy_http:error] [pid 1344:tid 1660] (20014)Internal error: [client 201.184.24.68:49770] AH01102: error reading status line from remote server 172.22.1.47:80, referer: http://190.27.245.106/forest/usutareas.do?_a=0.35123572312295437&group_system_actual=3
[Wed Jul 22 19:00:16.358623 2015] [proxy_http:error] [pid 1344:tid 1604] (20014)Internal error: [client 191.108.93.155:50580] AH01102: error reading status line from remote server 172.22.1.47:80, referer: http://190.27.245.106/forest/
[Wed Jul 22 19:00:16.358623 2015] [proxy:error] [pid 1344:tid 1604] [client 191.108.93.155:50580] AH00898: Error reading from remote server returned by /forest/skins/gdocs-jar/js/autocompletar2.js, referer: http://190.27.245.106/forest/
[Wed Jul 22 19:00:16.452223 2015] [proxy_http:error] [pid 1344:tid 1764] (20014)Internal error: [client 181.55.137.12:49489] AH01102: error reading status line from remote server 172.22.1.47:80, referer: http://190.27.245.106/forest/index2.jsp?a=0.9818077002348943
[Wed Jul 22 19:00:16.452223 2015] [proxy:error] [pid 1344:tid 1764] [client 181.55.137.12:49489] AH00898: Error reading from remote server returned by /forest/session.jsp, referer: http://190.27.245.106/forest/index2.jsp?a=0.9818077002348943
[Wed Jul 22 19:00:16.452223 2015] [negotiation:error] [pid 1344:tid 1764] [client 181.55.137.12:49489] AH00690: no acceptable variant: E:/nuevo/apache/error/HTTP_BAD_GATEWAY.html.var, referer: http://190.27.245.106/forest/index2.jsp?a=0.9818077002348943
[Wed Jul 22 19:00:16.545823 2015] [proxy_http:error] [pid 1344:tid 1724] (20014)Internal error: [client 201.245.192.253:16301] AH01102: error reading status line from remote server 172.22.1.47:80, referer: http://190.27.245.106/forest/misactividades.do?group_system_actual=3&codPro=134&_a=0.5955456669443756
[Wed Jul 22 19:00:16.670623 2015] [proxy_http:error] [pid 1344:tid 1724] (20014)Internal error: [client 201.245.192.253:16302] AH01102: error reading status line from remote server 172.22.1.47:80, referer: http://190.27.245.106/forest/misactividades.do?group_system_actual=3&codPro=134&_a=0.5955456669443756
[Wed Jul 22 19:00:16.670623 2015] [proxy:error] [pid 1344:tid 1724] [client 201.245.192.253:16302] AH00898: Error reading from remote server returned by /forest/usutareas.do, referer: http://190.27.245.106/forest/misactividades.do?group_system_actual=3&codPro=134&_a=0.5955456669443756
[Wed Jul 22 19:00:16.779824 2015] [proxy_http:error] [pid 1344:tid 1812] (20014)Internal error: [client 191.108.93.155:50594] AH01102: error reading status line from remote server 172.22.1.47:80, referer: http://190.27.245.106/forest/
[Wed Jul 22 19:00:16.982624 2015] [proxy_http:error] [pid 1344:tid 1828] (20014)Internal error: [client 191.108.93.155:50593] AH01102: error reading status line from remote server 172.22.1.47:80, referer: http://190.27.245.106/forest/
[Wed Jul 22 19:00:17.091824 2015] [proxy_http:error] [pid 1344:tid 1836] (20014)Internal error: [client 191.108.93.155:50578] AH01102: error reading status line from remote server 172.22.1.47:80, referer: http://190.27.245.106/forest/
[Wed Jul 22 19:00:17.123024 2015] [proxy_http:error] [pid 1344:tid 1828] (20014)Internal error: [client 191.108.93.155:50596] AH01102: error reading status line from remote server 172.22.1.47:80, referer: http://190.27.245.106/forest/
[Wed Jul 22 19:00:17.123024 2015] [proxy:error] [pid 1344:tid 1828] [client 191.108.93.155:50596] AH00898: Error reading from remote server returned by /forest/img/buscar_documentos.gif, referer: http://190.27.245.106/forest/
[Wed Jul 22 19:00:17.201024 2015] [proxy_http:error] [pid 1344:tid 1812] (20014)Internal error: [client 191.108.93.155:50595] AH01102: error reading status line from remote server 172.22.1.47:80, referer: http://190.27.245.106/forest/
[Wed Jul 22 19:00:17.201024 2015] [proxy:error] [pid 1344:tid 1812] [client 191.108.93.155:50595] AH00898: Error reading from remote server returned by /forest/img/notify.gif, referer: http://190.27.245.106/forest/
[Wed Jul 22 19:00:17.325825 2015] [proxy_http:error] [pid 1344:tid 1828] (20014)Internal error: [client 191.108.93.155:50596] AH01102: error reading status line from remote server 172.22.1.47:80, referer: http://190.27.245.106/forest/
[Wed Jul 22 19:00:17.419425 2015] [proxy_http:error] [pid 1344:tid 1748] (20014)Internal error: [client 191.108.93.155:50579] AH01102: error reading status line from remote server 172.22.1.47:80, referer: http://190.27.245.106/forest/
[Wed Jul 22 19:00:17.466225 2015] [proxy_http:error] [pid 1344:tid 1660] (20014)Internal error: [client 201.184.24.68:49771] AH01102: error reading status line from remote server 172.22.1.47:80, referer: http://190.27.245.106/forest/usutareas.do?group_system_actual=3&a=0.6704535009339452
[Wed Jul 22 19:00:17.528625 2015] [proxy_http:error] [pid 1344:tid 1812] (20014)Internal error: [client 191.108.93.155:50595] AH01102: error reading status line from remote server 172.22.1.47:80, referer: http://190.27.245.106/forest/
[Wed Jul 22 19:00:17.591025 2015] [proxy_http:error] [pid 1344:tid 1836] (20014)Internal error: [client 191.108.93.155:50597] AH01102: error reading status line from remote server 172.22.1.47:80, referer: http://190.27.245.106/forest/
[Wed Jul 22 19:00:18.121426 2015] [proxy_http:error] [pid 1344:tid 1836] (20014)Internal error: [client 201.184.24.68:49772] AH01102: error reading status line from remote server 172.22.1.47:80, referer: http://190.27.245.106/forest/misactividades.do?group_system_actual=3&_a=0.7291613039560616
[Wed Jul 22 19:00:26.810641 2015] [proxy_http:error] [pid 1344:tid 1796] (20014)Internal error: [client 201.245.192.253:16309] AH01102: error reading status line from remote server 172.22.1.47:80, referer: http://190.27.245.106/forest/misactividades.do?group_system_actual=3&codPro=134&_a=0.5955456669443756
[Wed Jul 22 19:00:26.810641 2015] [proxy:error] [pid 1344:tid 1796] [client 201.245.192.253:16309] AH00898: Error reading from remote server returned by /forest/misactividades.do, referer: http://190.27.245.106/forest/misactividades.do?group_system_actual=3&codPro=134&_a=0.5955456669443756
[Wed Jul 22 19:00:33.081852 2015] [proxy_http:error] [pid 1344:tid 1788] (20014)Internal error: [client 201.245.192.253:34875] AH01102: error reading status line from remote server 172.22.1.47:80, referer: http://190.27.245.106/forest/buscar.do?type=procesos
[Wed Jul 22 19:00:33.081852 2015] [proxy:error] [pid 1344:tid 1788] [client 201.245.192.253:34875] AH00898: Error reading from remote server returned by /forest/js/load_func.js, referer: http://190.27.245.106/forest/buscar.do?type=procesos
[Wed Jul 22 19:00:33.113052 2015] [proxy_http:error] [pid 1344:tid 1764] (20014)Internal error: [client 201.245.192.253:34874] AH01102: error reading status line from remote server 172.22.1.47:80, referer: http://190.27.245.106/forest/buscar.do?type=procesos
[Wed Jul 22 19:00:33.159852 2015] [proxy_http:error] [pid 1344:tid 1572] (20014)Internal error: [client 201.245.192.253:34873] AH01102: error reading status line from remote server 172.22.1.47:80, referer: http://190.27.245.106/forest/buscar.do?type=procesos
[Wed Jul 22 19:00:43.377870 2015] [proxy_http:error] [pid 1344:tid 1660] (20014)Internal error: [client 201.245.192.253:34897] AH01102: error reading status line from remote server 172.22.1.47:80, referer: http://190.27.245.106/forest/buscar.do?
[Wed Jul 22 19:00:43.377870 2015] [proxy:error] [pid 1344:tid 1660] [client 201.245.192.253:34897] AH00898: Error reading from remote server returned by /forest/skins/gdocs-jar/img/more_details.gif, referer: http://190.27.245.106/forest/buscar.do?
[Wed Jul 22 19:00:43.877071 2015] [proxy_http:error] [pid 1344:tid 1780] (OS 10060)A connection attempt failed because the connected party did not properly respond after a period of time, or established connection failed because connected host has failed to respond.  : [client 201.245.192.253:53102] AH01102: error reading status line from remote server 172.22.1.47:80, referer: http://190.27.245.106/forest/index2.jsp?selected=tab_init&tab=1
[Wed Jul 22 19:00:43.877071 2015] [proxy:error] [pid 1344:tid 1780] [client 201.245.192.253:53102] AH00898: Error reading from remote server returned by /forest/actions/forms.saveForm, referer: http://190.27.245.106/forest/index2.jsp?selected=tab_init&tab=1
[Wed Jul 22 19:00:47.465078 2015] [proxy_http:error] [pid 1344:tid 1572] (20014)Internal error: [client 201.245.192.253:34898] AH01102: error reading status line from remote server 172.22.1.47:80, referer: http://190.27.245.106/forest/usutareas.do?group_system_actual=3&codAct=1622&numPro=3026839&codPro=143&fecTra=2015-07-22%2015:12:16.133&codInst=3065039&codTraEsc=18719446
[Wed Jul 22 19:00:58.993498 2015] [proxy_http:error] [pid 1344:tid 1772] (20014)Internal error: [client 191.108.93.155:50624] AH01102: error reading status line from remote server 172.22.1.47:80, referer: http://190.27.245.106/forest/system/document.jsp?codDoc=2119994
[Wed Jul 22 19:00:58.993498 2015] [proxy:error] [pid 1344:tid 1772] [client 191.108.93.155:50624] AH00898: Error reading from remote server returned by /forest/skins/gdocs-jar/img/alert.gif, referer: http://190.27.245.106/forest/system/document.jsp?codDoc=2119994
[Wed Jul 22 19:01:05.249109 2015] [proxy_http:error] [pid 1344:tid 1572] (20014)Internal error: [client 190.26.60.119:25666] AH01102: error reading status line from remote server 172.22.1.47:80, referer: http://190.27.245.106/forest/buscar.do?type=procesos
[Wed Jul 22 19:01:44.748378 2015] [proxy_http:error] [pid 1344:tid 1716] (20014)Internal error: [client 201.245.192.253:16398] AH01102: error reading status line from remote server 172.22.1.47:80, referer: http://190.27.245.106/forest/misactividades.do?group_system_actual=3&codPro=90&_a=0.8361474772159648
[Wed Jul 22 19:02:26.462851 2015] [proxy_http:error] [pid 1344:tid 1772] (20014)Internal error: [client 186.30.105.199:13237] AH01102: error reading status line from remote server 172.22.1.47:80, referer: http://190.27.245.106/forest/usutareas.do?_a=0.22771634790115058&group_system_actual=3
[Wed Jul 22 19:02:26.462851 2015] [proxy:error] [pid 1344:tid 1772] [client 186.30.105.199:13237] AH00898: Error reading from remote server returned by /forest/skins/gdocs-jar/css/autocomplete.css, referer: http://190.27.245.106/forest/usutareas.do?_a=0.22771634790115058&group_system_actual=3
[Wed Jul 22 19:02:28.943256 2015] [proxy_http:error] [pid 1344:tid 1788] (20014)Internal error: [client 190.68.202.111:50193] AH01102: error reading status line from remote server 172.22.1.47:80, referer: http://190.27.245.106/forest/misactividades.do?group_system_actual=3&codPro=125&_a=0.3838663179661387
[Wed Jul 22 19:02:37.663671 2015] [proxy_http:error] [pid 1344:tid 1780] (20014)Internal error: [client 190.68.202.111:50202] AH01102: error reading status line from remote server 172.22.1.47:80, referer: http://190.27.245.106/forest/usutareas.do?_a=0.5924674228299409&group_system_actual=3
[Wed Jul 22 19:02:37.663671 2015] [proxy:error] [pid 1344:tid 1780] [client 190.68.202.111:50202] AH00898: Error reading from remote server returned by /forest/file/4470375, referer: http://190.27.245.106/forest/usutareas.do?_a=0.5924674228299409&group_system_actual=3
[Wed Jul 22 19:02:42.312479 2015] [proxy_http:error] [pid 1344:tid 1772] (20014)Internal error: [client 186.30.105.199:13240] AH01102: error reading status line from remote server 172.22.1.47:80, referer: http://190.27.245.106/forest/usutareas.do?group_system_actual=3&a=0.8904752403032035
[Wed Jul 22 19:02:59.831310 2015] [proxy_http:error] [pid 1344:tid 1532] (20014)Internal error: [client 186.30.105.199:13246] AH01102: error reading status line from remote server 172.22.1.47:80, referer: http://190.27.245.106/forest/usutareas.do?group_system_actual=3&a=0.69055724167265
[Wed Jul 22 19:02:59.862510 2015] [proxy_http:error] [pid 1344:tid 1756] (20014)Internal error: [client 186.30.105.199:13241] AH01102: error reading status line from remote server 172.22.1.47:80, referer: http://190.27.245.106/forest/usutareas.do?group_system_actual=3&a=0.69055724167265
[Wed Jul 22 19:02:59.909310 2015] [proxy_http:error] [pid 1344:tid 1580] (20014)Internal error: [client 186.30.105.199:13244] AH01102: error reading status line from remote server 172.22.1.47:80, referer: http://190.27.245.106/forest/usutareas.do?group_system_actual=3&a=0.69055724167265
[Wed Jul 22 19:02:59.940510 2015] [proxy_http:error] [pid 1344:tid 1756] (20014)Internal error: [client 186.30.105.199:13251] AH01102: error reading status line from remote server 172.22.1.47:80, referer: http://190.27.245.106/forest/usutareas.do?group_system_actual=3&a=0.69055724167265
[Wed Jul 22 19:02:59.940510 2015] [proxy:error] [pid 1344:tid 1756] [client 186.30.105.199:13251] AH00898: Error reading from remote server returned by /forest/img/adduser.gif, referer: http://190.27.245.106/forest/usutareas.do?group_system_actual=3&a=0.69055724167265
[Wed Jul 22 19:03:00.002910 2015] [proxy_http:error] [pid 1344:tid 1580] (20014)Internal error: [client 186.30.105.199:13252] AH01102: error reading status line from remote server 172.22.1.47:80, referer: http://190.27.245.106/forest/usutareas.do?group_system_actual=3&a=0.69055724167265
[Wed Jul 22 19:03:00.002910 2015] [proxy:error] [pid 1344:tid 1580] [client 186.30.105.199:13252] AH00898: Error reading from remote server returned by /forest/json.do, referer: http://190.27.245.106/forest/usutareas.do?group_system_actual=3&a=0.69055724167265
[Wed Jul 22 19:03:00.002910 2015] [negotiation:error] [pid 1344:tid 1580] [client 186.30.105.199:13252] AH00690: no acceptable variant: E:/nuevo/apache/error/HTTP_BAD_GATEWAY.html.var, referer: http://190.27.245.106/forest/usutareas.do?group_system_actual=3&a=0.69055724167265
[Wed Jul 22 19:04:16.770645 2015] [proxy_http:error] [pid 1344:tid 1756] (20014)Internal error: [client 201.245.192.253:56005] AH01102: error reading status line from remote server 172.22.1.47:80, referer: http://190.27.245.106/forest/index2.jsp?_a=0.48202375344212656
[Wed Jul 22 19:04:16.801845 2015] [proxy_http:error] [pid 1344:tid 1644] (20014)Internal error: [client 201.245.192.253:56007] AH01102: error reading status line from remote server 172.22.1.47:80, referer: http://190.27.245.106/forest/index2.jsp?_a=0.48202375344212656
[Wed Jul 22 19:05:23.117562 2015] [proxy_http:error] [pid 1344:tid 1788] (20014)Internal error: [client 201.245.192.253:56178] AH01102: error reading status line from remote server 172.22.1.47:80, referer: http://190.27.245.106/forest/usutareas.do?group_system_actual=3&codTraEsc=15260566&_a=0.7268190305649737
[Wed Jul 22 19:05:23.226762 2015] [proxy_http:error] [pid 1344:tid 1788] (20014)Internal error: [client 201.245.192.253:56179] AH01102: error reading status line from remote server 172.22.1.47:80, referer: http://190.27.245.106/forest/usutareas.do?group_system_actual=3&codTraEsc=15260566&_a=0.7268190305649737
[Wed Jul 22 19:06:00.526427 2015] [proxy_http:error] [pid 1344:tid 1588] (20014)Internal error: [client 201.245.192.253:56326] AH01102: error reading status line from remote server 172.22.1.47:80, referer: http://190.27.245.106/forest/misactividades.do?group_system_actual=3&codPro=90&_a=0.2892264982996181
[Wed Jul 22 19:06:00.651228 2015] [proxy_http:error] [pid 1344:tid 1588] (20014)Internal error: [client 201.245.192.253:56328] AH01102: error reading status line from remote server 172.22.1.47:80, referer: http://190.27.245.106/forest/misactividades.do?group_system_actual=3&codPro=90&_a=0.2892264982996181
[Wed Jul 22 19:06:25.782872 2015] [proxy_http:error] [pid 1344:tid 1564] (20014)Internal error: [client 181.128.193.74:17599] AH01102: error reading status line from remote server 172.22.1.47:80, referer: http://190.27.245.106/forest/buscar.do?type=documentos
[Wed Jul 22 19:07:52.035423 2015] [proxy_http:error] [pid 1344:tid 1740] (20014)Internal error: [client 201.245.192.253:56784] AH01102: error reading status line from remote server 172.22.1.47:80, referer: http://190.27.245.106/forest/usutareas.do?group_system_actual=3&codTraEsc=18721376&_a=0.384039902740972
[Wed Jul 22 19:07:52.035423 2015] [proxy:error] [pid 1344:tid 1740] [client 201.245.192.253:56784] AH00898: Error reading from remote server returned by /forest/misactividades.do, referer: http://190.27.245.106/forest/usutareas.do?group_system_actual=3&codTraEsc=18721376&_a=0.384039902740972
[Wed Jul 22 19:08:16.589866 2015] [proxy_http:error] [pid 1344:tid 1772] (20014)Internal error: [client 201.245.192.253:56860] AH01102: error reading status line from remote server 172.22.1.47:80, referer: http://190.27.245.106/forest/usutareas.do?group_system_actual=3&codTraEsc=15259489&_a=0.4500175401316986
[Wed Jul 22 19:08:28.383487 2015] [proxy_http:error] [pid 1344:tid 1700] (20014)Internal error: [client 191.95.243.227:21354] AH01102: error reading status line from remote server 172.22.1.47:80, referer: http://190.27.245.106/forest/login.do
[Wed Jul 22 19:08:28.679888 2015] [proxy_http:error] [pid 1344:tid 1748] (20014)Internal error: [client 191.95.243.227:21146] AH01102: error reading status line from remote server 172.22.1.47:80, referer: http://190.27.245.106/forest/login.do
[Wed Jul 22 19:08:40.114708 2015] [proxy_http:error] [pid 1344:tid 1828] (20014)Internal error: [client 181.128.193.74:17663] AH01102: error reading status line from remote server 172.22.1.47:80, referer: http://190.27.245.106/forest/js/jquery/css/jquery-ui-1.8.1.custom.css
[Wed Jul 22 19:08:49.240724 2015] [proxy_http:error] [pid 1344:tid 1676] (20014)Internal error: [client 201.245.192.253:56946] AH01102: error reading status line from remote server 172.22.1.47:80, referer: http://190.27.245.106/forest/index2.jsp?_a=0.08043414408998262
[Wed Jul 22 19:09:00.925144 2015] [proxy_http:error] [pid 1344:tid 1700] (20014)Internal error: [client 181.128.193.74:17690] AH01102: error reading status line from remote server 172.22.1.47:80, referer: http://190.27.245.106/forest/usutareas.do?_a=0.8715525537263602&group_system_actual=3
[Wed Jul 22 19:09:00.925144 2015] [proxy:error] [pid 1344:tid 1700] [client 181.128.193.74:17690] AH00898: Error reading from remote server returned by /forest/skins/gdocs-jar/img/desasociarUser.gif, referer: http://190.27.245.106/forest/usutareas.do?_a=0.8715525537263602&group_system_actual=3
[Wed Jul 22 19:09:00.956344 2015] [proxy_http:error] [pid 1344:tid 1812] (20014)Internal error: [client 181.128.193.74:17691] AH01102: error reading status line from remote server 172.22.1.47:80, referer: http://190.27.245.106/forest/usutareas.do?_a=0.8715525537263602&group_system_actual=3
[Wed Jul 22 19:09:00.956344 2015] [proxy:error] [pid 1344:tid 1812] [client 181.128.193.74:17691] AH00898: Error reading from remote server returned by /forest/skins/gdocs-jar/css/forms.css, referer: http://190.27.245.106/forest/usutareas.do?_a=0.8715525537263602&group_system_actual=3
[Wed Jul 22 19:09:00.987544 2015] [proxy_http:error] [pid 1344:tid 1868] (20014)Internal error: [client 181.128.193.74:17693] AH01102: error reading status line from remote server 172.22.1.47:80, referer: http://190.27.245.106/forest/usutareas.do?_a=0.8715525537263602&group_system_actual=3
[Wed Jul 22 19:09:00.987544 2015] [proxy:error] [pid 1344:tid 1868] [client 181.128.193.74:17693] AH00898: Error reading from remote server returned by /forest/js/usutareas-docs.js, referer: http://190.27.245.106/forest/usutareas.do?_a=0.8715525537263602&group_system_actual=3
[Wed Jul 22 19:09:01.018744 2015] [proxy_http:error] [pid 1344:tid 1700] (20014)Internal error: [client 181.128.193.74:17690] AH01102: error reading status line from remote server 172.22.1.47:80, referer: http://190.27.245.106/forest/usutareas.do?_a=0.8715525537263602&group_system_actual=3
[Wed Jul 22 19:09:01.065545 2015] [proxy_http:error] [pid 1344:tid 1852] (20014)Internal error: [client 181.128.193.74:17692] AH01102: error reading status line from remote server 172.22.1.47:80, referer: http://190.27.245.106/forest/usutareas.do?_a=0.8715525537263602&group_system_actual=3
[Wed Jul 22 19:09:01.127945 2015] [proxy_http:error] [pid 1344:tid 1868] (20014)Internal error: [client 181.128.193.74:17693] AH01102: error reading status line from remote server 172.22.1.47:80, referer: http://190.27.245.106/forest/usutareas.do?_a=0.8715525537263602&group_system_actual=3
[Wed Jul 22 19:09:01.205945 2015] [proxy_http:error] [pid 1344:tid 1852] (20014)Internal error: [client 181.128.193.74:17694] AH01102: error reading status line from remote server 172.22.1.47:80, referer: http://190.27.245.106/forest/usutareas.do?_a=0.8715525537263602&group_system_actual=3
