[Wed Jul 29 15:26:29.071312 2015] [proxy_http:error] [pid 2276:tid 1492] (20014)Internal error: [client 201.245.192.253:40047] AH01102: error reading status line from remote server 172.22.1.47:80, referer: http://190.27.245.106/forest/buscar.do?type=documentos
[Wed Jul 29 15:26:29.086912 2015] [proxy_http:error] [pid 2276:tid 1644] (20014)Internal error: [client 201.245.192.253:40053] AH01102: error reading status line from remote server 172.22.1.47:80, referer: http://190.27.245.106/forest/buscar.do?type=documentos
[Wed Jul 29 15:26:29.102512 2015] [proxy_http:error] [pid 2276:tid 1732] (20014)Internal error: [client 201.245.192.253:40049] AH01102: error reading status line from remote server 172.22.1.47:80, referer: http://190.27.245.106/forest/buscar.do?type=documentos
[Wed Jul 29 15:27:17.696597 2015] [proxy_http:error] [pid 2276:tid 1448] (20014)Internal error: [client 201.245.192.253:21065] AH01102: error reading status line from remote server 172.22.1.47:80, referer: http://190.27.245.106/forest/buscar.do?type=documentos
[Wed Jul 29 15:27:17.712197 2015] [proxy_http:error] [pid 2276:tid 1532] (20014)Internal error: [client 201.245.192.253:21069] AH01102: error reading status line from remote server 172.22.1.47:80, referer: http://190.27.245.106/forest/buscar.do?type=documentos
[Wed Jul 29 15:27:29.849018 2015] [proxy_http:error] [pid 2276:tid 1612] (20014)Internal error: [client 201.245.192.253:41280] AH01102: error reading status line from remote server 172.22.1.47:80, referer: http://190.27.245.106/forest/usutareas.do?_a=0.5232578726832795&group_system_actual=3
[Wed Jul 29 15:27:29.864618 2015] [proxy_http:error] [pid 2276:tid 1532] (20014)Internal error: [client 201.245.192.253:41327] AH01102: error reading status line from remote server 172.22.1.47:80, referer: http://190.27.245.106/forest/usutareas.do?_a=0.5232578726832795&group_system_actual=3
[Wed Jul 29 15:27:30.956620 2015] [proxy_http:error] [pid 2276:tid 1612] (20014)Internal error: [client 201.245.192.253:41333] AH01102: error reading status line from remote server 172.22.1.47:80, referer: http://190.27.245.106/forest/usutareas.do?_a=0.5232578726832795&group_system_actual=3
[Wed Jul 29 15:27:30.956620 2015] [proxy_http:error] [pid 2276:tid 1852] (20014)Internal error: [client 201.245.192.253:41328] AH01102: error reading status line from remote server 172.22.1.47:80, referer: http://190.27.245.106/forest/usutareas.do?_a=0.5232578726832795&group_system_actual=3
[Wed Jul 29 15:27:31.019020 2015] [proxy_http:error] [pid 2276:tid 1448] (20014)Internal error: [client 201.245.192.253:41331] AH01102: error reading status line from remote server 172.22.1.47:80, referer: http://190.27.245.106/forest/usutareas.do?_a=0.5232578726832795&group_system_actual=3
[Wed Jul 29 15:27:31.050221 2015] [proxy_http:error] [pid 2276:tid 1860] (20014)Internal error: [client 201.245.192.253:41387] AH01102: error reading status line from remote server 172.22.1.47:80, referer: http://190.27.245.106/forest/usutareas.do?_a=0.5232578726832795&group_system_actual=3
[Wed Jul 29 15:27:31.050221 2015] [proxy:error] [pid 2276:tid 1860] [client 201.245.192.253:41387] AH00898: Error reading from remote server returned by /forest/session.jsp, referer: http://190.27.245.106/forest/usutareas.do?_a=0.5232578726832795&group_system_actual=3
[Wed Jul 29 15:27:31.050221 2015] [negotiation:error] [pid 2276:tid 1860] [client 201.245.192.253:41387] AH00690: no acceptable variant: E:/nuevo/apache/error/HTTP_BAD_GATEWAY.html.var, referer: http://190.27.245.106/forest/usutareas.do?_a=0.5232578726832795&group_system_actual=3
[Wed Jul 29 15:27:48.459851 2015] [proxy_http:error] [pid 2276:tid 1684] (20014)Internal error: [client 201.245.192.253:56049] AH01102: error reading status line from remote server 172.22.1.47:80, referer: http://190.27.245.106/forest/usutareas.do?group_system_actual=3&codTraEsc=17815423&_a=0.14259887632213153
[Wed Jul 29 15:27:48.584651 2015] [proxy_http:error] [pid 2276:tid 1684] (20014)Internal error: [client 201.245.192.253:56060] AH01102: error reading status line from remote server 172.22.1.47:80, referer: http://190.27.245.106/forest/usutareas.do?group_system_actual=3&codTraEsc=17815423&_a=0.14259887632213153
[Wed Jul 29 15:28:16.118700 2015] [proxy_http:error] [pid 2276:tid 1748] (OS 10054)An existing connection was forcibly closed by the remote host.  : [client 201.245.192.253:56630] AH01102: error reading status line from remote server 172.22.1.31:80, referer: http://190.27.245.106/isolucionsda/FrameSetGeneral.asp?Pagina1=FrameSetGeneral.asp&
[Wed Jul 29 15:28:16.118700 2015] [proxy:error] [pid 2276:tid 1748] [client 201.245.192.253:56630] AH00898: Error reading from remote server returned by /isolucionsda/BarraTitulos.asp, referer: http://190.27.245.106/isolucionsda/FrameSetGeneral.asp?Pagina1=FrameSetGeneral.asp&
[Wed Jul 29 15:28:16.851901 2015] [proxy_http:error] [pid 2276:tid 1636] (20014)Internal error: [client 201.245.192.253:21526] AH01102: error reading status line from remote server 172.22.1.47:80, referer: http://190.27.245.106/forest/buscar.do?type=documentos
[Wed Jul 29 15:28:29.831124 2015] [proxy_http:error] [pid 2276:tid 1812] (20014)Internal error: [client 201.245.192.253:42651] AH01102: error reading status line from remote server 172.22.1.47:80, referer: http://190.27.245.106/forest/index2.jsp?a=0.6481801947667569
[Wed Jul 29 15:28:29.846724 2015] [proxy_http:error] [pid 2276:tid 1620] (20014)Internal error: [client 201.245.192.253:42661] AH01102: error reading status line from remote server 172.22.1.47:80, referer: http://190.27.245.106/forest/index2.jsp?a=0.6481801947667569
[Wed Jul 29 15:28:29.846724 2015] [proxy_http:error] [pid 2276:tid 1836] (20014)Internal error: [client 201.245.192.253:42662] AH01102: error reading status line from remote server 172.22.1.47:80, referer: http://190.27.245.106/forest/index2.jsp?a=0.6481801947667569
[Wed Jul 29 15:28:29.846724 2015] [proxy:error] [pid 2276:tid 1836] [client 201.245.192.253:42662] AH00898: Error reading from remote server returned by /forest/skins/gdocs-jar/css/forest.css, referer: http://190.27.245.106/forest/index2.jsp?a=0.6481801947667569
[Wed Jul 29 15:28:29.862324 2015] [proxy_http:error] [pid 2276:tid 1540] (20014)Internal error: [client 201.245.192.253:42663] AH01102: error reading status line from remote server 172.22.1.47:80, referer: http://190.27.245.106/forest/index2.jsp?a=0.6481801947667569
[Wed Jul 29 15:28:38.364339 2015] [proxy_http:error] [pid 2276:tid 1828] (20014)Internal error: [client 201.245.192.253:42775] AH01102: error reading status line from remote server 172.22.1.47:80, referer: http://190.27.245.106/forest/usutareas.do?group_system_actual=3&codTraEsc=18695032&_a=0.7193266427227446
[Wed Jul 29 15:28:39.986742 2015] [proxy_http:error] [pid 2276:tid 1708] (20014)Internal error: [client 201.245.192.253:21669] AH01102: error reading status line from remote server 172.22.1.47:80, referer: http://190.27.245.106/forest/
[Wed Jul 29 15:28:39.986742 2015] [proxy:error] [pid 2276:tid 1708] [client 201.245.192.253:21669] AH00898: Error reading from remote server returned by /forest/img/inicio/5.gif, referer: http://190.27.245.106/forest/
[Wed Jul 29 15:28:39.986742 2015] [proxy_http:error] [pid 2276:tid 1340] (20014)Internal error: [client 201.245.192.253:21639] AH01102: error reading status line from remote server 172.22.1.47:80, referer: http://190.27.245.106/forest/
[Wed Jul 29 15:29:16.256805 2015] [proxy_http:error] [pid 2276:tid 1836] (20014)Internal error: [client 201.245.192.253:21922] AH01102: error reading status line from remote server 172.22.1.47:80, referer: http://190.27.245.106/forest/buscar.do?
[Wed Jul 29 15:29:16.256805 2015] [proxy:error] [pid 2276:tid 1836] [client 201.245.192.253:21922] AH00898: Error reading from remote server returned by /forest/buscar.do, referer: http://190.27.245.106/forest/buscar.do?
[Wed Jul 29 15:29:31.170432 2015] [proxy_http:error] [pid 2276:tid 1596] (20014)Internal error: [client 201.245.192.253:43790] AH01102: error reading status line from remote server 172.22.1.47:80, referer: http://190.27.245.106/forest/misactividades.do?_a=0.6296783122627195&group_system_actual=3
[Wed Jul 29 15:29:31.326432 2015] [proxy_http:error] [pid 2276:tid 1436] (20014)Internal error: [client 201.245.192.253:43786] AH01102: error reading status line from remote server 172.22.1.47:80, referer: http://190.27.245.106/forest/misactividades.do?_a=0.6296783122627195&group_system_actual=3
[Wed Jul 29 15:29:45.850057 2015] [negotiation:error] [pid 2276:tid 1852] [client 200.75.48.35:51442] AH00690: no acceptable variant: E:/nuevo/apache/error/HTTP_NOT_FOUND.html.var, referer: http://190.27.245.106/stormWeb/infReportadaEnt.jsp
[Wed Jul 29 15:29:47.534860 2015] [proxy_http:error] [pid 2276:tid 1852] (20014)Internal error: [client 201.245.192.253:44088] AH01102: error reading status line from remote server 172.22.1.47:80, referer: http://190.27.245.106/forest/usutareas.do?_a=0.3782891933924972&group_system_actual=3
[Wed Jul 29 15:29:47.534860 2015] [proxy_http:error] [pid 2276:tid 1828] (20014)Internal error: [client 201.245.192.253:44089] AH01102: error reading status line from remote server 172.22.1.47:80, referer: http://190.27.245.106/forest/usutareas.do?_a=0.3782891933924972&group_system_actual=3
[Wed Jul 29 15:29:49.703264 2015] [proxy_http:error] [pid 2276:tid 1788] (20014)Internal error: [client 201.245.192.253:22180] AH01102: error reading status line from remote server 172.22.1.47:80, referer: http://190.27.245.106/forest/buscar.do?
[Wed Jul 29 15:29:49.703264 2015] [proxy:error] [pid 2276:tid 1788] [client 201.245.192.253:22180] AH00898: Error reading from remote server returned by /forest/buscar.do, referer: http://190.27.245.106/forest/buscar.do?
[Wed Jul 29 15:29:53.275670 2015] [proxy_http:error] [pid 2276:tid 1444] (20014)Internal error: [client 201.245.192.253:22199] AH01102: error reading status line from remote server 172.22.1.47:80, referer: http://190.27.245.106/forest/buscar.do?type=documentos
[Wed Jul 29 15:29:53.572071 2015] [proxy_http:error] [pid 2276:tid 1396] (20014)Internal error: [client 201.245.192.253:22208] AH01102: error reading status line from remote server 172.22.1.47:80, referer: http://190.27.245.106/forest/
[Wed Jul 29 15:30:01.512485 2015] [proxy_http:error] [pid 2276:tid 1844] (20014)Internal error: [client 201.245.192.253:22269] AH01102: error reading status line from remote server 172.22.1.47:80, referer: http://190.27.245.106/forest/index2.jsp?_a=0.6477644850965589
[Wed Jul 29 15:30:02.744887 2015] [proxy_http:error] [pid 2276:tid 1724] (20014)Internal error: [client 201.245.192.253:44324] AH01102: error reading status line from remote server 172.22.1.47:80, referer: http://190.27.245.106/forest/usutareas.do?group_system_actual=3&a=0.5902926875119248
[Wed Jul 29 15:30:05.506092 2015] [proxy_http:error] [pid 2276:tid 1372] (20014)Internal error: [client 201.245.192.253:22289] AH01102: error reading status line from remote server 172.22.1.47:80, referer: http://190.27.245.106/forest/
[Wed Jul 29 15:30:08.875698 2015] [proxy_http:error] [pid 2276:tid 1812] (20014)Internal error: [client 201.245.192.253:22292] AH01102: error reading status line from remote server 172.22.1.47:80, referer: http://190.27.245.106/forest/index2.jsp?a=0.9891502043347118
[Wed Jul 29 15:30:53.398176 2015] [proxy_http:error] [pid 2276:tid 1780] (20014)Internal error: [client 201.245.192.253:45862] AH01102: error reading status line from remote server 172.22.1.47:80, referer: http://190.27.245.106/forest/usutareas.do?codTraEsc=18791165
[Wed Jul 29 15:30:57.064182 2015] [proxy_http:error] [pid 2276:tid 1836] (20014)Internal error: [client 186.30.165.71:20682] AH01102: error reading status line from remote server 172.22.1.47:80, referer: http://190.27.245.106/forest/skins/gdocs-jar/css/forms.css
[Wed Jul 29 15:31:04.427395 2015] [proxy_http:error] [pid 2276:tid 1836] (20014)Internal error: [client 201.245.192.253:46096] AH01102: error reading status line from remote server 172.22.1.47:80, referer: http://190.27.245.106/forest/usutareas.do?codTraEsc=18791165
[Wed Jul 29 15:31:04.427395 2015] [proxy:error] [pid 2276:tid 1836] [client 201.245.192.253:46096] AH00898: Error reading from remote server returned by /forest/skins/gdocs-jar/popup/escritorio/reasignar.jsp, referer: http://190.27.245.106/forest/usutareas.do?codTraEsc=18791165
[Wed Jul 29 15:31:09.949805 2015] [proxy_http:error] [pid 2276:tid 1516] (20014)Internal error: [client 201.245.192.253:46193] AH01102: error reading status line from remote server 172.22.1.47:80, referer: http://190.27.245.106/forest/buscar.do?type=procesos
[Wed Jul 29 15:31:09.949805 2015] [proxy:error] [pid 2276:tid 1516] [client 201.245.192.253:46193] AH00898: Error reading from remote server returned by /forest/skins/gdocs-jar/css/tree.css, referer: http://190.27.245.106/forest/buscar.do?type=procesos
[Wed Jul 29 15:31:11.962209 2015] [core:warn] [pid 2720:tid 300] AH00098: pid file E:/nuevo/apache/logs/httpd.pid overwritten -- Unclean shutdown of previous Apache run?
[Wed Jul 29 15:31:11.962209 2015] [auth_digest:notice] [pid 2720:tid 300] AH01757: generating secret for digest authentication ...
[Wed Jul 29 15:31:12.180609 2015] [mpm_winnt:notice] [pid 2720:tid 300] AH00455: Apache/2.4.10 (Win32) OpenSSL/1.0.1i PHP/5.5.15 configured -- resuming normal operations
[Wed Jul 29 15:31:12.180609 2015] [mpm_winnt:notice] [pid 2720:tid 300] AH00456: Apache Lounge VC11 Server built: Jul 17 2014 11:50:08
[Wed Jul 29 15:31:12.180609 2015] [core:notice] [pid 2720:tid 300] AH00094: Command line: 'e:\\nuevo\\apache\\bin\\httpd.exe -d E:/nuevo/apache'
[Wed Jul 29 15:31:12.180609 2015] [mpm_winnt:notice] [pid 2720:tid 300] AH00418: Parent: Created child process 7968
AH00548: NameVirtualHost has no effect and will be removed in the next release E:/nuevo/apache/conf/extra/httpd-vhosts.conf:44
[Wed Jul 29 15:31:12.851410 2015] [auth_digest:notice] [pid 7968:tid 312] AH01757: generating secret for digest authentication ...
[Wed Jul 29 15:31:13.069810 2015] [mpm_winnt:notice] [pid 7968:tid 312] AH00354: Child: Starting 150 worker threads.
[Wed Jul 29 15:31:49.199474 2015] [proxy_http:error] [pid 7968:tid 1700] (20014)Internal error: [client 201.245.192.253:47974] AH01102: error reading status line from remote server 172.22.1.47:80, referer: http://190.27.245.106/forest/usutareas.do?group_system_actual=3&codTraEsc=17815423&_a=0.14259887632213153
[Wed Jul 29 15:31:49.199474 2015] [proxy:error] [pid 7968:tid 1700] [client 201.245.192.253:47974] AH00898: Error reading from remote server returned by /forest/session.jsp, referer: http://190.27.245.106/forest/usutareas.do?group_system_actual=3&codTraEsc=17815423&_a=0.14259887632213153
[Wed Jul 29 15:31:49.199474 2015] [negotiation:error] [pid 7968:tid 1700] [client 201.245.192.253:47974] AH00690: no acceptable variant: E:/nuevo/apache/error/HTTP_BAD_GATEWAY.html.var, referer: http://190.27.245.106/forest/usutareas.do?group_system_actual=3&codTraEsc=17815423&_a=0.14259887632213153
[Wed Jul 29 15:31:51.055877 2015] [proxy_http:error] [pid 7968:tid 1868] (20014)Internal error: [client 201.245.192.253:46937] AH01102: error reading status line from remote server 172.22.1.47:80, referer: http://190.27.245.106/forest/index2.jsp?_a=0.06918738701272753
[Wed Jul 29 15:32:20.461929 2015] [proxy_http:error] [pid 7968:tid 1772] (20014)Internal error: [client 201.245.192.253:47477] AH01102: error reading status line from remote server 172.22.1.47:80, referer: http://190.27.245.106/forest/index2.jsp?a=0.05422050267953471
[Wed Jul 29 15:32:20.461929 2015] [proxy:error] [pid 7968:tid 1772] [client 201.245.192.253:47477] AH00898: Error reading from remote server returned by /forest/skins/gdocs-jar/popup/popup.jsp, referer: http://190.27.245.106/forest/index2.jsp?a=0.05422050267953471
[Wed Jul 29 15:32:25.329137 2015] [proxy_http:error] [pid 7968:tid 1772] (20014)Internal error: [client 201.245.192.253:47477] AH01102: error reading status line from remote server 172.22.1.47:80, referer: http://190.27.245.106/forest/buscar.do?type=procesos
[Wed Jul 29 15:32:26.623940 2015] [proxy_http:error] [pid 7968:tid 1652] (20014)Internal error: [client 201.245.192.253:35069] AH01102: error reading status line from remote server 172.22.1.47:80, referer: http://190.27.245.106/forest/usutareas.do?codTraEsc=18785442
[Wed Jul 29 15:32:28.979544 2015] [proxy_http:error] [pid 7968:tid 1676] (20014)Internal error: [client 201.245.192.253:48597] AH01102: error reading status line from remote server 172.22.1.47:80, referer: http://190.27.245.106/forest/buscar.do?
[Wed Jul 29 15:32:28.979544 2015] [proxy:error] [pid 7968:tid 1676] [client 201.245.192.253:48597] AH00898: Error reading from remote server returned by /forest/skins/gdocs-jar/img/more_details.gif, referer: http://190.27.245.106/forest/buscar.do?
[Wed Jul 29 15:32:44.891572 2015] [proxy_http:error] [pid 7968:tid 1820] (20014)Internal error: [client 201.245.192.253:48856] AH01102: error reading status line from remote server 172.22.1.47:80, referer: http://190.27.245.106/forest/usutareas.do?group_system_actual=3&codTraEsc=17815423&_a=0.14259887632213153
[Wed Jul 29 15:32:47.668377 2015] [proxy_http:error] [pid 7968:tid 1652] (20014)Internal error: [client 201.245.192.253:10928] AH01102: error reading status line from remote server 172.22.1.47:80, referer: http://190.27.245.106/forest/index2.jsp?_a=0.952910417383926
[Wed Jul 29 15:32:51.162783 2015] [proxy_http:error] [pid 7968:tid 1732] (20014)Internal error: [client 201.245.192.253:35532] AH01102: error reading status line from remote server 172.22.1.47:80, referer: http://190.27.245.106/forest/skins/gdocs-jar/popup/FileViewer.jsp?codDoc=1938208&ext=pdf&codfile=-1&iscodfile=false&nombre=2014ER167825.pdf
[Wed Jul 29 15:32:53.721187 2015] [proxy_http:error] [pid 7968:tid 1700] (20014)Internal error: [client 201.245.192.253:49063] AH01102: error reading status line from remote server 172.22.1.47:80, referer: http://190.27.245.106/forest/buscar.do?type=documentos
[Wed Jul 29 15:32:53.736787 2015] [proxy_http:error] [pid 7968:tid 1764] (20014)Internal error: [client 201.245.192.253:49050] AH01102: error reading status line from remote server 172.22.1.47:80, referer: http://190.27.245.106/forest/buscar.do?type=documentos
[Wed Jul 29 15:32:53.939588 2015] [proxy_http:error] [pid 7968:tid 1796] (20014)Internal error: [client 201.245.192.253:49062] AH01102: error reading status line from remote server 172.22.1.47:80, referer: http://190.27.245.106/forest/buscar.do?type=documentos
[Wed Jul 29 15:33:26.793245 2015] [proxy_http:error] [pid 7968:tid 1452] (20014)Internal error: [client 201.245.192.253:11242] AH01102: error reading status line from remote server 172.22.1.47:80, referer: http://190.27.245.106/forest/radicacion.do?codMod=11&group_system_actual=4&_a=0.24294593955646793
[Wed Jul 29 15:33:26.793245 2015] [proxy:error] [pid 7968:tid 1452] [client 201.245.192.253:11242] AH00898: Error reading from remote server returned by /forest/xmlresponse.do, referer: http://190.27.245.106/forest/radicacion.do?codMod=11&group_system_actual=4&_a=0.24294593955646793
[Wed Jul 29 15:33:31.566854 2015] [proxy_http:error] [pid 7968:tid 1764] (20014)Internal error: [client 201.245.192.253:11255] AH01102: error reading status line from remote server 172.22.1.47:80, referer: http://190.27.245.106/forest/usutareas.do?group_system_actual=3&codTraEsc=18790940&_a=0.9486386659242874
[Wed Jul 29 15:33:35.810061 2015] [proxy_http:error] [pid 7968:tid 1492] (20014)Internal error: [client 201.245.192.253:36223] AH01102: error reading status line from remote server 172.22.1.47:80, referer: http://190.27.245.106/forest/index2.jsp?a=0.05422050267953471
[Wed Jul 29 15:33:55.029295 2015] [proxy_http:error] [pid 7968:tid 1636] (20014)Internal error: [client 201.245.192.253:11441] AH01102: error reading status line from remote server 172.22.1.47:80
[Wed Jul 29 15:34:07.244116 2015] [negotiation:error] [pid 7968:tid 1508] [client 200.75.48.35:51453] AH00690: no acceptable variant: E:/nuevo/apache/error/HTTP_NOT_FOUND.html.var, referer: http://190.27.245.106/stormWeb/infReportadaEnt.jsp
[Wed Jul 29 15:34:19.318538 2015] [proxy_http:error] [pid 7968:tid 1852] (20014)Internal error: [client 201.245.192.253:32004] AH01102: error reading status line from remote server 172.22.1.47:80, referer: http://190.27.245.106/forest/usutareas.do?group_system_actual=3&codTraEsc=18782150&_a=0.1229699312231114
[Wed Jul 29 15:34:19.755338 2015] [proxy_http:error] [pid 7968:tid 1508] (20014)Internal error: [client 201.245.192.253:32042] AH01102: error reading status line from remote server 172.22.1.47:80, referer: http://190.27.245.106/forest/buscar.do?type=documentos
[Wed Jul 29 15:34:19.755338 2015] [proxy:error] [pid 7968:tid 1508] [client 201.245.192.253:32042] AH00898: Error reading from remote server returned by /forest/js/load_func.js, referer: http://190.27.245.106/forest/buscar.do?type=documentos
[Wed Jul 29 15:34:19.770938 2015] [proxy_http:error] [pid 7968:tid 1444] (20014)Internal error: [client 201.245.192.253:32039] AH01102: error reading status line from remote server 172.22.1.47:80, referer: http://190.27.245.106/forest/buscar.do?type=documentos
[Wed Jul 29 15:34:36.806168 2015] [proxy_http:error] [pid 7968:tid 1580] (20014)Internal error: [client 201.245.192.253:32143] AH01102: error reading status line from remote server 172.22.1.47:80, referer: http://190.27.245.106/forest/buscar.do?
[Wed Jul 29 15:34:38.693772 2015] [proxy_http:error] [pid 7968:tid 1556] (20014)Internal error: [client 201.245.192.253:50667] AH01102: error reading status line from remote server 172.22.1.47:80, referer: http://190.27.245.106/forest/misactividades.do?group_system_actual=3&codPro=95&_a=0.08022396269565779
[Wed Jul 29 15:34:38.849772 2015] [proxy_http:error] [pid 7968:tid 1452] (20014)Internal error: [client 201.245.192.253:50677] AH01102: error reading status line from remote server 172.22.1.47:80, referer: http://190.27.245.106/forest/system/process.jsp?numPro=3147019
[Wed Jul 29 15:34:48.646589 2015] [proxy_http:error] [pid 7968:tid 1556] (20014)Internal error: [client 201.245.192.253:37810] AH01102: error reading status line from remote server 172.22.1.47:80, referer: http://190.27.245.106/forest/suactividades.do?group_system_actual=3
[Wed Jul 29 15:34:48.646589 2015] [proxy:error] [pid 7968:tid 1556] [client 201.245.192.253:37810] AH00898: Error reading from remote server returned by /forest/session.jsp, referer: http://190.27.245.106/forest/suactividades.do?group_system_actual=3
[Wed Jul 29 15:34:48.662189 2015] [negotiation:error] [pid 7968:tid 1556] [client 201.245.192.253:37810] AH00690: no acceptable variant: E:/nuevo/apache/error/HTTP_BAD_GATEWAY.html.var, referer: http://190.27.245.106/forest/suactividades.do?group_system_actual=3
[Wed Jul 29 15:34:50.908593 2015] [proxy_http:error] [pid 7968:tid 1532] (20014)Internal error: [client 201.245.192.253:11763] AH01102: error reading status line from remote server 172.22.1.47:80, referer: http://190.27.245.106/forest/usutareas.do?group_system_actual=3&codTraEsc=18791329
[Wed Jul 29 15:34:51.048993 2015] [proxy_http:error] [pid 7968:tid 1660] (20014)Internal error: [client 201.245.192.253:50911] AH01102: error reading status line from remote server 172.22.1.47:80, referer: http://190.27.245.106/forest/misactividades.do?group_system_actual=3&codPro=134&_a=0.9689131227333512
[Wed Jul 29 15:34:51.048993 2015] [proxy:error] [pid 7968:tid 1660] [client 201.245.192.253:50911] AH00898: Error reading from remote server returned by /forest/session.jsp, referer: http://190.27.245.106/forest/misactividades.do?group_system_actual=3&codPro=134&_a=0.9689131227333512
[Wed Jul 29 15:34:51.064593 2015] [negotiation:error] [pid 7968:tid 1660] [client 201.245.192.253:50911] AH00690: no acceptable variant: E:/nuevo/apache/error/HTTP_BAD_GATEWAY.html.var, referer: http://190.27.245.106/forest/misactividades.do?group_system_actual=3&codPro=134&_a=0.9689131227333512
[Wed Jul 29 15:34:59.847409 2015] [proxy_http:error] [pid 7968:tid 1468] (20014)Internal error: [client 201.245.192.253:11817] AH01102: error reading status line from remote server 172.22.1.47:80, referer: http://190.27.245.106/forest/radicacion.do?codMod=11&group_system_actual=4&_a=0.24294593955646793
[Wed Jul 29 15:35:09.332225 2015] [proxy_http:error] [pid 7968:tid 1492] (20014)Internal error: [client 201.245.192.253:11843] AH01102: error reading status line from remote server 172.22.1.47:80, referer: http://190.27.245.106/forest/buscar.do?
[Wed Jul 29 15:35:47.224692 2015] [proxy_http:error] [pid 7968:tid 1852] (20014)Internal error: [client 201.245.192.253:12113] AH01102: error reading status line from remote server 172.22.1.47:80, referer: http://190.27.245.106/forest/usutareas.do?_a=0.7005322625579831&group_system_actual=3
[Wed Jul 29 15:35:56.397508 2015] [proxy_http:error] [pid 7968:tid 1748] (20014)Internal error: [client 186.28.142.100:10658] AH01102: error reading status line from remote server 172.22.1.47:80, referer: http://190.27.245.106/forest/usutareas.do?group_system_actual=3&codTraEsc=18785562&_a=0.3062853280330604
[Wed Jul 29 15:36:15.304741 2015] [proxy_http:error] [pid 7968:tid 1532] (20014)Internal error: [client 201.245.192.253:52676] AH01102: error reading status line from remote server 172.22.1.47:80, referer: http://190.27.245.106/forest/index2.jsp?_a=0.027092450531199574
[Wed Jul 29 15:36:17.691546 2015] [proxy_http:error] [pid 7968:tid 1668] (20014)Internal error: [client 186.30.165.71:20981] AH01102: error reading status line from remote server 172.22.1.47:80, referer: http://190.27.245.106/forest/index2.jsp?_a=0.6290533770807087
[Wed Jul 29 15:36:17.691546 2015] [proxy:error] [pid 7968:tid 1668] [client 186.30.165.71:20981] AH00898: Error reading from remote server returned by /forest/actions/forms.getList, referer: http://190.27.245.106/forest/index2.jsp?_a=0.6290533770807087
[Wed Jul 29 15:36:17.691546 2015] [negotiation:error] [pid 7968:tid 1668] [client 186.30.165.71:20981] AH00690: no acceptable variant: E:/nuevo/apache/error/HTTP_BAD_GATEWAY.html.var, referer: http://190.27.245.106/forest/index2.jsp?_a=0.6290533770807087
[Wed Jul 29 15:36:23.557156 2015] [proxy_http:error] [pid 7968:tid 1532] (20014)Internal error: [client 201.245.192.253:12397] AH01102: error reading status line from remote server 172.22.1.47:80, referer: http://190.27.245.106/forest/buscar.do?type=procesos
[Wed Jul 29 15:36:38.517582 2015] [proxy_http:error] [pid 7968:tid 1788] (20014)Internal error: [client 201.245.192.253:12490] AH01102: error reading status line from remote server 172.22.1.47:80, referer: http://190.27.245.106/forest/index2.jsp?_a=0.3438402710016817
[Wed Jul 29 15:36:46.832397 2015] [negotiation:error] [pid 7968:tid 1580] [client 200.75.48.35:51466] AH00690: no acceptable variant: E:/nuevo/apache/error/HTTP_NOT_FOUND.html.var, referer: http://190.27.245.106/stormWeb/infReportadaEnt.jsp
[Wed Jul 29 15:40:30.552390 2015] [proxy_http:error] [pid 7968:tid 1556] (20014)Internal error: [client 186.30.165.71:21071] AH01102: error reading status line from remote server 172.22.1.47:80, referer: http://190.27.245.106/forest/misactividades.do?group_system_actual=3&codPro=95&_a=0.9081007883159662
[Wed Jul 29 15:41:04.856850 2015] [proxy_http:error] [pid 7968:tid 1524] (20014)Internal error: [client 201.245.192.253:45113] AH01102: error reading status line from remote server 172.22.1.47:80, referer: http://190.27.245.106/forest/index2.jsp?selected=tab_init&tab=1
[Wed Jul 29 15:41:05.792852 2015] [proxy_http:error] [pid 7968:tid 1748] (20014)Internal error: [client 201.245.192.253:45190] AH01102: error reading status line from remote server 172.22.1.47:80, referer: http://190.27.245.106/forest/misactividades.do?group_system_actual=3&codPro=95&_a=0.5148831843521642
[Wed Jul 29 15:41:05.792852 2015] [proxy:error] [pid 7968:tid 1748] [client 201.245.192.253:45190] AH00898: Error reading from remote server returned by /forest/css/escritorio.css, referer: http://190.27.245.106/forest/misactividades.do?group_system_actual=3&codPro=95&_a=0.5148831843521642
[Wed Jul 29 15:41:16.026470 2015] [proxy_http:error] [pid 7968:tid 1796] (20014)Internal error: [client 201.245.192.253:14506] AH01102: error reading status line from remote server 172.22.1.47:80, referer: http://190.27.245.106/forest/usudocumentos.do?group_system_actual=3&a=0.04533286509167467
[Wed Jul 29 15:41:38.989710 2015] [proxy_http:error] [pid 7968:tid 1812] (20014)Internal error: [client 201.245.192.253:14628] AH01102: error reading status line from remote server 172.22.1.47:80, referer: http://190.27.245.106/forest/usutareas.do?_a=0.6009646395687014&group_system_actual=3
[Wed Jul 29 15:41:38.989710 2015] [proxy:error] [pid 7968:tid 1812] [client 201.245.192.253:14628] AH00898: Error reading from remote server returned by /forest/actions/forms.getList, referer: http://190.27.245.106/forest/usutareas.do?_a=0.6009646395687014&group_system_actual=3
[Wed Jul 29 15:41:38.989710 2015] [negotiation:error] [pid 7968:tid 1812] [client 201.245.192.253:14628] AH00690: no acceptable variant: E:/nuevo/apache/error/HTTP_BAD_GATEWAY.html.var, referer: http://190.27.245.106/forest/usutareas.do?_a=0.6009646395687014&group_system_actual=3
[Wed Jul 29 15:41:41.267314 2015] [proxy_http:error] [pid 7968:tid 1812] (20014)Internal error: [client 201.245.192.253:14628] AH01102: error reading status line from remote server 172.22.1.47:80, referer: http://190.27.245.106/forest/usutareas.do?_a=0.6009646395687014&group_system_actual=3
[Wed Jul 29 15:41:52.140533 2015] [proxy_http:error] [pid 7968:tid 1500] (20014)Internal error: [client 201.245.192.253:59848] AH01102: error reading status line from remote server 172.22.1.47:80, referer: http://190.27.245.106/forest/index2.jsp?a=0.23735831422967735
[Wed Jul 29 15:43:51.075142 2015] [proxy_http:error] [pid 7968:tid 1872] (20014)Internal error: [client 201.245.192.253:49423] AH01102: error reading status line from remote server 172.22.1.47:80, referer: http://190.27.245.106/forest/usugrafico.do?_a=0.4641599154052196&group_system_actual=3
[Wed Jul 29 15:44:14.334783 2015] [proxy_http:error] [pid 7968:tid 1692] (20014)Internal error: [client 201.245.192.253:15646] AH01102: error reading status line from remote server 172.22.1.47:80, referer: http://190.27.245.106/forest/usutareas.do?_a=0.4754843197819404&group_system_actual=3
[Wed Jul 29 15:44:14.334783 2015] [proxy:error] [pid 7968:tid 1692] [client 201.245.192.253:15646] AH00898: Error reading from remote server returned by /forest/usutareas.do, referer: http://190.27.245.106/forest/usutareas.do?_a=0.4754843197819404&group_system_actual=3
[Wed Jul 29 15:44:17.173988 2015] [proxy_http:error] [pid 7968:tid 1620] (20014)Internal error: [client 201.245.192.253:36204] AH01102: error reading status line from remote server 172.22.1.47:80, referer: http://190.27.245.106/forest/index2.jsp?a=0.15228616071331458
[Wed Jul 29 15:44:17.173988 2015] [proxy:error] [pid 7968:tid 1620] [client 201.245.192.253:36204] AH00898: Error reading from remote server returned by /forest/1ibre/jscalendar/calendar-win2k-1.css, referer: http://190.27.245.106/forest/index2.jsp?a=0.15228616071331458
[Wed Jul 29 15:44:17.173988 2015] [proxy_http:error] [pid 7968:tid 1580] (20014)Internal error: [client 201.245.192.253:36200] AH01102: error reading status line from remote server 172.22.1.47:80, referer: http://190.27.245.106/forest/index2.jsp?a=0.15228616071331458
[Wed Jul 29 15:44:17.173988 2015] [proxy:error] [pid 7968:tid 1580] [client 201.245.192.253:36200] AH00898: Error reading from remote server returned by /forest/skins/gdocs-jar/css/menu.css, referer: http://190.27.245.106/forest/index2.jsp?a=0.15228616071331458
[Wed Jul 29 15:44:17.173988 2015] [proxy_http:error] [pid 7968:tid 1516] (20014)Internal error: [client 201.245.192.253:36201] AH01102: error reading status line from remote server 172.22.1.47:80, referer: http://190.27.245.106/forest/index2.jsp?a=0.15228616071331458
[Wed Jul 29 15:44:17.173988 2015] [proxy:error] [pid 7968:tid 1516] [client 201.245.192.253:36201] AH00898: Error reading from remote server returned by /forest/skins/gdocs-jar/css/autocomplete.css, referer: http://190.27.245.106/forest/index2.jsp?a=0.15228616071331458
[Wed Jul 29 15:44:17.220788 2015] [proxy_http:error] [pid 7968:tid 1724] (20014)Internal error: [client 201.245.192.253:36199] AH01102: error reading status line from remote server 172.22.1.47:80
[Wed Jul 29 15:44:17.251988 2015] [proxy_http:error] [pid 7968:tid 1580] (20014)Internal error: [client 201.245.192.253:36200] AH01102: error reading status line from remote server 172.22.1.47:80, referer: http://190.27.245.106/forest/index2.jsp?a=0.15228616071331458
[Wed Jul 29 15:44:17.251988 2015] [proxy_http:error] [pid 7968:tid 1872] (20014)Internal error: [client 201.245.192.253:36202] AH01102: error reading status line from remote server 172.22.1.47:80, referer: http://190.27.245.106/forest/index2.jsp?a=0.15228616071331458
[Wed Jul 29 15:44:17.688789 2015] [proxy_http:error] [pid 7968:tid 1452] (20014)Internal error: [client 201.245.192.253:36198] AH01102: error reading status line from remote server 172.22.1.47:80, referer: http://190.27.245.106/forest/index2.jsp?a=0.15228616071331458
[Wed Jul 29 15:44:42.368032 2015] [proxy_http:error] [pid 7968:tid 1692] (20014)Internal error: [client 201.245.192.253:15835] AH01102: error reading status line from remote server 172.22.1.47:80, referer: http://190.27.245.106/forest/usutareas.do?group_system_actual=3&a=0.6955089600958713
[Wed Jul 29 15:46:10.601787 2015] [proxy_http:error] [pid 7968:tid 1724] (20014)Internal error: [client 201.245.192.253:16772] AH01102: error reading status line from remote server 172.22.1.47:80, referer: http://190.27.245.106/forest/usudocumentos.do?_a=0.5138811149392845&group_system_actual=3
[Wed Jul 29 15:46:10.632987 2015] [proxy_http:error] [pid 7968:tid 1508] (20014)Internal error: [client 201.245.192.253:16775] AH01102: error reading status line from remote server 172.22.1.47:80, referer: http://190.27.245.106/forest/usudocumentos.do?_a=0.5138811149392845&group_system_actual=3
[Wed Jul 29 15:46:10.632987 2015] [proxy_http:error] [pid 7968:tid 1628] (20014)Internal error: [client 201.245.192.253:16755] AH01102: error reading status line from remote server 172.22.1.47:80, referer: http://190.27.245.106/forest/
[Wed Jul 29 15:46:25.000612 2015] [proxy_http:error] [pid 7968:tid 1564] (20014)Internal error: [client 201.245.192.253:16895] AH01102: error reading status line from remote server 172.22.1.47:80, referer: http://190.27.245.106/forest/usutareas.do?group_system_actual=3&a=0.7101638708065225
[Wed Jul 29 15:46:35.203030 2015] [proxy_http:error] [pid 7968:tid 1460] (20014)Internal error: [client 201.245.192.253:16946] AH01102: error reading status line from remote server 172.22.1.47:80, referer: http://190.27.245.106/forest/usutareas.do?group_system_actual=3&a=0.7101638708065225
[Wed Jul 29 15:47:20.287109 2015] [proxy_http:error] [pid 7968:tid 1452] (20014)Internal error: [client 190.157.172.223:49324] AH01102: error reading status line from remote server 172.22.1.47:80, referer: http://190.27.245.106/forest/buscar.do?type=procesos
[Wed Jul 29 15:47:26.012319 2015] [proxy_http:error] [pid 7968:tid 1668] (20014)Internal error: [client 201.245.192.253:39718] AH01102: error reading status line from remote server 172.22.1.47:80, referer: http://190.27.245.106/forest/buscar.do?type=documentos
[Wed Jul 29 15:48:38.349646 2015] [proxy_http:error] [pid 7968:tid 1484] (20014)Internal error: [client 201.245.192.253:40609] AH01102: error reading status line from remote server 172.22.1.47:80, referer: http://190.27.245.106/forest/usutareas.do?codTraEsc=18791833
[Wed Jul 29 15:48:38.380846 2015] [proxy_http:error] [pid 7968:tid 1732] (20014)Internal error: [client 201.245.192.253:40613] AH01102: error reading status line from remote server 172.22.1.47:80, referer: http://190.27.245.106/forest/usutareas.do?codTraEsc=18791833
[Wed Jul 29 15:48:38.412047 2015] [proxy_http:error] [pid 7968:tid 1700] (20014)Internal error: [client 201.245.192.253:40611] AH01102: error reading status line from remote server 172.22.1.47:80, referer: http://190.27.245.106/forest/usutareas.do?codTraEsc=18791833
[Wed Jul 29 15:48:38.427647 2015] [proxy_http:error] [pid 7968:tid 1764] (20014)Internal error: [client 201.245.192.253:40612] AH01102: error reading status line from remote server 172.22.1.47:80, referer: http://190.27.245.106/forest/usutareas.do?codTraEsc=18791833
[Wed Jul 29 15:48:51.172869 2015] [proxy_http:error] [pid 7968:tid 1524] (20014)Internal error: [client 201.245.192.253:40900] AH01102: error reading status line from remote server 172.22.1.47:80, referer: http://190.27.245.106/forest/usutareas.do?group_system_actual=3&a=0.7771342334965047
[Wed Jul 29 15:48:51.172869 2015] [proxy:error] [pid 7968:tid 1524] [client 201.245.192.253:40900] AH00898: Error reading from remote server returned by /forest/skins/gdocs-jar/css/autocomplete.css, referer: http://190.27.245.106/forest/usutareas.do?group_system_actual=3&a=0.7771342334965047
[Wed Jul 29 15:48:51.328869 2015] [proxy_http:error] [pid 7968:tid 1524] (20014)Internal error: [client 201.245.192.253:40900] AH01102: error reading status line from remote server 172.22.1.47:80, referer: http://190.27.245.106/forest/usutareas.do?group_system_actual=3&a=0.7771342334965047
[Wed Jul 29 15:48:55.603277 2015] [proxy_http:error] [pid 7968:tid 1420] (20014)Internal error: [client 201.245.192.253:40901] AH01102: error reading status line from remote server 172.22.1.47:80, referer: http://190.27.245.106/forest/index2.jsp?selected=tab_init&tab=1
[Wed Jul 29 15:49:50.468573 2015] [proxy_http:error] [pid 7968:tid 1708] (20014)Internal error: [client 201.245.192.253:55699] AH01102: error reading status line from remote server 172.22.1.47:80, referer: http://190.27.245.106/forest/usutareas.do?group_system_actual=3&codAct=1476&numPro=3107033&codPro=134&fecTra=2015-07-17%2012:04:52.804&codInst=3149344&codTraEsc=18691156
[Wed Jul 29 15:50:07.987404 2015] [proxy_http:error] [pid 7968:tid 1372] (20014)Internal error: [client 201.245.192.253:18163] AH01102: error reading status line from remote server 172.22.1.47:80, referer: http://190.27.245.106/forest/radicacion.do?codMod=11&group_system_actual=4&_a=0.24294593955646793
[Wed Jul 29 15:50:07.987404 2015] [proxy:error] [pid 7968:tid 1372] [client 201.245.192.253:18163] AH00898: Error reading from remote server returned by /forest/skins/gdocs-jar/img/disk.png, referer: http://190.27.245.106/forest/radicacion.do?codMod=11&group_system_actual=4&_a=0.24294593955646793
[Wed Jul 29 15:50:17.207020 2015] [proxy_http:error] [pid 7968:tid 1812] (20014)Internal error: [client 201.245.192.253:42438] AH01102: error reading status line from remote server 172.22.1.47:80, referer: http://190.27.245.106/forest/usutareas.do?_a=0.6695727703627199&group_system_actual=3
[Wed Jul 29 15:50:17.690621 2015] [proxy_http:error] [pid 7968:tid 1812] (20014)Internal error: [client 201.245.192.253:42440] AH01102: error reading status line from remote server 172.22.1.47:80, referer: http://190.27.245.106/forest/buscar.do?type=documentos
[Wed Jul 29 15:50:17.753021 2015] [proxy_http:error] [pid 7968:tid 1420] (20014)Internal error: [client 201.245.192.253:42449] AH01102: error reading status line from remote server 172.22.1.47:80, referer: http://190.27.245.106/forest/buscar.do?type=documentos
[Wed Jul 29 15:50:17.815421 2015] [proxy_http:error] [pid 7968:tid 1872] (20014)Internal error: [client 201.245.192.253:42450] AH01102: error reading status line from remote server 172.22.1.47:80, referer: http://190.27.245.106/forest/buscar.do?type=documentos
[Wed Jul 29 15:50:19.796625 2015] [proxy_http:error] [pid 7968:tid 1872] (20014)Internal error: [client 190.157.172.223:49332] AH01102: error reading status line from remote server 172.22.1.47:80, referer: http://190.27.245.106/forest/index2.jsp?_a=0.3792144167236984
[Wed Jul 29 15:50:19.796625 2015] [proxy:error] [pid 7968:tid 1872] [client 190.157.172.223:49332] AH00898: Error reading from remote server returned by /forest/skins/gdocs-jar/popup/popup.jsp, referer: http://190.27.245.106/forest/index2.jsp?_a=0.3792144167236984
[Wed Jul 29 15:50:25.365834 2015] [proxy_http:error] [pid 7968:tid 1460] (20014)Internal error: [client 201.245.192.253:56306] AH01102: error reading status line from remote server 172.22.1.47:80, referer: http://190.27.245.106/forest/index2.jsp?_a=0.8118893587961793
[Wed Jul 29 15:50:37.721056 2015] [proxy_http:error] [pid 7968:tid 1724] (20014)Internal error: [client 201.245.192.253:42906] AH01102: error reading status line from remote server 172.22.1.47:80, referer: http://190.27.245.106/forest/index2.jsp?_a=0.670511340816271
[Wed Jul 29 15:50:37.721056 2015] [proxy:error] [pid 7968:tid 1724] [client 201.245.192.253:42906] AH00898: Error reading from remote server returned by /forest/css/escritorio.css, referer: http://190.27.245.106/forest/index2.jsp?_a=0.670511340816271
[Wed Jul 29 15:50:37.736656 2015] [proxy_http:error] [pid 7968:tid 1396] (20014)Internal error: [client 201.245.192.253:42907] AH01102: error reading status line from remote server 172.22.1.47:80, referer: http://190.27.245.106/forest/index2.jsp?_a=0.670511340816271
[Wed Jul 29 15:50:37.736656 2015] [proxy:error] [pid 7968:tid 1396] [client 201.245.192.253:42907] AH00898: Error reading from remote server returned by /forest/skins/gdocs-jar/css/dialog.css, referer: http://190.27.245.106/forest/index2.jsp?_a=0.670511340816271
[Wed Jul 29 15:51:48.841581 2015] [proxy_http:error] [pid 7968:tid 1668] (20014)Internal error: [client 201.245.192.253:44262] AH01102: error reading status line from remote server 172.22.1.47:80, referer: http://190.27.245.106/forest/usutareas.do?group_system_actual=3&a=0.8707955918697136
[Wed Jul 29 15:51:48.950781 2015] [proxy_http:error] [pid 7968:tid 1572] (20014)Internal error: [client 201.245.192.253:44297] AH01102: error reading status line from remote server 172.22.1.47:80, referer: http://190.27.245.106/forest/misactividades.do?_a=0.053614730087413576&group_system_actual=3
[Wed Jul 29 15:53:08.854122 2015] [proxy_http:error] [pid 7968:tid 1372] (20014)Internal error: [client 201.245.192.253:28091] AH01102: error reading status line from remote server 172.22.1.47:80, referer: http://190.27.245.106/forest/usutareas.do?group_system_actual=3&a=0.4476186969246607
[Wed Jul 29 15:53:08.854122 2015] [proxy_http:error] [pid 7968:tid 1660] (20014)Internal error: [client 201.245.192.253:28289] AH01102: error reading status line from remote server 172.22.1.47:80, referer: http://190.27.245.106/forest/usutareas.do?group_system_actual=3&a=0.4476186969246607
[Wed Jul 29 15:53:28.322956 2015] [proxy_http:error] [pid 7968:tid 1740] (20014)Internal error: [client 201.245.192.253:46074] AH01102: error reading status line from remote server 172.22.1.47:80
[Wed Jul 29 15:53:32.909364 2015] [proxy_http:error] [pid 7968:tid 1436] (20014)Internal error: [client 201.245.192.253:46096] AH01102: error reading status line from remote server 172.22.1.47:80, referer: http://190.27.245.106/forest/usutareas.do?_a=0.710828611127421&group_system_actual=3
[Wed Jul 29 15:53:32.940564 2015] [proxy_http:error] [pid 7968:tid 1860] (20014)Internal error: [client 201.245.192.253:46097] AH01102: error reading status line from remote server 172.22.1.47:80, referer: http://190.27.245.106/forest/usutareas.do?_a=0.710828611127421&group_system_actual=3
[Wed Jul 29 15:55:42.857592 2015] [proxy_http:error] [pid 7968:tid 1452] (20014)Internal error: [client 201.245.192.253:35507] AH01102: error reading status line from remote server 172.22.1.47:80, referer: http://190.27.245.106/forest/usutareas.do?_a=0.5627529057111211&group_system_actual=3
[Wed Jul 29 15:55:42.857592 2015] [proxy:error] [pid 7968:tid 1452] [client 201.245.192.253:35507] AH00898: Error reading from remote server returned by /forest/skins/gdocs-jar/popup/escritorio/reasignar.jsp, referer: http://190.27.245.106/forest/usutareas.do?_a=0.5627529057111211&group_system_actual=3
[Wed Jul 29 15:55:42.935592 2015] [proxy_http:error] [pid 7968:tid 1316] (20014)Internal error: [client 201.245.192.253:20667] AH01102: error reading status line from remote server 172.22.1.47:80, referer: http://190.27.245.106/forest/buscar.do?type=procesos
[Wed Jul 29 15:55:42.935592 2015] [proxy:error] [pid 7968:tid 1316] [client 201.245.192.253:20667] AH00898: Error reading from remote server returned by /forest/json.do, referer: http://190.27.245.106/forest/buscar.do?type=procesos
[Wed Jul 29 15:55:42.935592 2015] [negotiation:error] [pid 7968:tid 1316] [client 201.245.192.253:20667] AH00690: no acceptable variant: E:/nuevo/apache/error/HTTP_BAD_GATEWAY.html.var, referer: http://190.27.245.106/forest/buscar.do?type=procesos
[Wed Jul 29 15:55:42.997992 2015] [proxy_http:error] [pid 7968:tid 1316] (20014)Internal error: [client 201.245.192.253:20667] AH01102: error reading status line from remote server 172.22.1.47:80, referer: http://190.27.245.106/forest/buscar.do?type=procesos
[Wed Jul 29 15:57:37.049793 2015] [proxy_http:error] [pid 7968:tid 1644] (20014)Internal error: [client 201.245.192.253:37198] AH01102: error reading status line from remote server 172.22.1.47:80, referer: http://190.27.245.106/forest/index2.jsp?_a=0.001708238831460207
[Wed Jul 29 15:57:43.711004 2015] [proxy_http:error] [pid 7968:tid 1844] (20014)Internal error: [client 201.245.192.253:37372] AH01102: error reading status line from remote server 172.22.1.47:80, referer: http://190.27.245.106/forest/usutareas.do?group_system_actual=3&codAct=1476&numPro=3029339&codPro=134&fecTra=2015-07-16%2011:33:33.0&codInst=3110432&codTraEsc=18678095
[Wed Jul 29 15:57:46.175809 2015] [proxy_http:error] [pid 7968:tid 1508] (20014)Internal error: [client 201.245.192.253:30352] AH01102: error reading status line from remote server 172.22.1.47:80, referer: http://190.27.245.106/forest/usutareas.do?group_system_actual=3&a=0.6314497473679255
[Wed Jul 29 15:57:50.746617 2015] [proxy_http:error] [pid 7968:tid 1580] (20014)Internal error: [client 201.245.192.253:51916] AH01102: error reading status line from remote server 172.22.1.47:80, referer: http://190.27.245.106/forest/
[Wed Jul 29 15:57:50.746617 2015] [proxy:error] [pid 7968:tid 1580] [client 201.245.192.253:51916] AH00898: Error reading from remote server returned by /forest/css/index.css, referer: http://190.27.245.106/forest/
[Wed Jul 29 15:57:51.417418 2015] [proxy_http:error] [pid 7968:tid 1580] (20014)Internal error: [client 201.245.192.253:51916] AH01102: error reading status line from remote server 172.22.1.47:80, referer: http://190.27.245.106/forest/
[Wed Jul 29 15:57:53.773022 2015] [proxy_http:error] [pid 7968:tid 1708] (20014)Internal error: [client 201.245.192.253:30479] AH01102: error reading status line from remote server 172.22.1.47:80, referer: http://190.27.245.106/forest/index2.jsp?_a=0.15138313720604224
[Wed Jul 29 15:58:04.817841 2015] [proxy_http:error] [pid 7968:tid 1628] (20014)Internal error: [client 201.245.192.253:37852] AH01102: error reading status line from remote server 172.22.1.47:80, referer: http://190.27.245.106/forest/radicacion.do?codMod=11&group_system_actual=4&_a=0.5914167365618834
[Wed Jul 29 15:58:04.817841 2015] [proxy:error] [pid 7968:tid 1628] [client 201.245.192.253:37852] AH00898: Error reading from remote server returned by /forest/xmlresponse.do, referer: http://190.27.245.106/forest/radicacion.do?codMod=11&group_system_actual=4&_a=0.5914167365618834
[Wed Jul 29 15:58:08.140647 2015] [proxy_http:error] [pid 7968:tid 1820] (20014)Internal error: [client 201.245.192.253:21650] AH01102: error reading status line from remote server 172.22.1.47:80, referer: http://190.27.245.106/forest/buscar.do?type=procesos
[Wed Jul 29 15:58:08.140647 2015] [proxy:error] [pid 7968:tid 1820] [client 201.245.192.253:21650] AH00898: Error reading from remote server returned by /forest/json.do, referer: http://190.27.245.106/forest/buscar.do?type=procesos
[Wed Jul 29 15:58:08.140647 2015] [negotiation:error] [pid 7968:tid 1820] [client 201.245.192.253:21650] AH00690: no acceptable variant: E:/nuevo/apache/error/HTTP_BAD_GATEWAY.html.var, referer: http://190.27.245.106/forest/buscar.do?type=procesos
[Wed Jul 29 15:58:56.999933 2015] [proxy_http:error] [pid 7968:tid 1804] (20014)Internal error: [client 201.245.192.253:38650] AH01102: error reading status line from remote server 172.22.1.47:80, referer: http://190.27.245.106/forest/index2.jsp?a=0.2669509788453862
[Wed Jul 29 16:00:24.937287 2015] [proxy_http:error] [pid 7968:tid 1452] (20014)Internal error: [client 201.245.192.253:40105] AH01102: error reading status line from remote server 172.22.1.47:80, referer: http://190.27.245.106/forest/buscar.do?type=procesos
[Wed Jul 29 16:00:24.937287 2015] [proxy_http:error] [pid 7968:tid 1316] (20014)Internal error: [client 201.245.192.253:40101] AH01102: error reading status line from remote server 172.22.1.47:80, referer: http://190.27.245.106/forest/buscar.do?type=procesos
[Wed Jul 29 16:00:50.412132 2015] [proxy_http:error] [pid 7968:tid 1644] (20014)Internal error: [client 201.245.192.253:40554] AH01102: error reading status line from remote server 172.22.1.47:80, referer: http://190.27.245.106/forest/suactividades.do?group_system_actual=3
[Wed Jul 29 16:00:50.427732 2015] [proxy_http:error] [pid 7968:tid 1292] (20014)Internal error: [client 201.245.192.253:40562] AH01102: error reading status line from remote server 172.22.1.47:80, referer: http://190.27.245.106/forest/suactividades.do?group_system_actual=3
