!C99Shell v. 1.0 pre-release build #13!

Software: Apache. PHP/5.5.15 

uname -a: Windows NT SVR-DMZ 6.1 build 7600 (Windows Server 2008 R2 Enterprise Edition) i586 

SYSTEM 

Safe-mode: OFF (not secure)

E:\nuevo\apache\logs\   drwxrwxrwx
Free 9.41 GB of 239.26 GB (3.93%)
Detected drives: [ a ] [ c ] [ d ] [ e ] [ f ]
Home    Back    Forward    UPDIR    Refresh    Search    Buffer    Encoder    Tools    Proc.    FTP brute    Sec.    SQL    PHP-code    Update    Feedback    Self remove    Logout    


Viewing file:     error.2015.08.03.log (457.69 KB)      -rw-rw-rw-
Select action/file-type:
(+) | (+) | (+) | Code (+) | Session (+) | (+) | SDB (+) | (+) | (+) | (+) | (+) | (+) |
[Mon Aug 03 00:03:15.032591 2015] [proxy_http:error] [pid 7968:tid 1028] (OS 10054)An existing connection was forcibly closed by the remote host.  : [client 181.61.20.92:52235] AH01102: error reading status line from remote server 172.22.1.31:80, referer: http://www.ambientebogota.gov.co/web/intranet/aplicaciones-para-acceder-fuera-de-la-sda
[Mon Aug 03 00:03:15.032591 2015] [proxy:error] [pid 7968:tid 1028] [client 181.61.20.92:52235] AH00898: Error reading from remote server returned by /isolucionsda/, referer: http://www.ambientebogota.gov.co/web/intranet/aplicaciones-para-acceder-fuera-de-la-sda
[Mon Aug 03 00:24:14.656804 2015] [:error] [pid 7968:tid 1028] [client 222.109.179.108:50571] script 'E:/nuevo/htdocs/xmlrpc.php' not found or unable to stat
[Mon Aug 03 03:04:17.459470 2015] [mpm_winnt:warn] [pid 7968:tid 4132] (OS 64)The specified network name is no longer available.  : AH00341: winnt_accept: Asynchronous AcceptEx failed.
[Mon Aug 03 03:10:01.580475 2015] [cgi:error] [pid 7968:tid 1572] [client 69.64.46.86:65535] script not found or unable to stat: E:/nuevo/cgi-bin/rtpd.cgi
[Mon Aug 03 05:25:20.101934 2015] [mpm_winnt:warn] [pid 7968:tid 4132] (OS 64)The specified network name is no longer available.  : AH00341: winnt_accept: Asynchronous AcceptEx failed.
[Mon Aug 03 06:05:11.509135 2015] [:error] [pid 7968:tid 1708] [client 207.46.13.41:17817] script 'E:/nuevo/htdocs/SQLyogTunnel.php' not found or unable to stat
[Mon Aug 03 06:26:34.549988 2015] [:error] [pid 7968:tid 1788] [client 185.73.202.122:41633] script 'E:/nuevo/htdocs/wp-login.php' not found or unable to stat
[Mon Aug 03 06:26:35.985191 2015] [:error] [pid 7968:tid 1788] [client 185.73.202.122:41664] script 'E:/nuevo/htdocs/admin.php' not found or unable to stat
[Mon Aug 03 07:09:33.203318 2015] [proxy_http:error] [pid 7968:tid 1100] (OS 10054)An existing connection was forcibly closed by the remote host.  : [client 190.26.119.3:15165] AH01102: error reading status line from remote server 172.22.1.31:80, referer: http://190.27.245.106/isolucionsda/FrameSetGeneral.asp?Pagina1=FrameSetGeneral.asp&
[Mon Aug 03 07:09:33.203318 2015] [proxy:error] [pid 7968:tid 1100] [client 190.26.119.3:15165] AH00898: Error reading from remote server returned by /isolucionsda/MagazinHome.asp, referer: http://190.27.245.106/isolucionsda/FrameSetGeneral.asp?Pagina1=FrameSetGeneral.asp&
[Mon Aug 03 07:12:40.996447 2015] [proxy_http:error] [pid 7968:tid 1100] (OS 10054)An existing connection was forcibly closed by the remote host.  : [client 190.26.119.3:15322] AH01102: error reading status line from remote server 172.22.1.31:80, referer: http://190.27.245.106/isolucionsda/FrameSetGeneral.asp?Pagina=Menu.asp&IdModulo=4
[Mon Aug 03 07:27:22.305395 2015] [mpm_winnt:warn] [pid 7968:tid 4132] (OS 64)The specified network name is no longer available.  : AH00341: winnt_accept: Asynchronous AcceptEx failed.
[Mon Aug 03 07:52:24.151233 2015] [proxy_http:error] [pid 7968:tid 1872] (OS 10054)An existing connection was forcibly closed by the remote host.  : [client 201.245.192.253:24537] AH01102: error reading status line from remote server 172.22.1.31:80, referer: http://190.27.245.106/isolucionsda/FrameSetGeneral.asp?Pagina1=FrameSetGeneral.asp&
[Mon Aug 03 07:52:24.151233 2015] [proxy:error] [pid 7968:tid 1872] [client 201.245.192.253:24537] AH00898: Error reading from remote server returned by /isolucionsda/BarraFavoritos.asp, referer: http://190.27.245.106/isolucionsda/FrameSetGeneral.asp?Pagina1=FrameSetGeneral.asp&
[Mon Aug 03 07:52:25.804836 2015] [proxy_http:error] [pid 7968:tid 960] (OS 10054)An existing connection was forcibly closed by the remote host.  : [client 201.245.192.253:24535] AH01102: error reading status line from remote server 172.22.1.31:80, referer: http://190.27.245.106/isolucionsda/DetalleTareas.aspx?Number=57525454526752534554
[Mon Aug 03 08:19:45.540316 2015] [proxy_http:error] [pid 7968:tid 1660] (20014)Internal error: [client 201.245.192.253:31817] AH01102: error reading status line from remote server 172.22.1.47:80, referer: http://190.27.245.106/forest/index2.jsp?_a=0.5920939130644653
[Mon Aug 03 08:19:47.334319 2015] [proxy_http:error] [pid 7968:tid 1708] (20014)Internal error: [client 201.245.192.253:31825] AH01102: error reading status line from remote server 172.22.1.47:80, referer: http://190.27.245.106/forest/misactividades.do?group_system_actual=3&codPro=134&_a=0.13983542090500822
[Mon Aug 03 08:30:03.270201 2015] [proxy_http:error] [pid 7968:tid 1772] (OS 10054)An existing connection was forcibly closed by the remote host.  : [client 201.245.192.253:46827] AH01102: error reading status line from remote server 172.22.1.31:80, referer: http://190.27.245.106/isolucionsda/FrameSetGeneral.asp?Pagina1=FrameSetGeneral.asp&
[Mon Aug 03 08:30:03.270201 2015] [proxy:error] [pid 7968:tid 1772] [client 201.245.192.253:46827] AH00898: Error reading from remote server returned by /isolucionsda/MagazinHome.asp, referer: http://190.27.245.106/isolucionsda/FrameSetGeneral.asp?Pagina1=FrameSetGeneral.asp&
[Mon Aug 03 08:34:37.003882 2015] [proxy_http:error] [pid 7968:tid 1532] (20014)Internal error: [client 201.245.192.253:38043] AH01102: error reading status line from remote server 172.22.1.47:80, referer: http://190.27.245.106/forest/misactividades.do?group_system_actual=3&codPro=277&todas=1
[Mon Aug 03 08:42:11.151880 2015] [proxy_http:error] [pid 7968:tid 1684] (20014)Internal error: [client 186.80.129.121:50205] AH01102: error reading status line from remote server 172.22.1.47:80, referer: http://190.27.245.106/forest/usudocumentos.do?_a=0.4597957932855934&group_system_actual=3
[Mon Aug 03 08:42:33.350719 2015] [proxy_http:error] [pid 7968:tid 1540] (20014)Internal error: [client 201.245.192.253:51877] AH01102: error reading status line from remote server 172.22.1.47:80, referer: http://190.27.245.106/forest/misactividades.do?group_system_actual=3&todas=1&codPro=0&_a=0.5980989197320703
[Mon Aug 03 08:42:39.341129 2015] [proxy_http:error] [pid 7968:tid 1396] (20014)Internal error: [client 201.245.192.253:46982] AH01102: error reading status line from remote server 172.22.1.47:80, referer: http://190.27.245.106/forest/usutareas.do?_a=0.9462198201624624&group_system_actual=3
[Mon Aug 03 08:44:20.756907 2015] [proxy_http:error] [pid 7968:tid 1364] (20014)Internal error: [client 201.245.192.253:36381] AH01102: error reading status line from remote server 172.22.1.47:80, referer: http://190.27.245.106/forest/usutareas.do?group_system_actual=3&a=0.21803573582246316
[Mon Aug 03 08:44:42.706146 2015] [proxy_http:error] [pid 7968:tid 1740] (20014)Internal error: [client 201.245.192.253:36796] AH01102: error reading status line from remote server 172.22.1.47:80, referer: http://190.27.245.106/forest/usutareas.do?group_system_actual=3&a=0.45117729323316447
[Mon Aug 03 08:44:42.721746 2015] [proxy_http:error] [pid 7968:tid 1708] (20014)Internal error: [client 201.245.192.253:36794] AH01102: error reading status line from remote server 172.22.1.47:80, referer: http://190.27.245.106/forest/usutareas.do?group_system_actual=3&a=0.45117729323316447
[Mon Aug 03 08:45:08.804992 2015] [proxy_http:error] [pid 7968:tid 1772] (20014)Internal error: [client 201.245.192.253:37333] AH01102: error reading status line from remote server 172.22.1.47:80, referer: http://190.27.245.106/forest/buscar.do
[Mon Aug 03 08:45:08.804992 2015] [proxy:error] [pid 7968:tid 1772] [client 201.245.192.253:37333] AH00898: Error reading from remote server returned by /forest/buscar.do, referer: http://190.27.245.106/forest/buscar.do
[Mon Aug 03 08:45:08.882992 2015] [proxy_http:error] [pid 7968:tid 1244] (20014)Internal error: [client 201.245.192.253:37339] AH01102: error reading status line from remote server 172.22.1.47:80, referer: http://190.27.245.106/forest/usutareas.do?group_system_actual=3&a=0.9596077269830832
[Mon Aug 03 08:45:08.882992 2015] [proxy:error] [pid 7968:tid 1244] [client 201.245.192.253:37339] AH00898: Error reading from remote server returned by /forest/skins/gdocs-jar/css/forest.css, referer: http://190.27.245.106/forest/usutareas.do?group_system_actual=3&a=0.9596077269830832
[Mon Aug 03 08:45:08.882992 2015] [proxy_http:error] [pid 7968:tid 1276] (20014)Internal error: [client 201.245.192.253:37340] AH01102: error reading status line from remote server 172.22.1.47:80, referer: http://190.27.245.106/forest/usutareas.do?group_system_actual=3&a=0.9596077269830832
[Mon Aug 03 08:45:29.490628 2015] [proxy_http:error] [pid 7968:tid 1572] (20014)Internal error: [client 201.245.192.253:37579] AH01102: error reading status line from remote server 172.22.1.47:80, referer: http://190.27.245.106/forest/index2.jsp?a=0.15596534790867234
[Mon Aug 03 08:45:30.208229 2015] [proxy_http:error] [pid 7968:tid 1356] (20014)Internal error: [client 201.245.192.253:37586] AH01102: error reading status line from remote server 172.22.1.47:80, referer: http://190.27.245.106/forest/usutareas.do?_a=0.3369833854958415&group_system_actual=3
[Mon Aug 03 08:45:30.208229 2015] [proxy:error] [pid 7968:tid 1356] [client 201.245.192.253:37586] AH00898: Error reading from remote server returned by /forest/system/process.jsp, referer: http://190.27.245.106/forest/usutareas.do?_a=0.3369833854958415&group_system_actual=3
[Mon Aug 03 08:45:31.627832 2015] [proxy_http:error] [pid 7968:tid 1532] (20014)Internal error: [client 201.245.192.253:37608] AH01102: error reading status line from remote server 172.22.1.47:80, referer: http://190.27.245.106/forest/usutareas.do?group_system_actual=3&a=0.7902680865094814
[Mon Aug 03 08:45:31.627832 2015] [proxy:error] [pid 7968:tid 1532] [client 201.245.192.253:37608] AH00898: Error reading from remote server returned by /forest/css/index.css, referer: http://190.27.245.106/forest/usutareas.do?group_system_actual=3&a=0.7902680865094814
[Mon Aug 03 08:45:31.955432 2015] [proxy_http:error] [pid 7968:tid 1572] (20014)Internal error: [client 201.245.192.253:37583] AH01102: error reading status line from remote server 172.22.1.47:80, referer: http://190.27.245.106/forest/misactividades.do?group_system_actual=3&codPro=95&_a=0.9444773805770376
[Mon Aug 03 08:45:33.562235 2015] [proxy_http:error] [pid 7968:tid 1572] (20014)Internal error: [client 201.245.192.253:37609] AH01102: error reading status line from remote server 172.22.1.47:80, referer: http://190.27.245.106/forest/js/jquery/css/jquery-ui-1.8.1.custom.css
[Mon Aug 03 08:45:33.593435 2015] [proxy_http:error] [pid 7968:tid 1716] (20014)Internal error: [client 201.245.192.253:37581] AH01102: error reading status line from remote server 172.22.1.47:80, referer: http://190.27.245.106/forest/js/jquery/css/jquery-ui-1.8.1.custom.css
[Mon Aug 03 08:45:33.624635 2015] [proxy_http:error] [pid 7968:tid 1532] (20014)Internal error: [client 201.245.192.253:37608] AH01102: error reading status line from remote server 172.22.1.47:80, referer: http://190.27.245.106/forest/usutareas.do?group_system_actual=3&a=0.7902680865094814
[Mon Aug 03 08:45:54.341472 2015] [proxy_http:error] [pid 7968:tid 1316] (20014)Internal error: [client 201.245.192.253:55162] AH01102: error reading status line from remote server 172.22.1.47:80, referer: http://190.27.245.106/forest/buscar.do?type=documentos
[Mon Aug 03 08:54:39.485194 2015] [proxy_http:error] [pid 7968:tid 1772] (OS 10054)An existing connection was forcibly closed by the remote host.  : [client 201.245.192.253:52246] AH01102: error reading status line from remote server 172.22.1.31:80, referer: http://190.27.245.106/isolucionsda/Encabezado.asp?Pagina1=FrameSetGeneral.asp&&Pagina=MagazinHome.asp
[Mon Aug 03 08:54:39.485194 2015] [proxy:error] [pid 7968:tid 1772] [client 201.245.192.253:52246] AH00898: Error reading from remote server returned by /isolucionsda/g/Bot_CalibracionOff_ESP.jpg, referer: http://190.27.245.106/isolucionsda/Encabezado.asp?Pagina1=FrameSetGeneral.asp&&Pagina=MagazinHome.asp
[Mon Aug 03 09:03:30.868927 2015] [proxy_http:error] [pid 7968:tid 1660] (20014)Internal error: [client 201.245.192.253:45948] AH01102: error reading status line from remote server 172.22.1.47:80, referer: http://190.27.245.106/forest/usutareas.do?group_system_actual=3&a=0.9906715261749923
[Mon Aug 03 09:04:15.625406 2015] [proxy_http:error] [pid 7968:tid 1212] (20014)Internal error: [client 201.245.192.253:46737] AH01102: error reading status line from remote server 172.22.1.47:80, referer: http://190.27.245.106/forest/usutareas.do?group_system_actual=3&a=0.34800274361517924
[Mon Aug 03 09:04:15.625406 2015] [proxy_http:error] [pid 7968:tid 1588] (20014)Internal error: [client 201.245.192.253:46517] AH01102: error reading status line from remote server 172.22.1.47:80, referer: http://190.27.245.106/forest/usutareas.do?group_system_actual=3&a=0.34800274361517924
[Mon Aug 03 09:04:59.289883 2015] [proxy_http:error] [pid 7968:tid 1604] (20014)Internal error: [client 201.245.192.253:24906] AH01102: error reading status line from remote server 172.22.1.47:80, referer: http://190.27.245.106/forest/usutareas.do?_a=0.4330525940749794&group_system_actual=3
[Mon Aug 03 09:06:37.305855 2015] [mpm_winnt:warn] [pid 7968:tid 4132] (OS 64)The specified network name is no longer available.  : AH00341: winnt_accept: Asynchronous AcceptEx failed.
[Mon Aug 03 09:06:52.063481 2015] [proxy_http:error] [pid 7968:tid 1796] (20014)Internal error: [client 201.245.192.253:37013] AH01102: error reading status line from remote server 172.22.1.47:80, referer: http://190.27.245.106/forest/index2.jsp?selected=tab_init&tab=1
[Mon Aug 03 09:06:52.063481 2015] [proxy:error] [pid 7968:tid 1796] [client 201.245.192.253:37013] AH00898: Error reading from remote server returned by /forest/skins/gdocs-jar/css/autocomplete.css, referer: http://190.27.245.106/forest/index2.jsp?selected=tab_init&tab=1
[Mon Aug 03 09:07:31.313150 2015] [proxy_http:error] [pid 7968:tid 1788] (70008)Partial results are valid but processing is incomplete: [client 190.9.202.198:30284] AH01110: error reading response, referer: http://190.27.245.106/forest/usutareas.do?_a=0.7605896396425496&group_system_actual=3
[Mon Aug 03 09:10:19.793446 2015] [proxy_http:error] [pid 7968:tid 1500] (20014)Internal error: [client 201.245.192.253:40368] AH01102: error reading status line from remote server 172.22.1.47:80, referer: http://190.27.245.106/forest/usutareas.do?group_system_actual=3&a=0.5963007580622257
[Mon Aug 03 09:10:26.704258 2015] [proxy_http:error] [pid 7968:tid 1604] (20014)Internal error: [client 201.245.192.253:40501] AH01102: error reading status line from remote server 172.22.1.47:80, referer: http://190.27.245.106/forest/usutareas.do?group_system_actual=3&a=0.2127888902795243
[Mon Aug 03 09:13:23.577368 2015] [proxy_http:error] [pid 7968:tid 1660] (70008)Partial results are valid but processing is incomplete: [client 201.245.192.253:42265] AH01110: error reading response, referer: http://190.27.245.106/forest/usudocumentos.do?_a=0.4793203838635236&group_system_actual=3
[Mon Aug 03 09:15:29.329189 2015] [proxy_http:error] [pid 7968:tid 1284] (20014)Internal error: [client 201.245.192.253:45487] AH01102: error reading status line from remote server 172.22.1.47:80, referer: http://190.27.245.106/forest/misactividades.do?_a=0.600142052157235&group_system_actual=3
[Mon Aug 03 09:15:29.329189 2015] [proxy_http:error] [pid 7968:tid 1188] (20014)Internal error: [client 201.245.192.253:45484] AH01102: error reading status line from remote server 172.22.1.47:80, referer: http://190.27.245.106/forest/misactividades.do?_a=0.600142052157235&group_system_actual=3
[Mon Aug 03 09:15:29.329189 2015] [proxy_http:error] [pid 7968:tid 1268] (20014)Internal error: [client 201.245.192.253:45485] AH01102: error reading status line from remote server 172.22.1.47:80, referer: http://190.27.245.106/forest/misactividades.do?_a=0.600142052157235&group_system_actual=3
[Mon Aug 03 09:16:14.382068 2015] [proxy_http:error] [pid 7968:tid 1812] (20014)Internal error: [client 201.245.192.253:46306] AH01102: error reading status line from remote server 172.22.1.47:80, referer: http://190.27.245.106/forest/index2.jsp?selected=tab_init&tab=1
[Mon Aug 03 09:16:14.382068 2015] [proxy_http:error] [pid 7968:tid 1356] (20014)Internal error: [client 201.245.192.253:46304] AH01102: error reading status line from remote server 172.22.1.47:80
[Mon Aug 03 09:16:14.600469 2015] [proxy_http:error] [pid 7968:tid 1260] (20014)Internal error: [client 201.245.192.253:46294] AH01102: error reading status line from remote server 172.22.1.47:80, referer: http://190.27.245.106/forest/index2.jsp?selected=tab_init&tab=1
[Mon Aug 03 09:16:58.342946 2015] [proxy_http:error] [pid 7968:tid 1872] (20014)Internal error: [client 201.245.192.253:17855] AH01102: error reading status line from remote server 172.22.1.47:80, referer: http://190.27.245.106/forest/index2.jsp?a=0.5241385617731391
[Mon Aug 03 09:17:30.791003 2015] [proxy_http:error] [pid 7968:tid 1796] (20014)Internal error: [client 201.245.192.253:30038] AH01102: error reading status line from remote server 172.22.1.47:80, referer: http://190.27.245.106/forest/usutareas.do?group_system_actual=3&a=0.40275351964445427
[Mon Aug 03 09:17:41.430221 2015] [proxy_http:error] [pid 7968:tid 1796] (20014)Internal error: [client 201.245.192.253:30117] AH01102: error reading status line from remote server 172.22.1.47:80, referer: http://190.27.245.106/forest/usutareas.do?group_system_actual=3&codAct=1479&numPro=2962669&codPro=134&fecTra=2015-08-03%2009:07:18.877&codInst=2997137&codTraEsc=18825243
[Mon Aug 03 09:17:41.445821 2015] [proxy_http:error] [pid 7968:tid 1796] (20014)Internal error: [client 201.245.192.253:30151] AH01102: error reading status line from remote server 172.22.1.47:80, referer: http://190.27.245.106/forest/usutareas.do?group_system_actual=3&codAct=1479&numPro=2962669&codPro=134&fecTra=2015-08-03%2009:07:18.877&codInst=2997137&codTraEsc=18825243
[Mon Aug 03 09:17:41.445821 2015] [proxy:error] [pid 7968:tid 1796] [client 201.245.192.253:30151] AH00898: Error reading from remote server returned by /forest/skins/gdocs-jar/css/dialog.css, referer: http://190.27.245.106/forest/usutareas.do?group_system_actual=3&codAct=1479&numPro=2962669&codPro=134&fecTra=2015-08-03%2009:07:18.877&codInst=2997137&codTraEsc=18825243
[Mon Aug 03 09:17:41.445821 2015] [proxy_http:error] [pid 7968:tid 1812] (20014)Internal error: [client 201.245.192.253:30149] AH01102: error reading status line from remote server 172.22.1.47:80, referer: http://190.27.245.106/forest/usutareas.do?group_system_actual=3&codAct=1479&numPro=2962669&codPro=134&fecTra=2015-08-03%2009:07:18.877&codInst=2997137&codTraEsc=18825243
[Mon Aug 03 09:17:41.445821 2015] [proxy_http:error] [pid 7968:tid 1556] (20014)Internal error: [client 201.245.192.253:30148] AH01102: error reading status line from remote server 172.22.1.47:80, referer: http://190.27.245.106/forest/usutareas.do?group_system_actual=3&codAct=1479&numPro=2962669&codPro=134&fecTra=2015-08-03%2009:07:18.877&codInst=2997137&codTraEsc=18825243
[Mon Aug 03 09:17:41.445821 2015] [proxy_http:error] [pid 7968:tid 1604] (20014)Internal error: [client 201.245.192.253:30146] AH01102: error reading status line from remote server 172.22.1.47:80, referer: http://190.27.245.106/forest/usutareas.do?group_system_actual=3&codAct=1479&numPro=2962669&codPro=134&fecTra=2015-08-03%2009:07:18.877&codInst=2997137&codTraEsc=18825243
[Mon Aug 03 09:17:41.445821 2015] [proxy_http:error] [pid 7968:tid 1276] (20014)Internal error: [client 201.245.192.253:30147] AH01102: error reading status line from remote server 172.22.1.47:80, referer: http://190.27.245.106/forest/usutareas.do?group_system_actual=3&codAct=1479&numPro=2962669&codPro=134&fecTra=2015-08-03%2009:07:18.877&codInst=2997137&codTraEsc=18825243
[Mon Aug 03 09:18:16.686283 2015] [proxy_http:error] [pid 7968:tid 1676] (20014)Internal error: [client 201.245.192.253:35556] AH01102: error reading status line from remote server 172.22.1.47:80, referer: http://190.27.245.106/forest/misactividades.do?group_system_actual=3&codPro=277&todas=1
[Mon Aug 03 09:18:16.795483 2015] [proxy_http:error] [pid 7968:tid 1676] (20014)Internal error: [client 201.245.192.253:35563] AH01102: error reading status line from remote server 172.22.1.47:80, referer: http://190.27.245.106/forest/misactividades.do?group_system_actual=3&codPro=277&todas=1
[Mon Aug 03 09:18:38.541922 2015] [proxy_http:error] [pid 7968:tid 1044] (20014)Internal error: [client 186.85.54.180:62157] AH01102: error reading status line from remote server 172.22.1.47:80, referer: http://190.27.245.106/forest/index2.jsp?a=0.08959328072112382
[Mon Aug 03 09:18:38.557522 2015] [proxy_http:error] [pid 7968:tid 1604] (20014)Internal error: [client 186.85.54.180:62160] AH01102: error reading status line from remote server 172.22.1.47:80, referer: http://190.27.245.106/forest/index2.jsp?a=0.08959328072112382
[Mon Aug 03 09:18:58.073156 2015] [proxy_http:error] [pid 7968:tid 1188] (20014)Internal error: [client 201.245.192.253:36188] AH01102: error reading status line from remote server 172.22.1.47:80, referer: http://190.27.245.106/forest/index2.jsp?selected=tab_init&tab=1
[Mon Aug 03 09:19:48.835645 2015] [proxy_http:error] [pid 7968:tid 1500] (20014)Internal error: [client 201.245.192.253:37020] AH01102: error reading status line from remote server 172.22.1.47:80, referer: http://190.27.245.106/forest/misactividades.do?_a=0.4278603913839524&group_system_actual=3
[Mon Aug 03 09:19:48.851245 2015] [proxy_http:error] [pid 7968:tid 1500] (20014)Internal error: [client 201.245.192.253:37032] AH01102: error reading status line from remote server 172.22.1.47:80, referer: http://190.27.245.106/forest/misactividades.do?_a=0.4278603913839524&group_system_actual=3
[Mon Aug 03 09:19:48.851245 2015] [proxy:error] [pid 7968:tid 1500] [client 201.245.192.253:37032] AH00898: Error reading from remote server returned by /forest/skins/gdocs-jar/css/dialog.css, referer: http://190.27.245.106/forest/misactividades.do?_a=0.4278603913839524&group_system_actual=3
[Mon Aug 03 09:19:48.866845 2015] [proxy_http:error] [pid 7968:tid 1188] (20014)Internal error: [client 201.245.192.253:37030] AH01102: error reading status line from remote server 172.22.1.47:80
[Mon Aug 03 09:20:09.193681 2015] [proxy_http:error] [pid 7968:tid 1820] (20014)Internal error: [client 186.85.54.180:62199] AH01102: error reading status line from remote server 172.22.1.47:80, referer: http://190.27.245.106/forest/usutareas.do?_a=0.3901135993655771&group_system_actual=3
[Mon Aug 03 09:20:09.193681 2015] [proxy:error] [pid 7968:tid 1820] [client 186.85.54.180:62199] AH00898: Error reading from remote server returned by /forest/borrador/1915217/Concepto Tecnico.docx, referer: http://190.27.245.106/forest/usutareas.do?_a=0.3901135993655771&group_system_actual=3
[Mon Aug 03 09:20:41.891338 2015] [proxy_http:error] [pid 7968:tid 1228] (20014)Internal error: [client 201.245.192.253:52779] AH01102: error reading status line from remote server 172.22.1.47:80, referer: http://190.27.245.106/forest/usutareas.do?group_system_actual=3&a=0.5236878209937215
[Mon Aug 03 09:20:41.891338 2015] [proxy:error] [pid 7968:tid 1228] [client 201.245.192.253:52779] AH00898: Error reading from remote server returned by /forest/css/escritorio.css, referer: http://190.27.245.106/forest/usutareas.do?group_system_actual=3&a=0.5236878209937215
[Mon Aug 03 09:22:02.808680 2015] [proxy_http:error] [pid 7968:tid 1044] (20014)Internal error: [client 201.245.192.253:54220] AH01102: error reading status line from remote server 172.22.1.47:80, referer: http://190.27.245.106/forest/system/process.jsp?numPro=2459856
[Mon Aug 03 09:22:02.902281 2015] [proxy_http:error] [pid 7968:tid 1200] (20014)Internal error: [client 201.245.192.253:54250] AH01102: error reading status line from remote server 172.22.1.47:80, referer: http://190.27.245.106/forest/skins/gdocs-jar/popup/FileViewerTree.jsp?coddoc=1563447&ext=doc&numpro=2459856&nombre=PROCESADORA%20DE%20MATERIAS%20PRIMAS%20S.A.%20%BF%20PMP%20S.A.%20.doc&codfile=-1&rootPath=/forest/
[Mon Aug 03 09:22:02.902281 2015] [proxy:error] [pid 7968:tid 1200] [client 201.245.192.253:54250] AH00898: Error reading from remote server returned by /forest/skins/gdocs-jar/css/tree.css, referer: http://190.27.245.106/forest/skins/gdocs-jar/popup/FileViewerTree.jsp?coddoc=1563447&ext=doc&numpro=2459856&nombre=PROCESADORA%20DE%20MATERIAS%20PRIMAS%20S.A.%20%BF%20PMP%20S.A.%20.doc&codfile=-1&rootPath=/forest/
[Mon Aug 03 09:22:04.243883 2015] [proxy_http:error] [pid 7968:tid 1436] (20014)Internal error: [client 201.245.192.253:19633] AH01102: error reading status line from remote server 172.22.1.47:80, referer: http://190.27.245.106/forest/login.do
[Mon Aug 03 09:22:05.991086 2015] [proxy_http:error] [pid 7968:tid 1872] (20014)Internal error: [client 201.245.192.253:19634] AH01102: error reading status line from remote server 172.22.1.47:80, referer: http://190.27.245.106/forest/login.do
[Mon Aug 03 09:22:13.728700 2015] [proxy_http:error] [pid 7968:tid 1872] (20014)Internal error: [client 201.245.192.253:19705] AH01102: error reading status line from remote server 172.22.1.47:80, referer: http://190.27.245.106/forest/index2.jsp?a=0.16673660262612722
[Mon Aug 03 09:22:13.759900 2015] [proxy_http:error] [pid 7968:tid 1872] (20014)Internal error: [client 201.245.192.253:19710] AH01102: error reading status line from remote server 172.22.1.47:80, referer: http://190.27.245.106/forest/index2.jsp?a=0.16673660262612722
[Mon Aug 03 09:22:17.628706 2015] [proxy_http:error] [pid 7968:tid 1748] (20014)Internal error: [client 201.245.192.253:39696] AH01102: error reading status line from remote server 172.22.1.47:80, referer: http://190.27.245.106/forest/usutareas.do?a=0.5789491417817771
[Mon Aug 03 09:22:20.374311 2015] [proxy_http:error] [pid 7968:tid 1136] (20014)Internal error: [client 201.245.192.253:19755] AH01102: error reading status line from remote server 172.22.1.47:80, referer: http://190.27.245.106/forest/index2.jsp?a=0.16673660262612722
[Mon Aug 03 09:22:20.374311 2015] [proxy_http:error] [pid 7968:tid 1284] (20014)Internal error: [client 201.245.192.253:19758] AH01102: error reading status line from remote server 172.22.1.47:80, referer: http://190.27.245.106/forest/index2.jsp?a=0.16673660262612722
[Mon Aug 03 09:22:20.592712 2015] [proxy_http:error] [pid 7968:tid 1676] (20014)Internal error: [client 201.245.192.253:19759] AH01102: error reading status line from remote server 172.22.1.47:80, referer: http://190.27.245.106/forest/index2.jsp?a=0.16673660262612722
[Mon Aug 03 09:22:20.639512 2015] [proxy_http:error] [pid 7968:tid 1548] (20014)Internal error: [client 201.245.192.253:19756] AH01102: error reading status line from remote server 172.22.1.47:80, referer: http://190.27.245.106/forest/index2.jsp?a=0.16673660262612722
[Mon Aug 03 09:22:20.655112 2015] [proxy_http:error] [pid 7968:tid 1872] (20014)Internal error: [client 201.245.192.253:19757] AH01102: error reading status line from remote server 172.22.1.47:80, referer: http://190.27.245.106/forest/index2.jsp?a=0.16673660262612722
[Mon Aug 03 09:22:20.686312 2015] [proxy_http:error] [pid 7968:tid 1284] (20014)Internal error: [client 201.245.192.253:19764] AH01102: error reading status line from remote server 172.22.1.47:80, referer: http://190.27.245.106/forest/index2.jsp?a=0.16673660262612722
[Mon Aug 03 09:22:20.717512 2015] [proxy_http:error] [pid 7968:tid 1676] (20014)Internal error: [client 201.245.192.253:19766] AH01102: error reading status line from remote server 172.22.1.47:80, referer: http://190.27.245.106/forest/index2.jsp?a=0.16673660262612722
[Mon Aug 03 09:22:20.826712 2015] [proxy_http:error] [pid 7968:tid 1548] (20014)Internal error: [client 201.245.192.253:19767] AH01102: error reading status line from remote server 172.22.1.47:80, referer: http://190.27.245.106/forest/index2.jsp?a=0.16673660262612722
[Mon Aug 03 09:22:22.776716 2015] [proxy_http:error] [pid 7968:tid 1028] (20014)Internal error: [client 201.245.192.253:54458] AH01102: error reading status line from remote server 172.22.1.47:80, referer: http://190.27.245.106/forest/skins/gdocs-jar/popup/FileViewerTree.jsp?coddoc=1516167&ext=doc&numpro=2403934&nombre=MATERIAS%20PRIMAS.doc&codfile=-1&rootPath=/forest/
[Mon Aug 03 09:22:22.823516 2015] [proxy_http:error] [pid 7968:tid 1028] (20014)Internal error: [client 201.245.192.253:54505] AH01102: error reading status line from remote server 172.22.1.47:80, referer: http://190.27.245.106/forest/skins/gdocs-jar/popup/FileViewerTree.jsp?coddoc=1516167&ext=doc&numpro=2403934&nombre=MATERIAS%20PRIMAS.doc&codfile=-1&rootPath=/forest/
[Mon Aug 03 09:22:22.823516 2015] [proxy:error] [pid 7968:tid 1028] [client 201.245.192.253:54505] AH00898: Error reading from remote server returned by /forest/skins/gdocs-jar/css/tree.css, referer: http://190.27.245.106/forest/skins/gdocs-jar/popup/FileViewerTree.jsp?coddoc=1516167&ext=doc&numpro=2403934&nombre=MATERIAS%20PRIMAS.doc&codfile=-1&rootPath=/forest/
[Mon Aug 03 09:22:29.781128 2015] [proxy_http:error] [pid 7968:tid 1284] (20014)Internal error: [client 201.245.192.253:19769] AH01102: error reading status line from remote server 172.22.1.47:80, referer: http://190.27.245.106/forest/js/jquery/css/jquery-ui-1.8.1.custom.css
[Mon Aug 03 09:22:29.859128 2015] [proxy_http:error] [pid 7968:tid 1044] (20014)Internal error: [client 201.245.192.253:19771] AH01102: error reading status line from remote server 172.22.1.47:80, referer: http://190.27.245.106/forest/js/jquery/css/jquery-ui-1.8.1.custom.css
[Mon Aug 03 09:22:29.874728 2015] [proxy_http:error] [pid 7968:tid 1604] (20014)Internal error: [client 201.245.192.253:19781] AH01102: error reading status line from remote server 172.22.1.47:80, referer: http://190.27.245.106/forest/js/jquery/css/jquery-ui-1.8.1.custom.css
[Mon Aug 03 09:22:43.009951 2015] [proxy_http:error] [pid 7968:tid 1564] (20014)Internal error: [client 201.245.192.253:32326] AH01102: error reading status line from remote server 172.22.1.47:80, referer: http://190.27.245.106/forest/
[Mon Aug 03 09:22:43.025551 2015] [proxy_http:error] [pid 7968:tid 1564] (20014)Internal error: [client 201.245.192.253:32333] AH01102: error reading status line from remote server 172.22.1.47:80, referer: http://190.27.245.106/forest/
[Mon Aug 03 09:22:43.025551 2015] [proxy:error] [pid 7968:tid 1564] [client 201.245.192.253:32333] AH00898: Error reading from remote server returned by /forest/skins/gdocs-jar/css/autocomplete.css, referer: http://190.27.245.106/forest/
[Mon Aug 03 09:22:43.072351 2015] [proxy_http:error] [pid 7968:tid 952] (20014)Internal error: [client 201.245.192.253:32335] AH01102: error reading status line from remote server 172.22.1.47:80, referer: http://190.27.245.106/forest/
[Mon Aug 03 09:22:49.312362 2015] [proxy_http:error] [pid 7968:tid 1564] (20014)Internal error: [client 201.245.192.253:32333] AH01102: error reading status line from remote server 172.22.1.47:80, referer: http://190.27.245.106/forest/
[Mon Aug 03 09:22:49.717963 2015] [proxy_http:error] [pid 7968:tid 1556] (20014)Internal error: [client 201.245.192.253:32419] AH01102: error reading status line from remote server 172.22.1.47:80, referer: http://190.27.245.106/forest/index2.jsp?a=0.40551564164947607
[Mon Aug 03 09:22:49.717963 2015] [proxy:error] [pid 7968:tid 1556] [client 201.245.192.253:32419] AH00898: Error reading from remote server returned by /forest/skins/gdocs-jar/css/menu.css, referer: http://190.27.245.106/forest/index2.jsp?a=0.40551564164947607
[Mon Aug 03 09:22:49.717963 2015] [proxy_http:error] [pid 7968:tid 1100] (20014)Internal error: [client 201.245.192.253:32429] AH01102: error reading status line from remote server 172.22.1.47:80, referer: http://190.27.245.106/forest/index2.jsp?a=0.40551564164947607
[Mon Aug 03 09:22:49.717963 2015] [proxy:error] [pid 7968:tid 1100] [client 201.245.192.253:32429] AH00898: Error reading from remote server returned by /forest/1ibre/jscalendar/calendar-win2k-1.css, referer: http://190.27.245.106/forest/index2.jsp?a=0.40551564164947607
[Mon Aug 03 09:22:49.733563 2015] [proxy_http:error] [pid 7968:tid 1364] (20014)Internal error: [client 201.245.192.253:32420] AH01102: error reading status line from remote server 172.22.1.47:80, referer: http://190.27.245.106/forest/index2.jsp?a=0.40551564164947607
[Mon Aug 03 09:22:49.749163 2015] [proxy_http:error] [pid 7968:tid 1284] (20014)Internal error: [client 201.245.192.253:32418] AH01102: error reading status line from remote server 172.22.1.47:80
[Mon Aug 03 09:22:49.811563 2015] [proxy_http:error] [pid 7968:tid 1556] (20014)Internal error: [client 201.245.192.253:32419] AH01102: error reading status line from remote server 172.22.1.47:80, referer: http://190.27.245.106/forest/index2.jsp?a=0.40551564164947607
[Mon Aug 03 09:22:49.827163 2015] [proxy_http:error] [pid 7968:tid 1500] (20014)Internal error: [client 201.245.192.253:32421] AH01102: error reading status line from remote server 172.22.1.47:80, referer: http://190.27.245.106/forest/index2.jsp?a=0.40551564164947607
[Mon Aug 03 09:22:49.827163 2015] [proxy_http:error] [pid 7968:tid 1364] (20014)Internal error: [client 201.245.192.253:32432] AH01102: error reading status line from remote server 172.22.1.47:80, referer: http://190.27.245.106/forest/index2.jsp?a=0.40551564164947607
[Mon Aug 03 09:22:49.827163 2015] [proxy:error] [pid 7968:tid 1364] [client 201.245.192.253:32432] AH00898: Error reading from remote server returned by /forest/img/users/3.gif, referer: http://190.27.245.106/forest/index2.jsp?a=0.40551564164947607
[Mon Aug 03 09:22:49.842763 2015] [proxy_http:error] [pid 7968:tid 1500] (20014)Internal error: [client 201.245.192.253:32433] AH01102: error reading status line from remote server 172.22.1.47:80, referer: http://190.27.245.106/forest/index2.jsp?a=0.40551564164947607
[Mon Aug 03 09:22:49.842763 2015] [proxy:error] [pid 7968:tid 1500] [client 201.245.192.253:32433] AH00898: Error reading from remote server returned by /forest/img/panel/menu/danger2.png, referer: http://190.27.245.106/forest/index2.jsp?a=0.40551564164947607
[Mon Aug 03 09:22:49.873963 2015] [proxy_http:error] [pid 7968:tid 1124] (20014)Internal error: [client 201.245.192.253:32422] AH01102: error reading status line from remote server 172.22.1.47:80, referer: http://190.27.245.106/forest/index2.jsp?a=0.40551564164947607
[Mon Aug 03 09:22:49.873963 2015] [proxy_http:error] [pid 7968:tid 1500] (20014)Internal error: [client 201.245.192.253:32433] AH01102: error reading status line from remote server 172.22.1.47:80, referer: http://190.27.245.106/forest/index2.jsp?a=0.40551564164947607
[Mon Aug 03 09:22:50.716365 2015] [proxy_http:error] [pid 7968:tid 1820] (20014)Internal error: [client 201.245.192.253:32442] AH01102: error reading status line from remote server 172.22.1.47:80, referer: http://190.27.245.106/forest/buscar.do?type=documentos
[Mon Aug 03 09:22:50.716365 2015] [proxy:error] [pid 7968:tid 1820] [client 201.245.192.253:32442] AH00898: Error reading from remote server returned by /forest/js/escritorio/escritorio.js, referer: http://190.27.245.106/forest/buscar.do?type=documentos
[Mon Aug 03 09:22:50.716365 2015] [proxy_http:error] [pid 7968:tid 1508] (20014)Internal error: [client 201.245.192.253:32438] AH01102: error reading status line from remote server 172.22.1.47:80, referer: http://190.27.245.106/forest/buscar.do?type=documentos
[Mon Aug 03 09:22:50.716365 2015] [proxy_http:error] [pid 7968:tid 1564] (20014)Internal error: [client 201.245.192.253:32439] AH01102: error reading status line from remote server 172.22.1.47:80, referer: http://190.27.245.106/forest/buscar.do?type=documentos
[Mon Aug 03 09:22:50.731965 2015] [proxy_http:error] [pid 7968:tid 1820] (20014)Internal error: [client 201.245.192.253:32442] AH01102: error reading status line from remote server 172.22.1.47:80, referer: http://190.27.245.106/forest/buscar.do?type=documentos
[Mon Aug 03 09:22:50.950365 2015] [proxy_http:error] [pid 7968:tid 1508] (20014)Internal error: [client 201.245.192.253:32444] AH01102: error reading status line from remote server 172.22.1.47:80, referer: http://190.27.245.106/forest/buscar.do?type=documentos
[Mon Aug 03 09:22:50.950365 2015] [proxy:error] [pid 7968:tid 1508] [client 201.245.192.253:32444] AH00898: Error reading from remote server returned by /forest/json.do, referer: http://190.27.245.106/forest/buscar.do?type=documentos
[Mon Aug 03 09:22:50.950365 2015] [negotiation:error] [pid 7968:tid 1508] [client 201.245.192.253:32444] AH00690: no acceptable variant: E:/nuevo/apache/error/HTTP_BAD_GATEWAY.html.var, referer: http://190.27.245.106/forest/buscar.do?type=documentos
[Mon Aug 03 09:22:52.073567 2015] [proxy_http:error] [pid 7968:tid 1100] (20014)Internal error: [client 201.245.192.253:32429] AH01102: error reading status line from remote server 172.22.1.47:80, referer: http://190.27.245.106/forest/css/index.css?version=1506.301731
[Mon Aug 03 09:22:52.291967 2015] [proxy_http:error] [pid 7968:tid 1364] (20014)Internal error: [client 201.245.192.253:32432] AH01102: error reading status line from remote server 172.22.1.47:80, referer: http://190.27.245.106/forest/index2.jsp?a=0.40551564164947607
[Mon Aug 03 09:22:54.912772 2015] [proxy_http:error] [pid 7968:tid 1636] (20014)Internal error: [client 201.245.192.253:20066] AH01102: error reading status line from remote server 172.22.1.47:80, referer: http://190.27.245.106/forest/usutareas.do?codTraEsc=18773718
[Mon Aug 03 09:23:02.775186 2015] [proxy_http:error] [pid 7968:tid 1188] (20014)Internal error: [client 201.245.192.253:32508] AH01102: error reading status line from remote server 172.22.1.47:80, referer: http://190.27.245.106/forest/buscar.do?type=documentos
[Mon Aug 03 09:23:02.775186 2015] [proxy:error] [pid 7968:tid 1188] [client 201.245.192.253:32508] AH00898: Error reading from remote server returned by /forest/buscar.do, referer: http://190.27.245.106/forest/buscar.do?type=documentos
[Mon Aug 03 09:23:07.283594 2015] [proxy_http:error] [pid 7968:tid 1604] (20014)Internal error: [client 201.245.192.253:32552] AH01102: error reading status line from remote server 172.22.1.47:80, referer: http://190.27.245.106/forest/buscar.do?type=documentos
[Mon Aug 03 09:23:07.283594 2015] [proxy:error] [pid 7968:tid 1604] [client 201.245.192.253:32552] AH00898: Error reading from remote server returned by /forest/skins/gdocs-jar/css/tree.css, referer: http://190.27.245.106/forest/buscar.do?type=documentos
[Mon Aug 03 09:23:07.299194 2015] [proxy_http:error] [pid 7968:tid 1652] (20014)Internal error: [client 201.245.192.253:32556] AH01102: error reading status line from remote server 172.22.1.47:80, referer: http://190.27.245.106/forest/buscar.do?type=documentos
[Mon Aug 03 09:23:07.455194 2015] [proxy_http:error] [pid 7968:tid 1788] (20014)Internal error: [client 201.245.192.253:32551] AH01102: error reading status line from remote server 172.22.1.47:80, referer: http://190.27.245.106/forest/buscar.do?type=documentos
[Mon Aug 03 09:23:07.533194 2015] [proxy_http:error] [pid 7968:tid 1404] (20014)Internal error: [client 201.245.192.253:32554] AH01102: error reading status line from remote server 172.22.1.47:80, referer: http://190.27.245.106/forest/buscar.do?type=documentos
[Mon Aug 03 09:23:07.533194 2015] [proxy_http:error] [pid 7968:tid 1604] (20014)Internal error: [client 201.245.192.253:32552] AH01102: error reading status line from remote server 172.22.1.47:80, referer: http://190.27.245.106/forest/buscar.do?type=documentos
[Mon Aug 03 09:23:13.757605 2015] [proxy_http:error] [pid 7968:tid 1124] (20014)Internal error: [client 201.245.192.253:32603] AH01102: error reading status line from remote server 172.22.1.47:80, referer: http://190.27.245.106/forest/buscar.do?type=procesos
[Mon Aug 03 09:23:19.451615 2015] [proxy_http:error] [pid 7968:tid 1684] (20014)Internal error: [client 201.245.192.253:20244] AH01102: error reading status line from remote server 172.22.1.47:80, referer: http://190.27.245.106/forest/skins/gdocs-jar/css/forms.css
[Mon Aug 03 09:23:19.716816 2015] [proxy_http:error] [pid 7968:tid 1684] (20014)Internal error: [client 201.245.192.253:32636] AH01102: error reading status line from remote server 172.22.1.47:80, referer: http://190.27.245.106/forest/system/process.jsp?numPro=2991728
[Mon Aug 03 09:23:19.716816 2015] [proxy:error] [pid 7968:tid 1684] [client 201.245.192.253:32636] AH00898: Error reading from remote server returned by /forest/css/index.css, referer: http://190.27.245.106/forest/system/process.jsp?numPro=2991728
[Mon Aug 03 09:23:19.732416 2015] [proxy_http:error] [pid 7968:tid 1124] (20014)Internal error: [client 201.245.192.253:32638] AH01102: error reading status line from remote server 172.22.1.47:80, referer: http://190.27.245.106/forest/system/process.jsp?numPro=2991728
[Mon Aug 03 09:23:19.732416 2015] [proxy:error] [pid 7968:tid 1124] [client 201.245.192.253:32638] AH00898: Error reading from remote server returned by /forest/skins/gdocs-jar/img/itemlist.gif, referer: http://190.27.245.106/forest/system/process.jsp?numPro=2991728
[Mon Aug 03 09:23:19.763616 2015] [proxy_http:error] [pid 7968:tid 1124] (20014)Internal error: [client 201.245.192.253:32638] AH01102: error reading status line from remote server 172.22.1.47:80, referer: http://190.27.245.106/forest/system/process.jsp?numPro=2991728
[Mon Aug 03 09:23:25.410826 2015] [proxy_http:error] [pid 7968:tid 1500] (20014)Internal error: [client 201.245.192.253:32644] AH01102: error reading status line from remote server 172.22.1.47:80, referer: http://190.27.245.106/forest/skins/gdocs-jar/popup/FileViewerTree.jsp?coddoc=2052710&ext=pdf&numpro=3069158&nombre=2015ER60337.pdf&codfile=-1&rootPath=/forest/
[Mon Aug 03 09:23:25.426426 2015] [proxy_http:error] [pid 7968:tid 1532] (20014)Internal error: [client 201.245.192.253:32673] AH01102: error reading status line from remote server 172.22.1.47:80, referer: http://190.27.245.106/forest/skins/gdocs-jar/popup/FileViewerTree.jsp?coddoc=2052710&ext=pdf&numpro=3069158&nombre=2015ER60337.pdf&codfile=-1&rootPath=/forest/
[Mon Aug 03 09:23:25.426426 2015] [proxy:error] [pid 7968:tid 1532] [client 201.245.192.253:32673] AH00898: Error reading from remote server returned by /forest/img/dtree/visor/pdf.png, referer: http://190.27.245.106/forest/skins/gdocs-jar/popup/FileViewerTree.jsp?coddoc=2052710&ext=pdf&numpro=3069158&nombre=2015ER60337.pdf&codfile=-1&rootPath=/forest/
[Mon Aug 03 09:23:36.627245 2015] [proxy_http:error] [pid 7968:tid 1748] (20014)Internal error: [client 201.245.192.253:40981] AH01102: error reading status line from remote server 172.22.1.47:80, referer: http://190.27.245.106/forest/usutareas.do?a=0.5789491417817771
[Mon Aug 03 09:25:47.745476 2015] [proxy_http:error] [pid 7968:tid 1188] (20014)Internal error: [client 190.9.202.198:30246] AH01102: error reading status line from remote server 172.22.1.47:80, referer: http://190.27.245.106/forest/buscar.do?type=documentos
[Mon Aug 03 09:25:47.932676 2015] [proxy_http:error] [pid 7968:tid 1604] (20014)Internal error: [client 190.9.202.198:30253] AH01102: error reading status line from remote server 172.22.1.47:80, referer: http://190.27.245.106/forest/buscar.do?
[Mon Aug 03 09:25:48.104276 2015] [proxy_http:error] [pid 7968:tid 1764] (20014)Internal error: [client 190.9.202.198:30258] AH01102: error reading status line from remote server 172.22.1.47:80, referer: http://190.27.245.106/forest/buscar.do?
[Mon Aug 03 09:25:53.579886 2015] [proxy_http:error] [pid 7968:tid 1604] (20014)Internal error: [client 190.9.202.198:30262] AH01102: error reading status line from remote server 172.22.1.47:80, referer: http://190.27.245.106/forest/usutareas.do?_a=0.4530961589445667&group_system_actual=3
[Mon Aug 03 09:25:53.579886 2015] [proxy:error] [pid 7968:tid 1604] [client 190.9.202.198:30262] AH00898: Error reading from remote server returned by /forest/skins/gdocs-jar/popup/popup.jsp, referer: http://190.27.245.106/forest/usutareas.do?_a=0.4530961589445667&group_system_actual=3
[Mon Aug 03 09:27:32.140859 2015] [proxy_http:error] [pid 7968:tid 1028] (20014)Internal error: [client 201.245.192.253:45121] AH01102: error reading status line from remote server 172.22.1.47:80, referer: http://190.27.245.106/forest/index2.jsp?a=0.12670501115018362
[Mon Aug 03 09:28:16.429337 2015] [proxy_http:error] [pid 7968:tid 1356] (20014)Internal error: [client 201.245.192.253:34805] AH01102: error reading status line from remote server 172.22.1.47:80, referer: http://190.27.245.106/forest/buscar.do?type=procesos
[Mon Aug 03 09:28:26.928155 2015] [proxy_http:error] [pid 7968:tid 1764] (OS 10054)An existing connection was forcibly closed by the remote host.  : [client 201.245.192.253:34899] AH01102: error reading status line from remote server 172.22.1.31:80, referer: http://190.27.245.106/isolucionsda/FrameSetGeneral.asp?Pagina=Menu.asp&IdModulo=4
[Mon Aug 03 09:28:26.928155 2015] [proxy:error] [pid 7968:tid 1764] [client 201.245.192.253:34899] AH00898: Error reading from remote server returned by /isolucionsda/Menu.asp, referer: http://190.27.245.106/isolucionsda/FrameSetGeneral.asp?Pagina=Menu.asp&IdModulo=4
[Mon Aug 03 09:28:28.176157 2015] [proxy_http:error] [pid 7968:tid 1764] (OS 10054)An existing connection was forcibly closed by the remote host.  : [client 201.245.192.253:34899] AH01102: error reading status line from remote server 172.22.1.31:80, referer: http://190.27.245.106/isolucionsda/FrameSetGeneral.asp?Pagina=Menu.asp&IdModulo=4
[Mon Aug 03 09:28:32.060564 2015] [proxy_http:error] [pid 7968:tid 1200] (20014)Internal error: [client 201.245.192.253:10170] AH01102: error reading status line from remote server 172.22.1.47:80, referer: http://190.27.245.106/forest/misactividades.do?group_system_actual=3&codPro=95&_a=0.7319989138125013
[Mon Aug 03 09:28:32.060564 2015] [proxy:error] [pid 7968:tid 1200] [client 201.245.192.253:10170] AH00898: Error reading from remote server returned by /forest/css/escritorio.css, referer: http://190.27.245.106/forest/misactividades.do?group_system_actual=3&codPro=95&_a=0.7319989138125013
[Mon Aug 03 09:28:46.350189 2015] [proxy_http:error] [pid 7968:tid 1268] (20014)Internal error: [client 201.245.192.253:22551] AH01102: error reading status line from remote server 172.22.1.47:80, referer: http://190.27.245.106/forest/buscar.do?type=procesos
[Mon Aug 03 09:28:46.350189 2015] [proxy:error] [pid 7968:tid 1268] [client 201.245.192.253:22551] AH00898: Error reading from remote server returned by /forest/js/dialog.js, referer: http://190.27.245.106/forest/buscar.do?type=procesos
[Mon Aug 03 09:28:48.222193 2015] [proxy_http:error] [pid 7968:tid 1180] (20014)Internal error: [client 201.245.192.253:22530] AH01102: error reading status line from remote server 172.22.1.47:80, referer: http://190.27.245.106/forest/buscar.do?type=procesos
[Mon Aug 03 09:30:28.764369 2015] [proxy_http:error] [pid 7968:tid 952] (20014)Internal error: [client 201.245.192.253:10956] AH01102: error reading status line from remote server 172.22.1.47:80, referer: http://190.27.245.106/forest/
[Mon Aug 03 09:30:30.667572 2015] [proxy_http:error] [pid 7968:tid 952] (20014)Internal error: [client 201.245.192.253:35347] AH01102: error reading status line from remote server 172.22.1.47:80, referer: http://190.27.245.106/forest/usutareas.do?group_system_actual=3&codAct=879&numPro=3151766&codPro=90&fecTra=2015-07-24%2015:18:10.099&codInst=3196438&codTraEsc=18744160
[Mon Aug 03 09:30:30.667572 2015] [proxy:error] [pid 7968:tid 952] [client 201.245.192.253:35347] AH00898: Error reading from remote server returned by /forest/usutareas.do, referer: http://190.27.245.106/forest/usutareas.do?group_system_actual=3&codAct=879&numPro=3151766&codPro=90&fecTra=2015-07-24%2015:18:10.099&codInst=3196438&codTraEsc=18744160
[Mon Aug 03 09:31:41.975298 2015] [proxy_http:error] [pid 7968:tid 1604] (20014)Internal error: [client 201.245.192.253:23872] AH01102: error reading status line from remote server 172.22.1.47:80, referer: http://190.27.245.106/forest/buscar.do?type=procesos
[Mon Aug 03 09:31:41.975298 2015] [proxy:error] [pid 7968:tid 1604] [client 201.245.192.253:23872] AH00898: Error reading from remote server returned by /forest/css/autocomplete.css, referer: http://190.27.245.106/forest/buscar.do?type=procesos
[Mon Aug 03 09:31:41.975298 2015] [proxy_http:error] [pid 7968:tid 1748] (20014)Internal error: [client 201.245.192.253:23874] AH01102: error reading status line from remote server 172.22.1.47:80, referer: http://190.27.245.106/forest/buscar.do?type=procesos
[Mon Aug 03 09:31:41.975298 2015] [proxy:error] [pid 7968:tid 1748] [client 201.245.192.253:23874] AH00898: Error reading from remote server returned by /forest/js/load_func.js, referer: http://190.27.245.106/forest/buscar.do?type=procesos
[Mon Aug 03 09:31:41.990898 2015] [proxy_http:error] [pid 7968:tid 1044] (20014)Internal error: [client 201.245.192.253:23871] AH01102: error reading status line from remote server 172.22.1.47:80, referer: http://190.27.245.106/forest/buscar.do?type=procesos
