!C99Shell v. 1.0 pre-release build #13!

Software: Apache. PHP/5.5.15 

uname -a: Windows NT SVR-DMZ 6.1 build 7600 (Windows Server 2008 R2 Enterprise Edition) i586 

SYSTEM 

Safe-mode: OFF (not secure)

E:\nuevo\apache\logs\   drwxrwxrwx
Free 9.41 GB of 239.26 GB (3.93%)
Detected drives: [ a ] [ c ] [ d ] [ e ] [ f ]
Home    Back    Forward    UPDIR    Refresh    Search    Buffer    Encoder    Tools    Proc.    FTP brute    Sec.    SQL    PHP-code    Update    Feedback    Self remove    Logout    


Viewing file:     error.2015.08.16.log (17.85 KB)      -rw-rw-rw-
Select action/file-type:
(+) | (+) | (+) | Code (+) | Session (+) | (+) | SDB (+) | (+) | (+) | (+) | (+) | (+) |
[Sun Aug 16 01:21:30.458711 2015] [mpm_winnt:warn] [pid 8392:tid 4344] (OS 64)The specified network name is no longer available.  : AH00341: winnt_accept: Asynchronous AcceptEx failed.
[Sun Aug 16 01:31:03.666118 2015] [mpm_winnt:warn] [pid 8392:tid 4344] (OS 64)The specified network name is no longer available.  : AH00341: winnt_accept: Asynchronous AcceptEx failed.
[Sun Aug 16 04:00:27.116261 2015] [mpm_winnt:warn] [pid 8392:tid 4344] (OS 64)The specified network name is no longer available.  : AH00341: winnt_accept: Asynchronous AcceptEx failed.
[Sun Aug 16 06:24:55.586487 2015] [:error] [pid 8392:tid 1672] [client 68.180.230.190:48534] script 'E:/nuevo/htdocs/BLA/boletinlegal/circulares/.php' not found or unable to stat
[Sun Aug 16 06:25:42.012168 2015] [:error] [pid 8392:tid 1624] [client 68.180.230.190:55267] script 'E:/nuevo/htdocs/BLA/boletinlegal/directivas/2015/015.php' not found or unable to stat
[Sun Aug 16 06:26:06.332611 2015] [:error] [pid 8392:tid 1624] [client 68.180.230.190:58913] script 'E:/nuevo/htdocs/BLA/boletinlegal/circulares/.php' not found or unable to stat
[Sun Aug 16 06:30:18.195053 2015] [:error] [pid 8392:tid 1248] [client 68.180.230.190:41038] script 'E:/nuevo/htdocs/BLA/boletinlegal/circulares/.php' not found or unable to stat
[Sun Aug 16 06:34:20.681879 2015] [:error] [pid 8392:tid 1672] [client 68.180.230.190:50375] script 'E:/nuevo/htdocs/BLA/boletinlegal/directivas/.php' not found or unable to stat
[Sun Aug 16 09:00:17.651060 2015] [core:error] [pid 8392:tid 1552] (20024)The given path is misformatted or contained invalid characters: [client 37.187.157.108:55325] AH00127: Cannot map HEAD /BLA/resoluciones/AUTOS%202009/0731.pdfhttp://190.27.245.106/BLA/resoluciones/RESOLUCIONES%202009/0759.pdf HTTP/1.1 to file
[Sun Aug 16 09:08:49.955960 2015] [proxy_http:error] [pid 8392:tid 1592] (OS 10054)An existing connection was forcibly closed by the remote host.  : [client 191.66.177.210:49674] AH01102: error reading status line from remote server 172.22.1.31:80, referer: http://190.27.245.106/isolucionsda/Encabezado.asp?Pagina=ListadoMaestroDocumentos3.asp
[Sun Aug 16 09:08:49.955960 2015] [proxy:error] [pid 8392:tid 1592] [client 191.66.177.210:49674] AH00898: Error reading from remote server returned by /isolucionsda/g/Bot_ProcesosOver_ESP.jpg, referer: http://190.27.245.106/isolucionsda/Encabezado.asp?Pagina=ListadoMaestroDocumentos3.asp
[Sun Aug 16 09:18:29.091377 2015] [proxy_http:error] [pid 8392:tid 1472] (OS 10054)An existing connection was forcibly closed by the remote host.  : [client 191.66.177.210:49688] AH01102: error reading status line from remote server 172.22.1.31:80, referer: http://190.27.245.106/isolucionsda/Encabezado.asp?Pagina=ListadoMaestroDocumentos3.asp
[Sun Aug 16 09:18:29.091377 2015] [proxy:error] [pid 8392:tid 1472] [client 191.66.177.210:49688] AH00898: Error reading from remote server returned by /isolucionsda/FrameSetGeneral.asp, referer: http://190.27.245.106/isolucionsda/Encabezado.asp?Pagina=ListadoMaestroDocumentos3.asp
[Sun Aug 16 11:50:15.641572 2015] [proxy_http:error] [pid 8392:tid 1248] (OS 10054)An existing connection was forcibly closed by the remote host.  : [client 186.84.185.129:50533] AH01102: error reading status line from remote server 172.22.1.31:80, referer: http://190.27.245.106/isolucionsda/Encabezado.asp?Pagina1=FrameSetGeneral.asp&&Pagina=MagazinHome.asp
[Sun Aug 16 11:50:15.641572 2015] [proxy:error] [pid 8392:tid 1248] [client 186.84.185.129:50533] AH00898: Error reading from remote server returned by /isolucionsda/FrameSetGeneral.asp, referer: http://190.27.245.106/isolucionsda/Encabezado.asp?Pagina1=FrameSetGeneral.asp&&Pagina=MagazinHome.asp
[Sun Aug 16 12:07:10.438955 2015] [proxy_http:error] [pid 8392:tid 1736] (OS 10054)An existing connection was forcibly closed by the remote host.  : [client 186.84.185.129:50760] AH01102: error reading status line from remote server 172.22.1.31:80, referer: http://190.27.245.106/isolucionsda/Encabezado.asp?Pagina=Administracion/CatalogoGlosario.asp
[Sun Aug 16 12:19:22.408840 2015] [proxy_http:error] [pid 8392:tid 1736] (OS 10054)An existing connection was forcibly closed by the remote host.  : [client 186.84.185.129:50858] AH01102: error reading status line from remote server 172.22.1.31:80, referer: http://190.27.245.106/isolucionsda/Administracion/SalaEdicion/Articulo.asp?Id_Articulo=8808&Ancla=ContenidoNormatividad
[Sun Aug 16 12:19:22.408840 2015] [proxy:error] [pid 8392:tid 1736] [client 186.84.185.129:50858] AH00898: Error reading from remote server returned by /isolucionsda/Administracion/SalaEdicion/g/GifTransparente.gif, referer: http://190.27.245.106/isolucionsda/Administracion/SalaEdicion/Articulo.asp?Id_Articulo=8808&Ancla=ContenidoNormatividad
[Sun Aug 16 12:20:41.407379 2015] [proxy_http:error] [pid 8392:tid 1816] (OS 10060)A connection attempt failed because the connected party did not properly respond after a period of time, or established connection failed because connected host has failed to respond.  : [client 186.84.185.129:50828] AH02609: read request body failed to 172.22.1.31:80 (172.22.1.31) from 186.84.185.129 (), referer: http://190.27.245.106/isolucionsda/Administracion/SalaEdicion/Articulo.asp?Id_Articulo=8808&Ancla=ContenidoNormatividad#ContenidoNormatividad
[Sun Aug 16 12:20:41.407379 2015] [proxy_http:error] [pid 8392:tid 1816] [client 186.84.185.129:50828] AH01097: pass request body failed to 172.22.1.31:80 (172.22.1.31) from 186.84.185.129 (), referer: http://190.27.245.106/isolucionsda/Administracion/SalaEdicion/Articulo.asp?Id_Articulo=8808&Ancla=ContenidoNormatividad#ContenidoNormatividad
[Sun Aug 16 12:36:45.379872 2015] [proxy_http:error] [pid 8392:tid 1480] (OS 10054)An existing connection was forcibly closed by the remote host.  : [client 186.84.185.129:50990] AH01102: error reading status line from remote server 172.22.1.31:80, referer: http://190.27.245.106/isolucionsda/Administracion/SalaEdicion/Articulo.asp
[Sun Aug 16 12:36:45.379872 2015] [proxy:error] [pid 8392:tid 1480] [client 186.84.185.129:50990] AH00898: Error reading from remote server returned by /isolucionsda/Administracion/Graficas/vacio1x1.gif, referer: http://190.27.245.106/isolucionsda/Administracion/SalaEdicion/Articulo.asp
[Sun Aug 16 12:42:33.510084 2015] [proxy_http:error] [pid 8392:tid 1624] (70008)Partial results are valid but processing is incomplete: [client 200.119.87.130:17219] AH01110: error reading response, referer: http://190.27.245.106/forest/usutareas.do?codTraEsc=18924564
[Sun Aug 16 12:53:37.525250 2015] [proxy_http:error] [pid 8392:tid 1504] (OS 10054)An existing connection was forcibly closed by the remote host.  : [client 186.84.185.129:51044] AH01102: error reading status line from remote server 172.22.1.31:80, referer: http://190.27.245.106/isolucionsda/Administracion/SalaEdicion/Articulo.asp
[Sun Aug 16 12:53:37.525250 2015] [proxy:error] [pid 8392:tid 1504] [client 186.84.185.129:51044] AH00898: Error reading from remote server returned by /isolucionsda/Administracion/Graficas/vacio1x1.gif, referer: http://190.27.245.106/isolucionsda/Administracion/SalaEdicion/Articulo.asp
[Sun Aug 16 13:49:13.389309 2015] [mpm_winnt:warn] [pid 8392:tid 4344] (OS 64)The specified network name is no longer available.  : AH00341: winnt_accept: Asynchronous AcceptEx failed.
[Sun Aug 16 14:19:48.561932 2015] [proxy_http:error] [pid 8392:tid 1472] (20014)Internal error: [client 201.245.192.253:57893] AH01102: error reading status line from remote server 172.22.1.47:80, referer: http://190.27.245.106/forest/buscar.do?type=procesos
[Sun Aug 16 14:36:47.774123 2015] [proxy_http:error] [pid 8392:tid 1472] (OS 10054)An existing connection was forcibly closed by the remote host.  : [client 191.66.177.210:49526] AH01102: error reading status line from remote server 172.22.1.31:80, referer: http://190.27.245.106/isolucionsda/FrameSetArticulo.asp?Pagina=/isolucionsda/bancoconocimiento/G/GuiadeadministraciondeindicadoresdelOAB__v2/GuiadeadministraciondeindicadoresdelOAB__v2.asp?IdArticulo=4066
[Sun Aug 16 14:36:47.774123 2015] [proxy:error] [pid 8392:tid 1472] [client 191.66.177.210:49526] AH00898: Error reading from remote server returned by /isolucionsda/bancoconocimiento/G/GuiadeadministraciondeindicadoresdelOAB__v2/GuiadeadministraciondeindicadoresdelOAB__v2.asp, referer: http://190.27.245.106/isolucionsda/FrameSetArticulo.asp?Pagina=/isolucionsda/bancoconocimiento/G/GuiadeadministraciondeindicadoresdelOAB__v2/GuiadeadministraciondeindicadoresdelOAB__v2.asp?IdArticulo=4066
[Sun Aug 16 14:59:55.318560 2015] [proxy_http:error] [pid 8392:tid 1472] (OS 10054)An existing connection was forcibly closed by the remote host.  : [client 190.26.9.140:10506] AH01102: error reading status line from remote server 172.22.1.31:80, referer: http://190.27.245.106/isolucionsda/FrameSetGeneral.asp?Pagina=BancoConocimiento/M/MECINuevo/MECINuevo.asp&IdModulo=16
[Sun Aug 16 14:59:55.318560 2015] [proxy:error] [pid 8392:tid 1472] [client 190.26.9.140:10506] AH00898: Error reading from remote server returned by /isolucionsda/BarraFavoritos.asp, referer: http://190.27.245.106/isolucionsda/FrameSetGeneral.asp?Pagina=BancoConocimiento/M/MECINuevo/MECINuevo.asp&IdModulo=16
[Sun Aug 16 15:16:16.561283 2015] [proxy_http:error] [pid 8392:tid 1672] (OS 10054)An existing connection was forcibly closed by the remote host.  : [client 191.66.177.210:49657] AH01102: error reading status line from remote server 172.22.1.31:80, referer: http://190.27.245.106/isolucionsda/FiltroAccionesPreventivas.asp?Pagina=FiltroAccionesPreventivas.asp&EsAbierta=1&ConMenu=NO&CodTipoAP=1
[Sun Aug 16 15:16:16.561283 2015] [proxy:error] [pid 8392:tid 1672] [client 191.66.177.210:49657] AH00898: Error reading from remote server returned by /isolucionsda/Jerarquia.asp, referer: http://190.27.245.106/isolucionsda/FiltroAccionesPreventivas.asp?Pagina=FiltroAccionesPreventivas.asp&EsAbierta=1&ConMenu=NO&CodTipoAP=1
[Sun Aug 16 15:29:30.587078 2015] [proxy_http:error] [pid 8392:tid 1472] (OS 10054)An existing connection was forcibly closed by the remote host.  : [client 191.66.177.210:49723] AH01102: error reading status line from remote server 172.22.1.31:80, referer: http://190.27.245.106/isolucionsda/FrameSetGeneral.asp?Pagina=Menu.asp&IdModulo=5
[Sun Aug 16 15:29:30.587078 2015] [proxy:error] [pid 8392:tid 1472] [client 191.66.177.210:49723] AH00898: Error reading from remote server returned by /isolucionsda/BarraFavoritos.asp, referer: http://190.27.245.106/isolucionsda/FrameSetGeneral.asp?Pagina=Menu.asp&IdModulo=5
[Sun Aug 16 15:41:54.911185 2015] [proxy_http:error] [pid 8392:tid 1672] (OS 10054)An existing connection was forcibly closed by the remote host.  : [client 191.66.177.210:49810] AH01102: error reading status line from remote server 172.22.1.31:80, referer: http://190.27.245.106/isolucionsda/modulomeci.asp?codmodulo=2
[Sun Aug 16 15:41:54.911185 2015] [proxy:error] [pid 8392:tid 1672] [client 191.66.177.210:49810] AH00898: Error reading from remote server returned by /isolucionsda/g/img_puntaiz.jpg, referer: http://190.27.245.106/isolucionsda/modulomeci.asp?codmodulo=2
[Sun Aug 16 15:52:16.369477 2015] [proxy_http:error] [pid 8392:tid 1328] (OS 10054)An existing connection was forcibly closed by the remote host.  : [client 191.66.177.210:49828] AH01102: error reading status line from remote server 172.22.1.31:80, referer: http://190.27.245.106/isolucionsda/bancoconocimiento/I/INFORMEENCUESTADEPERCEPCIONPIGA2014/informe%20encuesta%20de%20percepcion%20piga%2020140.pdf
[Sun Aug 16 15:53:52.871246 2015] [proxy_http:error] [pid 8392:tid 1592] (OS 10054)An existing connection was forcibly closed by the remote host.  : [client 191.66.177.210:49838] AH01102: error reading status line from remote server 172.22.1.31:80, referer: http://190.27.245.106/isolucionsda/FrameSetGeneral.asp?Pagina=ListadoMaestroDocumentos3.asp
[Sun Aug 16 16:07:48.487714 2015] [proxy_http:error] [pid 8392:tid 1560] (OS 10054)An existing connection was forcibly closed by the remote host.  : [client 181.48.60.202:50014] AH01102: error reading status line from remote server 172.22.1.31:80, referer: http://190.27.245.106/isolucionsda/FrameSetGeneral.asp?Pagina=ListadoMaestroDocumentos3.asp
[Sun Aug 16 16:07:48.487714 2015] [proxy:error] [pid 8392:tid 1560] [client 181.48.60.202:50014] AH00898: Error reading from remote server returned by /isolucionsda/BarraFavoritos.asp, referer: http://190.27.245.106/isolucionsda/FrameSetGeneral.asp?Pagina=ListadoMaestroDocumentos3.asp
[Sun Aug 16 16:22:03.322415 2015] [proxy_http:error] [pid 8392:tid 1280] (OS 10054)An existing connection was forcibly closed by the remote host.  : [client 191.66.177.210:49911] AH01102: error reading status line from remote server 172.22.1.31:80, referer: http://190.27.245.106/isolucionsda/AuditoriaFrameDer.asp?Anio=&codsucursal=&NombreAuditoria=&CodTipoAuditoria=
[Sun Aug 16 17:01:47.475603 2015] [:error] [pid 8392:tid 1248] [client 66.249.65.227:32993] script 'E:/nuevo/htdocs/BLA/boletinlegal/circulares/.php' not found or unable to stat
[Sun Aug 16 17:09:57.597264 2015] [proxy_http:error] [pid 8392:tid 1272] (20014)Internal error: [client 201.245.192.253:55134] AH01102: error reading status line from remote server 172.22.1.47:80, referer: http://190.27.245.106/forest/buscar.do?type=procesos
[Sun Aug 16 17:37:32.276570 2015] [proxy_http:error] [pid 8392:tid 1832] (OS 10054)An existing connection was forcibly closed by the remote host.  : [client 186.84.193.240:63952] AH01102: error reading status line from remote server 172.22.1.31:80, referer: http://190.27.245.106/isolucionsda/Encabezado.asp?Pagina1=FrameSetGeneral.asp&&Pagina=MagazinHome.asp
[Sun Aug 16 17:37:32.276570 2015] [proxy:error] [pid 8392:tid 1832] [client 186.84.193.240:63952] AH00898: Error reading from remote server returned by /isolucionsda/FrameSetGeneral.asp, referer: http://190.27.245.106/isolucionsda/Encabezado.asp?Pagina1=FrameSetGeneral.asp&&Pagina=MagazinHome.asp
[Sun Aug 16 17:37:51.714204 2015] [proxy_http:error] [pid 8392:tid 1736] (OS 10054)An existing connection was forcibly closed by the remote host.  : [client 186.84.193.240:63955] AH01102: error reading status line from remote server 172.22.1.31:80, referer: http://190.27.245.106/isolucionsda/FrameSetGeneral.asp?Pagina1=FrameSetGeneral.asp&
[Sun Aug 16 17:37:51.714204 2015] [proxy:error] [pid 8392:tid 1736] [client 186.84.193.240:63955] AH00898: Error reading from remote server returned by /isolucionsda/BarraTitulos.asp, referer: http://190.27.245.106/isolucionsda/FrameSetGeneral.asp?Pagina1=FrameSetGeneral.asp&
[Sun Aug 16 17:56:46.991598 2015] [proxy_http:error] [pid 8392:tid 1728] (OS 10054)An existing connection was forcibly closed by the remote host.  : [client 186.84.193.240:64072] AH01102: error reading status line from remote server 172.22.1.31:80, referer: http://190.27.245.106/isolucionsda/FrameSetGeneral.asp?Pagina=Menu.asp&IdModulo=4
[Sun Aug 16 17:56:46.991598 2015] [proxy:error] [pid 8392:tid 1728] [client 186.84.193.240:64072] AH00898: Error reading from remote server returned by /isolucionsda/BarraFavoritos.asp, referer: http://190.27.245.106/isolucionsda/FrameSetGeneral.asp?Pagina=Menu.asp&IdModulo=4
[Sun Aug 16 19:32:09.628650 2015] [proxy_http:error] [pid 8392:tid 1848] (OS 10054)An existing connection was forcibly closed by the remote host.  : [client 190.26.170.43:26910] AH01102: error reading status line from remote server 172.22.1.31:80, referer: http://190.27.245.106/isolucionsda/FrameSetGeneral.asp?Pagina1=FrameSetGeneral.asp&
[Sun Aug 16 19:32:09.628650 2015] [proxy:error] [pid 8392:tid 1848] [client 190.26.170.43:26910] AH00898: Error reading from remote server returned by /isolucionsda/BarraTitulos.asp, referer: http://190.27.245.106/isolucionsda/FrameSetGeneral.asp?Pagina1=FrameSetGeneral.asp&
[Sun Aug 16 19:32:09.644250 2015] [proxy_http:error] [pid 8392:tid 1480] (OS 10054)An existing connection was forcibly closed by the remote host.  : [client 190.26.170.43:26911] AH01102: error reading status line from remote server 172.22.1.31:80, referer: http://190.27.245.106/isolucionsda/FrameSetGeneral.asp?Pagina1=FrameSetGeneral.asp&
[Sun Aug 16 19:32:09.644250 2015] [proxy:error] [pid 8392:tid 1480] [client 190.26.170.43:26911] AH00898: Error reading from remote server returned by /isolucionsda/BarraFavoritos.asp, referer: http://190.27.245.106/isolucionsda/FrameSetGeneral.asp?Pagina1=FrameSetGeneral.asp&
[Sun Aug 16 19:38:54.216360 2015] [proxy_http:error] [pid 8392:tid 1680] (OS 10054)An existing connection was forcibly closed by the remote host.  : [client 190.26.170.43:27116] AH01102: error reading status line from remote server 172.22.1.31:80, referer: http://190.27.245.106/isolucionsda/bancoconocimiento/G/GESTIONAMBIENTALYDESARROLLORURAL_v6/GESTIONAMBIENTALYDESARROLLORURAL_v6.asp?IdArticulo=6829
[Sun Aug 16 19:38:54.216360 2015] [proxy:error] [pid 8392:tid 1680] [client 190.26.170.43:27116] AH00898: Error reading from remote server returned by /isolucionsda/bancoconocimiento/P/ProgramadeGestionAmbientalEmpresarial_v6/ProgramadeGestionAmbientalEmpresarial_v6.asp, referer: http://190.27.245.106/isolucionsda/bancoconocimiento/G/GESTIONAMBIENTALYDESARROLLORURAL_v6/GESTIONAMBIENTALYDESARROLLORURAL_v6.asp?IdArticulo=6829
[Sun Aug 16 19:42:29.949139 2015] [access_compat:error] [pid 8392:tid 1680] [client 148.0.134.141:4976] AH01797: client denied by server configuration: E:/nuevo/htdocs/phpMyAdmin
[Sun Aug 16 21:10:24.366203 2015] [proxy_http:error] [pid 8392:tid 1688] (OS 10054)An existing connection was forcibly closed by the remote host.  : [client 190.26.170.43:10271] AH01102: error reading status line from remote server 172.22.1.31:80, referer: http://190.27.245.106/isolucionsda/Encabezado.asp?Pagina=RiesgosDafp/RiesgoMapa.asp
[Sun Aug 16 21:23:59.108834 2015] [mpm_winnt:warn] [pid 8392:tid 4344] (OS 64)The specified network name is no longer available.  : AH00341: winnt_accept: Asynchronous AcceptEx failed.
[Sun Aug 16 23:32:33.138184 2015] [mpm_winnt:warn] [pid 8392:tid 4344] (OS 64)The specified network name is no longer available.  : AH00341: winnt_accept: Asynchronous AcceptEx failed.

:: Command execute ::

Enter:
 
Select:
 

:: Search ::
regexp 

:: Upload ::
 
[ ok ]

:: Make Dir ::
 
[ ok ]
:: Make File ::
 
[ ok ]

:: Go Dir ::
 
:: Go File ::
 

--[ c99shell v. 1.0 pre-release build #13 powered by Captain Crunch Security Team | http://ccteam.ru | Generation time: 0.0156 ]--