!C99Shell v. 1.0 pre-release build #13!

Software: Apache. PHP/5.5.15 

uname -a: Windows NT SVR-DMZ 6.1 build 7600 (Windows Server 2008 R2 Enterprise Edition) i586 

SYSTEM 

Safe-mode: OFF (not secure)

E:\nuevo\apache\logs\   drwxrwxrwx
Free 8.02 GB of 239.26 GB (3.35%)
Detected drives: [ a ] [ c ] [ d ] [ e ] [ f ]
Home    Back    Forward    UPDIR    Refresh    Search    Buffer    Encoder    Tools    Proc.    FTP brute    Sec.    SQL    PHP-code    Update    Feedback    Self remove    Logout    


Viewing file:     error.2015.08.18.log (374.43 KB)      -rw-rw-rw-
Select action/file-type:
(+) | (+) | (+) | Code (+) | Session (+) | (+) | SDB (+) | (+) | (+) | (+) | (+) | (+) |
[Tue Aug 18 00:38:52.501128 2015] [mpm_winnt:warn] [pid 8392:tid 4344] (OS 64)The specified network name is no longer available.  : AH00341: winnt_accept: Asynchronous AcceptEx failed.
[Tue Aug 18 04:11:03.640689 2015] [access_compat:error] [pid 8392:tid 1408] [client 104.238.179.193:49848] AH01797: client denied by server configuration: E:/nuevo/htdocs/phpMyAdmin
[Tue Aug 18 05:15:15.024254 2015] [proxy_http:error] [pid 8392:tid 1792] (OS 10054)An existing connection was forcibly closed by the remote host.  : [client 190.158.8.125:49606] AH01102: error reading status line from remote server 172.22.1.31:80, referer: http://190.27.245.106/isolucionsda/ActualizarActividad.aspx?number=21741,QQBDAFMA
[Tue Aug 18 05:15:15.024254 2015] [proxy:error] [pid 8392:tid 1792] [client 190.158.8.125:49606] AH00898: Error reading from remote server returned by /ISOlucionSDA/ajax/common.ashx, referer: http://190.27.245.106/isolucionsda/ActualizarActividad.aspx?number=21741,QQBDAFMA
[Tue Aug 18 05:16:29.997986 2015] [proxy_http:error] [pid 8392:tid 1792] (OS 10054)An existing connection was forcibly closed by the remote host.  : [client 190.158.8.125:49616] AH01102: error reading status line from remote server 172.22.1.31:80, referer: http://190.27.245.106/isolucionsda/FrameSetGeneral.asp?Pagina=Menu.asp&IdModulo=4
[Tue Aug 18 05:16:29.997986 2015] [proxy:error] [pid 8392:tid 1792] [client 190.158.8.125:49616] AH00898: Error reading from remote server returned by /isolucionsda/BarraTitulos.asp, referer: http://190.27.245.106/isolucionsda/FrameSetGeneral.asp?Pagina=Menu.asp&IdModulo=4
[Tue Aug 18 05:22:40.919837 2015] [proxy_http:error] [pid 8392:tid 1664] (OS 10054)An existing connection was forcibly closed by the remote host.  : [client 190.158.8.125:49643] AH01102: error reading status line from remote server 172.22.1.31:80, referer: http://190.27.245.106/isolucionsda/Encabezado.asp?Pagina=ListadoMaestroDocumentos3.asp
[Tue Aug 18 05:22:40.919837 2015] [proxy:error] [pid 8392:tid 1664] [client 190.158.8.125:49643] AH00898: Error reading from remote server returned by /isolucionsda/g/Bot_ProcesosOver_ESP.jpg, referer: http://190.27.245.106/isolucionsda/Encabezado.asp?Pagina=ListadoMaestroDocumentos3.asp
[Tue Aug 18 06:31:26.550883 2015] [mpm_winnt:warn] [pid 8392:tid 4344] (OS 64)The specified network name is no longer available.  : AH00341: winnt_accept: Asynchronous AcceptEx failed.
[Tue Aug 18 06:57:17.661608 2015] [proxy_http:error] [pid 8392:tid 1408] (OS 10054)An existing connection was forcibly closed by the remote host.  : [client 201.245.192.253:23013] AH01102: error reading status line from remote server 172.22.1.31:80, referer: http://190.27.245.106/isolucionsda/IdentificaUsuario.asp?Pagina1=FrameSetGeneral.asp&
[Tue Aug 18 06:57:17.661608 2015] [proxy:error] [pid 8392:tid 1408] [client 201.245.192.253:23013] AH00898: Error reading from remote server returned by /isolucionsda/g/Img_LogoIsoCabezote.jpg, referer: http://190.27.245.106/isolucionsda/IdentificaUsuario.asp?Pagina1=FrameSetGeneral.asp&
[Tue Aug 18 06:57:17.770808 2015] [proxy_http:error] [pid 8392:tid 1360] (OS 10054)An existing connection was forcibly closed by the remote host.  : [client 201.245.192.253:23014] AH01102: error reading status line from remote server 172.22.1.31:80, referer: http://190.27.245.106/isolucionsda/IdentificaUsuario.asp?Pagina1=FrameSetGeneral.asp&
[Tue Aug 18 06:57:17.770808 2015] [proxy:error] [pid 8392:tid 1360] [client 201.245.192.253:23014] AH00898: Error reading from remote server returned by /isolucionsda/g/Bgr_BarraSuperior.jpg, referer: http://190.27.245.106/isolucionsda/IdentificaUsuario.asp?Pagina1=FrameSetGeneral.asp&
[Tue Aug 18 07:14:20.057204 2015] [proxy_http:error] [pid 8392:tid 1648] (OS 10054)An existing connection was forcibly closed by the remote host.  : [client 201.245.192.253:24996] AH01102: error reading status line from remote server 172.22.1.31:80, referer: http://190.27.245.106/isolucionsda/Encabezado.asp?Pagina1=FrameSetGeneral.asp&&Pagina=MagazinHome.asp
[Tue Aug 18 07:41:31.664069 2015] [proxy_http:error] [pid 8392:tid 1736] (OS 10054)An existing connection was forcibly closed by the remote host.  : [client 201.245.192.253:30173] AH01102: error reading status line from remote server 172.22.1.31:80, referer: http://190.27.245.106/isolucionsda/Encabezado.asp?Pagina1=FrameSetGeneral.asp&&Pagina=MagazinHome.asp
[Tue Aug 18 07:41:31.664069 2015] [proxy:error] [pid 8392:tid 1736] [client 201.245.192.253:30173] AH00898: Error reading from remote server returned by /isolucionsda/g/Bot_Home.jpg, referer: http://190.27.245.106/isolucionsda/Encabezado.asp?Pagina1=FrameSetGeneral.asp&&Pagina=MagazinHome.asp
[Tue Aug 18 07:43:18.727057 2015] [proxy_http:error] [pid 8392:tid 1576] (20014)Internal error: [client 201.245.192.253:54024] AH01102: error reading status line from remote server 172.22.1.47:80, referer: http://190.27.245.106/forest/buscar.do?type=procesos
[Tue Aug 18 07:57:58.320002 2015] [proxy_http:error] [pid 8392:tid 1504] (70008)Partial results are valid but processing is incomplete: [client 190.9.203.29:3751] AH01110: error reading response, referer: http://190.27.245.106/forest/frameset?
[Tue Aug 18 08:02:09.059243 2015] [proxy_http:error] [pid 8392:tid 1664] (20014)Internal error: [client 201.245.192.253:36613] AH01102: error reading status line from remote server 192.168.175.30:80, referer: http://190.27.245.106/catalogoisis/index.php
[Tue Aug 18 08:47:51.715660 2015] [proxy_http:error] [pid 8392:tid 1560] (20014)Internal error: [client 201.245.192.253:49785] AH01102: error reading status line from remote server 172.22.1.47:80, referer: http://190.27.245.106/forest/buscar.do?type=procesos
[Tue Aug 18 08:58:53.688223 2015] [proxy_http:error] [pid 8392:tid 1632] (20014)Internal error: [client 201.245.192.253:19639] AH01102: error reading status line from remote server 172.22.1.47:80, referer: http://190.27.245.106/forest/usutareas.do?_a=0.954513420118019&group_system_actual=3
[Tue Aug 18 08:58:53.688223 2015] [proxy_http:error] [pid 8392:tid 1416] (20014)Internal error: [client 201.245.192.253:19635] AH01102: error reading status line from remote server 172.22.1.47:80, referer: http://190.27.245.106/forest/usutareas.do?_a=0.954513420118019&group_system_actual=3
[Tue Aug 18 09:23:46.610845 2015] [proxy_http:error] [pid 8392:tid 1384] (20014)Internal error: [client 201.245.192.253:40410] AH01102: error reading status line from remote server 172.22.1.47:80, referer: http://190.27.245.106/forest/
[Tue Aug 18 09:24:22.771709 2015] [proxy_http:error] [pid 8392:tid 1280] (20014)Internal error: [client 201.245.192.253:41075] AH01102: error reading status line from remote server 172.22.1.47:80, referer: http://190.27.245.106/forest/index2.jsp?_a=0.42459464702501726
[Tue Aug 18 09:24:22.787309 2015] [proxy_http:error] [pid 8392:tid 1312] (20014)Internal error: [client 201.245.192.253:41076] AH01102: error reading status line from remote server 172.22.1.47:80, referer: http://190.27.245.106/forest/index2.jsp?_a=0.42459464702501726
[Tue Aug 18 09:25:13.783798 2015] [proxy_http:error] [pid 8392:tid 1496] (20014)Internal error: [client 201.245.192.253:42310] AH01102: error reading status line from remote server 172.22.1.47:80, referer: http://190.27.245.106/forest/usutareas.do?group_system_actual=3&codTraEsc=18852514&_a=0.6435508810487783
[Tue Aug 18 09:25:21.895812 2015] [proxy_http:error] [pid 8392:tid 1400] (20014)Internal error: [client 201.245.192.253:42186] AH01102: error reading status line from remote server 172.22.1.47:80, referer: http://190.27.245.106/forest/misactividades.do?group_system_actual=3&codPro=95&todas=1
[Tue Aug 18 09:25:35.436636 2015] [proxy_http:error] [pid 8392:tid 1584] (20014)Internal error: [client 201.245.192.253:42772] AH01102: error reading status line from remote server 172.22.1.47:80, referer: http://190.27.245.106/forest/buscar.do?type=documentos
[Tue Aug 18 09:28:58.283792 2015] [proxy_http:error] [pid 8392:tid 1400] (20014)Internal error: [client 201.245.192.253:46950] AH01102: error reading status line from remote server 172.22.1.47:80, referer: http://190.27.245.106/forest/usutareas.do?_a=0.43073774314740776&group_system_actual=3
[Tue Aug 18 09:46:20.943824 2015] [proxy_http:error] [pid 8392:tid 1408] (20014)Internal error: [client 190.84.185.167:62168] AH01102: error reading status line from remote server 172.22.1.47:80, referer: http://190.27.245.106/forest/index2.jsp?a=0.6523945331913191
[Tue Aug 18 09:48:32.233654 2015] [proxy_http:error] [pid 8392:tid 1360] (20014)Internal error: [client 201.245.192.253:47290] AH01102: error reading status line from remote server 172.22.1.47:80, referer: http://190.27.245.106/forest/buscar.do?type=procesos
[Tue Aug 18 09:49:19.564138 2015] [proxy_http:error] [pid 8392:tid 1824] (20014)Internal error: [client 201.245.192.253:57947] AH01102: error reading status line from remote server 172.22.1.47:80, referer: http://190.27.245.106/forest/reportes.do?menu=1&group_system_actual=5
[Tue Aug 18 09:49:19.564138 2015] [proxy:error] [pid 8392:tid 1824] [client 201.245.192.253:57947] AH00898: Error reading from remote server returned by /forest/buscar.do, referer: http://190.27.245.106/forest/reportes.do?menu=1&group_system_actual=5
[Tue Aug 18 09:49:22.996144 2015] [proxy_http:error] [pid 8392:tid 1608] (20014)Internal error: [client 201.245.192.253:35923] AH01102: error reading status line from remote server 172.22.1.47:80, referer: http://190.27.245.106/forest/buscar.do?type=procesos
[Tue Aug 18 09:49:23.198944 2015] [proxy_http:error] [pid 8392:tid 1408] (20014)Internal error: [client 201.245.192.253:35925] AH01102: error reading status line from remote server 172.22.1.47:80, referer: http://190.27.245.106/forest/buscar.do?type=procesos
[Tue Aug 18 09:50:20.419844 2015] [proxy_http:error] [pid 8392:tid 1560] (20014)Internal error: [client 190.9.203.29:3640] AH01102: error reading status line from remote server 172.22.1.47:80, referer: http://190.27.245.106/forest/frameset?
[Tue Aug 18 09:50:20.419844 2015] [proxy:error] [pid 8392:tid 1560] [client 190.9.203.29:3640] AH00898: Error reading from remote server returned by /forestReports/webcontent/birt/ajax/lib/head.js, referer: http://190.27.245.106/forest/frameset?
[Tue Aug 18 09:50:20.731845 2015] [proxy_http:error] [pid 8392:tid 1504] (20014)Internal error: [client 190.9.203.29:3725] AH01102: error reading status line from remote server 172.22.1.47:80, referer: http://190.27.245.106/forest/frameset?
[Tue Aug 18 09:50:20.763045 2015] [proxy_http:error] [pid 8392:tid 1624] (20014)Internal error: [client 190.9.203.29:3617] AH01102: error reading status line from remote server 172.22.1.47:80, referer: http://190.27.245.106/forest/frameset?
[Tue Aug 18 09:50:56.518308 2015] [proxy_http:error] [pid 8392:tid 1280] (20014)Internal error: [client 201.245.192.253:37784] AH01102: error reading status line from remote server 172.22.1.47:80, referer: http://190.27.245.106/forest/buscar.do?
[Tue Aug 18 09:50:59.373113 2015] [proxy_http:error] [pid 8392:tid 1784] (20014)Internal error: [client 201.245.192.253:59584] AH01102: error reading status line from remote server 172.22.1.47:80, referer: http://190.27.245.106/forest/buscar.do?type=procesos
[Tue Aug 18 09:51:41.149986 2015] [proxy_http:error] [pid 8392:tid 1488] (OS 10060)A connection attempt failed because the connected party did not properly respond after a period of time, or established connection failed because connected host has failed to respond.  : [client 190.157.172.223:62901] AH02609: read request body failed to 172.22.1.47:80 (172.22.1.47) from 190.157.172.223 (), referer: http://190.27.245.106/forest/usutareas.do?_a=0.32252960256300867&group_system_actual=3
[Tue Aug 18 09:51:41.149986 2015] [proxy_http:error] [pid 8392:tid 1488] [client 190.157.172.223:62901] AH01097: pass request body failed to 172.22.1.47:80 (172.22.1.47) from 190.157.172.223 (), referer: http://190.27.245.106/forest/usutareas.do?_a=0.32252960256300867&group_system_actual=3
[Tue Aug 18 09:52:20.306055 2015] [proxy_http:error] [pid 8392:tid 1696] (20014)Internal error: [client 201.245.192.253:39183] AH01102: error reading status line from remote server 172.22.1.47:80, referer: http://190.27.245.106/forest/misactividades.do?_a=0.9351148122195243&group_system_actual=3
[Tue Aug 18 09:54:17.821061 2015] [proxy_http:error] [pid 8392:tid 1488] (20014)Internal error: [client 190.84.185.167:62248] AH01102: error reading status line from remote server 172.22.1.47:80, referer: http://190.27.245.106/forest/buscar.do
[Tue Aug 18 09:54:17.821061 2015] [proxy:error] [pid 8392:tid 1488] [client 190.84.185.167:62248] AH00898: Error reading from remote server returned by /forest/1ibre/jscalendar/calendar-setup.js, referer: http://190.27.245.106/forest/buscar.do
[Tue Aug 18 09:54:18.944263 2015] [proxy_http:error] [pid 8392:tid 1304] (20014)Internal error: [client 190.84.185.167:62241] AH01102: error reading status line from remote server 172.22.1.47:80, referer: http://190.27.245.106/forest/buscar.do
[Tue Aug 18 09:54:19.833465 2015] [proxy_http:error] [pid 8392:tid 1616] (20014)Internal error: [client 190.84.185.167:62243] AH01102: error reading status line from remote server 172.22.1.47:80, referer: http://190.27.245.106/forest/buscar.do
[Tue Aug 18 09:54:19.833465 2015] [proxy_http:error] [pid 8392:tid 1488] (20014)Internal error: [client 190.84.185.167:62248] AH01102: error reading status line from remote server 172.22.1.47:80, referer: http://190.27.245.106/forest/buscar.do
[Tue Aug 18 09:54:49.910318 2015] [proxy_http:error] [pid 8392:tid 1408] (20014)Internal error: [client 201.245.192.253:42638] AH01102: error reading status line from remote server 172.22.1.47:80, referer: http://190.27.245.106/forest/index2.jsp?a=0.16555170441722666
[Tue Aug 18 09:55:09.800353 2015] [proxy_http:error] [pid 8392:tid 1416] (20014)Internal error: [client 201.245.192.253:42991] AH01102: error reading status line from remote server 172.22.1.47:80, referer: http://190.27.245.106/forest/index2.jsp?a=0.16555170441722666
[Tue Aug 18 09:55:10.252754 2015] [proxy_http:error] [pid 8392:tid 1416] (20014)Internal error: [client 201.245.192.253:43060] AH01102: error reading status line from remote server 172.22.1.47:80, referer: http://190.27.245.106/forest/system/borrador.jsp?codBorr=635995
[Tue Aug 18 09:55:13.918760 2015] [proxy_http:error] [pid 8392:tid 1784] (20014)Internal error: [client 201.245.192.253:43145] AH01102: error reading status line from remote server 172.22.1.47:80
[Tue Aug 18 09:55:13.918760 2015] [proxy:error] [pid 8392:tid 1784] [client 201.245.192.253:43145] AH00898: Error reading from remote server returned by /forest/reportes.do
[Tue Aug 18 09:55:21.328773 2015] [proxy_http:error] [pid 8392:tid 1848] (20014)Internal error: [client 201.245.192.253:43210] AH01102: error reading status line from remote server 172.22.1.47:80, referer: http://190.27.245.106/forest/buscar.do?type=procesos
[Tue Aug 18 09:55:21.391173 2015] [proxy_http:error] [pid 8392:tid 1784] (20014)Internal error: [client 201.245.192.253:43145] AH01102: error reading status line from remote server 172.22.1.47:80, referer: http://190.27.245.106/forest/buscar.do?type=procesos
[Tue Aug 18 09:55:22.670375 2015] [proxy_http:error] [pid 8392:tid 1600] (20014)Internal error: [client 190.84.185.167:62260] AH01102: error reading status line from remote server 172.22.1.47:80, referer: http://190.27.245.106/forest/index2.jsp?a=0.6523945331913191
[Tue Aug 18 09:55:22.795176 2015] [proxy_http:error] [pid 8392:tid 1296] (20014)Internal error: [client 190.84.185.167:62261] AH01102: error reading status line from remote server 172.22.1.47:80, referer: http://190.27.245.106/forest/index2.jsp?a=0.6523945331913191
[Tue Aug 18 09:55:26.960383 2015] [proxy_http:error] [pid 8392:tid 1648] (20014)Internal error: [client 201.245.192.253:43420] AH01102: error reading status line from remote server 172.22.1.47:80, referer: http://190.27.245.106/forest/buscar.do?
[Tue Aug 18 09:55:37.287601 2015] [proxy_http:error] [pid 8392:tid 1304] (20014)Internal error: [client 201.245.192.253:43664] AH01102: error reading status line from remote server 172.22.1.47:80, referer: http://190.27.245.106/forest/buscar.do?type=procesos
[Tue Aug 18 09:55:37.287601 2015] [proxy:error] [pid 8392:tid 1304] [client 201.245.192.253:43664] AH00898: Error reading from remote server returned by /forest/buscar.do, referer: http://190.27.245.106/forest/buscar.do?type=procesos
[Tue Aug 18 09:55:42.451210 2015] [proxy_http:error] [pid 8392:tid 1632] (20014)Internal error: [client 201.245.192.253:51912] AH01102: error reading status line from remote server 172.22.1.47:80, referer: http://190.27.245.106/forest/buscar.do?type=procesos
[Tue Aug 18 09:56:20.749277 2015] [proxy_http:error] [pid 8392:tid 1808] (20014)Internal error: [client 201.245.192.253:44631] AH01102: error reading status line from remote server 172.22.1.47:80, referer: http://190.27.245.106/forest/buscar.do?type=procesos
[Tue Aug 18 09:56:20.749277 2015] [proxy:error] [pid 8392:tid 1808] [client 201.245.192.253:44631] AH00898: Error reading from remote server returned by /forest/js/dialog.js, referer: http://190.27.245.106/forest/buscar.do?type=procesos
[Tue Aug 18 09:56:20.749277 2015] [proxy_http:error] [pid 8392:tid 1448] (20014)Internal error: [client 201.245.192.253:44633] AH01102: error reading status line from remote server 172.22.1.47:80, referer: http://190.27.245.106/forest/buscar.do?type=procesos
[Tue Aug 18 09:56:20.749277 2015] [proxy:error] [pid 8392:tid 1448] [client 201.245.192.253:44633] AH00898: Error reading from remote server returned by /forest/js/sarissa.js, referer: http://190.27.245.106/forest/buscar.do?type=procesos
[Tue Aug 18 09:56:20.780477 2015] [proxy_http:error] [pid 8392:tid 1248] (20014)Internal error: [client 201.245.192.253:44627] AH01102: error reading status line from remote server 172.22.1.47:80, referer: http://190.27.245.106/forest/buscar.do?type=procesos
[Tue Aug 18 09:56:20.796077 2015] [proxy_http:error] [pid 8392:tid 1320] (20014)Internal error: [client 201.245.192.253:44629] AH01102: error reading status line from remote server 172.22.1.47:80, referer: http://190.27.245.106/forest/buscar.do?type=procesos
[Tue Aug 18 09:56:20.842877 2015] [proxy_http:error] [pid 8392:tid 1504] (20014)Internal error: [client 201.245.192.253:44556] AH01102: error reading status line from remote server 172.22.1.47:80, referer: http://190.27.245.106/forest/buscar.do?type=procesos
[Tue Aug 18 09:56:20.905278 2015] [proxy_http:error] [pid 8392:tid 1448] (20014)Internal error: [client 201.245.192.253:44633] AH01102: error reading status line from remote server 172.22.1.47:80, referer: http://190.27.245.106/forest/buscar.do?type=procesos
[Tue Aug 18 09:56:20.967678 2015] [proxy_http:error] [pid 8392:tid 1320] (20014)Internal error: [client 201.245.192.253:44642] AH01102: error reading status line from remote server 172.22.1.47:80, referer: http://190.27.245.106/forest/buscar.do?type=procesos
[Tue Aug 18 09:56:20.967678 2015] [proxy:error] [pid 8392:tid 1320] [client 201.245.192.253:44642] AH00898: Error reading from remote server returned by /forest/js/sarissa.js, referer: http://190.27.245.106/forest/buscar.do?type=procesos
[Tue Aug 18 09:56:23.853683 2015] [proxy_http:error] [pid 8392:tid 1536] (20014)Internal error: [client 190.84.185.167:62270] AH01102: error reading status line from remote server 172.22.1.47:80, referer: http://190.27.245.106/forest/index2.jsp?a=0.6523945331913191
[Tue Aug 18 09:56:23.853683 2015] [proxy:error] [pid 8392:tid 1536] [client 190.84.185.167:62270] AH00898: Error reading from remote server returned by /forest/session.jsp, referer: http://190.27.245.106/forest/index2.jsp?a=0.6523945331913191
[Tue Aug 18 09:56:23.853683 2015] [negotiation:error] [pid 8392:tid 1536] [client 190.84.185.167:62270] AH00690: no acceptable variant: E:/nuevo/apache/error/HTTP_BAD_GATEWAY.html.var, referer: http://190.27.245.106/forest/index2.jsp?a=0.6523945331913191
[Tue Aug 18 09:57:25.317791 2015] [proxy_http:error] [pid 8392:tid 1664] (20014)Internal error: [client 201.245.192.253:45869] AH01102: error reading status line from remote server 172.22.1.47:80
[Tue Aug 18 09:57:48.249831 2015] [proxy_http:error] [pid 8392:tid 1280] (20014)Internal error: [client 201.245.192.253:46258] AH01102: error reading status line from remote server 172.22.1.47:80, referer: http://190.27.245.106/forest/index2.jsp?a=0.09461806794964378
[Tue Aug 18 09:57:50.246635 2015] [proxy_http:error] [pid 8392:tid 1536] (20014)Internal error: [client 190.84.185.167:62283] AH01102: error reading status line from remote server 172.22.1.47:80, referer: http://190.27.245.106/forest/buscar.do
[Tue Aug 18 09:57:50.246635 2015] [proxy:error] [pid 8392:tid 1536] [client 190.84.185.167:62283] AH00898: Error reading from remote server returned by /forest/css/autocomplete.css, referer: http://190.27.245.106/forest/buscar.do
[Tue Aug 18 09:57:50.324635 2015] [proxy_http:error] [pid 8392:tid 1464] (20014)Internal error: [client 190.84.185.167:62282] AH01102: error reading status line from remote server 172.22.1.47:80, referer: http://190.27.245.106/forest/buscar.do
[Tue Aug 18 09:59:15.656785 2015] [proxy_http:error] [pid 8392:tid 1368] (20014)Internal error: [client 201.245.192.253:29077] AH01102: error reading status line from remote server 172.22.1.47:80, referer: http://190.27.245.106/forest/index2.jsp?_a=0.5648370891655529
[Tue Aug 18 09:59:23.799999 2015] [proxy_http:error] [pid 8392:tid 1336] (20014)Internal error: [client 201.245.192.253:29076] AH01102: error reading status line from remote server 172.22.1.47:80, referer: http://190.27.245.106/forest/index2.jsp?_a=0.9795634190927107
[Tue Aug 18 09:59:25.578402 2015] [proxy_http:error] [pid 8392:tid 1296] (20014)Internal error: [client 201.245.192.253:55476] AH01102: error reading status line from remote server 172.22.1.47:80, referer: http://190.27.245.106/forest/usutareas.do?_a=0.48206937617450907&group_system_actual=3
[Tue Aug 18 10:00:21.941301 2015] [proxy_http:error] [pid 8392:tid 1584] (20014)Internal error: [client 201.245.192.253:56553] AH01102: error reading status line from remote server 172.22.1.47:80, referer: http://190.27.245.106/forest/misactividades.do?_a=0.26459982846051966&group_system_actual=3
[Tue Aug 18 10:01:15.558595 2015] [proxy_http:error] [pid 8392:tid 1520] (20014)Internal error: [client 201.245.192.253:57514] AH01102: error reading status line from remote server 172.22.1.47:80, referer: http://190.27.245.106/forest/buscar.do?type=procesos
[Tue Aug 18 10:01:15.558595 2015] [proxy:error] [pid 8392:tid 1520] [client 201.245.192.253:57514] AH00898: Error reading from remote server returned by /forest/js/dialog.js, referer: http://190.27.245.106/forest/buscar.do?type=procesos
[Tue Aug 18 10:01:15.574195 2015] [proxy_http:error] [pid 8392:tid 1312] (20014)Internal error: [client 201.245.192.253:57512] AH01102: error reading status line from remote server 172.22.1.47:80, referer: http://190.27.245.106/forest/buscar.do?type=procesos
[Tue Aug 18 10:01:34.777829 2015] [proxy_http:error] [pid 8392:tid 1360] (20014)Internal error: [client 201.245.192.253:57784] AH01102: error reading status line from remote server 172.22.1.47:80, referer: http://190.27.245.106/forest/buscar.do?type=documentos
[Tue Aug 18 10:01:34.777829 2015] [proxy:error] [pid 8392:tid 1360] [client 201.245.192.253:57784] AH00898: Error reading from remote server returned by /forest/skins/gdocs-jar/css/tree.css, referer: http://190.27.245.106/forest/buscar.do?type=documentos
[Tue Aug 18 10:01:34.777829 2015] [proxy_http:error] [pid 8392:tid 1816] (20014)Internal error: [client 201.245.192.253:57783] AH01102: error reading status line from remote server 172.22.1.47:80, referer: http://190.27.245.106/forest/buscar.do?type=documentos
[Tue Aug 18 10:01:38.100635 2015] [proxy_http:error] [pid 8392:tid 1848] (20014)Internal error: [client 201.245.192.253:57785] AH01102: error reading status line from remote server 172.22.1.47:80, referer: http://190.27.245.106/forest/buscar.do?type=procesos
[Tue Aug 18 10:01:38.116235 2015] [proxy_http:error] [pid 8392:tid 1784] (20014)Internal error: [client 201.245.192.253:57786] AH01102: error reading status line from remote server 172.22.1.47:80, referer: http://190.27.245.106/forest/buscar.do?type=procesos
[Tue Aug 18 10:01:42.718243 2015] [proxy_http:error] [pid 8392:tid 1312] (20014)Internal error: [client 201.245.192.253:38117] AH01102: error reading status line from remote server 172.22.1.47:80, referer: http://190.27.245.106/forest/buscar.do
[Tue Aug 18 10:03:43.680855 2015] [proxy_http:error] [pid 8392:tid 1576] (20014)Internal error: [client 201.245.192.253:40495] AH01102: error reading status line from remote server 172.22.1.47:80, referer: http://190.27.245.106/forest/usutareas.do?group_system_actual=3&codAct=1476&numPro=3050754&codPro=134&fecTra=2015-08-17%2014:28:52.0&codInst=3090582&codTraEsc=18938852
[Tue Aug 18 10:03:43.680855 2015] [proxy:error] [pid 8392:tid 1576] [client 201.245.192.253:40495] AH00898: Error reading from remote server returned by /forest/session.jsp, referer: http://190.27.245.106/forest/usutareas.do?group_system_actual=3&codAct=1476&numPro=3050754&codPro=134&fecTra=2015-08-17%2014:28:52.0&codInst=3090582&codTraEsc=18938852
[Tue Aug 18 10:03:43.680855 2015] [negotiation:error] [pid 8392:tid 1576] [client 201.245.192.253:40495] AH00690: no acceptable variant: E:/nuevo/apache/error/HTTP_BAD_GATEWAY.html.var, referer: http://190.27.245.106/forest/usutareas.do?group_system_actual=3&codAct=1476&numPro=3050754&codPro=134&fecTra=2015-08-17%2014:28:52.0&codInst=3090582&codTraEsc=18938852
[Tue Aug 18 10:03:48.548064 2015] [proxy_http:error] [pid 8392:tid 1520] (20014)Internal error: [client 201.245.192.253:31133] AH01102: error reading status line from remote server 172.22.1.47:80, referer: http://190.27.245.106/forest/index2.jsp?_a=0.8810461872172616
[Tue Aug 18 10:03:48.548064 2015] [proxy:error] [pid 8392:tid 1520] [client 201.245.192.253:31133] AH00898: Error reading from remote server returned by /forest/skins/gdocs-jar/js/xml_utilities.js, referer: http://190.27.245.106/forest/index2.jsp?_a=0.8810461872172616
[Tue Aug 18 10:04:12.416106 2015] [proxy_http:error] [pid 8392:tid 1824] (20014)Internal error: [client 201.245.192.253:31314] AH01102: error reading status line from remote server 172.22.1.47:80, referer: http://190.27.245.106/forest/frameset?
[Tue Aug 18 10:04:23.102125 2015] [proxy_http:error] [pid 8392:tid 1360] (20014)Internal error: [client 201.245.192.253:41102] AH01102: error reading status line from remote server 172.22.1.47:80, referer: http://190.27.245.106/forest/buscar.do?type=procesos
[Tue Aug 18 10:04:23.117725 2015] [proxy_http:error] [pid 8392:tid 1384] (20014)Internal error: [client 201.245.192.253:41104] AH01102: error reading status line from remote server 172.22.1.47:80, referer: http://190.27.245.106/forest/buscar.do?type=procesos
[Tue Aug 18 10:04:48.732970 2015] [proxy_http:error] [pid 8392:tid 1712] (20014)Internal error: [client 201.245.192.253:49611] AH01102: error reading status line from remote server 172.22.1.47:80, referer: http://190.27.245.106/forest/buscar.do?type=procesos
[Tue Aug 18 10:04:48.732970 2015] [proxy:error] [pid 8392:tid 1712] [client 201.245.192.253:49611] AH00898: Error reading from remote server returned by /forest/js/dialog.js, referer: http://190.27.245.106/forest/buscar.do?type=procesos
[Tue Aug 18 10:05:19.636624 2015] [proxy_http:error] [pid 8392:tid 1840] (20014)Internal error: [client 201.245.192.253:42199] AH01102: error reading status line from remote server 172.22.1.47:80, referer: http://190.27.245.106/forest/usutareas.do?group_system_actual=3&a=0.5780291063056385
[Tue Aug 18 10:05:29.667441 2015] [proxy_http:error] [pid 8392:tid 1640] (20014)Internal error: [client 201.245.192.253:42508] AH01102: error reading status line from remote server 172.22.1.47:80, referer: http://190.27.245.106/forest/misactividades.do?_a=0.35119931247175007&group_system_actual=3
[Tue Aug 18 10:05:29.667441 2015] [proxy_http:error] [pid 8392:tid 1784] (20014)Internal error: [client 201.245.192.253:42506] AH01102: error reading status line from remote server 172.22.1.47:80, referer: http://190.27.245.106/forest/misactividades.do?_a=0.35119931247175007&group_system_actual=3
[Tue Aug 18 10:06:05.422704 2015] [proxy_http:error] [pid 8392:tid 1464] (20014)Internal error: [client 201.245.192.253:50801] AH01102: error reading status line from remote server 172.22.1.47:80, referer: http://190.27.245.106/forest/usutareas.do?_a=0.8413246711915178&group_system_actual=3
[Tue Aug 18 10:06:52.175986 2015] [proxy_http:error] [pid 8392:tid 1856] (20014)Internal error: [client 201.245.192.253:51699] AH01102: error reading status line from remote server 172.22.1.47:80, referer: http://190.27.245.106/forest/frameset?
[Tue Aug 18 10:06:52.175986 2015] [proxy:error] [pid 8392:tid 1856] [client 201.245.192.253:51699] AH00898: Error reading from remote server returned by /forestReports/webcontent/birt/images/LastPage.gif, referer: http://190.27.245.106/forest/frameset?
[Tue Aug 18 10:07:37.696866 2015] [:error] [pid 8392:tid 1304] [client 77.222.112.88:49601] script 'E:/nuevo/htdocs/wp-login.php' not found or unable to stat
[Tue Aug 18 10:07:38.211667 2015] [:error] [pid 8392:tid 1304] [client 77.222.112.88:49601] script 'E:/nuevo/htdocs/admin.php' not found or unable to stat
[Tue Aug 18 10:07:45.808881 2015] [proxy_http:error] [pid 8392:tid 1304] (20014)Internal error: [client 201.245.192.253:52877] AH01102: error reading status line from remote server 172.22.1.47:80, referer: http://190.27.245.106/forest/buscar.do?type=procesos
[Tue Aug 18 10:08:48.942191 2015] [proxy_http:error] [pid 8392:tid 1696] (20014)Internal error: [client 201.245.192.253:46332] AH01102: error reading status line from remote server 172.22.1.47:80, referer: http://190.27.245.106/forest/index2.jsp?_a=0.7633224896923895
[Tue Aug 18 10:09:11.609031 2015] [proxy_http:error] [pid 8392:tid 1576] (20014)Internal error: [client 201.245.192.253:46810] AH01102: error reading status line from remote server 172.22.1.47:80, referer: http://190.27.245.106/forest/buscar.do
[Tue Aug 18 10:09:16.819440 2015] [proxy_http:error] [pid 8392:tid 1576] (20014)Internal error: [client 201.245.192.253:46941] AH01102: error reading status line from remote server 172.22.1.47:80, referer: http://190.27.245.106/forest/buscar.do
[Tue Aug 18 10:09:32.279068 2015] [proxy_http:error] [pid 8392:tid 1880] (20014)Internal error: [client 201.245.192.253:54359] AH01102: error reading status line from remote server 172.22.1.47:80, referer: http://190.27.245.106/forest/buscar.do?type=procesos
[Tue Aug 18 10:09:32.310268 2015] [proxy_http:error] [pid 8392:tid 1880] (20014)Internal error: [client 201.245.192.253:54364] AH01102: error reading status line from remote server 172.22.1.47:80, referer: http://190.27.245.106/forest/buscar.do?type=procesos
[Tue Aug 18 10:09:45.804291 2015] [proxy_http:error] [pid 8392:tid 1312] (20014)Internal error: [client 201.245.192.253:47299] AH01102: error reading status line from remote server 172.22.1.47:80, referer: http://190.27.245.106/forest/misactividades.do?group_system_actual=3&codPro=95&_a=0.5375092812327793
[Tue Aug 18 10:09:59.906716 2015] [proxy_http:error] [pid 8392:tid 1448] (20014)Internal error: [client 201.245.192.253:33667] AH01102: error reading status line from remote server 172.22.1.47:80
[Tue Aug 18 10:09:59.906716 2015] [proxy:error] [pid 8392:tid 1448] [client 201.245.192.253:33667] AH00898: Error reading from remote server returned by /forest/img/forestIcon.gif
[Tue Aug 18 10:10:22.214755 2015] [proxy_http:error] [pid 8392:tid 1240] (20014)Internal error: [client 201.245.192.253:33758] AH01102: error reading status line from remote server 172.22.1.47:80, referer: http://190.27.245.106/forest/usutareas.do?group_system_actual=3&a=0.9499139370720939
[Tue Aug 18 10:10:36.441980 2015] [proxy_http:error] [pid 8392:tid 1680] (20014)Internal error: [client 201.245.192.253:33845] AH01102: error reading status line from remote server 172.22.1.47:80, referer: http://190.27.245.106/forest/usutareas.do?group_system_actual=3&a=0.1902152572682293
[Tue Aug 18 10:10:36.457580 2015] [proxy_http:error] [pid 8392:tid 1576] (20014)Internal error: [client 201.245.192.253:33756] AH01102: error reading status line from remote server 172.22.1.47:80, referer: http://190.27.245.106/forest/usutareas.do?group_system_actual=3&a=0.1902152572682293
[Tue Aug 18 10:10:37.003581 2015] [mpm_winnt:warn] [pid 8392:tid 4344] (OS 64)The specified network name is no longer available.  : AH00341: winnt_accept: Asynchronous AcceptEx failed.
[Tue Aug 18 10:10:39.015985 2015] [proxy_http:error] [pid 8392:tid 1384] (20014)Internal error: [client 201.245.192.253:35836] AH01102: error reading status line from remote server 172.22.1.47:80, referer: http://190.27.245.106/forest/usutareas.do?group_system_actual=3&a=0.787101209623923
[Tue Aug 18 10:10:39.015985 2015] [proxy:error] [pid 8392:tid 1384] [client 201.245.192.253:35836] AH00898: Error reading from remote server returned by /forest/skins/gdocs-jar/css/menu.css, referer: http://190.27.245.106/forest/usutareas.do?group_system_actual=3&a=0.787101209623923
[Tue Aug 18 10:10:40.872388 2015] [proxy_http:error] [pid 8392:tid 1616] (20014)Internal error: [client 201.245.192.253:35838] AH01102: error reading status line from remote server 172.22.1.47:80, referer: http://190.27.245.106/forest/index2.jsp?_a=0.4555110015825179
[Tue Aug 18 10:10:43.961193 2015] [proxy_http:error] [pid 8392:tid 1640] (20014)Internal error: [client 201.245.192.253:35887] AH01102: error reading status line from remote server 172.22.1.47:80, referer: http://190.27.245.106/forest/reportes.do?menu=1&group_system_actual=5
[Tue Aug 18 10:11:05.021230 2015] [proxy_http:error] [pid 8392:tid 1576] (20014)Internal error: [client 201.245.192.253:36264] AH01102: error reading status line from remote server 172.22.1.47:80, referer: http://190.27.245.106/forest/usutareas.do?group_system_actual=3&a=0.09165732683309324
[Tue Aug 18 10:11:05.021230 2015] [proxy:error] [pid 8392:tid 1576] [client 201.245.192.253:36264] AH00898: Error reading from remote server returned by /forest/css/escritorio.css, referer: http://190.27.245.106/forest/usutareas.do?group_system_actual=3&a=0.09165732683309324
[Tue Aug 18 10:11:47.000904 2015] [proxy_http:error] [pid 8392:tid 1880] (20014)Internal error: [client 201.245.192.253:37018] AH01102: error reading status line from remote server 172.22.1.47:80, referer: http://190.27.245.106/forest/buscar.do
[Tue Aug 18 10:11:47.000904 2015] [proxy:error] [pid 8392:tid 1880] [client 201.245.192.253:37018] AH00898: Error reading from remote server returned by /forest/css/autocomplete.css, referer: http://190.27.245.106/forest/buscar.do
[Tue Aug 18 10:12:10.416545 2015] [proxy_http:error] [pid 8392:tid 1696] (20014)Internal error: [client 201.245.192.253:37458] AH01102: error reading status line from remote server 172.22.1.47:80, referer: http://190.27.245.106/forest/index2.jsp?_a=0.5942251600766173
[Tue Aug 18 10:12:39.089396 2015] [proxy_http:error] [pid 8392:tid 1656] (20014)Internal error: [client 201.245.192.253:38144] AH01102: error reading status line from remote server 172.22.1.47:80, referer: http://190.27.245.106/forest/index2.jsp?_a=0.7980622121916502
[Tue Aug 18 10:12:39.089396 2015] [proxy:error] [pid 8392:tid 1656] [client 201.245.192.253:38144] AH00898: Error reading from remote server returned by /forest/1ibre/jscalendar/calendar-win2k-1.css, referer: http://190.27.245.106/forest/index2.jsp?_a=0.7980622121916502
[Tue Aug 18 10:12:39.104996 2015] [proxy_http:error] [pid 8392:tid 1848] (20014)Internal error: [client 201.245.192.253:38142] AH01102: error reading status line from remote server 172.22.1.47:80, referer: http://190.27.245.106/forest/index2.jsp?_a=0.7980622121916502
[Tue Aug 18 10:12:39.510596 2015] [proxy_http:error] [pid 8392:tid 1688] (20014)Internal error: [client 201.245.192.253:57354] AH01102: error reading status line from remote server 172.22.1.47:80, referer: http://190.27.245.106/forest/
[Tue Aug 18 10:12:50.087415 2015] [proxy_http:error] [pid 8392:tid 1536] (20014)Internal error: [client 201.245.192.253:38451] AH01102: error reading status line from remote server 172.22.1.47:80, referer: http://190.27.245.106/forest/buscar.do
[Tue Aug 18 10:12:50.087415 2015] [proxy_http:error] [pid 8392:tid 1656] (20014)Internal error: [client 201.245.192.253:38449] AH01102: error reading status line from remote server 172.22.1.47:80, referer: http://190.27.245.106/forest/buscar.do
[Tue Aug 18 10:12:50.118615 2015] [proxy_http:error] [pid 8392:tid 1424] (20014)Internal error: [client 201.245.192.253:38448] AH01102: error reading status line from remote server 172.22.1.47:80, referer: http://190.27.245.106/forest/buscar.do
[Tue Aug 18 10:12:50.118615 2015] [proxy_http:error] [pid 8392:tid 1504] (20014)Internal error: [client 201.245.192.253:38412] AH01102: error reading status line from remote server 172.22.1.47:80, referer: http://190.27.245.106/forest/buscar.do
[Tue Aug 18 10:12:50.149815 2015] [proxy_http:error] [pid 8392:tid 1664] (20014)Internal error: [client 201.245.192.253:38452] AH01102: error reading status line from remote server 172.22.1.47:80, referer: http://190.27.245.106/forest/buscar.do
[Tue Aug 18 10:12:51.257417 2015] [proxy_http:error] [pid 8392:tid 1584] (20014)Internal error: [client 201.245.192.253:38489] AH01102: error reading status line from remote server 172.22.1.47:80, referer: http://190.27.245.106/forest/usutareas.do?group_system_actual=3&a=0.19352788597282267
[Tue Aug 18 10:12:51.257417 2015] [proxy:error] [pid 8392:tid 1584] [client 201.245.192.253:38489] AH00898: Error reading from remote server returned by /forest/buscar.do, referer: http://190.27.245.106/forest/usutareas.do?group_system_actual=3&a=0.19352788597282267
[Tue Aug 18 10:12:53.269821 2015] [proxy_http:error] [pid 8392:tid 1504] (20014)Internal error: [client 201.245.192.253:38455] AH01102: error reading status line from remote server 172.22.1.47:80, referer: http://190.27.245.106/forest/buscar.do
[Tue Aug 18 10:12:53.316621 2015] [proxy_http:error] [pid 8392:tid 1424] (20014)Internal error: [client 201.245.192.253:38454] AH01102: error reading status line from remote server 172.22.1.47:80, referer: http://190.27.245.106/forest/buscar.do
[Tue Aug 18 10:12:54.174622 2015] [proxy_http:error] [pid 8392:tid 1768] (20014)Internal error: [client 201.245.192.253:38426] AH01102: error reading status line from remote server 172.22.1.47:80, referer: http://190.27.245.106/forest/usutareas.do?group_system_actual=3&codTraEsc=18911977&_a=0.6812584272104361
[Tue Aug 18 10:12:54.299422 2015] [proxy_http:error] [pid 8392:tid 1768] (20014)Internal error: [client 201.245.192.253:38574] AH01102: error reading status line from remote server 172.22.1.47:80, referer: http://190.27.245.106/forest/usutareas.do?group_system_actual=3&codTraEsc=18911977&_a=0.6812584272104361
[Tue Aug 18 10:13:00.367833 2015] [proxy_http:error] [pid 8392:tid 1648] (20014)Internal error: [client 201.245.192.253:38720] AH01102: error reading status line from remote server 172.22.1.47:80, referer: http://190.27.245.106/forest/usutareas.do?group_system_actual=3&a=0.19352788597282267
[Tue Aug 18 10:13:00.367833 2015] [proxy:error] [pid 8392:tid 1648] [client 201.245.192.253:38720] AH00898: Error reading from remote server returned by /forest/skins/gdocs-jar/popup/popup.jsp, referer: http://190.27.245.106/forest/usutareas.do?group_system_actual=3&a=0.19352788597282267
[Tue Aug 18 10:13:04.392640 2015] [proxy_http:error] [pid 8392:tid 1824] (20014)Internal error: [client 201.245.192.253:38769] AH01102: error reading status line from remote server 172.22.1.47:80, referer: http://190.27.245.106/forest/buscar.do?type=procesos
[Tue Aug 18 10:13:04.392640 2015] [proxy:error] [pid 8392:tid 1824] [client 201.245.192.253:38769] AH00898: Error reading from remote server returned by /forest/js/sarissa.js, referer: http://190.27.245.106/forest/buscar.do?type=procesos
[Tue Aug 18 10:13:04.408240 2015] [proxy_http:error] [pid 8392:tid 1808] (20014)Internal error: [client 201.245.192.253:38765] AH01102: error reading status line from remote server 172.22.1.47:80, referer: http://190.27.245.106/forest/buscar.do?type=procesos
[Tue Aug 18 10:13:08.838648 2015] [proxy_http:error] [pid 8392:tid 1384] (20014)Internal error: [client 190.157.172.223:63044] AH01102: error reading status line from remote server 172.22.1.47:80, referer: http://190.27.245.106/forest/index2.jsp?a=0.7286931813510837
[Tue Aug 18 10:13:14.283058 2015] [proxy_http:error] [pid 8392:tid 1312] (20014)Internal error: [client 201.245.192.253:38940] AH01102: error reading status line from remote server 172.22.1.47:80, referer: http://190.27.245.106/forest/buscar.do
[Tue Aug 18 10:13:15.546660 2015] [proxy_http:error] [pid 8392:tid 1760] (20014)Internal error: [client 201.245.192.253:38983] AH01102: error reading status line from remote server 172.22.1.47:80, referer: http://190.27.245.106/forest/usutareas.do?group_system_actual=3&codAct=918&numPro=2116408&codPro=95&fecTra=2011-06-21%2011:46:03.979&codInst=2116862&codTraEsc=8010968
[Tue Aug 18 10:14:05.653948 2015] [proxy_http:error] [pid 8392:tid 1640] (20014)Internal error: [client 201.245.192.253:59315] AH01102: error reading status line from remote server 172.22.1.47:80, referer: http://190.27.245.106/forest/reportes.do?menu=1&group_system_actual=5
[Tue Aug 18 10:14:05.653948 2015] [proxy:error] [pid 8392:tid 1640] [client 201.245.192.253:59315] AH00898: Error reading from remote server returned by /forest/buscar.do, referer: http://190.27.245.106/forest/reportes.do?menu=1&group_system_actual=5
[Tue Aug 18 10:14:09.226354 2015] [proxy_http:error] [pid 8392:tid 1720] (20014)Internal error: [client 201.245.192.253:59379] AH01102: error reading status line from remote server 172.22.1.47:80, referer: http://190.27.245.106/forest/buscar.do?type=procesos
[Tue Aug 18 10:14:09.241954 2015] [proxy_http:error] [pid 8392:tid 1696] (20014)Internal error: [client 201.245.192.253:59383] AH01102: error reading status line from remote server 172.22.1.47:80, referer: http://190.27.245.106/forest/buscar.do?type=procesos
[Tue Aug 18 10:14:58.148040 2015] [proxy_http:error] [pid 8392:tid 1688] (20014)Internal error: [client 201.245.192.253:40873] AH01102: error reading status line from remote server 172.22.1.47:80, referer: http://190.27.245.106/forest/usutareas.do?_a=0.7040129816159606&group_system_actual=3
[Tue Aug 18 10:14:58.148040 2015] [proxy:error] [pid 8392:tid 1688] [client 201.245.192.253:40873] AH00898: Error reading from remote server returned by /forest/css/escritorio.css, referer: http://190.27.245.106/forest/usutareas.do?_a=0.7040129816159606&group_system_actual=3
[Tue Aug 18 10:15:00.378844 2015] [proxy_http:error] [pid 8392:tid 1688] (20014)Internal error: [client 201.245.192.253:40873] AH01102: error reading status line from remote server 172.22.1.47:80, referer: http://190.27.245.106/forest/usutareas.do?_a=0.7040129816159606&group_system_actual=3
[Tue Aug 18 10:16:28.768599 2015] [proxy_http:error] [pid 8392:tid 1672] (20014)Internal error: [client 201.245.192.253:23500] AH01102: error reading status line from remote server 172.22.1.47:80, referer: http://190.27.245.106/forest/usutareas.do?group_system_actual=3&a=0.4427820497547008
[Tue Aug 18 10:16:32.606206 2015] [proxy_http:error] [pid 8392:tid 1432] (20014)Internal error: [client 200.119.33.179:11436] AH01102: error reading status line from remote server 172.22.1.47:80, referer: http://190.27.245.106/forest/system/process.jsp?numPro=2595171
[Tue Aug 18 10:18:27.828008 2015] [proxy_http:error] [pid 8392:tid 1768] (20014)Internal error: [client 201.245.192.253:24461] AH01102: error reading status line from remote server 172.22.1.47:80, referer: http://190.27.245.106/forest/buscar.do?type=procesos
[Tue Aug 18 10:18:27.828008 2015] [proxy:error] [pid 8392:tid 1768] [client 201.245.192.253:24461] AH00898: Error reading from remote server returned by /forest/buscar.do, referer: http://190.27.245.106/forest/buscar.do?type=procesos
[Tue Aug 18 10:18:35.097621 2015] [proxy_http:error] [pid 8392:tid 1360] (20014)Internal error: [client 201.245.192.253:44699] AH01102: error reading status line from remote server 172.22.1.47:80, referer: http://190.27.245.106/forest/
[Tue Aug 18 10:18:35.097621 2015] [proxy:error] [pid 8392:tid 1360] [client 201.245.192.253:44699] AH00898: Error reading from remote server returned by /forest/css/escritorio.css, referer: http://190.27.245.106/forest/
[Tue Aug 18 10:18:35.113221 2015] [proxy_http:error] [pid 8392:tid 1504] (20014)Internal error: [client 201.245.192.253:44696] AH01102: error reading status line from remote server 172.22.1.47:80, referer: http://190.27.245.106/forest/
[Tue Aug 18 10:18:35.331621 2015] [proxy_http:error] [pid 8392:tid 1496] (20014)Internal error: [client 201.245.192.253:44698] AH01102: error reading status line from remote server 172.22.1.47:80, referer: http://190.27.245.106/forest/
[Tue Aug 18 10:18:35.971223 2015] [proxy_http:error] [pid 8392:tid 1280] (20014)Internal error: [client 201.245.192.253:24549] AH01102: error reading status line from remote server 172.22.1.47:80, referer: http://190.27.245.106/forest/buscar.do?type=procesos
[Tue Aug 18 10:18:35.971223 2015] [proxy:error] [pid 8392:tid 1280] [client 201.245.192.253:24549] AH00898: Error reading from remote server returned by /forest/js/sarissa.js, referer: http://190.27.245.106/forest/buscar.do?type=procesos
[Tue Aug 18 10:18:36.018023 2015] [proxy_http:error] [pid 8392:tid 1848] (20014)Internal error: [client 201.245.192.253:24548] AH01102: error reading status line from remote server 172.22.1.47:80, referer: http://190.27.245.106/forest/buscar.do?type=procesos
[Tue Aug 18 10:18:36.018023 2015] [proxy_http:error] [pid 8392:tid 1720] (20014)Internal error: [client 201.245.192.253:24541] AH01102: error reading status line from remote server 172.22.1.47:80, referer: http://190.27.245.106/forest/buscar.do?type=procesos
[Tue Aug 18 10:18:36.454823 2015] [proxy_http:error] [pid 8392:tid 1280] (20014)Internal error: [client 201.245.192.253:24549] AH01102: error reading status line from remote server 172.22.1.47:80, referer: http://190.27.245.106/forest/buscar.do?type=procesos
[Tue Aug 18 10:18:45.393639 2015] [proxy_http:error] [pid 8392:tid 1672] (20014)Internal error: [client 201.245.192.253:44941] AH01102: error reading status line from remote server 172.22.1.47:80, referer: http://190.27.245.106/forest/index2.jsp?a=0.10886004407260774
[Tue Aug 18 10:19:30.103318 2015] [proxy_http:error] [pid 8392:tid 1280] (20014)Internal error: [client 201.245.192.253:52182] AH01102: error reading status line from remote server 172.22.1.47:80, referer: http://190.27.245.106/forest/buscar.do?type=procesos
[Tue Aug 18 10:19:36.390129 2015] [proxy_http:error] [pid 8392:tid 1824] (20014)Internal error: [client 201.245.192.253:45626] AH01102: error reading status line from remote server 172.22.1.47:80, referer: http://190.27.245.106/forest/buscar.do
[Tue Aug 18 10:19:36.421329 2015] [proxy_http:error] [pid 8392:tid 1696] (20014)Internal error: [client 201.245.192.253:45635] AH01102: error reading status line from remote server 172.22.1.47:80, referer: http://190.27.245.106/forest/buscar.do
[Tue Aug 18 10:19:36.421329 2015] [proxy_http:error] [pid 8392:tid 1312] (20014)Internal error: [client 201.245.192.253:45634] AH01102: error reading status line from remote server 172.22.1.47:80, referer: http://190.27.245.106/forest/buscar.do
[Tue Aug 18 10:20:10.257788 2015] [proxy_http:error] [pid 8392:tid 1792] (20014)Internal error: [client 201.245.192.253:46067] AH01102: error reading status line from remote server 172.22.1.47:80, referer: http://190.27.245.106/forest/usutareas.do?group_system_actual=3&codAct=2132&numPro=3171660&codPro=176&fecTra=2015-08-13%2006:54:45.0&codInst=3217316&codTraEsc=18909189
[Tue Aug 18 10:20:15.218597 2015] [proxy_http:error] [pid 8392:tid 1280] (20014)Internal error: [client 201.245.192.253:52975] AH01102: error reading status line from remote server 172.22.1.47:80, referer: http://190.27.245.106/forest/reportes.do?menu=1&group_system_actual=5
[Tue Aug 18 10:21:24.779119 2015] [proxy_http:error] [pid 8392:tid 1352] (20014)Internal error: [client 201.245.192.253:47223] AH01102: error reading status line from remote server 172.22.1.47:80, referer: http://190.27.245.106/forest/usutareas.do?group_system_actual=3&codAct=1477&numPro=3172291&codPro=134&fecTra=2015-08-15%2010:44:37.0&codInst=3217984&codTraEsc=18934614
[Tue Aug 18 10:21:24.841519 2015] [proxy_http:error] [pid 8392:tid 1504] (20014)Internal error: [client 201.245.192.253:47224] AH01102: error reading status line from remote server 172.22.1.47:80, referer: http://190.27.245.106/forest/usutareas.do?group_system_actual=3&codAct=1477&numPro=3172291&codPro=134&fecTra=2015-08-15%2010:44:37.0&codInst=3217984&codTraEsc=18934614
