[Thu Aug 20 16:29:42.454442 2015] [proxy_http:error] [pid 8392:tid 1736] (20014)Internal error: [client 201.245.192.253:35305] AH01102: error reading status line from remote server 172.22.1.47:80, referer: http://190.27.245.106/forest/usutareas.do?group_system_actual=3&a=0.6180971157762672
[Thu Aug 20 16:29:42.454442 2015] [proxy_http:error] [pid 8392:tid 1416] (20014)Internal error: [client 201.245.192.253:35165] AH01102: error reading status line from remote server 172.22.1.47:80, referer: http://190.27.245.106/forest/usutareas.do?group_system_actual=3&a=0.6180971157762672
[Thu Aug 20 16:29:42.548042 2015] [proxy_http:error] [pid 8392:tid 1680] (20014)Internal error: [client 201.245.192.253:35308] AH01102: error reading status line from remote server 172.22.1.47:80, referer: http://190.27.245.106/forest/usutareas.do?group_system_actual=3&a=0.6180971157762672
[Thu Aug 20 16:29:56.198066 2015] [proxy_http:error] [pid 8392:tid 1536] (20014)Internal error: [client 201.245.192.253:35554] AH01102: error reading status line from remote server 172.22.1.47:80, referer: http://190.27.245.106/forest/usutareas.do?group_system_actual=3&codTraEsc=18977556&_a=0.6334120260445129
[Thu Aug 20 16:30:11.252093 2015] [proxy_http:error] [pid 8392:tid 1216] (20014)Internal error: [client 201.245.192.253:35847] AH01102: error reading status line from remote server 172.22.1.47:80, referer: http://190.27.245.106/forest/usutareas.do?group_system_actual=3&codAct=1505&numPro=3192281&codPro=136&fecTra=2015-08-19%2015:13:37.281&codInst=3239020&codTraEsc=18961515
[Thu Aug 20 16:30:11.252093 2015] [proxy:error] [pid 8392:tid 1216] [client 201.245.192.253:35847] AH00898: Error reading from remote server returned by /forest/css/escritorio.css, referer: http://190.27.245.106/forest/usutareas.do?group_system_actual=3&codAct=1505&numPro=3192281&codPro=136&fecTra=2015-08-19%2015:13:37.281&codInst=3239020&codTraEsc=18961515
[Thu Aug 20 16:30:11.548493 2015] [proxy_http:error] [pid 8392:tid 1096] (20014)Internal error: [client 190.84.185.167:63167] AH01102: error reading status line from remote server 172.22.1.47:80, referer: http://190.27.245.106/forest/usutareas.do?codTraEsc=18674819&_a=0.44012398435896327
[Thu Aug 20 16:30:16.415702 2015] [proxy_http:error] [pid 8392:tid 1728] (20014)Internal error: [client 201.245.192.253:35806] AH01102: error reading status line from remote server 172.22.1.47:80, referer: http://190.27.245.106/forest/misactividades.do?group_system_actual=3&todas=1&codPro=0&_a=0.9156372210778994
[Thu Aug 20 16:30:16.868102 2015] [proxy_http:error] [pid 8392:tid 1384] (20014)Internal error: [client 201.245.192.253:35835] AH01102: error reading status line from remote server 172.22.1.47:80
[Thu Aug 20 16:30:17.632504 2015] [proxy_http:error] [pid 8392:tid 1080] (20014)Internal error: [client 201.245.192.253:35836] AH01102: error reading status line from remote server 172.22.1.47:80, referer: http://190.27.245.106/forest/misactividades.do?group_system_actual=3&todas=1&codPro=0&_a=0.9156372210778994
[Thu Aug 20 16:30:39.566142 2015] [proxy_http:error] [pid 8392:tid 1824] (20014)Internal error: [client 201.245.192.253:36416] AH01102: error reading status line from remote server 172.22.1.47:80, referer: http://190.27.245.106/forest/system/document.jsp?codDoc=2144478
[Thu Aug 20 16:30:41.718946 2015] [proxy_http:error] [pid 8392:tid 1368] (20014)Internal error: [client 201.245.192.253:13823] AH01102: error reading status line from remote server 172.22.1.47:80, referer: http://190.27.245.106/forest/usutareas.do?group_system_actual=3&codTraEsc=18888507&_a=0.14194064752159208
[Thu Aug 20 16:30:41.718946 2015] [proxy:error] [pid 8392:tid 1368] [client 201.245.192.253:13823] AH00898: Error reading from remote server returned by /forest/css/escritorio.css, referer: http://190.27.245.106/forest/usutareas.do?group_system_actual=3&codTraEsc=18888507&_a=0.14194064752159208
[Thu Aug 20 16:30:42.530147 2015] [proxy_http:error] [pid 8392:tid 1216] (20014)Internal error: [client 201.245.192.253:27080] AH01102: error reading status line from remote server 172.22.1.47:80, referer: http://190.27.245.106/forest/
[Thu Aug 20 16:31:32.434635 2015] [proxy_http:error] [pid 8392:tid 1840] (20014)Internal error: [client 201.245.192.253:37573] AH01102: error reading status line from remote server 172.22.1.47:80
[Thu Aug 20 16:32:13.103907 2015] [proxy_http:error] [pid 8392:tid 952] (20014)Internal error: [client 201.245.192.253:38354] AH01102: error reading status line from remote server 172.22.1.47:80, referer: http://190.27.245.106/forest/usutareas.do?_a=0.6674094221068135&group_system_actual=3
[Thu Aug 20 16:32:22.526323 2015] [proxy_http:error] [pid 8392:tid 1712] (20014)Internal error: [client 201.245.192.253:27998] AH01102: error reading status line from remote server 172.22.1.47:80, referer: http://190.27.245.106/forest/usutareas.do?group_system_actual=3&codAct=1479&numPro=2913920&codPro=134&fecTra=2015-08-04%2015:17:30.507&codInst=2945742&codTraEsc=18848376
[Thu Aug 20 16:32:22.526323 2015] [proxy:error] [pid 8392:tid 1712] [client 201.245.192.253:27998] AH00898: Error reading from remote server returned by /forest/actions/forms.getList, referer: http://190.27.245.106/forest/usutareas.do?group_system_actual=3&codAct=1479&numPro=2913920&codPro=134&fecTra=2015-08-04%2015:17:30.507&codInst=2945742&codTraEsc=18848376
[Thu Aug 20 16:32:22.526323 2015] [negotiation:error] [pid 8392:tid 1712] [client 201.245.192.253:27998] AH00690: no acceptable variant: E:/nuevo/apache/error/HTTP_BAD_GATEWAY.html.var, referer: http://190.27.245.106/forest/usutareas.do?group_system_actual=3&codAct=1479&numPro=2913920&codPro=134&fecTra=2015-08-04%2015:17:30.507&codInst=2945742&codTraEsc=18848376
[Thu Aug 20 16:32:53.071177 2015] [proxy_http:error] [pid 8392:tid 1328] (20014)Internal error: [client 186.31.37.44:10652] AH01102: error reading status line from remote server 172.22.1.47:80, referer: http://190.27.245.106/forest/reportes.do?group_system_actual=5&menu=1&tab=3
[Thu Aug 20 16:32:53.086777 2015] [proxy:error] [pid 8392:tid 1328] [client 186.31.37.44:10652] AH00898: Error reading from remote server returned by /forest/skins/gdocs-jar/popup/popup.jsp, referer: http://190.27.245.106/forest/reportes.do?group_system_actual=5&menu=1&tab=3
[Thu Aug 20 16:34:03.411700 2015] [proxy_http:error] [pid 8392:tid 1600] (20014)Internal error: [client 201.245.192.253:40808] AH01102: error reading status line from remote server 172.22.1.47:80, referer: http://190.27.245.106/forest/usutareas.do?_a=0.05993152110087463&group_system_actual=3
[Thu Aug 20 16:34:34.190554 2015] [proxy_http:error] [pid 8392:tid 1600] (20014)Internal error: [client 201.245.192.253:15453] AH01102: error reading status line from remote server 172.22.1.47:80, referer: http://190.27.245.106/forest/index2.jsp?newInterface=1&tab=1
[Thu Aug 20 16:34:34.190554 2015] [proxy:error] [pid 8392:tid 1600] [client 201.245.192.253:15453] AH00898: Error reading from remote server returned by /forest/img/panel/right/reports.gif, referer: http://190.27.245.106/forest/index2.jsp?newInterface=1&tab=1
[Thu Aug 20 16:34:59.010198 2015] [proxy_http:error] [pid 8392:tid 1328] (20014)Internal error: [client 201.245.192.253:15579] AH01102: error reading status line from remote server 172.22.1.47:80, referer: http://190.27.245.106/forest/usutareas.do?codTraEsc=18076256
[Thu Aug 20 16:35:37.278065 2015] [proxy_http:error] [pid 8392:tid 1136] (20014)Internal error: [client 201.245.192.253:15870] AH01102: error reading status line from remote server 172.22.1.47:80, referer: http://190.27.245.106/forest/usutareas.do?codTraEsc=18076256
[Thu Aug 20 16:35:37.278065 2015] [proxy:error] [pid 8392:tid 1136] [client 201.245.192.253:15870] AH00898: Error reading from remote server returned by /forest/usutareas.do, referer: http://190.27.245.106/forest/usutareas.do?codTraEsc=18076256
[Thu Aug 20 16:36:19.117339 2015] [proxy_http:error] [pid 8392:tid 1152] (20014)Internal error: [client 201.245.192.253:16160] AH01102: error reading status line from remote server 172.22.1.47:80, referer: http://190.27.245.106/forest/buscar.do?
[Thu Aug 20 16:37:34.293871 2015] [proxy_http:error] [pid 8392:tid 1016] (20014)Internal error: [client 201.245.192.253:44418] AH01102: error reading status line from remote server 172.22.1.47:80, referer: http://190.27.245.106/forest/usutareas.do?_a=0.47932375636305924&group_system_actual=3
[Thu Aug 20 16:37:59.831116 2015] [proxy_http:error] [pid 8392:tid 1520] (20014)Internal error: [client 201.245.192.253:50428] AH01102: error reading status line from remote server 172.22.1.47:80, referer: http://190.27.245.106/forest/usutareas.do?_a=0.26614394747806547&group_system_actual=3
[Thu Aug 20 16:37:59.831116 2015] [proxy:error] [pid 8392:tid 1520] [client 201.245.192.253:50428] AH00898: Error reading from remote server returned by /forest/css/escritorio.css, referer: http://190.27.245.106/forest/usutareas.do?_a=0.26614394747806547&group_system_actual=3
[Thu Aug 20 16:37:59.831116 2015] [proxy_http:error] [pid 8392:tid 1080] (20014)Internal error: [client 201.245.192.253:50425] AH01102: error reading status line from remote server 172.22.1.47:80, referer: http://190.27.245.106/forest/usutareas.do?_a=0.26614394747806547&group_system_actual=3
[Thu Aug 20 16:38:22.700756 2015] [proxy_http:error] [pid 8392:tid 1232] (20014)Internal error: [client 201.245.192.253:50642] AH01102: error reading status line from remote server 172.22.1.47:80, referer: http://190.27.245.106/forest/misactividades.do?_a=0.4323372776630311&group_system_actual=3
[Thu Aug 20 16:38:48.721601 2015] [proxy_http:error] [pid 8392:tid 1608] (20014)Internal error: [client 201.245.192.253:30777] AH01102: error reading status line from remote server 172.22.1.47:80, referer: http://190.27.245.106/forest/index2.jsp?_a=0.18790412209786989
[Thu Aug 20 16:39:00.952023 2015] [proxy_http:error] [pid 8392:tid 1648] (20014)Internal error: [client 201.245.192.253:51214] AH01102: error reading status line from remote server 172.22.1.47:80, referer: http://190.27.245.106/forest/usutareas.do?group_system_actual=3&codAct=1477&numPro=3163870&codPro=134&fecTra=2015-08-20%2014:23:14.246&codInst=3209156&codTraEsc=18974256
[Thu Aug 20 16:39:29.531273 2015] [proxy_http:error] [pid 8392:tid 1064] (20014)Internal error: [client 201.245.192.253:46166] AH01102: error reading status line from remote server 172.22.1.47:80, referer: http://190.27.245.106/forest/buscar.do?type=procesos
[Thu Aug 20 16:39:39.047290 2015] [proxy_http:error] [pid 8392:tid 1056] (20014)Internal error: [client 201.245.192.253:46297] AH01102: error reading status line from remote server 172.22.1.47:80, referer: http://190.27.245.106/forest/usudocumentos.do?_a=0.10944642034534113&group_system_actual=3
[Thu Aug 20 16:40:04.568935 2015] [proxy_http:error] [pid 8392:tid 996] (20014)Internal error: [client 201.245.192.253:17341] AH01102: error reading status line from remote server 172.22.1.47:80, referer: http://190.27.245.106/forest/usutareas.do?_a=0.9048482342132629&group_system_actual=3
[Thu Aug 20 16:40:14.334552 2015] [proxy_http:error] [pid 8392:tid 952] (20014)Internal error: [client 201.245.192.253:52444] AH01102: error reading status line from remote server 172.22.1.47:80, referer: http://190.27.245.106/forest/suactividades.do?group_system_actual=3
[Thu Aug 20 16:40:48.529812 2015] [proxy_http:error] [pid 8392:tid 1728] (20014)Internal error: [client 201.245.192.253:31883] AH01102: error reading status line from remote server 172.22.1.47:80, referer: http://190.27.245.106/forest/system/process.jsp?numPro=2848313
[Thu Aug 20 16:40:48.545412 2015] [proxy_http:error] [pid 8392:tid 1512] (20014)Internal error: [client 201.245.192.253:31884] AH01102: error reading status line from remote server 172.22.1.47:80, referer: http://190.27.245.106/forest/system/process.jsp?numPro=2848313
[Thu Aug 20 16:41:18.435064 2015] [proxy_http:error] [pid 8392:tid 1252] (20014)Internal error: [client 186.31.37.44:10791] AH01102: error reading status line from remote server 172.22.1.47:80, referer: http://190.27.245.106/forest/reportes.do?group_system_actual=5&menu=1&tab=3
[Thu Aug 20 16:41:19.152666 2015] [proxy_http:error] [pid 8392:tid 1216] (20014)Internal error: [client 201.245.192.253:35228] AH01102: error reading status line from remote server 172.22.1.47:80, referer: http://190.27.245.106/forest/index2.jsp?_a=0.09840172692202032
[Thu Aug 20 16:41:19.152666 2015] [proxy:error] [pid 8392:tid 1216] [client 201.245.192.253:35228] AH00898: Error reading from remote server returned by /forest/session.jsp, referer: http://190.27.245.106/forest/index2.jsp?_a=0.09840172692202032
[Thu Aug 20 16:41:19.152666 2015] [negotiation:error] [pid 8392:tid 1216] [client 201.245.192.253:35228] AH00690: no acceptable variant: E:/nuevo/apache/error/HTTP_BAD_GATEWAY.html.var, referer: http://190.27.245.106/forest/index2.jsp?_a=0.09840172692202032
[Thu Aug 20 16:41:19.464666 2015] [proxy_http:error] [pid 8392:tid 1680] (20014)Internal error: [client 186.31.37.44:10792] AH01102: error reading status line from remote server 172.22.1.47:80, referer: http://190.27.245.106/forest/reportes.do?group_system_actual=5&menu=1&tab=3
[Thu Aug 20 16:41:26.734279 2015] [proxy_http:error] [pid 8392:tid 1512] (20014)Internal error: [client 201.245.192.253:32148] AH01102: error reading status line from remote server 172.22.1.47:80, referer: http://190.27.245.106/forest/index2.jsp?group_system_actual=3&a=0.4281073418653344
[Thu Aug 20 16:41:27.108680 2015] [proxy_http:error] [pid 8392:tid 1336] (20014)Internal error: [client 201.245.192.253:32163] AH01102: error reading status line from remote server 172.22.1.47:80, referer: http://190.27.245.106/forest/usutareas.do?group_system_actual=3&codTraEsc=18977748&_a=0.9793819636821448
[Thu Aug 20 16:41:27.108680 2015] [proxy:error] [pid 8392:tid 1336] [client 201.245.192.253:32163] AH00898: Error reading from remote server returned by /forest/1ibre/jscalendar/calendar-win2k-1.css, referer: http://190.27.245.106/forest/usutareas.do?group_system_actual=3&codTraEsc=18977748&_a=0.9793819636821448
[Thu Aug 20 16:41:27.108680 2015] [proxy_http:error] [pid 8392:tid 1216] (20014)Internal error: [client 201.245.192.253:32150] AH01102: error reading status line from remote server 172.22.1.47:80, referer: http://190.27.245.106/forest/usutareas.do?group_system_actual=3&codTraEsc=18977748&_a=0.9793819636821448
[Thu Aug 20 16:41:27.124280 2015] [proxy_http:error] [pid 8392:tid 996] (20014)Internal error: [client 201.245.192.253:32152] AH01102: error reading status line from remote server 172.22.1.47:80
[Thu Aug 20 16:41:52.099924 2015] [proxy_http:error] [pid 8392:tid 1216] (20014)Internal error: [client 201.245.192.253:35807] AH01102: error reading status line from remote server 172.22.1.47:80, referer: http://190.27.245.106/forest/usutareas.do?group_system_actual=3&a=0.4023072487051519
[Thu Aug 20 16:41:52.099924 2015] [proxy:error] [pid 8392:tid 1216] [client 201.245.192.253:35807] AH00898: Error reading from remote server returned by /forest/css/escritorio.css, referer: http://190.27.245.106/forest/usutareas.do?group_system_actual=3&a=0.4023072487051519
[Thu Aug 20 16:41:54.767528 2015] [proxy_http:error] [pid 8392:tid 1416] (20014)Internal error: [client 201.245.192.253:32382] AH01102: error reading status line from remote server 172.22.1.47:80, referer: http://190.27.245.106/forest/usutareas.do?group_system_actual=3&a=0.6338267517296209
[Thu Aug 20 16:41:54.767528 2015] [proxy:error] [pid 8392:tid 1416] [client 201.245.192.253:32382] AH00898: Error reading from remote server returned by /forest/css/index.css, referer: http://190.27.245.106/forest/usutareas.do?group_system_actual=3&a=0.6338267517296209
[Thu Aug 20 16:42:24.345180 2015] [proxy_http:error] [pid 8392:tid 1608] (20014)Internal error: [client 186.31.37.44:10829] AH01102: error reading status line from remote server 172.22.1.47:80, referer: http://190.27.245.106/forest/buscar.do?type=procesos
[Thu Aug 20 16:42:54.515633 2015] [proxy_http:error] [pid 8392:tid 1424] (20014)Internal error: [client 186.29.132.114:12372] AH01102: error reading status line from remote server 172.22.1.47:80, referer: http://190.27.245.106/forest/index2.jsp?_a=0.2888226472319475
[Thu Aug 20 16:43:12.954866 2015] [proxy_http:error] [pid 8392:tid 1488] (20014)Internal error: [client 201.245.192.253:37533] AH01102: error reading status line from remote server 172.22.1.47:80, referer: http://190.27.245.106/forest/usutareas.do?group_system_actual=3&codTraEsc=18972086&_a=0.3675507840429445
[Thu Aug 20 16:43:56.822143 2015] [proxy_http:error] [pid 8392:tid 1136] (20014)Internal error: [client 201.245.192.253:38298] AH01102: error reading status line from remote server 172.22.1.47:80, referer: http://190.27.245.106/forest/usutareas.do?_a=0.9877905845890687&group_system_actual=3
[Thu Aug 20 16:43:56.837743 2015] [proxy_http:error] [pid 8392:tid 1520] (20014)Internal error: [client 201.245.192.253:38296] AH01102: error reading status line from remote server 172.22.1.47:80, referer: http://190.27.245.106/forest/usutareas.do?_a=0.9877905845890687&group_system_actual=3
[Thu Aug 20 16:43:56.853343 2015] [proxy_http:error] [pid 8392:tid 964] (20014)Internal error: [client 201.245.192.253:38300] AH01102: error reading status line from remote server 172.22.1.47:80, referer: http://190.27.245.106/forest/usutareas.do?_a=0.9877905845890687&group_system_actual=3
[Thu Aug 20 16:43:56.868943 2015] [proxy_http:error] [pid 8392:tid 1080] (20014)Internal error: [client 201.245.192.253:38297] AH01102: error reading status line from remote server 172.22.1.47:80, referer: http://190.27.245.106/forest/usutareas.do?_a=0.9877905845890687&group_system_actual=3
[Thu Aug 20 16:44:41.204221 2015] [proxy_http:error] [pid 8392:tid 1216] (20014)Internal error: [client 201.245.192.253:57147] AH01102: error reading status line from remote server 172.22.1.47:80, referer: http://190.27.245.106/forest/buscar.do?type=procesos
[Thu Aug 20 16:44:41.219821 2015] [proxy_http:error] [pid 8392:tid 1416] (20014)Internal error: [client 201.245.192.253:57155] AH01102: error reading status line from remote server 172.22.1.47:80, referer: http://190.27.245.106/forest/buscar.do?type=procesos
[Thu Aug 20 16:44:49.222635 2015] [proxy_http:error] [pid 8392:tid 1360] (20014)Internal error: [client 201.245.192.253:57158] AH01102: error reading status line from remote server 172.22.1.47:80, referer: http://190.27.245.106/forest/usutareas.do?group_system_actual=3&a=0.3964838755836466
[Thu Aug 20 16:46:58.390862 2015] [proxy_http:error] [pid 8392:tid 1408] (20014)Internal error: [client 201.245.192.253:34933] AH01102: error reading status line from remote server 172.22.1.47:80, referer: http://190.27.245.106/forest/usutareas.do?group_system_actual=3&a=0.31828852432930976
[Thu Aug 20 16:47:02.306468 2015] [proxy_http:error] [pid 8392:tid 1408] (20014)Internal error: [client 201.245.192.253:34976] AH01102: error reading status line from remote server 172.22.1.47:80, referer: http://190.27.245.106/forest/usutareas.do?group_system_actual=3&a=0.31828852432930976
[Thu Aug 20 16:47:19.029698 2015] [proxy_http:error] [pid 8392:tid 1640] (20014)Internal error: [client 201.245.192.253:59787] AH01102: error reading status line from remote server 172.22.1.47:80, referer: http://190.27.245.106/forest/buscar.do?type=procesos
[Thu Aug 20 16:47:19.029698 2015] [proxy:error] [pid 8392:tid 1640] [client 201.245.192.253:59787] AH00898: Error reading from remote server returned by /forest/buscar.do, referer: http://190.27.245.106/forest/buscar.do?type=procesos
[Thu Aug 20 16:47:35.877727 2015] [proxy_http:error] [pid 8392:tid 1656] (20014)Internal error: [client 201.245.192.253:20323] AH01102: error reading status line from remote server 172.22.1.47:80, referer: http://190.27.245.106/forest/index2.jsp?_a=0.8127569482925057
[Thu Aug 20 16:47:35.877727 2015] [proxy:error] [pid 8392:tid 1656] [client 201.245.192.253:20323] AH00898: Error reading from remote server returned by /forest/skins/gdocs-jar/css/menu.css, referer: http://190.27.245.106/forest/index2.jsp?_a=0.8127569482925057
[Thu Aug 20 16:48:11.227389 2015] [proxy_http:error] [pid 8392:tid 924] (20014)Internal error: [client 190.84.185.167:63223] AH01102: error reading status line from remote server 172.22.1.47:80, referer: http://190.27.245.106/forest/usutareas.do?group_system_actual=3&a=0.3435218889919588
[Thu Aug 20 16:48:11.227389 2015] [proxy_http:error] [pid 8392:tid 1248] (20014)Internal error: [client 190.84.185.167:63225] AH01102: error reading status line from remote server 172.22.1.47:80, referer: http://190.27.245.106/forest/usutareas.do?group_system_actual=3&a=0.3435218889919588
[Thu Aug 20 16:48:21.882208 2015] [proxy_http:error] [pid 8392:tid 1488] (20014)Internal error: [client 201.245.192.253:42886] AH01102: error reading status line from remote server 172.22.1.47:80, referer: http://190.27.245.106/forest/usutareas.do?_a=0.4121584086515083&group_system_actual=3
[Thu Aug 20 16:48:22.599809 2015] [proxy_http:error] [pid 8392:tid 1728] (20014)Internal error: [client 201.245.192.253:42888] AH01102: error reading status line from remote server 172.22.1.47:80, referer: http://190.27.245.106/forest/usutareas.do?_a=0.4121584086515083&group_system_actual=3
[Thu Aug 20 16:50:02.237184 2015] [proxy_http:error] [pid 8392:tid 964] (20014)Internal error: [client 201.245.192.253:50013] AH01102: error reading status line from remote server 172.22.1.47:80, referer: http://190.27.245.106/forest/usutareas.do?group_system_actual=3&a=0.49943707653415204
[Thu Aug 20 16:50:02.502385 2015] [proxy_http:error] [pid 8392:tid 964] (20014)Internal error: [client 201.245.192.253:50042] AH01102: error reading status line from remote server 172.22.1.47:80, referer: http://190.27.245.106/forest/usutareas.do?group_system_actual=3&a=0.49943707653415204
[Thu Aug 20 16:50:06.823593 2015] [proxy_http:error] [pid 8392:tid 952] (20014)Internal error: [client 201.245.192.253:44600] AH01102: error reading status line from remote server 172.22.1.47:80, referer: http://190.27.245.106/forest/index2.jsp?_a=0.14566522655640235
[Thu Aug 20 16:50:10.333599 2015] [proxy_http:error] [pid 8392:tid 1680] (20014)Internal error: [client 201.245.192.253:44530] AH01102: error reading status line from remote server 172.22.1.47:80, referer: http://190.27.245.106/forest/misactividades.do?group_system_actual=3&codPro=136&_a=0.5456958990093643
[Thu Aug 20 16:50:10.349199 2015] [proxy_http:error] [pid 8392:tid 1528] (20014)Internal error: [client 201.245.192.253:44599] AH01102: error reading status line from remote server 172.22.1.47:80, referer: http://190.27.245.106/forest/misactividades.do?group_system_actual=3&codPro=136&_a=0.5456958990093643
[Thu Aug 20 16:50:18.320813 2015] [proxy_http:error] [pid 8392:tid 1248] (20014)Internal error: [client 201.245.192.253:50237] AH01102: error reading status line from remote server 172.22.1.47:80, referer: http://190.27.245.106/forest/usutareas.do?_a=0.5656260611882572&group_system_actual=3
[Thu Aug 20 16:50:18.320813 2015] [proxy_http:error] [pid 8392:tid 1504] (20014)Internal error: [client 201.245.192.253:50241] AH01102: error reading status line from remote server 172.22.1.47:80, referer: http://190.27.245.106/forest/usutareas.do?_a=0.5656260611882572&group_system_actual=3
[Thu Aug 20 16:50:18.352013 2015] [proxy_http:error] [pid 8392:tid 1504] (20014)Internal error: [client 201.245.192.253:50343] AH01102: error reading status line from remote server 172.22.1.47:80, referer: http://190.27.245.106/forest/usutareas.do?_a=0.5656260611882572&group_system_actual=3
[Thu Aug 20 16:50:18.352013 2015] [proxy:error] [pid 8392:tid 1504] [client 201.245.192.253:50343] AH00898: Error reading from remote server returned by /forest/skins/gdocs-jar/js/grid.js, referer: http://190.27.245.106/forest/usutareas.do?_a=0.5656260611882572&group_system_actual=3
[Thu Aug 20 16:50:28.679231 2015] [proxy_http:error] [pid 8392:tid 1728] (20014)Internal error: [client 201.245.192.253:21470] AH01102: error reading status line from remote server 172.22.1.47:80, referer: http://190.27.245.106/forest/buscar.do?type=procesos
[Thu Aug 20 16:50:28.710431 2015] [proxy_http:error] [pid 8392:tid 1728] (20014)Internal error: [client 201.245.192.253:21505] AH01102: error reading status line from remote server 172.22.1.47:80, referer: http://190.27.245.106/forest/buscar.do?type=procesos
[Thu Aug 20 16:50:34.295241 2015] [proxy_http:error] [pid 8392:tid 1488] (20014)Internal error: [client 201.245.192.253:45035] AH01102: error reading status line from remote server 172.22.1.47:80, referer: http://190.27.245.106/forest/usutareas.do?_a=0.9289577094051228&group_system_actual=3
[Thu Aug 20 16:50:34.310841 2015] [proxy_http:error] [pid 8392:tid 952] (20014)Internal error: [client 201.245.192.253:45036] AH01102: error reading status line from remote server 172.22.1.47:80, referer: http://190.27.245.106/forest/usutareas.do?_a=0.9289577094051228&group_system_actual=3
[Thu Aug 20 16:50:41.018853 2015] [proxy_http:error] [pid 8392:tid 1360] (20014)Internal error: [client 190.84.185.167:63248] AH01102: error reading status line from remote server 172.22.1.47:80, referer: http://190.27.245.106/forest/usutareas.do?group_system_actual=3&a=0.12001054981930503
[Thu Aug 20 16:51:00.456487 2015] [proxy_http:error] [pid 8392:tid 1336] (20014)Internal error: [client 201.245.192.253:45361] AH01102: error reading status line from remote server 172.22.1.47:80, referer: http://190.27.245.106/forest/usutareas.do?_a=0.9516084096326665&group_system_actual=3
[Thu Aug 20 16:51:29.784538 2015] [proxy_http:error] [pid 8392:tid 1536] (20014)Internal error: [client 201.245.192.253:21903] AH01102: error reading status line from remote server 172.22.1.47:80, referer: http://190.27.245.106/forest/misactividades.do?_a=0.30213475227355957&group_system_actual=3
[Thu Aug 20 16:51:49.159772 2015] [proxy_http:error] [pid 8392:tid 1728] (20014)Internal error: [client 201.245.192.253:45996] AH01102: error reading status line from remote server 172.22.1.47:80, referer: http://190.27.245.106/forest/usutareas.do?group_system_actual=3&a=0.8707096818383433
[Thu Aug 20 16:51:54.853782 2015] [proxy_http:error] [pid 8392:tid 1360] (20014)Internal error: [client 201.245.192.253:24814] AH01102: error reading status line from remote server 172.22.1.47:80, referer: http://190.27.245.106/forest/buscar.do?type=procesos
[Thu Aug 20 16:52:29.657443 2015] [proxy_http:error] [pid 8392:tid 1120] (20014)Internal error: [client 201.245.192.253:52079] AH01102: error reading status line from remote server 172.22.1.47:80, referer: http://190.27.245.106/forest/usutareas.do?_a=0.5656260611882572&group_system_actual=3
[Thu Aug 20 16:52:29.657443 2015] [proxy:error] [pid 8392:tid 1120] [client 201.245.192.253:52079] AH00898: Error reading from remote server returned by /forest/usutareas.do, referer: http://190.27.245.106/forest/usutareas.do?_a=0.5656260611882572&group_system_actual=3
[Thu Aug 20 16:52:32.527848 2015] [proxy_http:error] [pid 8392:tid 1328] (20014)Internal error: [client 201.245.192.253:46427] AH01102: error reading status line from remote server 172.22.1.47:80, referer: http://190.27.245.106/forest/usudocumentos.do?group_system_actual=3&a=0.8589603829729462
[Thu Aug 20 16:52:35.101853 2015] [proxy_http:error] [pid 8392:tid 1608] (20014)Internal error: [client 201.245.192.253:46548] AH01102: error reading status line from remote server 172.22.1.47:80, referer: http://190.27.245.106/forest/usutareas.do?_a=0.6578342382314076&group_system_actual=3
[Thu Aug 20 16:52:48.299476 2015] [proxy_http:error] [pid 8392:tid 1504] (20014)Internal error: [client 201.245.192.253:25279] AH01102: error reading status line from remote server 172.22.1.47:80, referer: http://190.27.245.106/forest/
[Thu Aug 20 16:53:09.733914 2015] [proxy_http:error] [pid 8392:tid 1608] (20014)Internal error: [client 201.245.192.253:10229] AH01102: error reading status line from remote server 172.22.1.47:80, referer: http://190.27.245.106/forest/buscar.do?type=documentos
[Thu Aug 20 16:53:09.733914 2015] [proxy_http:error] [pid 8392:tid 1336] (20014)Internal error: [client 201.245.192.253:10232] AH01102: error reading status line from remote server 172.22.1.47:80, referer: http://190.27.245.106/forest/buscar.do?type=documentos
[Thu Aug 20 16:53:23.961139 2015] [proxy_http:error] [pid 8392:tid 1712] (20014)Internal error: [client 201.245.192.253:10295] AH01102: error reading status line from remote server 172.22.1.47:80, referer: http://190.27.245.106/forest/reportes.do?menu=1&group_system_actual=5
[Thu Aug 20 16:53:23.961139 2015] [proxy:error] [pid 8392:tid 1712] [client 201.245.192.253:10295] AH00898: Error reading from remote server returned by /forest/documentos/1772740/2014IE002374.p7z:claro/Concepto Tecnico.doc, referer: http://190.27.245.106/forest/reportes.do?menu=1&group_system_actual=5
[Thu Aug 20 16:53:27.237145 2015] [proxy_http:error] [pid 8392:tid 1424] (20014)Internal error: [client 201.245.192.253:10331] AH01102: error reading status line from remote server 172.22.1.47:80, referer: http://190.27.245.106/forest/
[Thu Aug 20 16:53:27.237145 2015] [proxy:error] [pid 8392:tid 1424] [client 201.245.192.253:10331] AH00898: Error reading from remote server returned by /forest/1ibre/jscalendar/calendar-win2k-1.css, referer: http://190.27.245.106/forest/
[Thu Aug 20 16:53:45.645177 2015] [proxy_http:error] [pid 8392:tid 1680] (20014)Internal error: [client 186.29.132.114:12549] AH01102: error reading status line from remote server 172.22.1.47:80, referer: http://190.27.245.106/forest/usutareas.do?group_system_actual=3&codTraEsc=15255984&_a=0.16056126535738824
[Thu Aug 20 16:53:45.645177 2015] [proxy:error] [pid 8392:tid 1680] [client 186.29.132.114:12549] AH00898: Error reading from remote server returned by /forest/css/index.css, referer: http://190.27.245.106/forest/usutareas.do?group_system_actual=3&codTraEsc=15255984&_a=0.16056126535738824
[Thu Aug 20 16:53:45.676377 2015] [proxy_http:error] [pid 8392:tid 1656] (20014)Internal error: [client 186.29.132.114:12543] AH01102: error reading status line from remote server 172.22.1.47:80, referer: http://190.27.245.106/forest/usutareas.do?group_system_actual=3&codTraEsc=15255984&_a=0.16056126535738824
[Thu Aug 20 16:53:45.691977 2015] [proxy_http:error] [pid 8392:tid 1360] (20014)Internal error: [client 186.29.132.114:12548] AH01102: error reading status line from remote server 172.22.1.47:80, referer: http://190.27.245.106/forest/usutareas.do?group_system_actual=3&codTraEsc=15255984&_a=0.16056126535738824
[Thu Aug 20 16:53:45.754377 2015] [proxy_http:error] [pid 8392:tid 1680] (20014)Internal error: [client 186.29.132.114:12549] AH01102: error reading status line from remote server 172.22.1.47:80
[Thu Aug 20 16:54:18.358434 2015] [proxy_http:error] [pid 8392:tid 1512] (20014)Internal error: [client 201.245.192.253:35620] AH01102: error reading status line from remote server 172.22.1.47:80, referer: http://190.27.245.106/forest/usutareas.do?group_system_actual=3&a=0.2848121121561602
[Thu Aug 20 16:55:45.125787 2015] [proxy_http:error] [pid 8392:tid 1040] (20014)Internal error: [client 201.245.192.253:36848] AH01102: error reading status line from remote server 172.22.1.47:80, referer: http://190.27.245.106/forest/usutareas.do?_a=0.2882790154921917&group_system_actual=3
[Thu Aug 20 16:58:11.516444 2015] [proxy_http:error] [pid 8392:tid 972] (20014)Internal error: [client 201.245.192.253:38744] AH01102: error reading status line from remote server 172.22.1.47:80, referer: http://190.27.245.106/forest/usutareas.do?group_system_actual=3&a=0.541606872019624
[Thu Aug 20 16:59:19.329763 2015] [proxy_http:error] [pid 8392:tid 1252] (20014)Internal error: [client 201.245.192.253:39697] AH01102: error reading status line from remote server 172.22.1.47:80, referer: http://190.27.245.106/forest/usutareas.do?_a=0.4282790665938182&group_system_actual=3
[Thu Aug 20 17:00:29.093085 2015] [proxy_http:error] [pid 8392:tid 1736] (20014)Internal error: [client 201.245.192.253:59180] AH01102: error reading status line from remote server 172.22.1.47:80, referer: http://190.27.245.106/forest/buscar.do?type=procesos
[Thu Aug 20 17:01:40.681611 2015] [proxy_http:error] [pid 8392:tid 1160] (20014)Internal error: [client 201.245.192.253:41522] AH01102: error reading status line from remote server 172.22.1.47:80, referer: http://190.27.245.106/forest/index2.jsp?_a=0.7843483275459581
[Thu Aug 20 17:02:24.221288 2015] [proxy_http:error] [pid 8392:tid 1520] (20014)Internal error: [client 201.245.192.253:42003] AH01102: error reading status line from remote server 172.22.1.47:80, referer: http://190.27.245.106/forest/reportes.do?menu=1&group_system_actual=5
[Thu Aug 20 17:02:24.408488 2015] [proxy_http:error] [pid 8392:tid 1520] (20014)Internal error: [client 201.245.192.253:42055] AH01102: error reading status line from remote server 172.22.1.47:80, referer: http://190.27.245.106/forest/buscar.do?type=procesos
[Thu Aug 20 17:02:24.424088 2015] [proxy_http:error] [pid 8392:tid 1328] (20014)Internal error: [client 201.245.192.253:42061] AH01102: error reading status line from remote server 172.22.1.47:80, referer: http://190.27.245.106/forest/buscar.do?type=procesos
[Thu Aug 20 17:02:24.439688 2015] [proxy_http:error] [pid 8392:tid 1016] (20014)Internal error: [client 201.245.192.253:42058] AH01102: error reading status line from remote server 172.22.1.47:80, referer: http://190.27.245.106/forest/buscar.do?type=procesos
[Thu Aug 20 17:02:24.439688 2015] [proxy_http:error] [pid 8392:tid 1016] (20014)Internal error: [client 201.245.192.253:42063] AH01102: error reading status line from remote server 172.22.1.47:80, referer: http://190.27.245.106/forest/buscar.do?type=procesos
[Thu Aug 20 17:02:24.439688 2015] [proxy:error] [pid 8392:tid 1016] [client 201.245.192.253:42063] AH00898: Error reading from remote server returned by /forest/css/escritorio.css, referer: http://190.27.245.106/forest/buscar.do?type=procesos
[Thu Aug 20 17:02:24.533288 2015] [proxy_http:error] [pid 8392:tid 1016] (20014)Internal error: [client 201.245.192.253:42063] AH01102: error reading status line from remote server 172.22.1.47:80, referer: http://190.27.245.106/forest/buscar.do?type=procesos
[Thu Aug 20 17:02:24.704889 2015] [proxy_http:error] [pid 8392:tid 1520] (20014)Internal error: [client 201.245.192.253:42062] AH01102: error reading status line from remote server 172.22.1.47:80, referer: http://190.27.245.106/forest/buscar.do?type=procesos
[Thu Aug 20 17:02:28.792096 2015] [proxy_http:error] [pid 8392:tid 1712] (20014)Internal error: [client 201.245.192.253:42098] AH01102: error reading status line from remote server 172.22.1.47:80, referer: http://190.27.245.106/forest/index2.jsp?_a=0.7157093858801779
[Thu Aug 20 17:02:28.792096 2015] [proxy:error] [pid 8392:tid 1712] [client 201.245.192.253:42098] AH00898: Error reading from remote server returned by /forest/1ibre/jscalendar/calendar-win2k-1.css, referer: http://190.27.245.106/forest/index2.jsp?_a=0.7157093858801779
[Thu Aug 20 17:04:44.746335 2015] [proxy_http:error] [pid 8392:tid 1536] (20014)Internal error: [client 201.245.192.253:14741] AH01102: error reading status line from remote server 172.22.1.47:80, referer: http://190.27.245.106/forest/buscar.do?type=procesos
[Thu Aug 20 17:04:44.746335 2015] [proxy:error] [pid 8392:tid 1536] [client 201.245.192.253:14741] AH00898: Error reading from remote server returned by /forest/buscar.do, referer: http://190.27.245.106/forest/buscar.do?type=procesos
[Thu Aug 20 17:05:41.717635 2015] [proxy_http:error] [pid 8392:tid 1072] (20014)Internal error: [client 201.245.192.253:44452] AH01102: error reading status line from remote server 172.22.1.47:80, referer: http://190.27.245.106/forest/index2.jsp?_a=0.29027997521211313
[Thu Aug 20 17:05:44.229239 2015] [proxy_http:error] [pid 8392:tid 1160] (20014)Internal error: [client 201.245.192.253:44470] AH01102: error reading status line from remote server 172.22.1.47:80, referer: http://190.27.245.106/forest/misactividades.do?group_system_actual=3&codPro=134&_a=0.5334418438667625
[Thu Aug 20 17:06:14.836493 2015] [proxy_http:error] [pid 8392:tid 1120] (20014)Internal error: [client 201.245.192.253:51316] AH01102: error reading status line from remote server 172.22.1.47:80, referer: http://190.27.245.106/forest/index2.jsp?selected=tab_init&tab=1
[Thu Aug 20 17:14:30.714564 2015] [proxy_http:error] [pid 8392:tid 1712] (20014)Internal error: [client 201.245.192.253:57177] AH01102: error reading status line from remote server 172.22.1.47:80, referer: http://190.27.245.106/forest/index2.jsp?_a=0.4334484300021473
[Thu Aug 20 17:14:30.714564 2015] [proxy:error] [pid 8392:tid 1712] [client 201.245.192.253:57177] AH00898: Error reading from remote server returned by /forest/skins/gdocs-jar/css/menu.css, referer: http://190.27.245.106/forest/index2.jsp?_a=0.4334484300021473
[Thu Aug 20 17:14:35.737773 2015] [proxy_http:error] [pid 8392:tid 1272] (20014)Internal error: [client 201.245.192.253:33041] AH01102: error reading status line from remote server 172.22.1.47:80, referer: http://190.27.245.106/forest/usutareas.do?group_system_actual=3&codAct=880&numPro=2813913&codPro=90&fecTra=2015-08-19%2010:45:58.0&codInst=2837586&codTraEsc=18956703
[Thu Aug 20 17:17:26.027672 2015] [proxy_http:error] [pid 8392:tid 1576] (20014)Internal error: [client 201.245.192.253:59716] AH01102: error reading status line from remote server 172.22.1.47:80, referer: http://190.27.245.106/forest/suactividades.do?_a=0.04284225404106945&group_system_actual=3
[Thu Aug 20 17:21:11.510468 2015] [proxy_http:error] [pid 8392:tid 1016] (20014)Internal error: [client 201.245.192.253:49731] AH01102: error reading status line from remote server 172.22.1.47:80, referer: http://190.27.245.106/forest/misactividades.do?_a=0.17632448220847563&group_system_actual=3
[Thu Aug 20 17:21:11.510468 2015] [proxy:error] [pid 8392:tid 1016] [client 201.245.192.253:49731] AH00898: Error reading from remote server returned by /forest/index.do, referer: http://190.27.245.106/forest/misactividades.do?_a=0.17632448220847563&group_system_actual=3
[Thu Aug 20 17:24:45.402443 2015] [proxy_http:error] [pid 8392:tid 1248] (20014)Internal error: [client 201.245.192.253:21273] AH01102: error reading status line from remote server 172.22.1.47:80, referer: http://190.27.245.106/forest/usutareas.do?codTraEsc=18975954
[Thu Aug 20 17:24:45.402443 2015] [proxy:error] [pid 8392:tid 1248] [client 201.245.192.253:21273] AH00898: Error reading from remote server returned by /forest/css/escritorio.css, referer: http://190.27.245.106/forest/usutareas.do?codTraEsc=18975954
[Thu Aug 20 17:24:45.402443 2015] [proxy_http:error] [pid 8392:tid 940] (20014)Internal error: [client 201.245.192.253:21235] AH01102: error reading status line from remote server 172.22.1.47:80, referer: http://190.27.245.106/forest/usutareas.do?codTraEsc=18975954
[Thu Aug 20 17:24:45.402443 2015] [proxy_http:error] [pid 8392:tid 1744] (20014)Internal error: [client 201.245.192.253:21271] AH01102: error reading status line from remote server 172.22.1.47:80, referer: http://190.27.245.106/forest/usutareas.do?codTraEsc=18975954
[Thu Aug 20 17:27:17.097110 2015] [core:warn] [pid 6508:tid 416] AH00098: pid file E:/nuevo/apache/logs/httpd.pid overwritten -- Unclean shutdown of previous Apache run?
[Thu Aug 20 17:27:17.097110 2015] [auth_digest:notice] [pid 6508:tid 416] AH01757: generating secret for digest authentication ...
[Thu Aug 20 17:27:17.518311 2015] [mpm_winnt:notice] [pid 6508:tid 416] AH00455: Apache/2.4.10 (Win32) OpenSSL/1.0.1i PHP/5.5.15 configured -- resuming normal operations
[Thu Aug 20 17:27:17.518311 2015] [mpm_winnt:notice] [pid 6508:tid 416] AH00456: Apache Lounge VC11 Server built: Jul 17 2014 11:50:08
[Thu Aug 20 17:27:17.518311 2015] [core:notice] [pid 6508:tid 416] AH00094: Command line: 'e:\\nuevo\\apache\\bin\\httpd.exe -d E:/nuevo/apache'
[Thu Aug 20 17:27:17.518311 2015] [mpm_winnt:notice] [pid 6508:tid 416] AH00418: Parent: Created child process 9104
AH00548: NameVirtualHost has no effect and will be removed in the next release E:/nuevo/apache/conf/extra/httpd-vhosts.conf:44
[Thu Aug 20 17:27:18.251512 2015] [auth_digest:notice] [pid 9104:tid 428] AH01757: generating secret for digest authentication ...
[Thu Aug 20 17:27:18.532312 2015] [mpm_winnt:notice] [pid 9104:tid 428] AH00354: Child: Starting 150 worker threads.
[Thu Aug 20 17:28:51.976476 2015] [mpm_winnt:error] [pid 9104:tid 5164] AH00326: Server ran out of threads to serve requests. Consider raising the ThreadsPerChild setting
[Thu Aug 20 17:29:32.411747 2015] [proxy_http:error] [pid 9104:tid 1916] (20014)Internal error: [client 190.157.172.223:51682] AH01102: error reading status line from remote server 172.22.1.47:80, referer: http://190.27.245.106/forest/buscar.do?type=procesos
[Thu Aug 20 17:29:32.411747 2015] [proxy_http:error] [pid 9104:tid 2028] (20014)Internal error: [client 201.245.192.253:54871] AH01102: error reading status line from remote server 172.22.1.47:80, referer: http://190.27.245.106/forest/frameset?
[Thu Aug 20 17:30:17.262826 2015] [core:warn] [pid 8256:tid 312] AH00098: pid file E:/nuevo/apache/logs/httpd.pid overwritten -- Unclean shutdown of previous Apache run?
[Thu Aug 20 17:30:17.262826 2015] [auth_digest:notice] [pid 8256:tid 312] AH01757: generating secret for digest authentication ...
[Thu Aug 20 17:30:17.481227 2015] [mpm_winnt:notice] [pid 8256:tid 312] AH00455: Apache/2.4.10 (Win32) OpenSSL/1.0.1i PHP/5.5.15 configured -- resuming normal operations
[Thu Aug 20 17:30:17.481227 2015] [mpm_winnt:notice] [pid 8256:tid 312] AH00456: Apache Lounge VC11 Server built: Jul 17 2014 11:50:08
[Thu Aug 20 17:30:17.481227 2015] [core:notice] [pid 8256:tid 312] AH00094: Command line: 'e:\\nuevo\\apache\\bin\\httpd.exe -d E:/nuevo/apache'
[Thu Aug 20 17:30:17.481227 2015] [mpm_winnt:notice] [pid 8256:tid 312] AH00418: Parent: Created child process 8244
AH00548: NameVirtualHost has no effect and will be removed in the next release E:/nuevo/apache/conf/extra/httpd-vhosts.conf:44
[Thu Aug 20 17:30:18.167628 2015] [auth_digest:notice] [pid 8244:tid 324] AH01757: generating secret for digest authentication ...
[Thu Aug 20 17:30:18.386028 2015] [mpm_winnt:notice] [pid 8244:tid 324] AH00354: Child: Starting 150 worker threads.
[Thu Aug 20 17:30:27.246844 2015] [mpm_winnt:warn] [pid 8244:tid 2312] (OS 64)The specified network name is no longer available.  : AH00341: winnt_accept: Asynchronous AcceptEx failed.
[Thu Aug 20 17:32:42.811082 2015] [proxy_http:error] [pid 8244:tid 1704] (20014)Internal error: [client 186.29.132.114:13001] AH01102: error reading status line from remote server 172.22.1.47:80, referer: http://190.27.245.106/forest/usutareas.do?group_system_actual=3&codTraEsc=18877422&_a=0.9884033496718188
[Thu Aug 20 17:34:09.141634 2015] [mpm_winnt:warn] [pid 8244:tid 2312] (OS 64)The specified network name is no longer available.  : AH00341: winnt_accept: Asynchronous AcceptEx failed.
[Thu Aug 20 17:37:48.805619 2015] [proxy_http:error] [pid 8244:tid 1748] (20014)Internal error: [client 201.245.192.253:59559] AH01102: error reading status line from remote server 172.22.1.47:80, referer: http://190.27.245.106/forest/buscar.do?type=procesos
[Thu Aug 20 17:37:48.805619 2015] [proxy:error] [pid 8244:tid 1748] [client 201.245.192.253:59559] AH00898: Error reading from remote server returned by /forest/js/dialog.js, referer: http://190.27.245.106/forest/buscar.do?type=procesos
[Thu Aug 20 17:47:47.331871 2015] [proxy_http:error] [pid 8244:tid 1684] (20014)Internal error: [client 201.245.192.253:14482] AH01102: error reading status line from remote server 172.22.1.47:80, referer: http://190.27.245.106/forest/frameset?
[Thu Aug 20 17:53:59.486124 2015] [proxy_http:error] [pid 8244:tid 1628] (OS 10054)An existing connection was forcibly closed by the remote host.  : [client 186.147.5.43:51555] AH01102: error reading status line from remote server 172.22.1.31:80, referer: http://190.27.245.106/isolucionsda/Administracion/SalaEdicion/Articulo.asp?Id_Articulo=8946
[Thu Aug 20 17:53:59.486124 2015] [proxy:error] [pid 8244:tid 1628] [client 186.147.5.43:51555] AH00898: Error reading from remote server returned by /isolucionsda/Administracion/Graficas/vacio1x1.gif, referer: http://190.27.245.106/isolucionsda/Administracion/SalaEdicion/Articulo.asp?Id_Articulo=8946
[Thu Aug 20 17:58:21.020584 2015] [core:warn] [pid 7148:tid 312] AH00098: pid file E:/nuevo/apache/logs/httpd.pid overwritten -- Unclean shutdown of previous Apache run?
[Thu Aug 20 17:58:21.020584 2015] [auth_digest:notice] [pid 7148:tid 312] AH01757: generating secret for digest authentication ...
[Thu Aug 20 17:58:21.254584 2015] [mpm_winnt:notice] [pid 7148:tid 312] AH00455: Apache/2.4.10 (Win32) OpenSSL/1.0.1i PHP/5.5.15 configured -- resuming normal operations
[Thu Aug 20 17:58:21.254584 2015] [mpm_winnt:notice] [pid 7148:tid 312] AH00456: Apache Lounge VC11 Server built: Jul 17 2014 11:50:08
[Thu Aug 20 17:58:21.254584 2015] [core:notice] [pid 7148:tid 312] AH00094: Command line: 'e:\\nuevo\\apache\\bin\\httpd.exe -d E:/nuevo/apache'
[Thu Aug 20 17:58:21.254584 2015] [mpm_winnt:notice] [pid 7148:tid 312] AH00418: Parent: Created child process 6612
AH00548: NameVirtualHost has no effect and will be removed in the next release E:/nuevo/apache/conf/extra/httpd-vhosts.conf:44
[Thu Aug 20 17:58:21.940985 2015] [auth_digest:notice] [pid 6612:tid 324] AH01757: generating secret for digest authentication ...
[Thu Aug 20 17:58:22.159386 2015] [mpm_winnt:notice] [pid 6612:tid 324] AH00354: Child: Starting 150 worker threads.
[Thu Aug 20 18:03:04.956682 2015] [proxy_http:error] [pid 6612:tid 1800] (20014)Internal error: [client 186.29.132.114:13331] AH01102: error reading status line from remote server 172.22.1.47:80, referer: http://190.27.245.106/forest/frameset?
[Thu Aug 20 18:30:20.807756 2015] [proxy_http:error] [pid 6612:tid 1780] (20014)Internal error: [client 201.245.192.253:10934] AH01102: error reading status line from remote server 172.22.1.47:80, referer: http://190.27.245.106/forest/usutareas.do?_a=0.5388973669742043&group_system_actual=3
[Thu Aug 20 18:30:36.220583 2015] [proxy_http:error] [pid 6612:tid 1708] (OS 10054)An existing connection was forcibly closed by the remote host.  : [client 201.245.192.253:44550] AH01102: error reading status line from remote server 172.22.1.31:80, referer: http://190.27.245.106/isolucionsda//Menu.asp?Pagina=Menu.asp&IdModulo=7
[Thu Aug 20 18:30:36.220583 2015] [proxy:error] [pid 6612:tid 1708] [client 201.245.192.253:44550] AH00898: Error reading from remote server returned by /isolucionsda//g/Bullet_PuntoAzul.gif, referer: http://190.27.245.106/isolucionsda//Menu.asp?Pagina=Menu.asp&IdModulo=7
[Thu Aug 20 18:31:05.985435 2015] [proxy_http:error] [pid 6612:tid 1624] (20014)Internal error: [client 201.245.192.253:11044] AH01102: error reading status line from remote server 172.22.1.47:80, referer: http://190.27.245.106/forest/usutareas.do?group_system_actual=3&a=0.512909017346473
[Thu Aug 20 18:37:30.947311 2015] [proxy_http:error] [pid 6612:tid 1868] (20014)Internal error: [client 201.245.192.253:47153] AH01102: error reading status line from remote server 172.22.1.47:80, referer: http://190.27.245.106/forest/usutareas.do?_a=0.8421787231068054&group_system_actual=3
[Thu Aug 20 18:37:30.947311 2015] [proxy:error] [pid 6612:tid 1868] [client 201.245.192.253:47153] AH00898: Error reading from remote server returned by /forest/usutareas.do, referer: http://190.27.245.106/forest/usutareas.do?_a=0.8421787231068054&group_system_actual=3
[Thu Aug 20 19:22:08.115813 2015] [proxy_http:error] [pid 6612:tid 1740] (OS 10054)An existing connection was forcibly closed by the remote host.  : [client 201.245.192.253:18169] AH01102: error reading status line from remote server 172.22.1.31:80, referer: http://190.27.245.106/isolucionsda/FrameSetGeneral.asp?Pagina=Menu.asp&IdModulo=7
[Thu Aug 20 19:22:08.115813 2015] [proxy:error] [pid 6612:tid 1740] [client 201.245.192.253:18169] AH00898: Error reading from remote server returned by /isolucionsda/Menu.asp, referer: http://190.27.245.106/isolucionsda/FrameSetGeneral.asp?Pagina=Menu.asp&IdModulo=7
[Thu Aug 20 19:48:36.791404 2015] [proxy_http:error] [pid 6612:tid 1660] (20014)Internal error: [client 201.245.192.253:53419] AH01102: error reading status line from remote server 172.22.1.47:80, referer: http://190.27.245.106/forest/index2.jsp?_a=0.04896497989473658
[Thu Aug 20 19:48:36.791404 2015] [proxy:error] [pid 6612:tid 1660] [client 201.245.192.253:53419] AH00898: Error reading from remote server returned by /forest/actions/forms.saveForm, referer: http://190.27.245.106/forest/index2.jsp?_a=0.04896497989473658
[Thu Aug 20 20:11:29.905815 2015] [proxy_http:error] [pid 6612:tid 1860] (OS 10054)An existing connection was forcibly closed by the remote host.  : [client 201.245.192.253:11638] AH01102: error reading status line from remote server 172.22.1.31:80, referer: http://190.27.245.106/isolucionsda/FrameSetGeneral.asp?Pagina=Menu.asp&IdModulo=7
[Thu Aug 20 20:11:29.905815 2015] [proxy_http:error] [pid 6612:tid 1584] (OS 10054)An existing connection was forcibly closed by the remote host.  : [client 201.245.192.253:11642] AH01102: error reading status line from remote server 172.22.1.31:80, referer: http://190.27.245.106/isolucionsda/FrameSetGeneral.asp?Pagina=Menu.asp&IdModulo=7
[Thu Aug 20 20:28:19.790189 2015] [proxy_http:error] [pid 6612:tid 1696] (OS 10054)An existing connection was forcibly closed by the remote host.  : [client 186.155.105.139:12924] AH01102: error reading status line from remote server 172.22.1.31:80, referer: http://190.27.245.106/isolucionsda/IdentificaUsuario.asp?Pagina1=FrameSetGeneral.asp&
