[Tue Aug 25 12:13:15.228585 2015] [proxy_http:error] [pid 1352:tid 1728] (20014)Internal error: [client 201.245.192.253:57378] AH01102: error reading status line from remote server 172.22.1.47:80, referer: http://190.27.245.106/forest/index2.jsp?_a=0.309532550042528
[Tue Aug 25 12:14:00.468664 2015] [proxy_http:error] [pid 1352:tid 732] (20014)Internal error: [client 201.245.192.253:46381] AH01102: error reading status line from remote server 172.22.1.47:80, referer: http://190.27.245.106/forest/usutareas.do?group_system_actual=3&a=0.4474353455007076
[Tue Aug 25 12:14:00.499864 2015] [proxy_http:error] [pid 1352:tid 1012] (20014)Internal error: [client 201.245.192.253:46323] AH01102: error reading status line from remote server 172.22.1.47:80, referer: http://190.27.245.106/forest/index2.jsp?group_system_actual=5&a=0.8066121739614672
[Tue Aug 25 12:14:32.542320 2015] [proxy_http:error] [pid 1352:tid 804] (20014)Internal error: [client 201.245.192.253:24211] AH01102: error reading status line from remote server 172.22.1.47:80, referer: http://190.27.245.106/forest/usutareas.do?group_system_actual=3&a=0.8865606787332806
[Tue Aug 25 12:14:52.291955 2015] [proxy_http:error] [pid 1352:tid 1440] (20014)Internal error: [client 201.245.192.253:24350] AH01102: error reading status line from remote server 172.22.1.47:80, referer: http://190.27.245.106/forest/usutareas.do?group_system_actual=3&a=0.7295659739661846
[Tue Aug 25 12:14:52.291955 2015] [proxy:error] [pid 1352:tid 1440] [client 201.245.192.253:24350] AH00898: Error reading from remote server returned by /forest/skins/gdocs-jar/css/forest.css, referer: http://190.27.245.106/forest/usutareas.do?group_system_actual=3&a=0.7295659739661846
[Tue Aug 25 12:15:09.639186 2015] [proxy_http:error] [pid 1352:tid 980] (20014)Internal error: [client 201.245.192.253:47473] AH01102: error reading status line from remote server 172.22.1.47:80, referer: http://190.27.245.106/forest/index2.jsp?selected=tab_init&tab=1
[Tue Aug 25 12:15:13.117992 2015] [proxy_http:error] [pid 1352:tid 900] (20014)Internal error: [client 201.245.192.253:47474] AH01102: error reading status line from remote server 172.22.1.47:80, referer: http://190.27.245.106/forest/reportes.do?menu=1&group_system_actual=5
[Tue Aug 25 12:15:17.251999 2015] [proxy_http:error] [pid 1352:tid 1080] (20014)Internal error: [client 201.245.192.253:47477] AH01102: error reading status line from remote server 172.22.1.47:80, referer: http://190.27.245.106/forest/reportes.do?menu=1&group_system_actual=5
[Tue Aug 25 12:16:09.028490 2015] [proxy_http:error] [pid 1352:tid 884] (20014)Internal error: [client 201.245.192.253:36044] AH01102: error reading status line from remote server 172.22.1.47:80, referer: http://190.27.245.106/forest/buscar.do?type=procesos
[Tue Aug 25 12:17:10.976199 2015] [proxy_http:error] [pid 1352:tid 1616] (20014)Internal error: [client 201.245.192.253:25267] AH01102: error reading status line from remote server 172.22.1.47:80, referer: http://190.27.245.106/forest/usutareas.do?group_system_actual=3&codAct=884&numPro=2998503&codPro=93&fecTra=2015-07-09%2012:48:04.684&codInst=3035068&codTraEsc=18615611
[Tue Aug 25 12:17:29.462231 2015] [proxy_http:error] [pid 1352:tid 956] (20014)Internal error: [client 201.245.192.253:37301] AH01102: error reading status line from remote server 172.22.1.47:80, referer: http://190.27.245.106/forest/buscar.do?type=procesos
[Tue Aug 25 12:17:29.462231 2015] [proxy:error] [pid 1352:tid 956] [client 201.245.192.253:37301] AH00898: Error reading from remote server returned by /forest/skins/gdocs-jar/css/tree.css, referer: http://190.27.245.106/forest/buscar.do?type=procesos
[Tue Aug 25 12:17:29.462231 2015] [proxy_http:error] [pid 1352:tid 1624] (20014)Internal error: [client 201.245.192.253:37285] AH01102: error reading status line from remote server 172.22.1.47:80, referer: http://190.27.245.106/forest/buscar.do?type=procesos
[Tue Aug 25 12:17:29.727432 2015] [proxy_http:error] [pid 1352:tid 1096] (20014)Internal error: [client 201.245.192.253:37302] AH01102: error reading status line from remote server 172.22.1.47:80, referer: http://190.27.245.106/forest/buscar.do?type=procesos
[Tue Aug 25 12:17:59.726284 2015] [proxy_http:error] [pid 1352:tid 1096] (20014)Internal error: [client 201.245.192.253:49098] AH01102: error reading status line from remote server 172.22.1.47:80, referer: http://190.27.245.106/forest/buscar.do?type=documentos
[Tue Aug 25 12:18:08.025499 2015] [proxy_http:error] [pid 1352:tid 992] (20014)Internal error: [client 201.245.192.253:37981] AH01102: error reading status line from remote server 172.22.1.47:80, referer: http://190.27.245.106/forest/index2.jsp?group_system_actual=5&a=0.38682904430992504
[Tue Aug 25 12:18:44.295563 2015] [proxy_http:error] [pid 1352:tid 732] (20014)Internal error: [client 201.245.192.253:38511] AH01102: error reading status line from remote server 172.22.1.47:80, referer: http://190.27.245.106/forest/index2.jsp?group_system_actual=5&a=0.38682904430992504
[Tue Aug 25 12:19:07.040403 2015] [proxy_http:error] [pid 1352:tid 1104] (20014)Internal error: [client 201.245.192.253:38942] AH01102: error reading status line from remote server 172.22.1.47:80, referer: http://190.27.245.106/forest/index2.jsp?group_system_actual=5&a=0.38682904430992504
[Tue Aug 25 12:20:04.557704 2015] [proxy_http:error] [pid 1352:tid 820] (20014)Internal error: [client 201.245.192.253:39827] AH01102: error reading status line from remote server 172.22.1.47:80, referer: http://190.27.245.106/forest/index2.jsp?group_system_actual=5&a=0.04487987613027322
[Tue Aug 25 12:20:09.112912 2015] [proxy_http:error] [pid 1352:tid 772] (20014)Internal error: [client 201.245.192.253:26461] AH01102: error reading status line from remote server 172.22.1.47:80, referer: http://190.27.245.106/forest/usutareas.do?group_system_actual=3&a=0.05605351083025545
[Tue Aug 25 12:20:09.112912 2015] [proxy:error] [pid 1352:tid 772] [client 201.245.192.253:26461] AH00898: Error reading from remote server returned by /forest/skins/gdocs-jar/css/forest.css, referer: http://190.27.245.106/forest/usutareas.do?group_system_actual=3&a=0.05605351083025545
[Tue Aug 25 12:40:55.367901 2015] [mpm_winnt:notice] [pid 3764:tid 312] AH00428: Parent: child process 1352 exited with status 3221225477 -- Restarting.
[Tue Aug 25 12:40:55.789101 2015] [auth_digest:notice] [pid 3764:tid 312] AH01757: generating secret for digest authentication ...
[Tue Aug 25 12:40:56.381902 2015] [mpm_winnt:notice] [pid 3764:tid 312] AH00455: Apache/2.4.10 (Win32) OpenSSL/1.0.1i PHP/5.5.15 configured -- resuming normal operations
[Tue Aug 25 12:40:56.381902 2015] [mpm_winnt:notice] [pid 3764:tid 312] AH00456: Apache Lounge VC11 Server built: Jul 17 2014 11:50:08
[Tue Aug 25 12:40:56.381902 2015] [core:notice] [pid 3764:tid 312] AH00094: Command line: 'e:\\nuevo\\apache\\bin\\httpd.exe -d E:/nuevo/apache'
[Tue Aug 25 12:40:56.381902 2015] [mpm_winnt:notice] [pid 3764:tid 312] AH00418: Parent: Created child process 7792
AH00548: NameVirtualHost has no effect and will be removed in the next release E:/nuevo/apache/conf/extra/httpd-vhosts.conf:44
[Tue Aug 25 12:40:57.161904 2015] [auth_digest:notice] [pid 7792:tid 324] AH01757: generating secret for digest authentication ...
[Tue Aug 25 12:40:57.395904 2015] [mpm_winnt:notice] [pid 7792:tid 324] AH00354: Child: Starting 150 worker threads.
[Tue Aug 25 12:41:36.676773 2015] [proxy_http:error] [pid 7792:tid 1516] (20014)Internal error: [client 201.245.192.253:35702] AH01102: error reading status line from remote server 172.22.1.47:80, referer: http://190.27.245.106/forest/
[Tue Aug 25 12:41:36.676773 2015] [proxy:error] [pid 7792:tid 1516] [client 201.245.192.253:35702] AH00898: Error reading from remote server returned by /forest/login.do, referer: http://190.27.245.106/forest/
[Tue Aug 25 12:41:39.172777 2015] [proxy_http:error] [pid 7792:tid 1488] (20014)Internal error: [client 201.245.192.253:35707] AH01102: error reading status line from remote server 172.22.1.47:80, referer: http://190.27.245.106/forest/login.do
[Tue Aug 25 12:43:10.479738 2015] [proxy_http:error] [pid 7792:tid 1400] (20014)Internal error: [client 201.245.192.253:57929] AH01102: error reading status line from remote server 172.22.1.47:80, referer: http://190.27.245.106/forest/buscar.do
[Tue Aug 25 12:43:10.479738 2015] [proxy:error] [pid 7792:tid 1400] [client 201.245.192.253:57929] AH00898: Error reading from remote server returned by /forest/js/internJS.js, referer: http://190.27.245.106/forest/buscar.do
[Tue Aug 25 12:43:10.479738 2015] [proxy_http:error] [pid 7792:tid 1744] (20014)Internal error: [client 201.245.192.253:57879] AH01102: error reading status line from remote server 172.22.1.47:80, referer: http://190.27.245.106/forest/buscar.do
[Tue Aug 25 12:43:36.984184 2015] [proxy_http:error] [pid 7792:tid 1704] (20014)Internal error: [client 201.245.192.253:58150] AH01102: error reading status line from remote server 172.22.1.47:80, referer: http://190.27.245.106/forest/buscar.do
[Tue Aug 25 12:43:37.030984 2015] [proxy_http:error] [pid 7792:tid 1800] (20014)Internal error: [client 201.245.192.253:58185] AH01102: error reading status line from remote server 172.22.1.47:80, referer: http://190.27.245.106/forest/buscar.do
[Tue Aug 25 12:43:37.358585 2015] [proxy_http:error] [pid 7792:tid 1464] (20014)Internal error: [client 201.245.192.253:58184] AH01102: error reading status line from remote server 172.22.1.47:80, referer: http://190.27.245.106/forest/buscar.do
[Tue Aug 25 12:46:05.995646 2015] [proxy_http:error] [pid 7792:tid 1440] (20014)Internal error: [client 201.245.192.253:39680] AH01102: error reading status line from remote server 172.22.1.47:80, referer: http://190.27.245.106/forest/
[Tue Aug 25 12:46:19.988871 2015] [proxy_http:error] [pid 7792:tid 1440] (20014)Internal error: [client 201.245.192.253:39865] AH01102: error reading status line from remote server 172.22.1.47:80, referer: http://190.27.245.106/forest/visualizar.do?codDoc=2150440&ext=docx&codfile=-1&iscodfile=false&nombre=SUSPENSION%20CONTRATO%20NO.%20761/15%20LAURA%20VICTORIA%20ULLOA%20RESTREPO.docx
[Tue Aug 25 12:46:22.625275 2015] [proxy_http:error] [pid 7792:tid 1664] (20014)Internal error: [client 201.245.192.253:39862] AH01102: error reading status line from remote server 172.22.1.47:80, referer: http://190.27.245.106/forest/buscar.do?type=procesos
[Tue Aug 25 12:48:49.078333 2015] [proxy_http:error] [pid 7792:tid 1448] (20014)Internal error: [client 201.245.192.253:17669] AH01102: error reading status line from remote server 172.22.1.47:80, referer: http://190.27.245.106/forest/index2.jsp?a=0.4954687522582677
[Tue Aug 25 12:48:49.078333 2015] [proxy:error] [pid 7792:tid 1448] [client 201.245.192.253:17669] AH00898: Error reading from remote server returned by /forest/skins/gdocs-jar/popup/popup.jsp, referer: http://190.27.245.106/forest/index2.jsp?a=0.4954687522582677
[Tue Aug 25 12:48:49.468333 2015] [proxy_http:error] [pid 7792:tid 1468] (20014)Internal error: [client 181.55.242.241:49554] AH01102: error reading status line from remote server 172.22.1.47:80, referer: http://190.27.245.106/forest/usutareas.do?_a=0.6212880692910403&group_system_actual=3
[Tue Aug 25 12:48:49.608733 2015] [proxy_http:error] [pid 7792:tid 1468] (20014)Internal error: [client 181.55.242.241:49555] AH01102: error reading status line from remote server 172.22.1.47:80, referer: http://190.27.245.106/forest/usutareas.do?_a=0.6212880692910403&group_system_actual=3
[Tue Aug 25 12:48:51.324736 2015] [proxy_http:error] [pid 7792:tid 1468] (20014)Internal error: [client 181.55.242.241:49556] AH01102: error reading status line from remote server 172.22.1.47:80, referer: http://190.27.245.106/forest/usutareas.do?_a=0.6212880692910403&group_system_actual=3
[Tue Aug 25 12:48:51.683537 2015] [proxy_http:error] [pid 7792:tid 1512] (20014)Internal error: [client 201.245.192.253:49318] AH01102: error reading status line from remote server 172.22.1.47:80, referer: http://190.27.245.106/forest/usutareas.do?group_system_actual=3&codTraEsc=19019115&_a=0.9285739529296224
[Tue Aug 25 12:48:51.683537 2015] [proxy:error] [pid 7792:tid 1512] [client 201.245.192.253:49318] AH00898: Error reading from remote server returned by /forest/actions/forms.getList, referer: http://190.27.245.106/forest/usutareas.do?group_system_actual=3&codTraEsc=19019115&_a=0.9285739529296224
[Tue Aug 25 12:48:51.683537 2015] [negotiation:error] [pid 7792:tid 1512] [client 201.245.192.253:49318] AH00690: no acceptable variant: E:/nuevo/apache/error/HTTP_BAD_GATEWAY.html.var, referer: http://190.27.245.106/forest/usutareas.do?group_system_actual=3&codTraEsc=19019115&_a=0.9285739529296224
[Tue Aug 25 12:49:24.724395 2015] [proxy_http:error] [pid 7792:tid 1416] (20014)Internal error: [client 181.61.173.135:49861] AH01102: error reading status line from remote server 172.22.1.47:80, referer: http://190.27.245.106/forest/buscar.do?
[Tue Aug 25 12:49:24.802395 2015] [proxy_http:error] [pid 7792:tid 1648] (20014)Internal error: [client 181.61.173.135:49863] AH01102: error reading status line from remote server 172.22.1.47:80, referer: http://190.27.245.106/forest/buscar.do?
[Tue Aug 25 12:49:24.802395 2015] [proxy:error] [pid 7792:tid 1648] [client 181.61.173.135:49863] AH00898: Error reading from remote server returned by /forest/skins/gdocs-jar/img/more_details.gif, referer: http://190.27.245.106/forest/buscar.do?
[Tue Aug 25 12:49:40.028022 2015] [proxy_http:error] [pid 7792:tid 1736] (20014)Internal error: [client 181.61.173.135:49869] AH01102: error reading status line from remote server 172.22.1.47:80, referer: http://190.27.245.106/forest/skins/gdocs-jar/popup/FileViewerTree.jsp?coddoc=2001918&ext=docx&numpro=3004104&nombre=requerimiento%20tecnico.docx&codfile=-1&rootPath=/forest/
[Tue Aug 25 12:49:40.028022 2015] [proxy:error] [pid 7792:tid 1736] [client 181.61.173.135:49869] AH00898: Error reading from remote server returned by /forest/1ibre/1ibre.js, referer: http://190.27.245.106/forest/skins/gdocs-jar/popup/FileViewerTree.jsp?coddoc=2001918&ext=docx&numpro=3004104&nombre=requerimiento%20tecnico.docx&codfile=-1&rootPath=/forest/
[Tue Aug 25 12:50:00.994459 2015] [proxy_http:error] [pid 7792:tid 1440] (20014)Internal error: [client 201.245.192.253:42498] AH01102: error reading status line from remote server 172.22.1.47:80, referer: http://190.27.245.106/forest/
[Tue Aug 25 12:50:00.994459 2015] [proxy:error] [pid 7792:tid 1440] [client 201.245.192.253:42498] AH00898: Error reading from remote server returned by /forest/skins/gdocs-jar/js/xml_utilities.js, referer: http://190.27.245.106/forest/
[Tue Aug 25 12:50:01.212859 2015] [proxy_http:error] [pid 7792:tid 1552] (20014)Internal error: [client 201.245.192.253:42476] AH01102: error reading status line from remote server 172.22.1.47:80, referer: http://190.27.245.106/forest/buscar.do?type=procesos
[Tue Aug 25 12:50:01.306459 2015] [proxy_http:error] [pid 7792:tid 1792] (20014)Internal error: [client 201.245.192.253:42485] AH01102: error reading status line from remote server 172.22.1.47:80, referer: http://190.27.245.106/forest/buscar.do?type=procesos
[Tue Aug 25 12:50:16.937687 2015] [proxy_http:error] [pid 7792:tid 1392] (20014)Internal error: [client 181.61.173.135:49882] AH01102: error reading status line from remote server 172.22.1.47:80, referer: http://190.27.245.106/forest/system/process.jsp?numPro=3004104
[Tue Aug 25 12:50:16.937687 2015] [proxy:error] [pid 7792:tid 1392] [client 181.61.173.135:49882] AH00898: Error reading from remote server returned by /forest/skins/gdocs-jar/img/mueveactividad.gif, referer: http://190.27.245.106/forest/system/process.jsp?numPro=3004104
[Tue Aug 25 12:50:49.276544 2015] [proxy_http:error] [pid 7792:tid 1736] (20014)Internal error: [client 201.245.192.253:42890] AH01102: error reading status line from remote server 172.22.1.47:80, referer: http://190.27.245.106/forest/buscar.do?type=procesos
[Tue Aug 25 12:50:49.323344 2015] [proxy_http:error] [pid 7792:tid 1880] (20014)Internal error: [client 201.245.192.253:42898] AH01102: error reading status line from remote server 172.22.1.47:80, referer: http://190.27.245.106/forest/buscar.do?type=procesos
[Tue Aug 25 12:51:16.950992 2015] [proxy_http:error] [pid 7792:tid 1400] (20014)Internal error: [client 201.245.192.253:43161] AH01102: error reading status line from remote server 172.22.1.47:80, referer: http://190.27.245.106/forest/visualizar.do?codDoc=2150440&ext=docx&codfile=-1&iscodfile=false&nombre=SUSPENSION%20CONTRATO%20NO.%20761/15%20LAURA%20VICTORIA%20ULLOA%20RESTREPO.docx
[Tue Aug 25 12:51:17.122593 2015] [proxy_http:error] [pid 7792:tid 1400] (20014)Internal error: [client 201.245.192.253:43180] AH01102: error reading status line from remote server 172.22.1.47:80, referer: http://190.27.245.106/forest/index2.jsp?a=0.4090405417612826
[Tue Aug 25 12:51:37.418228 2015] [proxy_http:error] [pid 7792:tid 1464] (20014)Internal error: [client 181.61.173.135:49893] AH01102: error reading status line from remote server 172.22.1.47:80, referer: http://190.27.245.106/forest/usutareas.do?group_system_actual=3&codTraEsc=19011372&_a=0.3127586725944219
[Tue Aug 25 12:51:37.418228 2015] [proxy:error] [pid 7792:tid 1464] [client 181.61.173.135:49893] AH00898: Error reading from remote server returned by /forest/skins/gdocs-jar/popup/popup.jsp, referer: http://190.27.245.106/forest/usutareas.do?group_system_actual=3&codTraEsc=19011372&_a=0.3127586725944219
[Tue Aug 25 12:52:28.165117 2015] [proxy_http:error] [pid 7792:tid 1824] (20014)Internal error: [client 181.55.242.241:49567] AH01102: error reading status line from remote server 172.22.1.47:80, referer: http://190.27.245.106/forest/usutareas.do?group_system_actual=3&codTraEsc=19017463&_a=0.38142652012597944
[Tue Aug 25 12:52:28.165117 2015] [proxy:error] [pid 7792:tid 1824] [client 181.55.242.241:49567] AH00898: Error reading from remote server returned by /forest/borrador/1958070/Concepto Tecnico.docx, referer: http://190.27.245.106/forest/usutareas.do?group_system_actual=3&codTraEsc=19017463&_a=0.38142652012597944
[Tue Aug 25 12:53:45.837654 2015] [proxy_http:error] [pid 7792:tid 1704] (20014)Internal error: [client 201.245.192.253:44978] AH01102: error reading status line from remote server 172.22.1.47:80, referer: http://190.27.245.106/forest/buscar.do?type=procesos
[Tue Aug 25 12:54:47.410962 2015] [proxy_http:error] [pid 7792:tid 1448] (20014)Internal error: [client 201.245.192.253:45866] AH01102: error reading status line from remote server 172.22.1.47:80, referer: http://190.27.245.106/forest/misactividades.do?group_system_actual=3&codPro=125&_a=0.7734355628078812
[Tue Aug 25 13:01:18.176048 2015] [proxy_http:error] [pid 7792:tid 1792] (20014)Internal error: [client 201.245.192.253:37435] AH01102: error reading status line from remote server 172.22.1.47:80, referer: http://190.27.245.106/forest/index2.jsp?_a=0.9037564157803123
[Tue Aug 25 13:01:20.453652 2015] [proxy_http:error] [pid 7792:tid 1448] (20014)Internal error: [client 201.245.192.253:37434] AH01102: error reading status line from remote server 172.22.1.47:80, referer: http://190.27.245.106/forest/index2.jsp?_a=0.02830173057636831
[Tue Aug 25 13:04:35.594395 2015] [proxy_http:error] [pid 7792:tid 1448] (20014)Internal error: [client 201.245.192.253:39669] AH01102: error reading status line from remote server 172.22.1.47:80, referer: http://190.27.245.106/forest/buscar.do?type=procesos
[Tue Aug 25 13:09:34.584520 2015] [proxy_http:error] [pid 7792:tid 1488] (20014)Internal error: [client 201.245.192.253:43408] AH01102: error reading status line from remote server 172.22.1.47:80, referer: http://190.27.245.106/forest/usutareas.do?group_system_actual=3&codTraEsc=18989774&_a=0.11871385464311468
[Tue Aug 25 13:10:01.993768 2015] [proxy_http:error] [pid 7792:tid 1432] (OS 10054)An existing connection was forcibly closed by the remote host.  : [client 201.245.192.253:11145] AH01102: error reading status line from remote server 172.22.1.31:80, referer: http://www.ambientebogota.gov.co/web/intranet/aplicaciones-para-acceder-fuera-de-la-sda
[Tue Aug 25 13:10:01.993768 2015] [proxy:error] [pid 7792:tid 1432] [client 201.245.192.253:11145] AH00898: Error reading from remote server returned by /isolucionsda/, referer: http://www.ambientebogota.gov.co/web/intranet/aplicaciones-para-acceder-fuera-de-la-sda
[Tue Aug 25 13:26:40.723122 2015] [proxy_http:error] [pid 7792:tid 1180] (20014)Internal error: [client 201.245.192.253:24304] AH01102: error reading status line from remote server 172.22.1.47:80, referer: http://190.27.245.106/forest/index2.jsp?group_system_actual=3&a=0.8331732755770777
[Tue Aug 25 13:27:02.141960 2015] [proxy_http:error] [pid 7792:tid 1124] (20014)Internal error: [client 201.245.192.253:44413] AH01102: error reading status line from remote server 172.22.1.47:80
[Tue Aug 25 13:28:19.830097 2015] [proxy_http:error] [pid 7792:tid 1180] (20014)Internal error: [client 201.245.192.253:51592] AH01102: error reading status line from remote server 172.22.1.47:80, referer: http://190.27.245.106/forest/login.do
[Tue Aug 25 13:28:38.908930 2015] [proxy_http:error] [pid 7792:tid 1336] (20014)Internal error: [client 201.245.192.253:25010] AH01102: error reading status line from remote server 172.22.1.47:80, referer: http://190.27.245.106/forest/usutareas.do?codTraEsc=18953475
[Tue Aug 25 13:28:38.908930 2015] [proxy:error] [pid 7792:tid 1336] [client 201.245.192.253:25010] AH00898: Error reading from remote server returned by /forest/usutareas.do, referer: http://190.27.245.106/forest/usutareas.do?codTraEsc=18953475
[Tue Aug 25 13:34:47.818378 2015] [proxy_http:error] [pid 7792:tid 1208] (20014)Internal error: [client 201.245.192.253:38868] AH01102: error reading status line from remote server 172.22.1.47:80, referer: http://190.27.245.106/forest/usutareas.do?_a=0.8915466206908893&group_system_actual=3
[Tue Aug 25 13:40:43.826603 2015] [proxy_http:error] [pid 7792:tid 1768] (OS 10054)An existing connection was forcibly closed by the remote host.  : [client 201.245.192.253:44175] AH01102: error reading status line from remote server 172.22.1.31:80, referer: http://190.27.245.106/isolucionsda/FrameSetGeneral.asp?Pagina=Menu.asp&IdModulo=4
[Tue Aug 25 13:40:43.826603 2015] [proxy:error] [pid 7792:tid 1768] [client 201.245.192.253:44175] AH00898: Error reading from remote server returned by /isolucionsda/BarraTitulos.asp, referer: http://190.27.245.106/isolucionsda/FrameSetGeneral.asp?Pagina=Menu.asp&IdModulo=4
[Tue Aug 25 13:40:43.842203 2015] [proxy_http:error] [pid 7792:tid 1840] (OS 10054)An existing connection was forcibly closed by the remote host.  : [client 201.245.192.253:44179] AH01102: error reading status line from remote server 172.22.1.31:80, referer: http://190.27.245.106/isolucionsda/FrameSetGeneral.asp?Pagina=Menu.asp&IdModulo=4
[Tue Aug 25 13:40:43.842203 2015] [proxy:error] [pid 7792:tid 1840] [client 201.245.192.253:44179] AH00898: Error reading from remote server returned by /isolucionsda/BarraFavoritos.asp, referer: http://190.27.245.106/isolucionsda/FrameSetGeneral.asp?Pagina=Menu.asp&IdModulo=4
[Tue Aug 25 13:42:56.239636 2015] [proxy_http:error] [pid 7792:tid 1208] (20014)Internal error: [client 201.245.192.253:50724] AH01102: error reading status line from remote server 172.22.1.47:80, referer: http://190.27.245.106/forest/misactividades.do?group_system_actual=3&codPro=95&_a=0.33288711301841734
[Tue Aug 25 13:46:06.731570 2015] [proxy_http:error] [pid 7792:tid 1616] (20014)Internal error: [client 201.245.192.253:53999] AH01102: error reading status line from remote server 172.22.1.47:80, referer: http://190.27.245.106/forest/misactividades.do?group_system_actual=3&codPro=90&_a=0.524776096070195
[Tue Aug 25 13:46:06.762771 2015] [proxy_http:error] [pid 7792:tid 1220] (20014)Internal error: [client 201.245.192.253:53997] AH01102: error reading status line from remote server 172.22.1.47:80, referer: http://190.27.245.106/forest/js/jquery/css/jquery-ui-1.8.1.custom.css
[Tue Aug 25 13:46:06.762771 2015] [proxy_http:error] [pid 7792:tid 1140] (20014)Internal error: [client 201.245.192.253:53996] AH01102: error reading status line from remote server 172.22.1.47:80, referer: http://190.27.245.106/forest/misactividades.do?group_system_actual=3&codPro=90&_a=0.524776096070195
[Tue Aug 25 13:46:06.809571 2015] [proxy_http:error] [pid 7792:tid 1068] (20014)Internal error: [client 201.245.192.253:53865] AH01102: error reading status line from remote server 172.22.1.47:80, referer: http://190.27.245.106/forest/js/jquery/css/jquery-ui-1.8.1.custom.css
[Tue Aug 25 13:50:03.571186 2015] [proxy_http:error] [pid 7792:tid 1100] (20014)Internal error: [client 201.245.192.253:57394] AH01102: error reading status line from remote server 172.22.1.47:80, referer: http://190.27.245.106/forest/buscar.do?type=procesos
[Tue Aug 25 13:50:03.617987 2015] [proxy_http:error] [pid 7792:tid 1872] (20014)Internal error: [client 201.245.192.253:57390] AH01102: error reading status line from remote server 172.22.1.47:80, referer: http://190.27.245.106/forest/buscar.do?type=procesos
[Tue Aug 25 13:55:18.566940 2015] [proxy_http:error] [pid 7792:tid 1100] (20014)Internal error: [client 201.245.192.253:44828] AH01102: error reading status line from remote server 172.22.1.47:80, referer: http://190.27.245.106/forest/buscar.do
[Tue Aug 25 13:58:15.346450 2015] [proxy_http:error] [pid 7792:tid 1156] (20014)Internal error: [client 201.245.192.253:14767] AH01102: error reading status line from remote server 172.22.1.47:80, referer: http://190.27.245.106/forest/buscar.do?type=procesos
[Tue Aug 25 13:58:15.362050 2015] [proxy_http:error] [pid 7792:tid 1188] (20014)Internal error: [client 201.245.192.253:14769] AH01102: error reading status line from remote server 172.22.1.47:80, referer: http://190.27.245.106/forest/buscar.do?type=procesos
[Tue Aug 25 13:58:15.362050 2015] [proxy:error] [pid 7792:tid 1188] [client 201.245.192.253:14769] AH00898: Error reading from remote server returned by /forest/skins/gdocs-jar/css/tree.css, referer: http://190.27.245.106/forest/buscar.do?type=procesos
[Tue Aug 25 13:58:15.393250 2015] [proxy_http:error] [pid 7792:tid 1384] (20014)Internal error: [client 201.245.192.253:14770] AH01102: error reading status line from remote server 172.22.1.47:80, referer: http://190.27.245.106/forest/buscar.do?type=procesos
[Tue Aug 25 13:58:15.408850 2015] [proxy_http:error] [pid 7792:tid 1188] (20014)Internal error: [client 201.245.192.253:14769] AH01102: error reading status line from remote server 172.22.1.47:80, referer: http://190.27.245.106/forest/buscar.do?type=procesos
[Tue Aug 25 13:58:15.424450 2015] [proxy_http:error] [pid 7792:tid 1196] (20014)Internal error: [client 201.245.192.253:14773] AH01102: error reading status line from remote server 172.22.1.47:80, referer: http://190.27.245.106/forest/buscar.do?type=procesos
[Tue Aug 25 13:58:15.611651 2015] [proxy_http:error] [pid 7792:tid 1196] (20014)Internal error: [client 201.245.192.253:14775] AH01102: error reading status line from remote server 172.22.1.47:80, referer: http://190.27.245.106/forest/buscar.do?type=procesos
[Tue Aug 25 13:58:15.611651 2015] [proxy:error] [pid 7792:tid 1196] [client 201.245.192.253:14775] AH00898: Error reading from remote server returned by /forest/json.do, referer: http://190.27.245.106/forest/buscar.do?type=procesos
[Tue Aug 25 13:58:15.611651 2015] [negotiation:error] [pid 7792:tid 1196] [client 201.245.192.253:14775] AH00690: no acceptable variant: E:/nuevo/apache/error/HTTP_BAD_GATEWAY.html.var, referer: http://190.27.245.106/forest/buscar.do?type=procesos
[Tue Aug 25 13:58:16.032851 2015] [proxy_http:error] [pid 7792:tid 1196] (20014)Internal error: [client 201.245.192.253:14775] AH01102: error reading status line from remote server 172.22.1.47:80, referer: http://190.27.245.106/forest/buscar.do?type=procesos
[Tue Aug 25 14:04:31.712711 2015] [proxy_http:error] [pid 7792:tid 1312] (20014)Internal error: [client 201.245.192.253:42682] AH01102: error reading status line from remote server 172.22.1.47:80, referer: http://190.27.245.106/forest/index2.jsp?a=0.5745878812002763
[Tue Aug 25 14:04:31.712711 2015] [proxy:error] [pid 7792:tid 1312] [client 201.245.192.253:42682] AH00898: Error reading from remote server returned by /forest/skins/gdocs-jar/css/menu.css, referer: http://190.27.245.106/forest/index2.jsp?a=0.5745878812002763
[Tue Aug 25 14:06:04.345674 2015] [proxy_http:error] [pid 7792:tid 1260] (20014)Internal error: [client 201.245.192.253:17903] AH01102: error reading status line from remote server 172.22.1.47:80, referer: http://190.27.245.106/forest/misactividades.do?group_system_actual=3&codPro=95&_a=0.7533876248936543
[Tue Aug 25 14:06:13.300090 2015] [proxy_http:error] [pid 7792:tid 1144] (20014)Internal error: [client 201.245.192.253:17968] AH01102: error reading status line from remote server 172.22.1.47:80, referer: http://190.27.245.106/forest/misactividades.do?group_system_actual=3&codPro=95&_a=0.7533876248936543
[Tue Aug 25 14:06:13.300090 2015] [proxy:error] [pid 7792:tid 1144] [client 201.245.192.253:17968] AH00898: Error reading from remote server returned by /forest/misactividades.do, referer: http://190.27.245.106/forest/misactividades.do?group_system_actual=3&codPro=95&_a=0.7533876248936543
[Tue Aug 25 14:06:25.655311 2015] [proxy_http:error] [pid 7792:tid 1280] (20014)Internal error: [client 201.245.192.253:44495] AH01102: error reading status line from remote server 172.22.1.47:80, referer: http://190.27.245.106/forest/index2.jsp?_a=0.8546091996854631
[Tue Aug 25 14:06:25.655311 2015] [proxy:error] [pid 7792:tid 1280] [client 201.245.192.253:44495] AH00898: Error reading from remote server returned by /forest/skins/gdocs-jar/css/dialog.css, referer: http://190.27.245.106/forest/index2.jsp?_a=0.8546091996854631
[Tue Aug 25 14:06:25.655311 2015] [proxy_http:error] [pid 7792:tid 1832] (20014)Internal error: [client 201.245.192.253:44494] AH01102: error reading status line from remote server 172.22.1.47:80, referer: http://190.27.245.106/forest/index2.jsp?_a=0.8546091996854631
[Tue Aug 25 14:06:36.746931 2015] [proxy_http:error] [pid 7792:tid 1288] (20014)Internal error: [client 201.245.192.253:18104] AH01102: error reading status line from remote server 172.22.1.47:80, referer: http://190.27.245.106/forest/index2.jsp?a=0.7312081661063446
[Tue Aug 25 14:06:36.793731 2015] [proxy_http:error] [pid 7792:tid 1180] (20014)Internal error: [client 201.245.192.253:18097] AH01102: error reading status line from remote server 172.22.1.47:80, referer: http://190.27.245.106/forest/index2.jsp?a=0.7312081661063446
[Tue Aug 25 14:08:52.950770 2015] [proxy_http:error] [pid 7792:tid 1124] (20014)Internal error: [client 201.245.192.253:47090] AH01102: error reading status line from remote server 172.22.1.47:80, referer: http://190.27.245.106/forest/index2.jsp?_a=0.09044665065074764
[Tue Aug 25 14:08:55.961575 2015] [proxy_http:error] [pid 7792:tid 1288] (20014)Internal error: [client 201.245.192.253:47181] AH01102: error reading status line from remote server 172.22.1.47:80, referer: http://190.27.245.106/forest/buscar.do
[Tue Aug 25 14:08:55.961575 2015] [proxy:error] [pid 7792:tid 1288] [client 201.245.192.253:47181] AH00898: Error reading from remote server returned by /forest/js/escritorio/escritorio.js, referer: http://190.27.245.106/forest/buscar.do
[Tue Aug 25 14:09:25.024426 2015] [proxy_http:error] [pid 7792:tid 1280] (20014)Internal error: [client 201.245.192.253:49684] AH01102: error reading status line from remote server 172.22.1.47:80, referer: http://190.27.245.106/forest/index2.jsp?_a=0.29450551766807265
[Tue Aug 25 14:09:28.222432 2015] [proxy_http:error] [pid 7792:tid 1204] (OS 10054)An existing connection was forcibly closed by the remote host.  : [client 201.245.192.253:35080] AH01102: error reading status line from remote server 172.22.1.31:80, referer: http://190.27.245.106/isolucionsda/FrameSetGeneral.asp?Pagina=Menu.asp&IdModulo=7
[Tue Aug 25 14:09:28.222432 2015] [proxy:error] [pid 7792:tid 1204] [client 201.245.192.253:35080] AH00898: Error reading from remote server returned by /isolucionsda/BarraTitulos.asp, referer: http://190.27.245.106/isolucionsda/FrameSetGeneral.asp?Pagina=Menu.asp&IdModulo=7
[Tue Aug 25 14:22:46.975035 2015] [proxy_http:error] [pid 7792:tid 1060] (20014)Internal error: [client 201.245.192.253:12837] AH01102: error reading status line from remote server 172.22.1.47:80, referer: http://190.27.245.106/forest/index2.jsp?_a=0.7176024601794779
[Tue Aug 25 14:22:46.975035 2015] [proxy:error] [pid 7792:tid 1060] [client 201.245.192.253:12837] AH00898: Error reading from remote server returned by /forest/session.jsp, referer: http://190.27.245.106/forest/index2.jsp?_a=0.7176024601794779
[Tue Aug 25 14:22:46.975035 2015] [negotiation:error] [pid 7792:tid 1060] [client 201.245.192.253:12837] AH00690: no acceptable variant: E:/nuevo/apache/error/HTTP_BAD_GATEWAY.html.var, referer: http://190.27.245.106/forest/index2.jsp?_a=0.7176024601794779
[Tue Aug 25 14:25:50.868158 2015] [proxy_http:error] [pid 7792:tid 1344] (20014)Internal error: [client 190.9.203.54:32065] AH01102: error reading status line from remote server 172.22.1.47:80, referer: http://190.27.245.106/forest/
[Tue Aug 25 14:25:50.868158 2015] [proxy:error] [pid 7792:tid 1344] [client 190.9.203.54:32065] AH00898: Error reading from remote server returned by /forest/skins/gdocs-jar/css/forest.css, referer: http://190.27.245.106/forest/
[Tue Aug 25 14:27:40.146350 2015] [proxy_http:error] [pid 7792:tid 1488] (20014)Internal error: [client 201.245.192.253:42558] AH01102: error reading status line from remote server 172.22.1.47:80, referer: http://190.27.245.106/forest/usutareas.do?_a=0.01934289977865067&group_system_actual=3
[Tue Aug 25 14:27:40.161950 2015] [proxy_http:error] [pid 7792:tid 1856] (20014)Internal error: [client 201.245.192.253:43037] AH01102: error reading status line from remote server 172.22.1.47:80, referer: http://190.27.245.106/forest/usutareas.do?_a=0.01934289977865067&group_system_actual=3
[Tue Aug 25 14:28:18.616017 2015] [proxy_http:error] [pid 7792:tid 1068] (20014)Internal error: [client 201.245.192.253:15505] AH01102: error reading status line from remote server 172.22.1.47:80, referer: http://190.27.245.106/forest/buscar.do?type=procesos
[Tue Aug 25 14:28:39.769655 2015] [proxy_http:error] [pid 7792:tid 1536] (20014)Internal error: [client 201.245.192.253:43989] AH01102: error reading status line from remote server 172.22.1.47:80, referer: http://190.27.245.106/forest/misactividades.do?_a=0.10555347470398524&group_system_actual=3
[Tue Aug 25 14:29:49.704577 2015] [proxy_http:error] [pid 7792:tid 1188] (OS 10054)An existing connection was forcibly closed by the remote host.  : [client 201.244.55.205:27896] AH01102: error reading status line from remote server 172.22.1.31:80, referer: http://190.27.245.106/isolucionsda/Encabezado.asp?Pagina1=FrameSetGeneral.asp&&Pagina=MagazinHome.asp
[Tue Aug 25 14:30:12.823818 2015] [proxy_http:error] [pid 7792:tid 1856] (20014)Internal error: [client 201.245.192.253:45684] AH01102: error reading status line from remote server 172.22.1.47:80, referer: http://190.27.245.106/forest/buscar.do
[Tue Aug 25 14:30:25.288240 2015] [proxy_http:error] [pid 7792:tid 1684] (20014)Internal error: [client 201.245.192.253:16536] AH01102: error reading status line from remote server 172.22.1.47:80, referer: http://190.27.245.106/forest/reportes.do?menu=1&group_system_actual=5
[Tue Aug 25 14:30:25.288240 2015] [proxy:error] [pid 7792:tid 1684] [client 201.245.192.253:16536] AH00898: Error reading from remote server returned by /forest/skins/gdocs-jar/popup/popup.jsp, referer: http://190.27.245.106/forest/reportes.do?menu=1&group_system_actual=5
[Tue Aug 25 14:30:47.299879 2015] [proxy_http:error] [pid 7792:tid 1100] (20014)Internal error: [client 201.245.192.253:46311] AH01102: error reading status line from remote server 172.22.1.47:80, referer: http://190.27.245.106/forest/usutareas.do?_a=0.7378472576142999&group_system_actual=3
[Tue Aug 25 14:31:28.639951 2015] [proxy_http:error] [pid 7792:tid 1832] (20014)Internal error: [client 201.245.192.253:17230] AH01102: error reading status line from remote server 172.22.1.47:80, referer: http://190.27.245.106/forest/buscar.do?
[Tue Aug 25 14:31:28.639951 2015] [proxy:error] [pid 7792:tid 1832] [client 201.245.192.253:17230] AH00898: Error reading from remote server returned by /forest/buscar.do, referer: http://190.27.245.106/forest/buscar.do?
[Tue Aug 25 14:31:30.995555 2015] [proxy_http:error] [pid 7792:tid 1208] (20014)Internal error: [client 201.245.192.253:47428] AH01102: error reading status line from remote server 172.22.1.47:80, referer: http://190.27.245.106/forest/usutareas.do?group_system_actual=3&a=0.20848583812981847
[Tue Aug 25 14:31:40.527172 2015] [proxy_http:error] [pid 7792:tid 1684] (20014)Internal error: [client 201.245.192.253:17602] AH01102: error reading status line from remote server 172.22.1.47:80, referer: http://190.27.245.106/forest/index2.jsp?a=0.7312081661063446
[Tue Aug 25 14:31:40.527172 2015] [proxy:error] [pid 7792:tid 1684] [client 201.245.192.253:17602] AH00898: Error reading from remote server returned by /forest/1ibre/jscalendar/calendar-win2k-1.css, referer: http://190.27.245.106/forest/index2.jsp?a=0.7312081661063446
[Tue Aug 25 14:31:47.001183 2015] [proxy_http:error] [pid 7792:tid 1328] (20014)Internal error: [client 201.245.192.253:47958] AH01102: error reading status line from remote server 172.22.1.47:80, referer: http://190.27.245.106/forest/misactividades.do?group_system_actual=3&codPro=90&_a=0.5625222656015969
[Tue Aug 25 14:31:47.047984 2015] [proxy_http:error] [pid 7792:tid 1600] (20014)Internal error: [client 201.245.192.253:35092] AH01102: error reading status line from remote server 172.22.1.47:80, referer: http://190.27.245.106/forest/skins/gdocs-jar/css/forms.css
[Tue Aug 25 14:32:12.429228 2015] [proxy_http:error] [pid 7792:tid 1600] (20014)Internal error: [client 201.245.192.253:35639] AH01102: error reading status line from remote server 172.22.1.47:80, referer: http://190.27.245.106/forest/misactividades.do?_a=0.6783885588906015&group_system_actual=3
[Tue Aug 25 14:32:12.476028 2015] [proxy_http:error] [pid 7792:tid 1300] (20014)Internal error: [client 201.245.192.253:35635] AH01102: error reading status line from remote server 172.22.1.47:80, referer: http://190.27.245.106/forest/misactividades.do?_a=0.6783885588906015&group_system_actual=3
[Tue Aug 25 14:32:23.255647 2015] [proxy_http:error] [pid 7792:tid 1108] (20014)Internal error: [client 201.245.192.253:35791] AH01102: error reading status line from remote server 172.22.1.47:80, referer: http://190.27.245.106/forest/buscar.do?type=procesos
[Tue Aug 25 14:33:33.330970 2015] [proxy_http:error] [pid 7792:tid 1368] (20014)Internal error: [client 201.245.192.253:37083] AH01102: error reading status line from remote server 172.22.1.47:80, referer: http://190.27.245.106/forest/misactividades.do?_a=0.6783885588906015&group_system_actual=3
[Tue Aug 25 14:33:33.330970 2015] [proxy:error] [pid 7792:tid 1368] [client 201.245.192.253:37083] AH00898: Error reading from remote server returned by /forest/system/document.jsp, referer: http://190.27.245.106/forest/misactividades.do?_a=0.6783885588906015&group_system_actual=3
[Tue Aug 25 14:33:33.736571 2015] [proxy_http:error] [pid 7792:tid 1752] (20014)Internal error: [client 201.245.192.253:18437] AH01102: error reading status line from remote server 172.22.1.47:80, referer: http://190.27.245.106/forest/index2.jsp?a=0.7312081661063446
[Tue Aug 25 14:34:24.857861 2015] [mpm_winnt:warn] [pid 7792:tid 4496] (OS 64)The specified network name is no longer available.  : AH00341: winnt_accept: Asynchronous AcceptEx failed.
[Tue Aug 25 14:36:35.492490 2015] [proxy_http:error] [pid 7792:tid 1776] (20014)Internal error: [client 201.245.192.253:41195] AH01102: error reading status line from remote server 172.22.1.47:80, referer: http://190.27.245.106/forest/index2.jsp?a=0.8420377491731925
[Tue Aug 25 14:36:35.492490 2015] [proxy:error] [pid 7792:tid 1776] [client 201.245.192.253:41195] AH00898: Error reading from remote server returned by /forest/css/index.css, referer: http://190.27.245.106/forest/index2.jsp?a=0.8420377491731925
[Tue Aug 25 14:37:48.375818 2015] [proxy_http:error] [pid 7792:tid 1488] (20014)Internal error: [client 201.245.192.253:42699] AH01102: error reading status line from remote server 172.22.1.47:80, referer: http://190.27.245.106/forest/index2.jsp?group_system_actual=5&a=0.6475708935567495
[Tue Aug 25 14:38:31.837495 2015] [proxy_http:error] [pid 7792:tid 1568] (20014)Internal error: [client 201.245.192.253:56217] AH01102: error reading status line from remote server 172.22.1.47:80, referer: http://190.27.245.106/forest/index2.jsp?_a=0.4409320904427829
[Tue Aug 25 14:38:42.258313 2015] [proxy_http:error] [pid 7792:tid 1384] (20014)Internal error: [client 201.245.192.253:56091] AH01102: error reading status line from remote server 172.22.1.47:80, referer: http://190.27.245.106/forest/buscar.do?type=procesos
[Tue Aug 25 14:38:43.974316 2015] [proxy_http:error] [pid 7792:tid 1600] (20014)Internal error: [client 201.245.192.253:56419] AH01102: error reading status line from remote server 172.22.1.47:80, referer: http://190.27.245.106/forest/usutareas.do?group_system_actual=3&codAct=879&numPro=3200835&codPro=90&fecTra=2015-08-21%2010:49:52.0&codInst=3248087&codTraEsc=18983913
[Tue Aug 25 14:38:43.974316 2015] [proxy:error] [pid 7792:tid 1600] [client 201.245.192.253:56419] AH00898: Error reading from remote server returned by /forest/skins/gdocs-jar/css/menu.css, referer: http://190.27.245.106/forest/usutareas.do?group_system_actual=3&codAct=879&numPro=3200835&codPro=90&fecTra=2015-08-21%2010:49:52.0&codInst=3248087&codTraEsc=18983913
[Tue Aug 25 14:39:08.637959 2015] [proxy_http:error] [pid 7792:tid 1480] (20014)Internal error: [client 201.245.192.253:44539] AH01102: error reading status line from remote server 172.22.1.47:80, referer: http://190.27.245.106/forest/usutareas.do?group_system_actual=3&a=0.11492185892234952
[Tue Aug 25 14:39:08.637959 2015] [proxy:error] [pid 7792:tid 1480] [client 201.245.192.253:44539] AH00898: Error reading from remote server returned by /forest/1ibre/jscalendar/calendar-win2k-1.css, referer: http://190.27.245.106/forest/usutareas.do?group_system_actual=3&a=0.11492185892234952
[Tue Aug 25 14:39:08.653559 2015] [proxy_http:error] [pid 7792:tid 1584] (20014)Internal error: [client 201.245.192.253:44537] AH01102: error reading status line from remote server 172.22.1.47:80
[Tue Aug 25 14:39:51.865635 2015] [proxy_http:error] [pid 7792:tid 1600] (20014)Internal error: [client 201.245.192.253:57943] AH01102: error reading status line from remote server 172.22.1.47:80, referer: http://190.27.245.106/forest/buscar.do?type=procesos
[Tue Aug 25 14:39:51.881235 2015] [proxy_http:error] [pid 7792:tid 1524] (20014)Internal error: [client 201.245.192.253:57940] AH01102: error reading status line from remote server 172.22.1.47:80, referer: http://190.27.245.106/forest/buscar.do?type=procesos
[Tue Aug 25 14:39:56.342843 2015] [proxy_http:error] [pid 7792:tid 1664] (20014)Internal error: [client 201.245.192.253:31792] AH01102: error reading status line from remote server 172.22.1.47:80, referer: http://190.27.245.106/forest/index2.jsp?_a=0.9899581926691056
[Tue Aug 25 14:40:36.403713 2015] [proxy_http:error] [pid 7792:tid 1480] (20014)Internal error: [client 201.245.192.253:58957] AH01102: error reading status line from remote server 172.22.1.47:80, referer: http://190.27.245.106/forest/misactividades.do?group_system_actual=3&codPro=134&_a=0.9166707239678079
[Tue Aug 25 14:40:36.403713 2015] [proxy:error] [pid 7792:tid 1480] [client 201.245.192.253:58957] AH00898: Error reading from remote server returned by /forest/skins/gdocs-jar/css/forest.css, referer: http://190.27.245.106/forest/misactividades.do?group_system_actual=3&codPro=134&_a=0.9166707239678079
[Tue Aug 25 14:40:42.799725 2015] [proxy_http:error] [pid 7792:tid 1172] (20014)Internal error: [client 201.245.192.253:58997] AH01102: error reading status line from remote server 172.22.1.47:80, referer: http://190.27.245.106/forest/buscar.do?type=procesos
[Tue Aug 25 14:40:42.862125 2015] [proxy_http:error] [pid 7792:tid 1616] (20014)Internal error: [client 201.245.192.253:59032] AH01102: error reading status line from remote server 172.22.1.47:80, referer: http://190.27.245.106/forest/buscar.do?type=procesos
[Tue Aug 25 14:40:42.955725 2015] [proxy_http:error] [pid 7792:tid 1124] (20014)Internal error: [client 201.245.192.253:59028] AH01102: error reading status line from remote server 172.22.1.47:80, referer: http://190.27.245.106/forest/buscar.do?type=procesos
[Tue Aug 25 14:40:42.971325 2015] [proxy_http:error] [pid 7792:tid 1416] (20014)Internal error: [client 201.245.192.253:59030] AH01102: error reading status line from remote server 172.22.1.47:80, referer: http://190.27.245.106/forest/buscar.do?type=procesos
[Tue Aug 25 14:40:43.111725 2015] [proxy_http:error] [pid 7792:tid 1172] (20014)Internal error: [client 201.245.192.253:46930] AH01102: error reading status line from remote server 172.22.1.47:80, referer: http://190.27.245.106/forest/usutareas.do?_a=0.9919913969800533&group_system_actual=3
[Tue Aug 25 14:41:06.386966 2015] [proxy_http:error] [pid 7792:tid 1556] (20014)Internal error: [client 201.245.192.253:59547] AH01102: error reading status line from remote server 172.22.1.47:80, referer: http://190.27.245.106/forest/usutareas.do?group_system_actual=3&codAct=879&numPro=3200815&codPro=90&fecTra=2015-08-21%2010:45:11.0&codInst=3248066&codTraEsc=18983776
[Tue Aug 25 14:41:06.386966 2015] [proxy:error] [pid 7792:tid 1556] [client 201.245.192.253:59547] AH00898: Error reading from remote server returned by /forest/css/index.css, referer: http://190.27.245.106/forest/usutareas.do?group_system_actual=3&codAct=879&numPro=3200815&codPro=90&fecTra=2015-08-21%2010:45:11.0&codInst=3248066&codTraEsc=18983776
[Tue Aug 25 14:41:09.366571 2015] [proxy_http:error] [pid 7792:tid 1752] (20014)Internal error: [client 201.245.192.253:10050] AH01102: error reading status line from remote server 172.22.1.47:80, referer: http://190.27.245.106/forest/buscar.do?type=procesos
[Tue Aug 25 14:41:09.397771 2015] [proxy_http:error] [pid 7792:tid 1488] (20014)Internal error: [client 201.245.192.253:10053] AH01102: error reading status line from remote server 172.22.1.47:80, referer: http://190.27.245.106/forest/buscar.do?type=procesos
[Tue Aug 25 14:42:41.640733 2015] [proxy_http:error] [pid 7792:tid 1220] (20014)Internal error: [client 201.245.192.253:37031] AH01102: error reading status line from remote server 172.22.1.47:80, referer: http://190.27.245.106/forest/misactividades.do?group_system_actual=3&codPro=95&_a=0.9901313175983472
[Tue Aug 25 14:45:58.138678 2015] [proxy_http:error] [pid 7792:tid 1664] (20014)Internal error: [client 201.245.192.253:53157] AH01102: error reading status line from remote server 172.22.1.47:80, referer: http://190.27.245.106/forest/index2.jsp?_a=0.1305617762686152
[Tue Aug 25 14:45:58.138678 2015] [proxy:error] [pid 7792:tid 1664] [client 201.245.192.253:53157] AH00898: Error reading from remote server returned by /forest/css/index.css, referer: http://190.27.245.106/forest/index2.jsp?_a=0.1305617762686152
[Tue Aug 25 14:45:58.154278 2015] [proxy_http:error] [pid 7792:tid 1776] (20014)Internal error: [client 201.245.192.253:53154] AH01102: error reading status line from remote server 172.22.1.47:80, referer: http://190.27.245.106/forest/index2.jsp?_a=0.1305617762686152
[Tue Aug 25 14:45:58.154278 2015] [proxy_http:error] [pid 7792:tid 1576] (20014)Internal error: [client 201.245.192.253:53150] AH01102: error reading status line from remote server 172.22.1.47:80, referer: http://190.27.245.106/forest/index2.jsp?_a=0.1305617762686152
[Tue Aug 25 14:45:58.169878 2015] [proxy_http:error] [pid 7792:tid 1664] (20014)Internal error: [client 201.245.192.253:53157] AH01102: error reading status line from remote server 172.22.1.47:80
[Tue Aug 25 14:47:17.698818 2015] [proxy_http:error] [pid 7792:tid 1220] (20014)Internal error: [client 201.245.192.253:54906] AH01102: error reading status line from remote server 172.22.1.47:80, referer: http://190.27.245.106/forest/index2.jsp?a=0.14006082960376132
[Tue Aug 25 14:49:30.782652 2015] [proxy_http:error] [pid 7792:tid 1680] (20014)Internal error: [client 201.245.192.253:46012] AH01102: error reading status line from remote server 172.22.1.47:80, referer: http://190.27.245.106/forest/buscar.do
[Tue Aug 25 14:49:30.798252 2015] [proxy_http:error] [pid 7792:tid 1680] (20014)Internal error: [client 201.245.192.253:46071] AH01102: error reading status line from remote server 172.22.1.47:80, referer: http://190.27.245.106/forest/buscar.do
[Tue Aug 25 14:49:30.798252 2015] [proxy:error] [pid 7792:tid 1680] [client 201.245.192.253:46071] AH00898: Error reading from remote server returned by /forest/js/autocompletar2.js, referer: http://190.27.245.106/forest/buscar.do
[Tue Aug 25 14:49:46.523080 2015] [proxy_http:error] [pid 7792:tid 1556] (20014)Internal error: [client 201.245.192.253:46492] AH01102: error reading status line from remote server 172.22.1.47:80, referer: http://190.27.245.106/forest/index2.jsp?group_system_actual=5&a=0.7182080722914101
[Tue Aug 25 14:49:46.523080 2015] [proxy:error] [pid 7792:tid 1556] [client 201.245.192.253:46492] AH00898: Error reading from remote server returned by /forest/actions/forms.getList, referer: http://190.27.245.106/forest/index2.jsp?group_system_actual=5&a=0.7182080722914101
