[Tue Aug 25 16:45:27.053270 2015] [proxy_http:error] [pid 7792:tid 1312] (20014)Internal error: [client 201.245.192.253:28122] AH01102: error reading status line from remote server 172.22.1.47:80, referer: http://190.27.245.106/forest/usutareas.do?group_system_actual=3&a=0.3634970737942067
[Tue Aug 25 16:45:27.068870 2015] [proxy_http:error] [pid 7792:tid 1728] (20014)Internal error: [client 201.245.192.253:28198] AH01102: error reading status line from remote server 172.22.1.47:80, referer: http://190.27.245.106/forest/usutareas.do?group_system_actual=3&a=0.3634970737942067
[Tue Aug 25 16:45:27.068870 2015] [proxy_http:error] [pid 7792:tid 1312] (20014)Internal error: [client 201.245.192.253:28201] AH01102: error reading status line from remote server 172.22.1.47:80
[Tue Aug 25 16:47:40.355504 2015] [proxy_http:error] [pid 7792:tid 1228] (20014)Internal error: [client 201.245.192.253:29143] AH01102: error reading status line from remote server 172.22.1.47:80, referer: http://190.27.245.106/forest/usutareas.do?group_system_actual=3&a=0.15958469347485582
[Tue Aug 25 16:49:26.841291 2015] [proxy_http:error] [pid 7792:tid 1556] (20014)Internal error: [client 201.245.192.253:53419] AH01102: error reading status line from remote server 172.22.1.47:80, referer: http://190.27.245.106/forest/suactividades.do?group_system_actual=3
[Tue Aug 25 16:49:26.872491 2015] [proxy_http:error] [pid 7792:tid 1556] (20014)Internal error: [client 201.245.192.253:53424] AH01102: error reading status line from remote server 172.22.1.47:80, referer: http://190.27.245.106/forest/suactividades.do?group_system_actual=3
[Tue Aug 25 16:49:26.872491 2015] [proxy_http:error] [pid 7792:tid 1488] (20014)Internal error: [client 201.245.192.253:53423] AH01102: error reading status line from remote server 172.22.1.47:80, referer: http://190.27.245.106/forest/suactividades.do?group_system_actual=3
[Tue Aug 25 16:49:26.872491 2015] [proxy_http:error] [pid 7792:tid 1872] (20014)Internal error: [client 201.245.192.253:53426] AH01102: error reading status line from remote server 172.22.1.47:80, referer: http://190.27.245.106/forest/suactividades.do?group_system_actual=3
[Tue Aug 25 16:49:30.008097 2015] [proxy_http:error] [pid 7792:tid 1204] (20014)Internal error: [client 201.245.192.253:29816] AH01102: error reading status line from remote server 172.22.1.47:80, referer: http://190.27.245.106/forest/index2.jsp?_a=0.7982914319826735
[Tue Aug 25 16:51:10.425473 2015] [proxy_http:error] [pid 7792:tid 1156] (20014)Internal error: [client 201.245.192.253:15189] AH01102: error reading status line from remote server 172.22.1.47:80, referer: http://190.27.245.106/forest/buscar.do?type=documentos
[Tue Aug 25 16:52:19.471194 2015] [proxy_http:error] [pid 7792:tid 1132] (20014)Internal error: [client 201.245.192.253:15613] AH01102: error reading status line from remote server 172.22.1.47:80, referer: http://190.27.245.106/forest/reportes.do?group_system_actual=5&menu=1&tab=3
[Tue Aug 25 16:52:19.471194 2015] [proxy:error] [pid 7792:tid 1132] [client 201.245.192.253:15613] AH00898: Error reading from remote server returned by /forest/buscar.do, referer: http://190.27.245.106/forest/reportes.do?group_system_actual=5&menu=1&tab=3
[Tue Aug 25 16:52:41.935234 2015] [proxy_http:error] [pid 7792:tid 1208] (20014)Internal error: [client 201.245.192.253:31277] AH01102: error reading status line from remote server 172.22.1.47:80, referer: http://190.27.245.106/forest/usutareas.do?codTraEsc=18953489
[Tue Aug 25 16:52:53.120453 2015] [proxy_http:error] [pid 7792:tid 1568] (20014)Internal error: [client 201.245.192.253:46234] AH01102: error reading status line from remote server 172.22.1.47:80, referer: http://190.27.245.106/forest/index2.jsp?group_system_actual=5&a=0.1885943859738778
[Tue Aug 25 16:52:53.120453 2015] [proxy:error] [pid 7792:tid 1568] [client 201.245.192.253:46234] AH00898: Error reading from remote server returned by /forest/actions/forms.getList, referer: http://190.27.245.106/forest/index2.jsp?group_system_actual=5&a=0.1885943859738778
[Tue Aug 25 16:52:53.120453 2015] [negotiation:error] [pid 7792:tid 1568] [client 201.245.192.253:46234] AH00690: no acceptable variant: E:/nuevo/apache/error/HTTP_BAD_GATEWAY.html.var, referer: http://190.27.245.106/forest/index2.jsp?group_system_actual=5&a=0.1885943859738778
[Tue Aug 25 16:53:46.160547 2015] [proxy_http:error] [pid 7792:tid 1336] (20014)Internal error: [client 201.245.192.253:56809] AH01102: error reading status line from remote server 172.22.1.47:80, referer: http://190.27.245.106/forest/reportes.do?menu=1&group_system_actual=5
[Tue Aug 25 16:53:46.160547 2015] [proxy:error] [pid 7792:tid 1336] [client 201.245.192.253:56809] AH00898: Error reading from remote server returned by /forest/session.jsp, referer: http://190.27.245.106/forest/reportes.do?menu=1&group_system_actual=5
[Tue Aug 25 16:53:46.160547 2015] [negotiation:error] [pid 7792:tid 1336] [client 201.245.192.253:56809] AH00690: no acceptable variant: E:/nuevo/apache/error/HTTP_BAD_GATEWAY.html.var, referer: http://190.27.245.106/forest/reportes.do?menu=1&group_system_actual=5
[Tue Aug 25 16:57:15.871715 2015] [proxy_http:error] [pid 7792:tid 1568] (20014)Internal error: [client 201.245.192.253:59425] AH01102: error reading status line from remote server 172.22.1.47:80, referer: http://190.27.245.106/forest/index2.jsp?_a=0.2825559608103543
[Tue Aug 25 16:57:42.922162 2015] [proxy_http:error] [pid 7792:tid 1448] (20014)Internal error: [client 201.245.192.253:37556] AH01102: error reading status line from remote server 172.22.1.47:80, referer: http://190.27.245.106/forest/usutareas.do?group_system_actual=3&codTraEsc=19025410&_a=0.8191155659285857
[Tue Aug 25 16:57:43.062563 2015] [proxy_http:error] [pid 7792:tid 1100] (20014)Internal error: [client 201.245.192.253:37559] AH01102: error reading status line from remote server 172.22.1.47:80, referer: http://190.27.245.106/forest/usutareas.do?group_system_actual=3&codTraEsc=19025410&_a=0.8191155659285857
[Tue Aug 25 16:59:46.224779 2015] [proxy_http:error] [pid 7792:tid 1864] (20014)Internal error: [client 201.245.192.253:17993] AH01102: error reading status line from remote server 172.22.1.47:80, referer: http://190.27.245.106/forest/usutareas.do?group_system_actual=3&codTraEsc=19026029&_a=0.8950795692797675
[Tue Aug 25 17:00:35.832866 2015] [proxy_http:error] [pid 7792:tid 1100] (20014)Internal error: [client 201.245.192.253:50080] AH01102: error reading status line from remote server 172.22.1.47:80, referer: http://190.27.245.106/forest/buscar.do?type=procesos
[Tue Aug 25 17:02:20.992651 2015] [proxy_http:error] [pid 7792:tid 1112] (20014)Internal error: [client 201.245.192.253:41532] AH01102: error reading status line from remote server 172.22.1.47:80, referer: http://190.27.245.106/forest/index2.jsp?_a=0.2505486647160907
[Tue Aug 25 17:02:35.219876 2015] [proxy_http:error] [pid 7792:tid 1188] (20014)Internal error: [client 201.245.192.253:41754] AH01102: error reading status line from remote server 172.22.1.47:80, referer: http://190.27.245.106/forest/usutareas.do?_a=0.5931730133849107&group_system_actual=3
[Tue Aug 25 17:02:51.178704 2015] [proxy_http:error] [pid 7792:tid 1188] (20014)Internal error: [client 201.245.192.253:41758] AH01102: error reading status line from remote server 172.22.1.47:80, referer: http://190.27.245.106/forest/usutareas.do?_a=0.172823141663342&group_system_actual=3
[Tue Aug 25 17:02:51.194304 2015] [proxy_http:error] [pid 7792:tid 1132] (20014)Internal error: [client 201.245.192.253:41869] AH01102: error reading status line from remote server 172.22.1.47:80, referer: http://190.27.245.106/forest/usutareas.do?_a=0.172823141663342&group_system_actual=3
[Tue Aug 25 17:03:13.861144 2015] [proxy_http:error] [pid 7792:tid 1196] (20014)Internal error: [client 201.245.192.253:42289] AH01102: error reading status line from remote server 172.22.1.47:80, referer: http://190.27.245.106/forest/usutareas.do?_a=0.172823141663342&group_system_actual=3
[Tue Aug 25 17:03:13.861144 2015] [proxy:error] [pid 7792:tid 1196] [client 201.245.192.253:42289] AH00898: Error reading from remote server returned by /forest/skins/gdocs-jar/popup/escritorio/subirborrador.jsp, referer: http://190.27.245.106/forest/usutareas.do?_a=0.172823141663342&group_system_actual=3
[Tue Aug 25 17:03:14.173144 2015] [proxy_http:error] [pid 7792:tid 1272] (20014)Internal error: [client 190.157.73.62:49395] AH01102: error reading status line from remote server 172.22.1.47:80, referer: http://190.27.245.106/forest/buscar.do?type=procesos
[Tue Aug 25 17:03:14.173144 2015] [proxy:error] [pid 7792:tid 1272] [client 190.157.73.62:49395] AH00898: Error reading from remote server returned by /forest/json.do, referer: http://190.27.245.106/forest/buscar.do?type=procesos
[Tue Aug 25 17:03:14.173144 2015] [negotiation:error] [pid 7792:tid 1272] [client 190.157.73.62:49395] AH00690: no acceptable variant: E:/nuevo/apache/error/HTTP_BAD_GATEWAY.html.var, referer: http://190.27.245.106/forest/buscar.do?type=procesos
[Tue Aug 25 17:03:29.133571 2015] [proxy_http:error] [pid 7792:tid 1888] (20014)Internal error: [client 201.245.192.253:19165] AH01102: error reading status line from remote server 172.22.1.47:80, referer: http://190.27.245.106/forest/usutareas.do?group_system_actual=3&a=0.4579839573844581
[Tue Aug 25 17:03:29.133571 2015] [proxy:error] [pid 7792:tid 1888] [client 201.245.192.253:19165] AH00898: Error reading from remote server returned by /forest/skins/gdocs-jar/css/autocomplete.css, referer: http://190.27.245.106/forest/usutareas.do?group_system_actual=3&a=0.4579839573844581
[Tue Aug 25 17:03:29.149171 2015] [proxy_http:error] [pid 7792:tid 1752] (20014)Internal error: [client 201.245.192.253:19167] AH01102: error reading status line from remote server 172.22.1.47:80, referer: http://190.27.245.106/forest/usutareas.do?group_system_actual=3&a=0.4579839573844581
[Tue Aug 25 17:03:39.632389 2015] [proxy_http:error] [pid 7792:tid 1480] (20014)Internal error: [client 201.245.192.253:19220] AH01102: error reading status line from remote server 172.22.1.47:80, referer: http://190.27.245.106/forest/index2.jsp?_a=0.18371101723081584
[Tue Aug 25 17:03:42.814795 2015] [proxy_http:error] [pid 7792:tid 1684] (20014)Internal error: [client 201.245.192.253:19223] AH01102: error reading status line from remote server 172.22.1.47:80, referer: http://190.27.245.106/forest/misactividades.do?group_system_actual=3&codPro=134&_a=0.5124431884929335
[Tue Aug 25 17:05:11.968951 2015] [proxy_http:error] [pid 7792:tid 1712] (20014)Internal error: [client 201.245.192.253:19888] AH01102: error reading status line from remote server 172.22.1.47:80, referer: http://190.27.245.106/forest/index2.jsp?_a=0.6039467984746268
[Tue Aug 25 17:05:11.984551 2015] [proxy_http:error] [pid 7792:tid 1488] (20014)Internal error: [client 201.245.192.253:19887] AH01102: error reading status line from remote server 172.22.1.47:80, referer: http://190.27.245.106/forest/index2.jsp?_a=0.6039467984746268
[Tue Aug 25 17:05:39.253399 2015] [proxy_http:error] [pid 7792:tid 1324] (20014)Internal error: [client 201.245.192.253:44276] AH01102: error reading status line from remote server 172.22.1.47:80, referer: http://190.27.245.106/forest/index2.jsp?group_system_actual=5&a=0.45745229182494407
[Tue Aug 25 17:07:10.887960 2015] [proxy_http:error] [pid 7792:tid 1164] (20014)Internal error: [client 201.245.192.253:45730] AH01102: error reading status line from remote server 172.22.1.47:80, referer: http://190.27.245.106/forest/index2.jsp?group_system_actual=5&a=0.4132342047503208
[Tue Aug 25 17:07:13.212364 2015] [proxy_http:error] [pid 7792:tid 1324] (20014)Internal error: [client 201.245.192.253:55224] AH01102: error reading status line from remote server 172.22.1.47:80, referer: http://190.27.245.106/forest/index2.jsp?_a=0.2825559608103543
[Tue Aug 25 17:07:13.212364 2015] [proxy:error] [pid 7792:tid 1324] [client 201.245.192.253:55224] AH00898: Error reading from remote server returned by /forest/session.jsp, referer: http://190.27.245.106/forest/index2.jsp?_a=0.2825559608103543
[Tue Aug 25 17:07:13.212364 2015] [negotiation:error] [pid 7792:tid 1324] [client 201.245.192.253:55224] AH00690: no acceptable variant: E:/nuevo/apache/error/HTTP_BAD_GATEWAY.html.var, referer: http://190.27.245.106/forest/index2.jsp?_a=0.2825559608103543
[Tue Aug 25 17:07:26.300787 2015] [proxy_http:error] [pid 7792:tid 1188] (20014)Internal error: [client 201.245.192.253:55404] AH01102: error reading status line from remote server 172.22.1.47:80
[Tue Aug 25 17:07:29.451993 2015] [proxy_http:error] [pid 7792:tid 1352] (20014)Internal error: [client 201.245.192.253:20633] AH01102: error reading status line from remote server 172.22.1.47:80, referer: http://190.27.245.106/forest/login.do
[Tue Aug 25 17:07:29.451993 2015] [proxy:error] [pid 7792:tid 1352] [client 201.245.192.253:20633] AH00898: Error reading from remote server returned by /forest/1ibre/jscalendar/calendar-win2k-1.css, referer: http://190.27.245.106/forest/login.do
[Tue Aug 25 17:07:31.417596 2015] [proxy_http:error] [pid 7792:tid 1480] (20014)Internal error: [client 201.245.192.253:55447] AH01102: error reading status line from remote server 172.22.1.47:80, referer: http://190.27.245.106/forest/usutareas.do?codTraEsc=11268219
[Tue Aug 25 17:07:31.417596 2015] [proxy:error] [pid 7792:tid 1480] [client 201.245.192.253:55447] AH00898: Error reading from remote server returned by /forest/skins/gdocs-jar/css/menu.css, referer: http://190.27.245.106/forest/usutareas.do?codTraEsc=11268219
[Tue Aug 25 17:08:20.900883 2015] [proxy_http:error] [pid 7792:tid 1352] (20014)Internal error: [client 201.245.192.253:20886] AH01102: error reading status line from remote server 172.22.1.47:80, referer: http://190.27.245.106/forest/buscar.do?type=procesos
[Tue Aug 25 17:08:20.916483 2015] [proxy_http:error] [pid 7792:tid 1536] (20014)Internal error: [client 201.245.192.253:20896] AH01102: error reading status line from remote server 172.22.1.47:80, referer: http://190.27.245.106/forest/buscar.do?type=procesos
[Tue Aug 25 17:08:38.450914 2015] [proxy_http:error] [pid 7792:tid 1840] (20014)Internal error: [client 201.245.192.253:56177] AH01102: error reading status line from remote server 172.22.1.47:80, referer: http://190.27.245.106/forest/usutareas.do?group_system_actual=3&codAct=1477&numPro=3186327&codPro=134&fecTra=2015-08-25%2014:13:33.953&codInst=3232874&codTraEsc=19020243
[Tue Aug 25 17:08:38.450914 2015] [proxy:error] [pid 7792:tid 1840] [client 201.245.192.253:56177] AH00898: Error reading from remote server returned by /forest/skins/gdocs-jar/js/grid.js, referer: http://190.27.245.106/forest/usutareas.do?group_system_actual=3&codAct=1477&numPro=3186327&codPro=134&fecTra=2015-08-25%2014:13:33.953&codInst=3232874&codTraEsc=19020243
[Tue Aug 25 17:08:51.040136 2015] [proxy_http:error] [pid 7792:tid 1840] (20014)Internal error: [client 201.245.192.253:24775] AH01102: error reading status line from remote server 172.22.1.47:80, referer: http://190.27.245.106/forest/usutareas.do?_a=0.02616679737767169&group_system_actual=3
[Tue Aug 25 17:09:00.743353 2015] [proxy_http:error] [pid 7792:tid 1416] (20014)Internal error: [client 201.245.192.253:56431] AH01102: error reading status line from remote server 172.22.1.47:80, referer: http://190.27.245.106/forest/suactividades.do?_a=0.608950572685985&group_system_actual=3
[Tue Aug 25 17:09:26.686199 2015] [proxy_http:error] [pid 7792:tid 1616] (20014)Internal error: [client 190.157.73.62:49411] AH01102: error reading status line from remote server 172.22.1.47:80, referer: http://190.27.245.106/forest/buscar.do?type=documentos
[Tue Aug 25 17:09:26.748599 2015] [proxy_http:error] [pid 7792:tid 1696] (20014)Internal error: [client 190.157.73.62:49414] AH01102: error reading status line from remote server 172.22.1.47:80, referer: http://190.27.245.106/forest/buscar.do?type=documentos
[Tue Aug 25 17:09:26.748599 2015] [proxy:error] [pid 7792:tid 1696] [client 190.157.73.62:49414] AH00898: Error reading from remote server returned by /forest/json.do, referer: http://190.27.245.106/forest/buscar.do?type=documentos
[Tue Aug 25 17:09:26.748599 2015] [negotiation:error] [pid 7792:tid 1696] [client 190.157.73.62:49414] AH00690: no acceptable variant: E:/nuevo/apache/error/HTTP_BAD_GATEWAY.html.var, referer: http://190.27.245.106/forest/buscar.do?type=documentos
[Tue Aug 25 17:09:31.101006 2015] [proxy_http:error] [pid 7792:tid 1368] (20014)Internal error: [client 201.245.192.253:47458] AH01102: error reading status line from remote server 172.22.1.47:80, referer: http://190.27.245.106/forest/usutareas.do?group_system_actual=3&a=0.6191855528172475
[Tue Aug 25 17:09:31.101006 2015] [proxy:error] [pid 7792:tid 1368] [client 201.245.192.253:47458] AH00898: Error reading from remote server returned by /forest/css/index.css, referer: http://190.27.245.106/forest/usutareas.do?group_system_actual=3&a=0.6191855528172475
[Tue Aug 25 17:09:44.766630 2015] [proxy_http:error] [pid 7792:tid 1416] (20014)Internal error: [client 201.245.192.253:35200] AH01102: error reading status line from remote server 172.22.1.47:80, referer: http://190.27.245.106/forest/buscar.do?type=procesos
[Tue Aug 25 17:09:59.383856 2015] [proxy_http:error] [pid 7792:tid 1196] (20014)Internal error: [client 201.245.192.253:35371] AH01102: error reading status line from remote server 172.22.1.47:80, referer: http://190.27.245.106/forest/index2.jsp?group_system_actual=5&a=0.12577225298079286
[Tue Aug 25 17:10:02.706662 2015] [proxy_http:error] [pid 7792:tid 1736] (20014)Internal error: [client 201.245.192.253:57098] AH01102: error reading status line from remote server 172.22.1.47:80, referer: http://190.27.245.106/forest/misactividades.do?group_system_actual=3&codPro=95&_a=0.22665708841658339
[Tue Aug 25 17:10:07.402270 2015] [proxy_http:error] [pid 7792:tid 1132] (20014)Internal error: [client 201.245.192.253:57122] AH01102: error reading status line from remote server 172.22.1.47:80, referer: http://190.27.245.106/forest/usutareas.do?codTraEsc=11268219
[Tue Aug 25 17:10:07.449070 2015] [proxy_http:error] [pid 7792:tid 1696] (20014)Internal error: [client 201.245.192.253:57119] AH01102: error reading status line from remote server 172.22.1.47:80, referer: http://190.27.245.106/forest/usutareas.do?codTraEsc=11268219
[Tue Aug 25 17:10:07.823471 2015] [proxy_http:error] [pid 7792:tid 1312] (20014)Internal error: [client 201.245.192.253:35473] AH01102: error reading status line from remote server 172.22.1.47:80, referer: http://190.27.245.106/forest/usutareas.do?group_system_actual=3&codTraEsc=18997963&_a=0.9491746267069736
[Tue Aug 25 17:10:07.979471 2015] [proxy_http:error] [pid 7792:tid 1312] (20014)Internal error: [client 201.245.192.253:35555] AH01102: error reading status line from remote server 172.22.1.47:80, referer: http://190.27.245.106/forest/usutareas.do?group_system_actual=3&codTraEsc=18997963&_a=0.9491746267069736
[Tue Aug 25 17:10:15.810685 2015] [proxy_http:error] [pid 7792:tid 1416] (20014)Internal error: [client 201.245.192.253:35695] AH01102: error reading status line from remote server 172.22.1.47:80, referer: http://190.27.245.106/forest/misactividades.do?group_system_actual=3&codPro=90&_a=0.6424967781691241
[Tue Aug 25 17:11:09.942780 2015] [proxy_http:error] [pid 7792:tid 1208] (20014)Internal error: [client 201.245.192.253:36233] AH01102: error reading status line from remote server 172.22.1.47:80, referer: http://190.27.245.106/forest/index2.jsp?group_system_actual=5&a=0.6977730859207172
[Tue Aug 25 17:11:09.942780 2015] [proxy:error] [pid 7792:tid 1208] [client 201.245.192.253:36233] AH00898: Error reading from remote server returned by /forest/actions/forms.getList, referer: http://190.27.245.106/forest/index2.jsp?group_system_actual=5&a=0.6977730859207172
[Tue Aug 25 17:11:09.942780 2015] [negotiation:error] [pid 7792:tid 1208] [client 201.245.192.253:36233] AH00690: no acceptable variant: E:/nuevo/apache/error/HTTP_BAD_GATEWAY.html.var, referer: http://190.27.245.106/forest/index2.jsp?group_system_actual=5&a=0.6977730859207172
[Tue Aug 25 17:12:10.548886 2015] [proxy_http:error] [pid 7792:tid 1856] (20014)Internal error: [client 201.245.192.253:25935] AH01102: error reading status line from remote server 172.22.1.47:80, referer: http://190.27.245.106/forest/usutareas.do?_a=0.02616679737767169&group_system_actual=3
[Tue Aug 25 17:12:51.888959 2015] [proxy_http:error] [pid 7792:tid 1416] (20014)Internal error: [client 201.245.192.253:37347] AH01102: error reading status line from remote server 172.22.1.47:80, referer: http://190.27.245.106/forest/index2.jsp?group_system_actual=5&a=0.6977730859207172
[Tue Aug 25 17:13:10.983393 2015] [proxy_http:error] [pid 7792:tid 1196] (20014)Internal error: [client 201.245.192.253:59120] AH01102: error reading status line from remote server 172.22.1.47:80, referer: http://190.27.245.106/forest/buscar.do?type=documentos
[Tue Aug 25 17:14:32.212735 2015] [proxy_http:error] [pid 7792:tid 1336] (70008)Partial results are valid but processing is incomplete: [client 190.9.203.54:32250] AH01110: error reading response, referer: http://190.27.245.106/forest/frameset?
[Tue Aug 25 17:14:47.906363 2015] [proxy_http:error] [pid 7792:tid 1488] (20014)Internal error: [client 201.245.192.253:10074] AH01102: error reading status line from remote server 172.22.1.47:80, referer: http://190.27.245.106/forest/usutareas.do?group_system_actual=3&a=0.537570745028083
[Tue Aug 25 17:15:22.351223 2015] [proxy_http:error] [pid 7792:tid 1288] (20014)Internal error: [client 201.245.192.253:26826] AH01102: error reading status line from remote server 172.22.1.47:80, referer: http://190.27.245.106/forest/suactividades.do?group_system_actual=3&_a=0.7307368603292234
[Tue Aug 25 17:16:10.695708 2015] [proxy_http:error] [pid 7792:tid 1244] (20014)Internal error: [client 201.245.192.253:39489] AH01102: error reading status line from remote server 172.22.1.47:80, referer: http://190.27.245.106/forest/usutareas.do?group_system_actual=3&a=0.9749142536446616
[Tue Aug 25 17:16:10.695708 2015] [proxy:error] [pid 7792:tid 1244] [client 201.245.192.253:39489] AH00898: Error reading from remote server returned by /forest/css/escritorio.css, referer: http://190.27.245.106/forest/usutareas.do?group_system_actual=3&a=0.9749142536446616
[Tue Aug 25 17:16:12.817312 2015] [proxy_http:error] [pid 7792:tid 1260] (20014)Internal error: [client 201.245.192.253:39420] AH01102: error reading status line from remote server 172.22.1.47:80, referer: http://190.27.245.106/forest/index2.jsp?group_system_actual=5&a=0.9282154729016642
[Tue Aug 25 17:16:35.936552 2015] [proxy_http:error] [pid 7792:tid 1536] (20014)Internal error: [client 201.245.192.253:39730] AH01102: error reading status line from remote server 172.22.1.47:80, referer: http://190.27.245.106/forest/index2.jsp?group_system_actual=5&a=0.9282154729016642
[Tue Aug 25 17:17:14.484220 2015] [proxy_http:error] [pid 7792:tid 1208] (20014)Internal error: [client 201.245.192.253:40383] AH01102: error reading status line from remote server 172.22.1.47:80, referer: http://190.27.245.106/forest/misactividades.do?_a=0.8673098374698783&group_system_actual=3
[Tue Aug 25 17:17:14.484220 2015] [proxy_http:error] [pid 7792:tid 1228] (20014)Internal error: [client 201.245.192.253:40372] AH01102: error reading status line from remote server 172.22.1.47:80, referer: http://190.27.245.106/forest/misactividades.do?_a=0.8673098374698783&group_system_actual=3
[Tue Aug 25 17:18:17.399131 2015] [proxy_http:error] [pid 7792:tid 1856] (20014)Internal error: [client 201.245.192.253:41063] AH01102: error reading status line from remote server 172.22.1.47:80, referer: http://190.27.245.106/forest/index2.jsp?_a=0.4055249995080228
[Tue Aug 25 17:18:32.281557 2015] [proxy_http:error] [pid 7792:tid 1752] (20014)Internal error: [client 201.245.192.253:41263] AH01102: error reading status line from remote server 172.22.1.47:80, referer: http://190.27.245.106/forest/usutareas.do?group_system_actual=3&a=0.8384146329252732
[Tue Aug 25 17:19:52.746498 2015] [proxy_http:error] [pid 7792:tid 1752] (20014)Internal error: [client 201.245.192.253:42017] AH01102: error reading status line from remote server 172.22.1.47:80, referer: http://190.27.245.106/forest/index2.jsp?group_system_actual=5&a=0.8320960019990933
[Tue Aug 25 17:20:17.051341 2015] [proxy_http:error] [pid 7792:tid 1776] (20014)Internal error: [client 201.245.192.253:42260] AH01102: error reading status line from remote server 172.22.1.47:80, referer: http://190.27.245.106/forest/misactividades.do?_a=0.04994080672386958&group_system_actual=3
[Tue Aug 25 17:21:00.107416 2015] [proxy_http:error] [pid 7792:tid 1536] (20014)Internal error: [client 201.245.192.253:42674] AH01102: error reading status line from remote server 172.22.1.47:80, referer: http://190.27.245.106/forest/usutareas.do?_a=0.3635336272019942&group_system_actual=3
[Tue Aug 25 17:21:23.959858 2015] [proxy_http:error] [pid 7792:tid 1640] (20014)Internal error: [client 201.245.192.253:51366] AH01102: error reading status line from remote server 172.22.1.47:80, referer: http://190.27.245.106/forest/buscar.do?type=procesos
[Tue Aug 25 17:21:23.959858 2015] [proxy:error] [pid 7792:tid 1640] [client 201.245.192.253:51366] AH00898: Error reading from remote server returned by /forest/buscar.do, referer: http://190.27.245.106/forest/buscar.do?type=procesos
[Tue Aug 25 17:21:39.825086 2015] [proxy_http:error] [pid 7792:tid 1172] (20014)Internal error: [client 190.9.203.54:32037] AH01102: error reading status line from remote server 172.22.1.47:80, referer: http://190.27.245.106/forest/frameset?
[Tue Aug 25 17:21:39.887486 2015] [proxy_http:error] [pid 7792:tid 1312] (20014)Internal error: [client 190.9.203.54:32035] AH01102: error reading status line from remote server 172.22.1.47:80, referer: http://190.27.245.106/forest/frameset?
[Tue Aug 25 17:21:40.137087 2015] [proxy_http:error] [pid 7792:tid 1112] (20014)Internal error: [client 190.9.203.54:32152] AH01102: error reading status line from remote server 172.22.1.47:80, referer: http://190.27.245.106/forest/frameset?
[Tue Aug 25 17:22:39.729191 2015] [proxy_http:error] [pid 7792:tid 1568] (20014)Internal error: [client 201.245.192.253:12460] AH01102: error reading status line from remote server 172.22.1.47:80, referer: http://190.27.245.106/forest/usutareas.do?_a=0.7502491644524188&group_system_actual=3
[Tue Aug 25 17:22:41.944395 2015] [proxy_http:error] [pid 7792:tid 1164] (20014)Internal error: [client 201.245.192.253:12459] AH01102: error reading status line from remote server 172.22.1.47:80, referer: http://190.27.245.106/forest/usutareas.do?_a=0.7502491644524188&group_system_actual=3
[Tue Aug 25 17:22:41.944395 2015] [proxy_http:error] [pid 7792:tid 1684] (20014)Internal error: [client 201.245.192.253:12457] AH01102: error reading status line from remote server 172.22.1.47:80, referer: http://190.27.245.106/forest/usutareas.do?_a=0.7502491644524188&group_system_actual=3
[Tue Aug 25 17:23:06.140038 2015] [proxy_http:error] [pid 7792:tid 1576] (20014)Internal error: [client 201.245.192.253:43995] AH01102: error reading status line from remote server 172.22.1.47:80, referer: http://190.27.245.106/forest/index2.jsp?group_system_actual=5&a=0.08486907582966752
[Tue Aug 25 17:23:13.643651 2015] [proxy_http:error] [pid 7792:tid 1536] (20014)Internal error: [client 201.245.192.253:12654] AH01102: error reading status line from remote server 172.22.1.47:80, referer: http://190.27.245.106/forest/usutareas.do?group_system_actual=3&a=0.2942956654591724
[Tue Aug 25 17:23:16.186455 2015] [proxy_http:error] [pid 7792:tid 1312] (20014)Internal error: [client 201.245.192.253:12685] AH01102: error reading status line from remote server 172.22.1.47:80, referer: http://190.27.245.106/forest/usutareas.do?group_system_actual=3&a=0.2942956654591724
[Tue Aug 25 17:23:16.389256 2015] [proxy_http:error] [pid 7792:tid 1584] (20014)Internal error: [client 201.245.192.253:12684] AH01102: error reading status line from remote server 172.22.1.47:80, referer: http://190.27.245.106/forest/usutareas.do?group_system_actual=3&a=0.2942956654591724
[Tue Aug 25 17:23:31.178082 2015] [proxy_http:error] [pid 7792:tid 1352] (20014)Internal error: [client 201.245.192.253:12774] AH01102: error reading status line from remote server 172.22.1.47:80, referer: http://190.27.245.106/forest/index2.jsp?_a=0.3416405434873444
[Tue Aug 25 17:23:31.178082 2015] [proxy:error] [pid 7792:tid 1352] [client 201.245.192.253:12774] AH00898: Error reading from remote server returned by /forest/skins/gdocs-jar/css/autocomplete.css, referer: http://190.27.245.106/forest/index2.jsp?_a=0.3416405434873444
[Tue Aug 25 17:23:53.283321 2015] [proxy_http:error] [pid 7792:tid 1100] (20014)Internal error: [client 201.245.192.253:44472] AH01102: error reading status line from remote server 172.22.1.47:80, referer: http://190.27.245.106/forest/index2.jsp?group_system_actual=5&a=0.6016694728527745
[Tue Aug 25 17:24:32.813790 2015] [proxy_http:error] [pid 7792:tid 1864] (20014)Internal error: [client 201.245.192.253:13140] AH01102: error reading status line from remote server 172.22.1.47:80, referer: http://190.27.245.106/forest/usutareas.do?group_system_actual=3&codTraEsc=19026029&_a=0.8950795692797675
[Tue Aug 25 17:25:08.756253 2015] [proxy_http:error] [pid 7792:tid 1776] (20014)Internal error: [client 201.245.192.253:45252] AH01102: error reading status line from remote server 172.22.1.47:80, referer: http://190.27.245.106/forest/buscar.do?type=procesos
[Tue Aug 25 17:25:11.221058 2015] [proxy_http:error] [pid 7792:tid 1872] (20014)Internal error: [client 201.245.192.253:45264] AH01102: error reading status line from remote server 172.22.1.47:80, referer: http://190.27.245.106/forest/index2.jsp?group_system_actual=5&a=0.8148759346597478
[Tue Aug 25 17:25:28.240687 2015] [proxy_http:error] [pid 7792:tid 1624] (20014)Internal error: [client 201.245.192.253:45377] AH01102: error reading status line from remote server 172.22.1.47:80, referer: http://190.27.245.106/forest/index2.jsp?group_system_actual=5&a=0.8148759346597478
[Tue Aug 25 17:26:12.373165 2015] [proxy_http:error] [pid 7792:tid 1188] (20014)Internal error: [client 201.245.192.253:45848] AH01102: error reading status line from remote server 172.22.1.47:80, referer: http://190.27.245.106/forest/index2.jsp?group_system_actual=5&a=0.908926112606468
[Tue Aug 25 17:26:21.389981 2015] [proxy_http:error] [pid 7792:tid 1156] (20014)Internal error: [client 201.245.192.253:29732] AH01102: error reading status line from remote server 172.22.1.47:80, referer: http://190.27.245.106/forest/index2.jsp?a=0.5543608912752214
[Tue Aug 25 17:34:55.020883 2015] [proxy_http:error] [pid 7792:tid 1736] (20014)Internal error: [client 201.245.192.253:59343] AH01102: error reading status line from remote server 172.22.1.47:80, referer: http://190.27.245.106/forest/usutareas.do?group_system_actual=3&codAct=1477&numPro=3171582&codPro=134&fecTra=2015-08-25%2014:16:28.416&codInst=3217237&codTraEsc=19020275
[Tue Aug 25 17:35:09.716109 2015] [proxy_http:error] [pid 7792:tid 1132] (20014)Internal error: [client 201.245.192.253:15875] AH01102: error reading status line from remote server 172.22.1.47:80, referer: http://190.27.245.106/forest/usutareas.do?group_system_actual=3&a=0.6511369682056342
[Tue Aug 25 17:35:09.716109 2015] [proxy:error] [pid 7792:tid 1132] [client 201.245.192.253:15875] AH00898: Error reading from remote server returned by /forest/css/escritorio.css, referer: http://190.27.245.106/forest/usutareas.do?group_system_actual=3&a=0.6511369682056342
[Tue Aug 25 17:35:09.747309 2015] [proxy_http:error] [pid 7792:tid 1236] (20014)Internal error: [client 201.245.192.253:15876] AH01102: error reading status line from remote server 172.22.1.47:80, referer: http://190.27.245.106/forest/usutareas.do?group_system_actual=3&a=0.6511369682056342
[Tue Aug 25 17:35:09.747309 2015] [proxy:error] [pid 7792:tid 1236] [client 201.245.192.253:15876] AH00898: Error reading from remote server returned by /forest/css/index.css, referer: http://190.27.245.106/forest/usutareas.do?group_system_actual=3&a=0.6511369682056342
[Tue Aug 25 17:37:09.508719 2015] [proxy_http:error] [pid 7792:tid 1736] (20014)Internal error: [client 201.245.192.253:40212] AH01102: error reading status line from remote server 172.22.1.47:80, referer: http://190.27.245.106/forest/index2.jsp?group_system_actual=5&a=0.9550894876157004
[Tue Aug 25 17:37:10.475921 2015] [proxy_http:error] [pid 7792:tid 1736] (20014)Internal error: [client 201.245.192.253:40213] AH01102: error reading status line from remote server 172.22.1.47:80, referer: http://190.27.245.106/forest/index2.jsp?group_system_actual=5&a=0.9550894876157004
[Tue Aug 25 17:37:10.881522 2015] [proxy_http:error] [pid 7792:tid 1368] (20014)Internal error: [client 201.245.192.253:40217] AH01102: error reading status line from remote server 172.22.1.47:80, referer: http://190.27.245.106/forest/index2.jsp?group_system_actual=5&a=0.9550894876157004
[Tue Aug 25 17:37:11.801923 2015] [proxy_http:error] [pid 7792:tid 1720] (20014)Internal error: [client 201.245.192.253:40236] AH01102: error reading status line from remote server 172.22.1.47:80, referer: http://190.27.245.106/forest/system/borrador.jsp?codBorr=625139
[Tue Aug 25 17:37:16.653532 2015] [proxy_http:error] [pid 7792:tid 1208] (20014)Internal error: [client 201.245.192.253:40225] AH01102: error reading status line from remote server 172.22.1.47:80, referer: http://190.27.245.106/forest/index2.jsp?group_system_actual=5&a=0.9550894876157004
[Tue Aug 25 17:37:48.149987 2015] [proxy_http:error] [pid 7792:tid 1556] (OS 10054)An existing connection was forcibly closed by the remote host.  : [client 201.245.192.253:40570] AH01102: error reading status line from remote server 172.22.1.31:80, referer: http://190.27.245.106/isolucionsda/FrameSetGeneral.asp?Pagina=SucursalSeleccion.asp&CargaPagina=ModuloProcesos&IdModulo=3
[Tue Aug 25 17:37:48.149987 2015] [proxy:error] [pid 7792:tid 1556] [client 201.245.192.253:40570] AH00898: Error reading from remote server returned by /isolucionsda/BarraFavoritos.asp, referer: http://190.27.245.106/isolucionsda/FrameSetGeneral.asp?Pagina=SucursalSeleccion.asp&CargaPagina=ModuloProcesos&IdModulo=3
[Tue Aug 25 17:39:08.786529 2015] [proxy_http:error] [pid 7792:tid 1556] (20014)Internal error: [client 201.245.192.253:41400] AH01102: error reading status line from remote server 172.22.1.47:80, referer: http://190.27.245.106/forest/index2.jsp?group_system_actual=5&a=0.8364376982135411
[Tue Aug 25 17:39:08.786529 2015] [proxy:error] [pid 7792:tid 1556] [client 201.245.192.253:41400] AH00898: Error reading from remote server returned by /forest/1ibre/jscalendar/calendar-win2k-1.css, referer: http://190.27.245.106/forest/index2.jsp?group_system_actual=5&a=0.8364376982135411
[Tue Aug 25 17:39:30.954168 2015] [proxy_http:error] [pid 7792:tid 1840] (20014)Internal error: [client 201.245.192.253:41561] AH01102: error reading status line from remote server 172.22.1.47:80, referer: http://190.27.245.106/forest/index2.jsp?group_system_actual=5&a=0.8364376982135411
[Tue Aug 25 17:39:45.867794 2015] [proxy_http:error] [pid 7792:tid 1164] (20014)Internal error: [client 201.245.192.253:41668] AH01102: error reading status line from remote server 172.22.1.47:80, referer: http://190.27.245.106/forest/index2.jsp?group_system_actual=5&a=0.8364376982135411
[Tue Aug 25 17:39:45.867794 2015] [proxy:error] [pid 7792:tid 1164] [client 201.245.192.253:41668] AH00898: Error reading from remote server returned by /forest/actions/forms.getList, referer: http://190.27.245.106/forest/index2.jsp?group_system_actual=5&a=0.8364376982135411
[Tue Aug 25 17:39:45.867794 2015] [negotiation:error] [pid 7792:tid 1164] [client 201.245.192.253:41668] AH00690: no acceptable variant: E:/nuevo/apache/error/HTTP_BAD_GATEWAY.html.var, referer: http://190.27.245.106/forest/index2.jsp?group_system_actual=5&a=0.8364376982135411
[Tue Aug 25 17:40:10.656237 2015] [proxy_http:error] [pid 7792:tid 1156] (20014)Internal error: [client 201.245.192.253:41799] AH01102: error reading status line from remote server 172.22.1.47:80, referer: http://190.27.245.106/forest/index2.jsp?group_system_actual=5&a=0.2152865316438649
[Tue Aug 25 17:40:35.491481 2015] [proxy_http:error] [pid 7792:tid 1792] (20014)Internal error: [client 201.245.192.253:17177] AH01102: error reading status line from remote server 172.22.1.47:80, referer: http://190.27.245.106/forest/index2.jsp?_a=0.6234989952361047
[Tue Aug 25 17:41:50.340412 2015] [proxy_http:error] [pid 7792:tid 1236] (20014)Internal error: [client 201.245.192.253:42565] AH01102: error reading status line from remote server 172.22.1.47:80, referer: http://190.27.245.106/forest/index2.jsp?group_system_actual=5&a=0.28754092465222414
[Tue Aug 25 17:42:56.936929 2015] [proxy_http:error] [pid 7792:tid 1164] (20014)Internal error: [client 201.245.192.253:43170] AH01102: error reading status line from remote server 172.22.1.47:80, referer: http://190.27.245.106/forest/index2.jsp?group_system_actual=5&a=0.7536539402290482
[Tue Aug 25 17:42:58.294132 2015] [proxy_http:error] [pid 7792:tid 1300] (20014)Internal error: [client 201.245.192.253:43174] AH01102: error reading status line from remote server 172.22.1.47:80, referer: http://190.27.245.106/forest/index2.jsp?group_system_actual=5&a=0.7536539402290482
[Tue Aug 25 17:44:55.965138 2015] [proxy_http:error] [pid 7792:tid 1344] (20014)Internal error: [client 201.245.192.253:44125] AH01102: error reading status line from remote server 172.22.1.47:80, referer: http://190.27.245.106/forest/index2.jsp?group_system_actual=5&a=0.15376629886654225
[Tue Aug 25 17:44:58.336343 2015] [proxy_http:error] [pid 7792:tid 1600] (20014)Internal error: [client 201.245.192.253:44119] AH01102: error reading status line from remote server 172.22.1.47:80, referer: http://190.27.245.106/forest/index2.jsp?group_system_actual=5&a=0.15376629886654225
[Tue Aug 25 17:45:25.355590 2015] [proxy_http:error] [pid 7792:tid 1132] (20014)Internal error: [client 201.245.192.253:51906] AH01102: error reading status line from remote server 172.22.1.47:80, referer: http://190.27.245.106/forest/
[Tue Aug 25 17:45:44.980425 2015] [proxy_http:error] [pid 7792:tid 1068] (20014)Internal error: [client 201.245.192.253:44534] AH01102: error reading status line from remote server 172.22.1.47:80, referer: http://190.27.245.106/forest/index2.jsp?group_system_actual=5&a=0.3911871110986015
[Tue Aug 25 17:46:53.636145 2015] [proxy_http:error] [pid 7792:tid 1696] (20014)Internal error: [client 201.245.192.253:52501] AH01102: error reading status line from remote server 172.22.1.47:80, referer: http://190.27.245.106/forest/reportes.do?menu=1&group_system_actual=5
[Tue Aug 25 17:47:14.415382 2015] [proxy_http:error] [pid 7792:tid 1696] (20014)Internal error: [client 201.245.192.253:52693] AH01102: error reading status line from remote server 172.22.1.47:80, referer: http://190.27.245.106/forest/frameset?
[Tue Aug 25 17:47:14.852182 2015] [proxy_http:error] [pid 7792:tid 1100] (20014)Internal error: [client 201.245.192.253:52688] AH01102: error reading status line from remote server 172.22.1.47:80, referer: http://190.27.245.106/forest/frameset?
[Tue Aug 25 17:47:15.912984 2015] [proxy_http:error] [pid 7792:tid 1640] (20014)Internal error: [client 201.245.192.253:45299] AH01102: error reading status line from remote server 172.22.1.47:80, referer: http://190.27.245.106/forest/usutareas.do?group_system_actual=3&a=0.17493395922683275
[Tue Aug 25 17:51:10.209796 2015] [proxy_http:error] [pid 7792:tid 1840] (20014)Internal error: [client 201.245.192.253:46948] AH01102: error reading status line from remote server 172.22.1.47:80, referer: http://190.27.245.106/forest/index2.jsp?group_system_actual=5&a=0.9718321785515592
[Tue Aug 25 17:51:10.209796 2015] [proxy:error] [pid 7792:tid 1840] [client 201.245.192.253:46948] AH00898: Error reading from remote server returned by /forest/actions/forms.getList, referer: http://190.27.245.106/forest/index2.jsp?group_system_actual=5&a=0.9718321785515592
[Tue Aug 25 17:51:10.209796 2015] [negotiation:error] [pid 7792:tid 1840] [client 201.245.192.253:46948] AH00690: no acceptable variant: E:/nuevo/apache/error/HTTP_BAD_GATEWAY.html.var, referer: http://190.27.245.106/forest/index2.jsp?group_system_actual=5&a=0.9718321785515592
[Tue Aug 25 17:51:54.747874 2015] [proxy_http:error] [pid 7792:tid 1696] (20014)Internal error: [client 201.216.61.243:51925] AH01102: error reading status line from remote server 172.22.1.47:80, referer: http://190.27.245.106/forest/system/document.jsp?codDoc=1698342
[Tue Aug 25 17:51:54.747874 2015] [proxy:error] [pid 7792:tid 1696] [client 201.216.61.243:51925] AH00898: Error reading from remote server returned by /forest/img/icons/pdf.gif, referer: http://190.27.245.106/forest/system/document.jsp?codDoc=1698342
[Tue Aug 25 17:54:46.457376 2015] [proxy_http:error] [pid 7792:tid 1188] (20014)Internal error: [client 201.245.192.253:55690] AH01102: error reading status line from remote server 172.22.1.47:80, referer: http://190.27.245.106/forest/usutareas.do?group_system_actual=3&a=0.7198747419092849
[Tue Aug 25 17:54:46.457376 2015] [proxy:error] [pid 7792:tid 1188] [client 201.245.192.253:55690] AH00898: Error reading from remote server returned by /forest/css/escritorio.css, referer: http://190.27.245.106/forest/usutareas.do?group_system_actual=3&a=0.7198747419092849
[Tue Aug 25 17:54:58.687797 2015] [proxy_http:error] [pid 7792:tid 1696] (20014)Internal error: [client 186.168.56.218:60043] AH01102: error reading status line from remote server 172.22.1.47:80, referer: http://190.27.245.106/forest/index2.jsp?a=0.5296702376303851
[Tue Aug 25 18:05:45.776934 2015] [proxy_http:error] [pid 7792:tid 1728] (20014)Internal error: [client 181.61.173.135:51293] AH01102: error reading status line from remote server 172.22.1.47:80, referer: http://190.27.245.106/forest/usutareas.do?codTraEsc=19017184
[Tue Aug 25 18:05:45.776934 2015] [proxy:error] [pid 7792:tid 1728] [client 181.61.173.135:51293] AH00898: Error reading from remote server returned by /forest/session.jsp, referer: http://190.27.245.106/forest/usutareas.do?codTraEsc=19017184
[Tue Aug 25 18:05:45.776934 2015] [negotiation:error] [pid 7792:tid 1728] [client 181.61.173.135:51293] AH00690: no acceptable variant: E:/nuevo/apache/error/HTTP_BAD_GATEWAY.html.var, referer: http://190.27.245.106/forest/usutareas.do?codTraEsc=19017184
[Tue Aug 25 18:06:10.346977 2015] [proxy_http:error] [pid 7792:tid 1208] (20014)Internal error: [client 201.245.192.253:41444] AH01102: error reading status line from remote server 172.22.1.47:80, referer: http://190.27.245.106/forest/usutareas.do?group_system_actual=3&a=0.7940628751293067
[Tue Aug 25 18:06:10.346977 2015] [proxy:error] [pid 7792:tid 1208] [client 201.245.192.253:41444] AH00898: Error reading from remote server returned by /forest/session.jsp, referer: http://190.27.245.106/forest/usutareas.do?group_system_actual=3&a=0.7940628751293067
[Tue Aug 25 18:06:10.346977 2015] [negotiation:error] [pid 7792:tid 1208] [client 201.245.192.253:41444] AH00690: no acceptable variant: E:/nuevo/apache/error/HTTP_BAD_GATEWAY.html.var, referer: http://190.27.245.106/forest/usutareas.do?group_system_actual=3&a=0.7940628751293067
[Tue Aug 25 18:08:49.420456 2015] [proxy_http:error] [pid 7792:tid 1496] (OS 10054)An existing connection was forcibly closed by the remote host.  : [client 181.50.76.250:64037] AH01102: error reading status line from remote server 172.22.1.31:80, referer: http://190.27.245.106/isolucionsda/Encabezado.asp?Pagina1=FrameSetGeneral.asp&&Pagina=MagazinHome.asp
[Tue Aug 25 18:08:49.545256 2015] [proxy_http:error] [pid 7792:tid 1496] (OS 10054)An existing connection was forcibly closed by the remote host.  : [client 181.50.76.250:64041] AH01102: error reading status line from remote server 172.22.1.31:80, referer: http://190.27.245.106/isolucionsda/Encabezado.asp?Pagina1=FrameSetGeneral.asp&&Pagina=MagazinHome.asp
[Tue Aug 25 18:09:03.647681 2015] [proxy_http:error] [pid 7792:tid 1324] (20014)Internal error: [client 201.245.192.253:49444] AH01102: error reading status line from remote server 172.22.1.47:80
[Tue Aug 25 18:09:03.850482 2015] [proxy_http:error] [pid 7792:tid 1696] (20014)Internal error: [client 201.245.192.253:49441] AH01102: error reading status line from remote server 172.22.1.47:80, referer: http://190.27.245.106/forest/usutareas.do?_a=0.43640188651522394&group_system_actual=3
[Tue Aug 25 18:09:03.850482 2015] [proxy_http:error] [pid 7792:tid 1280] (20014)Internal error: [client 201.245.192.253:49442] AH01102: error reading status line from remote server 172.22.1.47:80, referer: http://190.27.245.106/forest/usutareas.do?_a=0.43640188651522394&group_system_actual=3
[Tue Aug 25 18:09:16.470904 2015] [proxy_http:error] [pid 7792:tid 1228] (20014)Internal error: [client 201.245.192.253:49496] AH01102: error reading status line from remote server 172.22.1.47:80, referer: http://190.27.245.106/forest/buscar.do?type=procesos
[Tue Aug 25 18:09:16.798504 2015] [proxy_http:error] [pid 7792:tid 1228] (20014)Internal error: [client 201.245.192.253:49499] AH01102: error reading status line from remote server 172.22.1.47:80, referer: http://190.27.245.106/forest/buscar.do?type=procesos
[Tue Aug 25 18:09:16.798504 2015] [proxy:error] [pid 7792:tid 1228] [client 201.245.192.253:49499] AH00898: Error reading from remote server returned by /forest/json.do, referer: http://190.27.245.106/forest/buscar.do?type=procesos
[Tue Aug 25 18:09:16.798504 2015] [negotiation:error] [pid 7792:tid 1228] [client 201.245.192.253:49499] AH00690: no acceptable variant: E:/nuevo/apache/error/HTTP_BAD_GATEWAY.html.var, referer: http://190.27.245.106/forest/buscar.do?type=procesos
[Tue Aug 25 18:15:18.453939 2015] [proxy_http:error] [pid 7792:tid 1488] (20014)Internal error: [client 201.245.192.253:27305] AH01102: error reading status line from remote server 172.22.1.47:80, referer: http://190.27.245.106/forest/misactividades.do?group_system_actual=3&codPro=95&_a=0.4526332948956955
[Tue Aug 25 18:15:18.453939 2015] [proxy:error] [pid 7792:tid 1488] [client 201.245.192.253:27305] AH00898: Error reading from remote server returned by /forest/skins/gdocs-jar/popup/popup.jsp, referer: http://190.27.245.106/forest/misactividades.do?group_system_actual=3&codPro=95&_a=0.4526332948956955
[Tue Aug 25 18:15:21.823545 2015] [proxy_http:error] [pid 7792:tid 1488] (20014)Internal error: [client 201.245.192.253:27305] AH01102: error reading status line from remote server 172.22.1.47:80, referer: http://190.27.245.106/forest/misactividades.do?group_system_actual=3&codPro=95&_a=0.4526332948956955
[Tue Aug 25 18:16:49.246099 2015] [proxy_http:error] [pid 7792:tid 1504] (OS 10053)An established connection was aborted by the software in your host machine.  : [client 201.245.192.253:51543] AH01102: error reading status line from remote server 172.22.1.31:80, referer: http://190.27.245.106/isolucionsda/Session.asp
[Tue Aug 25 18:16:49.246099 2015] [proxy:error] [pid 7792:tid 1504] [client 201.245.192.253:51543] AH00898: Error reading from remote server returned by /isolucionsda/Session.asp, referer: http://190.27.245.106/isolucionsda/Session.asp
[Tue Aug 25 18:39:52.750129 2015] [mpm_winnt:notice] [pid 3764:tid 312] AH00428: Parent: child process 7792 exited with status 3221225477 -- Restarting.
[Tue Aug 25 18:39:53.264930 2015] [auth_digest:notice] [pid 3764:tid 312] AH01757: generating secret for digest authentication ...
[Tue Aug 25 18:39:53.951331 2015] [mpm_winnt:notice] [pid 3764:tid 312] AH00455: Apache/2.4.10 (Win32) OpenSSL/1.0.1i PHP/5.5.15 configured -- resuming normal operations
[Tue Aug 25 18:39:53.951331 2015] [mpm_winnt:notice] [pid 3764:tid 312] AH00456: Apache Lounge VC11 Server built: Jul 17 2014 11:50:08
[Tue Aug 25 18:39:53.951331 2015] [core:notice] [pid 3764:tid 312] AH00094: Command line: 'e:\\nuevo\\apache\\bin\\httpd.exe -d E:/nuevo/apache'
[Tue Aug 25 18:39:53.951331 2015] [mpm_winnt:notice] [pid 3764:tid 312] AH00418: Parent: Created child process 8928
AH00548: NameVirtualHost has no effect and will be removed in the next release E:/nuevo/apache/conf/extra/httpd-vhosts.conf:44
[Tue Aug 25 18:39:54.715732 2015] [auth_digest:notice] [pid 8928:tid 324] AH01757: generating secret for digest authentication ...
[Tue Aug 25 18:39:54.949733 2015] [mpm_winnt:notice] [pid 8928:tid 324] AH00354: Child: Starting 150 worker threads.
[Tue Aug 25 18:45:00.164269 2015] [proxy_http:error] [pid 8928:tid 1400] (20014)Internal error: [client 201.245.192.253:17192] AH01102: error reading status line from remote server 172.22.1.47:80, referer: http://190.27.245.106/forest/reportes.do?group_system_actual=5&menu=1&tab=3
[Tue Aug 25 18:45:00.164269 2015] [proxy:error] [pid 8928:tid 1400] [client 201.245.192.253:17192] AH00898: Error reading from remote server returned by /forest/parameter, referer: http://190.27.245.106/forest/reportes.do?group_system_actual=5&menu=1&tab=3
[Tue Aug 25 18:45:00.164269 2015] [negotiation:error] [pid 8928:tid 1400] [client 201.245.192.253:17192] AH00690: no acceptable variant: E:/nuevo/apache/error/HTTP_BAD_GATEWAY.html.var, referer: http://190.27.245.106/forest/reportes.do?group_system_actual=5&menu=1&tab=3
[Tue Aug 25 18:45:34.967930 2015] [proxy_http:error] [pid 8928:tid 1512] (20014)Internal error: [client 201.245.192.253:41623] AH01102: error reading status line from remote server 172.22.1.47:80, referer: http://190.27.245.106/forest/index2.jsp?_a=0.22320272218918558
