!C99Shell v. 1.0 pre-release build #13!

Software: Apache. PHP/5.5.15 

uname -a: Windows NT SVR-DMZ 6.1 build 7600 (Windows Server 2008 R2 Enterprise Edition) i586 

SYSTEM 

Safe-mode: OFF (not secure)

E:\nuevo\apache\logs\   drwxrwxrwx
Free 8.02 GB of 239.26 GB (3.35%)
Detected drives: [ a ] [ c ] [ d ] [ e ] [ f ]
Home    Back    Forward    UPDIR    Refresh    Search    Buffer    Encoder    Tools    Proc.    FTP brute    Sec.    SQL    PHP-code    Update    Feedback    Self remove    Logout    


Viewing file:     error.2015.09.02.log (25.88 KB)      -rw-rw-rw-
Select action/file-type:
(+) | (+) | (+) | Code (+) | Session (+) | (+) | SDB (+) | (+) | (+) | (+) | (+) | (+) |
[Wed Sep 02 00:38:09.733585 2015] [mpm_winnt:warn] [pid 6848:tid 3476] (OS 64)The specified network name is no longer available.  : AH00341: winnt_accept: Asynchronous AcceptEx failed.
[Wed Sep 02 02:03:06.262536 2015] [mpm_winnt:warn] [pid 6848:tid 3476] (OS 64)The specified network name is no longer available.  : AH00341: winnt_accept: Asynchronous AcceptEx failed.
[Wed Sep 02 02:03:06.278136 2015] [mpm_winnt:warn] [pid 6848:tid 3476] (OS 64)The specified network name is no longer available.  : AH00341: winnt_accept: Asynchronous AcceptEx failed.
[Wed Sep 02 02:56:50.554199 2015] [mpm_winnt:warn] [pid 6848:tid 3476] (OS 64)The specified network name is no longer available.  : AH00341: winnt_accept: Asynchronous AcceptEx failed.
[Wed Sep 02 02:56:50.554199 2015] [mpm_winnt:warn] [pid 6848:tid 3476] (OS 64)The specified network name is no longer available.  : AH00341: winnt_accept: Asynchronous AcceptEx failed.
[Wed Sep 02 04:36:09.249865 2015] [:error] [pid 6848:tid 784] [client 68.180.230.190:38075] script 'E:/nuevo/htdocs/BLA/boletinlegal/circulares/.php' not found or unable to stat
[Wed Sep 02 04:55:35.476714 2015] [:error] [pid 6848:tid 1556] [client 186.94.169.166:64172] script 'E:/nuevo/htdocs/xmlrpc.php' not found or unable to stat
[Wed Sep 02 05:30:05.725150 2015] [:error] [pid 6848:tid 1092] [client 207.46.13.100:13716] script 'E:/nuevo/htdocs/BLA/boletinlegal/circulares/.php' not found or unable to stat
[Wed Sep 02 06:40:58.901020 2015] [:error] [pid 6848:tid 1276] [client 68.180.230.190:49350] script 'E:/nuevo/htdocs/BLA/boletinlegal/directivas/2015/015.php' not found or unable to stat
[Wed Sep 02 06:53:05.909097 2015] [proxy_http:error] [pid 6848:tid 744] (OS 10053)An established connection was aborted by the software in your host machine.  : [client 201.245.192.253:25706] AH01102: error reading status line from remote server 172.22.1.31:80, referer: http://190.27.245.106/isolucionsda/FrameSetGeneral.asp?Pagina=Menu.asp&IdModulo=7
[Wed Sep 02 06:53:05.909097 2015] [proxy:error] [pid 6848:tid 744] [client 201.245.192.253:25706] AH00898: Error reading from remote server returned by /isolucionsda/BarraTitulos.asp, referer: http://190.27.245.106/isolucionsda/FrameSetGeneral.asp?Pagina=Menu.asp&IdModulo=7
[Wed Sep 02 06:53:06.735899 2015] [proxy_http:error] [pid 6848:tid 680] (OS 10053)An established connection was aborted by the software in your host machine.  : [client 201.245.192.253:25713] AH01102: error reading status line from remote server 172.22.1.31:80, referer: http://190.27.245.106/isolucionsda/Encabezado.asp?Pagina=Menu.asp&IdModulo=7
[Wed Sep 02 06:53:06.735899 2015] [proxy:error] [pid 6848:tid 680] [client 201.245.192.253:25713] AH00898: Error reading from remote server returned by /isolucionsda/Session.asp, referer: http://190.27.245.106/isolucionsda/Encabezado.asp?Pagina=Menu.asp&IdModulo=7
[Wed Sep 02 07:26:48.405849 2015] [proxy_http:error] [pid 6848:tid 1556] (OS 10053)An established connection was aborted by the software in your host machine.  : [client 181.62.21.131:51431] AH01102: error reading status line from remote server 172.22.1.31:80, referer: http://190.27.245.106/isolucionsda/Encabezado.asp?Pagina1=FrameSetGeneral.asp&&Pagina=MagazinHome.asp
[Wed Sep 02 07:26:48.530650 2015] [proxy_http:error] [pid 6848:tid 1068] (OS 10053)An established connection was aborted by the software in your host machine.  : [client 181.62.21.131:51432] AH01102: error reading status line from remote server 172.22.1.31:80, referer: http://190.27.245.106/isolucionsda/Encabezado.asp?Pagina1=FrameSetGeneral.asp&&Pagina=MagazinHome.asp
[Wed Sep 02 07:26:48.530650 2015] [proxy_http:error] [pid 6848:tid 640] (OS 10053)An established connection was aborted by the software in your host machine.  : [client 181.62.21.131:51436] AH01102: error reading status line from remote server 172.22.1.31:80, referer: http://190.27.245.106/isolucionsda/Encabezado.asp?Pagina1=FrameSetGeneral.asp&&Pagina=MagazinHome.asp
[Wed Sep 02 07:26:48.530650 2015] [proxy:error] [pid 6848:tid 640] [client 181.62.21.131:51436] AH00898: Error reading from remote server returned by /isolucionsda/g/Bot_Home.jpg, referer: http://190.27.245.106/isolucionsda/Encabezado.asp?Pagina1=FrameSetGeneral.asp&&Pagina=MagazinHome.asp
[Wed Sep 02 07:31:56.677991 2015] [proxy_http:error] [pid 6848:tid 1068] (OS 10053)An established connection was aborted by the software in your host machine.  : [client 181.62.21.131:51464] AH01102: error reading status line from remote server 172.22.1.31:80, referer: http://190.27.245.106/isolucionsda/FrameSetGeneral.asp?Pagina1=FrameSetGeneral.asp&
[Wed Sep 02 08:22:56.436165 2015] [proxy_http:error] [pid 6848:tid 1192] (OS 10053)An established connection was aborted by the software in your host machine.  : [client 201.245.192.253:31559] AH01102: error reading status line from remote server 172.22.1.31:80, referer: http://190.27.245.106/isolucionsda/Encabezado.asp?Pagina1=FrameSetGeneral.asp&&Pagina=MagazinHome.asp
[Wed Sep 02 08:22:58.744969 2015] [proxy_http:error] [pid 6848:tid 1060] (OS 10053)An established connection was aborted by the software in your host machine.  : [client 201.245.192.253:31565] AH01102: error reading status line from remote server 172.22.1.31:80, referer: http://190.27.245.106/isolucionsda/FrameSetGeneral.asp?Pagina=SucursalSeleccion.asp&CargaPagina=ModuloProcesos&IdModulo=3
[Wed Sep 02 08:22:58.744969 2015] [proxy:error] [pid 6848:tid 1060] [client 201.245.192.253:31565] AH00898: Error reading from remote server returned by /isolucionsda/SucursalSeleccion.asp, referer: http://190.27.245.106/isolucionsda/FrameSetGeneral.asp?Pagina=SucursalSeleccion.asp&CargaPagina=ModuloProcesos&IdModulo=3
[Wed Sep 02 09:10:18.714357 2015] [proxy_http:error] [pid 6848:tid 784] (OS 10053)An established connection was aborted by the software in your host machine.  : [client 201.245.192.253:47604] AH01102: error reading status line from remote server 172.22.1.31:80, referer: http://190.27.245.106/isolucionsda/Encabezado.asp?Pagina1=FrameSetGeneral.asp&&Pagina=MagazinHome.asp
[Wed Sep 02 09:42:51.525787 2015] [core:error] [pid 6848:tid 1652] [client 201.131.127.216:52489] AH00126: Invalid URI in request GET 1.1
[Wed Sep 02 09:43:27.265450 2015] [core:error] [pid 6848:tid 896] [client 201.131.127.215:52180] AH00126: Invalid URI in request GET TTP/1.1
[Wed Sep 02 09:59:58.303991 2015] [negotiation:error] [pid 6848:tid 1324] [client 190.24.205.114:53870] AH00690: no acceptable variant: E:/nuevo/apache/error/HTTP_NOT_FOUND.html.var, referer: http://190.27.245.106/sia/
[Wed Sep 02 09:59:58.459991 2015] [negotiation:error] [pid 6848:tid 760] [client 190.24.205.114:53871] AH00690: no acceptable variant: E:/nuevo/apache/error/HTTP_NOT_FOUND.html.var, referer: http://190.27.245.106/sia/
[Wed Sep 02 09:59:58.459991 2015] [negotiation:error] [pid 6848:tid 928] [client 190.24.205.114:53869] AH00690: no acceptable variant: E:/nuevo/apache/error/HTTP_NOT_FOUND.html.var, referer: http://190.27.245.106/sia/
[Wed Sep 02 09:59:58.491191 2015] [negotiation:error] [pid 6848:tid 1840] [client 190.24.205.114:53874] AH00690: no acceptable variant: E:/nuevo/apache/error/HTTP_NOT_FOUND.html.var, referer: http://190.27.245.106/sia/
[Wed Sep 02 10:21:33.402665 2015] [proxy_http:error] [pid 6848:tid 1276] (20014)Internal error: [client 201.245.192.253:35142] AH01102: error reading status line from remote server 192.168.175.30:80, referer: http://190.27.245.106/catalogoisis/index.php
[Wed Sep 02 10:24:27.452171 2015] [:error] [pid 6848:tid 808] [client 157.55.39.1:64478] script 'E:/nuevo/htdocs/BLA/boletinlegal/circulares/.php' not found or unable to stat
[Wed Sep 02 10:24:55.516620 2015] [:error] [pid 6848:tid 872] [client 157.55.39.1:47656] script 'E:/nuevo/htdocs/BLA/boletinlegal/directivas/.php' not found or unable to stat
[Wed Sep 02 10:25:58.041530 2015] [proxy_http:error] [pid 6848:tid 912] (OS 10053)An established connection was aborted by the software in your host machine.  : [client 201.245.192.253:40448] AH01102: error reading status line from remote server 172.22.1.31:80, referer: http://190.27.245.106/isolucionsda/Encabezado.asp?Pagina1=FrameSetGeneral.asp&&Pagina=MagazinHome.asp
[Wed Sep 02 10:25:58.041530 2015] [proxy:error] [pid 6848:tid 912] [client 201.245.192.253:40448] AH00898: Error reading from remote server returned by /isolucionsda/g/Bot_Siguiente.jpg, referer: http://190.27.245.106/isolucionsda/Encabezado.asp?Pagina1=FrameSetGeneral.asp&&Pagina=MagazinHome.asp
[Wed Sep 02 11:41:38.257905 2015] [mpm_winnt:warn] [pid 6848:tid 3476] (OS 64)The specified network name is no longer available.  : AH00341: winnt_accept: Asynchronous AcceptEx failed.
[Wed Sep 02 11:47:55.981368 2015] [proxy_http:error] [pid 6848:tid 872] (OS 10060)A connection attempt failed because the connected party did not properly respond after a period of time, or established connection failed because connected host has failed to respond.  : [client 201.245.192.253:45149] AH01095: prefetch request body failed to 172.22.1.31:80 (172.22.1.31) from 201.245.192.253 (), referer: http://190.27.245.106/isolucionsda/utilidades/arrf.asp
[Wed Sep 02 11:51:16.363720 2015] [proxy_http:error] [pid 6848:tid 1252] (OS 10060)A connection attempt failed because the connected party did not properly respond after a period of time, or established connection failed because connected host has failed to respond.  : [client 201.245.192.253:38089] AH01095: prefetch request body failed to 172.22.1.31:80 (172.22.1.31) from 201.245.192.253 (), referer: http://190.27.245.106/isolucionsda/utilidades/arrf.asp
[Wed Sep 02 12:37:34.369799 2015] [proxy_http:error] [pid 6848:tid 640] (OS 10053)An established connection was aborted by the software in your host machine.  : [client 201.244.55.205:25437] AH01102: error reading status line from remote server 172.22.1.31:80, referer: http://190.27.245.106/IsolucionSDA/Errores/SesionExpirada.asp?
[Wed Sep 02 12:37:34.369799 2015] [proxy:error] [pid 6848:tid 640] [client 201.244.55.205:25437] AH00898: Error reading from remote server returned by /IsolucionSDA/ControlDeInicio.asp, referer: http://190.27.245.106/IsolucionSDA/Errores/SesionExpirada.asp?
[Wed Sep 02 12:51:45.554094 2015] [proxy_http:error] [pid 6848:tid 640] (OS 10053)An established connection was aborted by the software in your host machine.  : [client 201.245.192.253:43658] AH01102: error reading status line from remote server 172.22.1.31:80, referer: http://190.27.245.106/IsolucionSDA/Encabezado.asp?Pagina=Menu.asp&IdModulo=7
[Wed Sep 02 12:51:45.772495 2015] [proxy_http:error] [pid 6848:tid 1060] (OS 10053)An established connection was aborted by the software in your host machine.  : [client 201.245.192.253:43660] AH01102: error reading status line from remote server 172.22.1.31:80, referer: http://190.27.245.106/IsolucionSDA/Menu.asp?Pagina=Menu.asp&IdModulo=7
[Wed Sep 02 12:51:50.468103 2015] [proxy_http:error] [pid 6848:tid 1036] (OS 10053)An established connection was aborted by the software in your host machine.  : [client 201.245.192.253:43730] AH01102: error reading status line from remote server 172.22.1.31:80, referer: http://190.27.245.106/IsolucionSDA/FrameSetGeneral.asp?Pagina=FiltroNoConformidades.asp&CodTipoNoConf=13&EsAbierta=1&ConMenu=NO
[Wed Sep 02 12:51:50.468103 2015] [proxy:error] [pid 6848:tid 1036] [client 201.245.192.253:43730] AH00898: Error reading from remote server returned by /IsolucionSDA/FiltroNoConformidades.asp, referer: http://190.27.245.106/IsolucionSDA/FrameSetGeneral.asp?Pagina=FiltroNoConformidades.asp&CodTipoNoConf=13&EsAbierta=1&ConMenu=NO
[Wed Sep 02 12:59:46.892940 2015] [:error] [pid 6848:tid 1076] [client 23.94.29.34:64524] script 'E:/nuevo/htdocs/samplc.php' not found or unable to stat
[Wed Sep 02 13:04:46.694266 2015] [mpm_winnt:warn] [pid 6848:tid 3476] (OS 64)The specified network name is no longer available.  : AH00341: winnt_accept: Asynchronous AcceptEx failed.
[Wed Sep 02 13:06:18.219627 2015] [proxy_http:error] [pid 6848:tid 824] (OS 10053)An established connection was aborted by the software in your host machine.  : [client 201.245.192.253:43708] AH01102: error reading status line from remote server 172.22.1.31:80, referer: http://190.27.245.106/IsolucionSDA/Administracion/SalaEdicion/Articulo.asp?Id_Articulo=8922
[Wed Sep 02 13:06:18.219627 2015] [proxy:error] [pid 6848:tid 824] [client 201.245.192.253:43708] AH00898: Error reading from remote server returned by /IsolucionSDA/g/Img_Lado06H.gif, referer: http://190.27.245.106/IsolucionSDA/Administracion/SalaEdicion/Articulo.asp?Id_Articulo=8922
[Wed Sep 02 13:20:10.465489 2015] [proxy_http:error] [pid 6848:tid 1332] (OS 10053)An established connection was aborted by the software in your host machine.  : [client 190.26.119.3:20064] AH01102: error reading status line from remote server 172.22.1.31:80, referer: http://190.27.245.106/isolucionsda/FrameSetGeneral.asp?Pagina1=FrameSetGeneral.asp&
[Wed Sep 02 13:20:10.465489 2015] [proxy:error] [pid 6848:tid 1332] [client 190.26.119.3:20064] AH00898: Error reading from remote server returned by /isolucionsda/BarraFavoritos.asp, referer: http://190.27.245.106/isolucionsda/FrameSetGeneral.asp?Pagina1=FrameSetGeneral.asp&
[Wed Sep 02 13:20:11.276690 2015] [proxy_http:error] [pid 6848:tid 1220] (OS 10053)An established connection was aborted by the software in your host machine.  : [client 190.26.119.3:20061] AH01102: error reading status line from remote server 172.22.1.31:80, referer: http://190.27.245.106/isolucionsda/Encabezado.asp?Pagina1=FrameSetGeneral.asp&&Pagina=MagazinHome.asp
[Wed Sep 02 13:20:15.114297 2015] [proxy_http:error] [pid 6848:tid 1060] (OS 10053)An established connection was aborted by the software in your host machine.  : [client 190.26.119.3:20062] AH01102: error reading status line from remote server 172.22.1.31:80, referer: http://190.27.245.106/isolucionsda/FrameSetGeneral.asp?Pagina=Menu.asp&IdModulo=32
[Wed Sep 02 13:23:29.116238 2015] [proxy_http:error] [pid 6848:tid 1332] (OS 10053)An established connection was aborted by the software in your host machine.  : [client 201.245.192.253:46100] AH01102: error reading status line from remote server 172.22.1.31:80, referer: http://190.27.245.106/IsolucionSDA/framesetgeneral.asp?pagina=magazinhome.asp
[Wed Sep 02 13:23:29.116238 2015] [proxy:error] [pid 6848:tid 1332] [client 201.245.192.253:46100] AH00898: Error reading from remote server returned by /IsolucionSDA/BarraFavoritos.asp, referer: http://190.27.245.106/IsolucionSDA/framesetgeneral.asp?pagina=magazinhome.asp
[Wed Sep 02 13:23:29.147438 2015] [proxy_http:error] [pid 6848:tid 792] (OS 10053)An established connection was aborted by the software in your host machine.  : [client 201.245.192.253:46103] AH01102: error reading status line from remote server 172.22.1.31:80, referer: http://190.27.245.106/IsolucionSDA/framesetgeneral.asp?pagina=magazinhome.asp
[Wed Sep 02 13:23:29.147438 2015] [proxy:error] [pid 6848:tid 792] [client 201.245.192.253:46103] AH00898: Error reading from remote server returned by /IsolucionSDA/magazinhome.asp, referer: http://190.27.245.106/IsolucionSDA/framesetgeneral.asp?pagina=magazinhome.asp
[Wed Sep 02 13:23:29.147438 2015] [proxy_http:error] [pid 6848:tid 864] (OS 10053)An established connection was aborted by the software in your host machine.  : [client 201.245.192.253:46105] AH01102: error reading status line from remote server 172.22.1.31:80, referer: http://190.27.245.106/IsolucionSDA/framesetgeneral.asp?pagina=magazinhome.asp
[Wed Sep 02 13:23:29.147438 2015] [proxy:error] [pid 6848:tid 864] [client 201.245.192.253:46105] AH00898: Error reading from remote server returned by /IsolucionSDA/BarraFavoritos.asp, referer: http://190.27.245.106/IsolucionSDA/framesetgeneral.asp?pagina=magazinhome.asp
[Wed Sep 02 13:40:34.740039 2015] [mpm_winnt:warn] [pid 6848:tid 3476] (OS 64)The specified network name is no longer available.  : AH00341: winnt_accept: Asynchronous AcceptEx failed.
[Wed Sep 02 14:00:15.646513 2015] [proxy_http:error] [pid 6848:tid 1188] (OS 10053)An established connection was aborted by the software in your host machine.  : [client 201.245.192.253:43344] AH01102: error reading status line from remote server 172.22.1.31:80, referer: http://190.27.245.106/isolucionsda/FrameSetGeneral.asp?Pagina=Menu.asp&IdModulo=4
[Wed Sep 02 14:00:15.646513 2015] [proxy:error] [pid 6848:tid 1188] [client 201.245.192.253:43344] AH00898: Error reading from remote server returned by /isolucionsda/BarraFavoritos.asp, referer: http://190.27.245.106/isolucionsda/FrameSetGeneral.asp?Pagina=Menu.asp&IdModulo=4
[Wed Sep 02 14:15:53.832161 2015] [proxy_http:error] [pid 6848:tid 1332] (OS 10053)An established connection was aborted by the software in your host machine.  : [client 201.245.192.253:35152] AH01102: error reading status line from remote server 172.22.1.31:80, referer: http://190.27.245.106/IsolucionSDA/FrameSetGlosario.asp?Termino=PARTICIPACI%D3N+CIUDADANA
[Wed Sep 02 14:15:53.832161 2015] [proxy:error] [pid 6848:tid 1332] [client 201.245.192.253:35152] AH00898: Error reading from remote server returned by /IsolucionSDA/GlosarioRelacionado.asp, referer: http://190.27.245.106/IsolucionSDA/FrameSetGlosario.asp?Termino=PARTICIPACI%D3N+CIUDADANA
[Wed Sep 02 14:35:37.858641 2015] [mpm_winnt:warn] [pid 6848:tid 3476] (OS 64)The specified network name is no longer available.  : AH00341: winnt_accept: Asynchronous AcceptEx failed.
[Wed Sep 02 14:35:53.599068 2015] [core:warn] [pid 8912:tid 312] AH00098: pid file E:/nuevo/apache/logs/httpd.pid overwritten -- Unclean shutdown of previous Apache run?
[Wed Sep 02 14:35:53.599068 2015] [auth_digest:notice] [pid 8912:tid 312] AH01757: generating secret for digest authentication ...
[Wed Sep 02 14:35:54.004669 2015] [mpm_winnt:notice] [pid 8912:tid 312] AH00455: Apache/2.4.10 (Win32) OpenSSL/1.0.1i PHP/5.5.15 configured -- resuming normal operations
[Wed Sep 02 14:35:54.004669 2015] [mpm_winnt:notice] [pid 8912:tid 312] AH00456: Apache Lounge VC11 Server built: Jul 17 2014 11:50:08
[Wed Sep 02 14:35:54.004669 2015] [core:notice] [pid 8912:tid 312] AH00094: Command line: 'e:\\nuevo\\apache\\bin\\httpd.exe -d E:/nuevo/apache'
[Wed Sep 02 14:35:54.004669 2015] [mpm_winnt:notice] [pid 8912:tid 312] AH00418: Parent: Created child process 9196
AH00548: NameVirtualHost has no effect and will be removed in the next release E:/nuevo/apache/conf/extra/httpd-vhosts.conf:44
[Wed Sep 02 14:35:54.706670 2015] [auth_digest:notice] [pid 9196:tid 324] AH01757: generating secret for digest authentication ...
[Wed Sep 02 14:35:54.956271 2015] [mpm_winnt:notice] [pid 9196:tid 324] AH00354: Child: Starting 150 worker threads.
[Wed Sep 02 14:43:02.553022 2015] [mpm_winnt:warn] [pid 9196:tid 2720] (OS 64)The specified network name is no longer available.  : AH00341: winnt_accept: Asynchronous AcceptEx failed.
[Wed Sep 02 14:43:27.575466 2015] [mpm_winnt:warn] [pid 9196:tid 2720] (OS 64)The specified network name is no longer available.  : AH00341: winnt_accept: Asynchronous AcceptEx failed.
[Wed Sep 02 15:08:32.291709 2015] [mpm_winnt:warn] [pid 9196:tid 2720] (OS 64)The specified network name is no longer available.  : AH00341: winnt_accept: Asynchronous AcceptEx failed.
[Wed Sep 02 15:16:42.990571 2015] [cgi:error] [pid 9196:tid 1328] [client 69.64.46.86:65535] script not found or unable to stat: E:/nuevo/cgi-bin/rtpd.cgi
[Wed Sep 02 15:32:01.270583 2015] [proxy_http:error] [pid 9196:tid 1304] (OS 10053)An established connection was aborted by the software in your host machine.  : [client 172.22.2.1:39895] AH01102: error reading status line from remote server 172.22.1.31:80, referer: http://190.27.245.106/isolucionsda/FrameSetGeneral.asp?Pagina1=FrameSetGeneral.asp&
[Wed Sep 02 15:32:01.270583 2015] [proxy:error] [pid 9196:tid 1304] [client 172.22.2.1:39895] AH00898: Error reading from remote server returned by /isolucionsda/Encabezado.asp, referer: http://190.27.245.106/isolucionsda/FrameSetGeneral.asp?Pagina1=FrameSetGeneral.asp&
[Wed Sep 02 15:32:01.270583 2015] [proxy_http:error] [pid 9196:tid 1240] (OS 10053)An established connection was aborted by the software in your host machine.  : [client 172.22.2.1:39893] AH01102: error reading status line from remote server 172.22.1.31:80, referer: http://190.27.245.106/isolucionsda/FrameSetGeneral.asp?Pagina1=FrameSetGeneral.asp&
[Wed Sep 02 15:32:01.270583 2015] [proxy:error] [pid 9196:tid 1240] [client 172.22.2.1:39893] AH00898: Error reading from remote server returned by /isolucionsda/BarraFavoritos.asp, referer: http://190.27.245.106/isolucionsda/FrameSetGeneral.asp?Pagina1=FrameSetGeneral.asp&
[Wed Sep 02 15:32:05.373391 2015] [proxy_http:error] [pid 9196:tid 1544] (OS 10053)An established connection was aborted by the software in your host machine.  : [client 172.22.2.1:39892] AH01102: error reading status line from remote server 172.22.1.31:80, referer: http://190.27.245.106/isolucionsda/MagazinHome.asp
[Wed Sep 02 16:00:10.176350 2015] [proxy_http:error] [pid 9196:tid 1400] (OS 10053)An established connection was aborted by the software in your host machine.  : [client 186.81.168.63:49414] AH01102: error reading status line from remote server 172.22.1.31:80, referer: http://190.27.245.106/isolucionsda/Encabezado.asp?Pagina1=FrameSetGeneral.asp&&Pagina=MagazinHome.asp
[Wed Sep 02 16:00:10.176350 2015] [proxy:error] [pid 9196:tid 1400] [client 186.81.168.63:49414] AH00898: Error reading from remote server returned by /isolucionsda/g/Bot_Home.jpg, referer: http://190.27.245.106/isolucionsda/Encabezado.asp?Pagina1=FrameSetGeneral.asp&&Pagina=MagazinHome.asp
[Wed Sep 02 16:10:32.617443 2015] [mpm_winnt:warn] [pid 9196:tid 2720] (OS 64)The specified network name is no longer available.  : AH00341: winnt_accept: Asynchronous AcceptEx failed.
[Wed Sep 02 16:11:05.268300 2015] [mpm_winnt:warn] [pid 9196:tid 2720] (OS 64)The specified network name is no longer available.  : AH00341: winnt_accept: Asynchronous AcceptEx failed.
[Wed Sep 02 17:15:51.391126 2015] [mpm_winnt:warn] [pid 9196:tid 2720] (OS 64)The specified network name is no longer available.  : AH00341: winnt_accept: Asynchronous AcceptEx failed.
[Wed Sep 02 17:16:16.382370 2015] [mpm_winnt:warn] [pid 9196:tid 2720] (OS 64)The specified network name is no longer available.  : AH00341: winnt_accept: Asynchronous AcceptEx failed.
[Wed Sep 02 17:22:34.963835 2015] [:error] [pid 9196:tid 1232] [client 108.186.194.149:62098] script 'E:/nuevo/htdocs/wp-login.php' not found or unable to stat
[Wed Sep 02 17:46:18.325935 2015] [mpm_winnt:warn] [pid 9196:tid 2720] (OS 64)The specified network name is no longer available.  : AH00341: winnt_accept: Asynchronous AcceptEx failed.
[Wed Sep 02 22:11:19.886265 2015] [mpm_winnt:warn] [pid 9196:tid 2720] (OS 64)The specified network name is no longer available.  : AH00341: winnt_accept: Asynchronous AcceptEx failed.
[Wed Sep 02 22:11:19.933065 2015] [mpm_winnt:warn] [pid 9196:tid 2720] (OS 64)The specified network name is no longer available.  : AH00341: winnt_accept: Asynchronous AcceptEx failed.
[Wed Sep 02 22:11:19.933065 2015] [mpm_winnt:warn] [pid 9196:tid 2720] (OS 64)The specified network name is no longer available.  : AH00341: winnt_accept: Asynchronous AcceptEx failed.
[Wed Sep 02 22:11:19.933065 2015] [mpm_winnt:warn] [pid 9196:tid 2720] (OS 64)The specified network name is no longer available.  : AH00341: winnt_accept: Asynchronous AcceptEx failed.
[Wed Sep 02 22:11:20.198265 2015] [mpm_winnt:notice] [pid 8912:tid 312] AH00428: Parent: child process 9196 exited with status 3221225477 -- Restarting.
[Wed Sep 02 22:11:20.822266 2015] [auth_digest:notice] [pid 8912:tid 312] AH01757: generating secret for digest authentication ...
[Wed Sep 02 22:11:21.430667 2015] [mpm_winnt:notice] [pid 8912:tid 312] AH00455: Apache/2.4.10 (Win32) OpenSSL/1.0.1i PHP/5.5.15 configured -- resuming normal operations
[Wed Sep 02 22:11:21.430667 2015] [mpm_winnt:notice] [pid 8912:tid 312] AH00456: Apache Lounge VC11 Server built: Jul 17 2014 11:50:08
[Wed Sep 02 22:11:21.430667 2015] [core:notice] [pid 8912:tid 312] AH00094: Command line: 'e:\\nuevo\\apache\\bin\\httpd.exe -d E:/nuevo/apache'
[Wed Sep 02 22:11:21.430667 2015] [mpm_winnt:notice] [pid 8912:tid 312] AH00418: Parent: Created child process 4980
AH00548: NameVirtualHost has no effect and will be removed in the next release E:/nuevo/apache/conf/extra/httpd-vhosts.conf:44
[Wed Sep 02 22:11:22.210669 2015] [auth_digest:notice] [pid 4980:tid 324] AH01757: generating secret for digest authentication ...
[Wed Sep 02 22:11:22.444669 2015] [mpm_winnt:notice] [pid 4980:tid 324] AH00354: Child: Starting 150 worker threads.
[Wed Sep 02 22:11:22.460269 2015] [mpm_winnt:warn] [pid 4980:tid 1976] (OS 64)The specified network name is no longer available.  : AH00341: winnt_accept: Asynchronous AcceptEx failed.
[Wed Sep 02 22:11:22.460269 2015] [mpm_winnt:warn] [pid 4980:tid 1976] (OS 64)The specified network name is no longer available.  : AH00341: winnt_accept: Asynchronous AcceptEx failed.
[Wed Sep 02 22:11:22.460269 2015] [mpm_winnt:warn] [pid 4980:tid 1976] (OS 64)The specified network name is no longer available.  : AH00341: winnt_accept: Asynchronous AcceptEx failed.
[Wed Sep 02 22:11:22.460269 2015] [mpm_winnt:warn] [pid 4980:tid 1976] (OS 64)The specified network name is no longer available.  : AH00341: winnt_accept: Asynchronous AcceptEx failed.
[Wed Sep 02 22:11:22.460269 2015] [mpm_winnt:warn] [pid 4980:tid 1976] (OS 64)The specified network name is no longer available.  : AH00341: winnt_accept: Asynchronous AcceptEx failed.
[Wed Sep 02 22:37:01.886573 2015] [mpm_winnt:warn] [pid 4980:tid 1976] (OS 64)The specified network name is no longer available.  : AH00341: winnt_accept: Asynchronous AcceptEx failed.
[Wed Sep 02 22:37:26.846617 2015] [mpm_winnt:warn] [pid 4980:tid 1976] (OS 64)The specified network name is no longer available.  : AH00341: winnt_accept: Asynchronous AcceptEx failed.
[Wed Sep 02 23:45:55.457033 2015] [mpm_winnt:warn] [pid 4980:tid 1976] (OS 64)The specified network name is no longer available.  : AH00341: winnt_accept: Asynchronous AcceptEx failed.
[Wed Sep 02 23:46:20.432677 2015] [mpm_winnt:warn] [pid 4980:tid 1976] (OS 64)The specified network name is no longer available.  : AH00341: winnt_accept: Asynchronous AcceptEx failed.

:: Command execute ::

Enter:
 
Select:
 

:: Search ::
regexp 

:: Upload ::
 
[ ok ]

:: Make Dir ::
 
[ ok ]
:: Make File ::
 
[ ok ]

:: Go Dir ::
 
:: Go File ::
 

--[ c99shell v. 1.0 pre-release build #13 powered by Captain Crunch Security Team | http://ccteam.ru | Generation time: 0.0312 ]--