!C99Shell v. 1.0 pre-release build #13!

Software: Apache. PHP/5.5.15 

uname -a: Windows NT SVR-DMZ 6.1 build 7600 (Windows Server 2008 R2 Enterprise Edition) i586 

SYSTEM 

Safe-mode: OFF (not secure)

E:\nuevo\apache\logs\   drwxrwxrwx
Free 5.02 GB of 239.26 GB (2.1%)
Detected drives: [ a ] [ c ] [ d ] [ e ] [ f ]
Home    Back    Forward    UPDIR    Refresh    Search    Buffer    Encoder    Tools    Proc.    FTP brute    Sec.    SQL    PHP-code    Update    Feedback    Self remove    Logout    


Viewing file:     error.2015.11.03.log (24.77 KB)      -rw-rw-rw-
Select action/file-type:
(+) | (+) | (+) | Code (+) | Session (+) | (+) | SDB (+) | (+) | (+) | (+) | (+) | (+) |
[Tue Nov 03 00:43:26.945712 2015] [mpm_winnt:warn] [pid 19336:tid 17824] (OS 64)The specified network name is no longer available.  : AH00341: winnt_accept: Asynchronous AcceptEx failed.
[Tue Nov 03 01:49:02.334424 2015] [cgi:error] [pid 19336:tid 14292] [client 115.230.124.164:1057] script not found or unable to stat: E:/nuevo/cgi-bin/common
[Tue Nov 03 01:49:11.366840 2015] [cgi:error] [pid 19336:tid 15300] [client 115.230.124.164:4755] script not found or unable to stat: E:/nuevo/cgi-bin/common
[Tue Nov 03 02:26:37.693785 2015] [mpm_winnt:warn] [pid 19336:tid 17824] (OS 64)The specified network name is no longer available.  : AH00341: winnt_accept: Asynchronous AcceptEx failed.
[Tue Nov 03 04:12:22.336129 2015] [mpm_winnt:warn] [pid 19336:tid 17824] (OS 64)The specified network name is no longer available.  : AH00341: winnt_accept: Asynchronous AcceptEx failed.
[Tue Nov 03 05:36:13.002765 2015] [mpm_winnt:warn] [pid 19336:tid 17824] (OS 64)The specified network name is no longer available.  : AH00341: winnt_accept: Asynchronous AcceptEx failed.
[Tue Nov 03 05:59:11.765387 2015] [proxy_http:error] [pid 19336:tid 15300] (OS 10053)An established connection was aborted by the software in your host machine.  : [client 190.84.206.101:51497] AH01102: error reading status line from remote server 172.22.1.31:80, referer: http://190.27.245.106/isolucionsda/FramesetArticulo.asp?Pagina=BancoConocimiento%2FF%2FFlujogramaPermisodeemisionatmosfericaparafuentesfijas%5Fv5%2FFlujogramaPermisodeemisionatmosfericaparafuentesfijas%5Fv5%2Easp&IdArticulo=8293
[Tue Nov 03 05:59:11.765387 2015] [proxy:error] [pid 19336:tid 15300] [client 190.84.206.101:51497] AH00898: Error reading from remote server returned by /isolucionsda/BancoConocimiento/F/FlujogramaPermisodeemisionatmosfericaparafuentesfijas_v5/FlujogramaPermisodeemisionatmosfericaparafuentesfijas_v5.asp, referer: http://190.27.245.106/isolucionsda/FramesetArticulo.asp?Pagina=BancoConocimiento%2FF%2FFlujogramaPermisodeemisionatmosfericaparafuentesfijas%5Fv5%2FFlujogramaPermisodeemisionatmosfericaparafuentesfijas%5Fv5%2Easp&IdArticulo=8293
[Tue Nov 03 06:49:56.813735 2015] [proxy_http:error] [pid 19336:tid 14864] (OS 10053)An established connection was aborted by the software in your host machine.  : [client 201.245.192.253:37976] AH01102: error reading status line from remote server 172.22.1.31:80, referer: http://190.27.245.106/isolucionsda/IdentificaUsuario.asp?Pagina1=FrameSetGeneral.asp&
[Tue Nov 03 06:49:56.813735 2015] [proxy:error] [pid 19336:tid 14864] [client 201.245.192.253:37976] AH00898: Error reading from remote server returned by /isolucionsda/g/Bgr_BarraSuperior.jpg, referer: http://190.27.245.106/isolucionsda/IdentificaUsuario.asp?Pagina1=FrameSetGeneral.asp&
[Tue Nov 03 07:19:24.624440 2015] [proxy_http:error] [pid 19336:tid 15556] (OS 10053)An established connection was aborted by the software in your host machine.  : [client 190.242.77.97:19546] AH01102: error reading status line from remote server 172.22.1.31:80, referer: http://190.27.245.106/isolucionsda/FrameSetGeneral.asp?Pagina=Magazin.asp&Sigla=MAC&IdModulo=2
[Tue Nov 03 07:27:06.291651 2015] [proxy_http:error] [pid 19336:tid 14332] (OS 10053)An established connection was aborted by the software in your host machine.  : [client 190.242.77.97:19530] AH01102: error reading status line from remote server 172.22.1.31:80, referer: http://190.27.245.106/ISOlucionSDA/bancoconocimiento/M/MANUALDELSISTEMAINTEGRADODEGESTION_v10/MANUALDELSISTEMAINTEGRADODEGESTION_v10.asp?IdArticulo=8651
[Tue Nov 03 07:27:14.232065 2015] [proxy_http:error] [pid 19336:tid 15432] (OS 10053)An established connection was aborted by the software in your host machine.  : [client 190.242.77.97:19534] AH01102: error reading status line from remote server 172.22.1.31:80, referer: http://190.27.245.106/ISOlucionSDA/Arriba.asp?Pagina=bancoconocimiento%2FM%2FMANUALDELSISTEMAINTEGRADODEGESTION%5Fv10%2FMANUALDELSISTEMAINTEGRADODEGESTION%5Fv10%2Easp&IdArticulo=8651&Codigo=&Fecha=&Version=&Procedimiento=&cliente=
[Tue Nov 03 07:27:14.232065 2015] [proxy:error] [pid 19336:tid 15432] [client 190.242.77.97:19534] AH00898: Error reading from remote server returned by /ISOlucionSDA/g/icono_noconformidad.jpg, referer: http://190.27.245.106/ISOlucionSDA/Arriba.asp?Pagina=bancoconocimiento%2FM%2FMANUALDELSISTEMAINTEGRADODEGESTION%5Fv10%2FMANUALDELSISTEMAINTEGRADODEGESTION%5Fv10%2Easp&IdArticulo=8651&Codigo=&Fecha=&Version=&Procedimiento=&cliente=
[Tue Nov 03 07:27:21.376878 2015] [proxy_http:error] [pid 19336:tid 13980] (OS 10053)An established connection was aborted by the software in your host machine.  : [client 190.242.77.97:19535] AH01102: error reading status line from remote server 172.22.1.31:80, referer: http://190.27.245.106/ISOlucionSDA/Arriba.asp?Pagina=bancoconocimiento%2FM%2FMANUALDELSISTEMAINTEGRADODEGESTION%5Fv10%2FMANUALDELSISTEMAINTEGRADODEGESTION%5Fv10%2Easp&IdArticulo=8651&Codigo=&Fecha=&Version=&Procedimiento=&cliente=
[Tue Nov 03 07:27:21.376878 2015] [proxy:error] [pid 19336:tid 13980] [client 190.242.77.97:19535] AH00898: Error reading from remote server returned by /ISOlucionSDA/g/icono_alerta.jpg, referer: http://190.27.245.106/ISOlucionSDA/Arriba.asp?Pagina=bancoconocimiento%2FM%2FMANUALDELSISTEMAINTEGRADODEGESTION%5Fv10%2FMANUALDELSISTEMAINTEGRADODEGESTION%5Fv10%2Easp&IdArticulo=8651&Codigo=&Fecha=&Version=&Procedimiento=&cliente=
[Tue Nov 03 07:49:28.035408 2015] [proxy_http:error] [pid 19336:tid 14332] (OS 10053)An established connection was aborted by the software in your host machine.  : [client 201.245.192.253:30075] AH01102: error reading status line from remote server 172.22.1.31:80, referer: http://190.27.245.106/ISOlucionSDA/bancoconocimiento/M/MANUALDELSISTEMAINTEGRADODEGESTION_v10/MANUALDELSISTEMAINTEGRADODEGESTION_v10.asp?IdArticulo=8651
[Tue Nov 03 07:49:28.035408 2015] [proxy:error] [pid 19336:tid 14332] [client 201.245.192.253:30075] AH00898: Error reading from remote server returned by /ISOlucionSDA/bancoconocimiento/M/MANUALDELSISTEMAINTEGRADODEGESTION_v10/mapa de procesos 40.jpg, referer: http://190.27.245.106/ISOlucionSDA/bancoconocimiento/M/MANUALDELSISTEMAINTEGRADODEGESTION_v10/MANUALDELSISTEMAINTEGRADODEGESTION_v10.asp?IdArticulo=8651
[Tue Nov 03 10:37:20.581848 2015] [access_compat:error] [pid 19336:tid 13884] [client 200.98.166.135:58498] AH01797: client denied by server configuration: E:/nuevo/htdocs/phpMyAdmin
[Tue Nov 03 11:14:39.108780 2015] [proxy_http:error] [pid 19336:tid 14776] (70008)Partial results are valid but processing is incomplete: [client 186.28.149.175:23516] AH02609: read request body failed to 172.22.1.31:80 (172.22.1.31) from 186.28.149.175 (), referer: http://190.27.245.106/ISOlucionSDA//Administracion/Upload/Upload.asp?Id_Articulo=7498&UPLDQuerystring=Id_Articulo=7498&UPLDMODO=SubirArchivoADocumento&UPLDRuta=E:\\Isolucion\\Web\\BancoConocimiento\\4\\4299ANALIZADORDEGASES\\&UPLDAtras=http://190.27.245.106/ISOlucionSDA/Administracion/SalaEdicion/Articulo.asp&UPLDAdelante=http://190.27.245.106/ISOlucionSDA/Administracion/SalaEdicion/Articulo.asp
[Tue Nov 03 11:14:39.108780 2015] [proxy_http:error] [pid 19336:tid 14776] [client 186.28.149.175:23516] AH01097: pass request body failed to 172.22.1.31:80 (172.22.1.31) from 186.28.149.175 (), referer: http://190.27.245.106/ISOlucionSDA//Administracion/Upload/Upload.asp?Id_Articulo=7498&UPLDQuerystring=Id_Articulo=7498&UPLDMODO=SubirArchivoADocumento&UPLDRuta=E:\\Isolucion\\Web\\BancoConocimiento\\4\\4299ANALIZADORDEGASES\\&UPLDAtras=http://190.27.245.106/ISOlucionSDA/Administracion/SalaEdicion/Articulo.asp&UPLDAdelante=http://190.27.245.106/ISOlucionSDA/Administracion/SalaEdicion/Articulo.asp
[Tue Nov 03 11:17:15.483455 2015] [proxy_http:error] [pid 19336:tid 15168] (70008)Partial results are valid but processing is incomplete: [client 186.28.149.175:23717] AH02609: read request body failed to 172.22.1.31:80 (172.22.1.31) from 186.28.149.175 (), referer: http://190.27.245.106/ISOlucionSDA//Administracion/Upload/Upload.asp?Id_Articulo=7498&UPLDQuerystring=Id_Articulo=7498&UPLDMODO=SubirArchivoADocumento&UPLDRuta=E:\\Isolucion\\Web\\BancoConocimiento\\4\\4299ANALIZADORDEGASES\\&UPLDAtras=http://190.27.245.106/ISOlucionSDA/Administracion/SalaEdicion/Articulo.asp&UPLDAdelante=http://190.27.245.106/ISOlucionSDA/Administracion/SalaEdicion/Articulo.asp
[Tue Nov 03 11:17:15.483455 2015] [proxy_http:error] [pid 19336:tid 15168] [client 186.28.149.175:23717] AH01097: pass request body failed to 172.22.1.31:80 (172.22.1.31) from 186.28.149.175 (), referer: http://190.27.245.106/ISOlucionSDA//Administracion/Upload/Upload.asp?Id_Articulo=7498&UPLDQuerystring=Id_Articulo=7498&UPLDMODO=SubirArchivoADocumento&UPLDRuta=E:\\Isolucion\\Web\\BancoConocimiento\\4\\4299ANALIZADORDEGASES\\&UPLDAtras=http://190.27.245.106/ISOlucionSDA/Administracion/SalaEdicion/Articulo.asp&UPLDAdelante=http://190.27.245.106/ISOlucionSDA/Administracion/SalaEdicion/Articulo.asp
[Tue Nov 03 11:17:37.635494 2015] [proxy_http:error] [pid 19336:tid 15468] (70008)Partial results are valid but processing is incomplete: [client 186.28.149.175:23739] AH02609: read request body failed to 172.22.1.31:80 (172.22.1.31) from 186.28.149.175 (), referer: http://190.27.245.106/ISOlucionSDA//Administracion/Upload/Upload.asp?Id_Articulo=7498&UPLDQuerystring=Id_Articulo=7498&UPLDMODO=SubirArchivoADocumento&UPLDRuta=E:\\Isolucion\\Web\\BancoConocimiento\\4\\4299ANALIZADORDEGASES\\&UPLDAtras=http://190.27.245.106/ISOlucionSDA/Administracion/SalaEdicion/Articulo.asp&UPLDAdelante=http://190.27.245.106/ISOlucionSDA/Administracion/SalaEdicion/Articulo.asp
[Tue Nov 03 11:17:37.635494 2015] [proxy_http:error] [pid 19336:tid 15468] [client 186.28.149.175:23739] AH01097: pass request body failed to 172.22.1.31:80 (172.22.1.31) from 186.28.149.175 (), referer: http://190.27.245.106/ISOlucionSDA//Administracion/Upload/Upload.asp?Id_Articulo=7498&UPLDQuerystring=Id_Articulo=7498&UPLDMODO=SubirArchivoADocumento&UPLDRuta=E:\\Isolucion\\Web\\BancoConocimiento\\4\\4299ANALIZADORDEGASES\\&UPLDAtras=http://190.27.245.106/ISOlucionSDA/Administracion/SalaEdicion/Articulo.asp&UPLDAdelante=http://190.27.245.106/ISOlucionSDA/Administracion/SalaEdicion/Articulo.asp
[Tue Nov 03 11:18:39.988803 2015] [proxy_http:error] [pid 19336:tid 15432] (70008)Partial results are valid but processing is incomplete: [client 186.28.149.175:23754] AH02609: read request body failed to 172.22.1.31:80 (172.22.1.31) from 186.28.149.175 (), referer: http://190.27.245.106/ISOlucionSDA//Administracion/Upload/Upload.asp?Id_Articulo=7498&UPLDQuerystring=Id_Articulo=7498&UPLDMODO=SubirArchivoADocumento&UPLDRuta=E:\\Isolucion\\Web\\BancoConocimiento\\4\\4299ANALIZADORDEGASES\\&UPLDAtras=http://190.27.245.106/ISOlucionSDA/Administracion/SalaEdicion/Articulo.asp&UPLDAdelante=http://190.27.245.106/ISOlucionSDA/Administracion/SalaEdicion/Articulo.asp
[Tue Nov 03 11:18:39.988803 2015] [proxy_http:error] [pid 19336:tid 15432] [client 186.28.149.175:23754] AH01097: pass request body failed to 172.22.1.31:80 (172.22.1.31) from 186.28.149.175 (), referer: http://190.27.245.106/ISOlucionSDA//Administracion/Upload/Upload.asp?Id_Articulo=7498&UPLDQuerystring=Id_Articulo=7498&UPLDMODO=SubirArchivoADocumento&UPLDRuta=E:\\Isolucion\\Web\\BancoConocimiento\\4\\4299ANALIZADORDEGASES\\&UPLDAtras=http://190.27.245.106/ISOlucionSDA/Administracion/SalaEdicion/Articulo.asp&UPLDAdelante=http://190.27.245.106/ISOlucionSDA/Administracion/SalaEdicion/Articulo.asp
[Tue Nov 03 11:20:52.682636 2015] [proxy_http:error] [pid 19336:tid 14028] (70008)Partial results are valid but processing is incomplete: [client 186.28.149.175:23954] AH02609: read request body failed to 172.22.1.31:80 (172.22.1.31) from 186.28.149.175 (), referer: http://190.27.245.106/ISOlucionSDA//Administracion/Upload/Upload.asp?Id_Articulo=7498&UPLDQuerystring=Id_Articulo=7498&UPLDMODO=SubirArchivoADocumento&UPLDRuta=E:\\Isolucion\\Web\\BancoConocimiento\\4\\4299ANALIZADORDEGASES\\&UPLDAtras=http://190.27.245.106/ISOlucionSDA/Administracion/SalaEdicion/Articulo.asp&UPLDAdelante=http://190.27.245.106/ISOlucionSDA/Administracion/SalaEdicion/Articulo.asp
[Tue Nov 03 11:20:52.682636 2015] [proxy_http:error] [pid 19336:tid 14028] [client 186.28.149.175:23954] AH01097: pass request body failed to 172.22.1.31:80 (172.22.1.31) from 186.28.149.175 (), referer: http://190.27.245.106/ISOlucionSDA//Administracion/Upload/Upload.asp?Id_Articulo=7498&UPLDQuerystring=Id_Articulo=7498&UPLDMODO=SubirArchivoADocumento&UPLDRuta=E:\\Isolucion\\Web\\BancoConocimiento\\4\\4299ANALIZADORDEGASES\\&UPLDAtras=http://190.27.245.106/ISOlucionSDA/Administracion/SalaEdicion/Articulo.asp&UPLDAdelante=http://190.27.245.106/ISOlucionSDA/Administracion/SalaEdicion/Articulo.asp
[Tue Nov 03 11:24:44.046642 2015] [proxy_http:error] [pid 19336:tid 13972] (70008)Partial results are valid but processing is incomplete: [client 186.28.149.175:24296] AH02609: read request body failed to 172.22.1.31:80 (172.22.1.31) from 186.28.149.175 (), referer: http://190.27.245.106/ISOlucionSDA//Administracion/Upload/Upload.asp?Id_Articulo=7498&UPLDQuerystring=Id_Articulo=7498&UPLDMODO=SubirArchivoADocumento&UPLDRuta=E:\\Isolucion\\Web\\BancoConocimiento\\4\\4299ANALIZADORDEGASES\\&UPLDAtras=http://190.27.245.106/ISOlucionSDA/Administracion/SalaEdicion/Articulo.asp&UPLDAdelante=http://190.27.245.106/ISOlucionSDA/Administracion/SalaEdicion/Articulo.asp
[Tue Nov 03 11:24:44.046642 2015] [proxy_http:error] [pid 19336:tid 13972] [client 186.28.149.175:24296] AH01097: pass request body failed to 172.22.1.31:80 (172.22.1.31) from 186.28.149.175 (), referer: http://190.27.245.106/ISOlucionSDA//Administracion/Upload/Upload.asp?Id_Articulo=7498&UPLDQuerystring=Id_Articulo=7498&UPLDMODO=SubirArchivoADocumento&UPLDRuta=E:\\Isolucion\\Web\\BancoConocimiento\\4\\4299ANALIZADORDEGASES\\&UPLDAtras=http://190.27.245.106/ISOlucionSDA/Administracion/SalaEdicion/Articulo.asp&UPLDAdelante=http://190.27.245.106/ISOlucionSDA/Administracion/SalaEdicion/Articulo.asp
[Tue Nov 03 11:38:26.448887 2015] [mpm_winnt:warn] [pid 19336:tid 17824] (OS 64)The specified network name is no longer available.  : AH00341: winnt_accept: Asynchronous AcceptEx failed.
[Tue Nov 03 11:38:26.495687 2015] [mpm_winnt:warn] [pid 19336:tid 17824] (OS 64)The specified network name is no longer available.  : AH00341: winnt_accept: Asynchronous AcceptEx failed.
[Tue Nov 03 12:09:02.042711 2015] [proxy_http:error] [pid 19336:tid 14420] (70008)Partial results are valid but processing is incomplete: [client 186.28.149.175:28013] AH02609: read request body failed to 172.22.1.31:80 (172.22.1.31) from 186.28.149.175 (), referer: http://190.27.245.106/ISOlucionSDA//Administracion/Upload/Upload.asp?Id_Articulo=7471&UPLDQuerystring=Id_Articulo=7471&UPLDMODO=SubirArchivoADocumento&UPLDRuta=E:\\Isolucion\\Web\\BancoConocimiento\\J\\J12104286OPACIMETRODEFLUJOPARCIAL\\&UPLDAtras=http://190.27.245.106/ISOlucionSDA/Administracion/SalaEdicion/Articulo.asp&UPLDAdelante=http://190.27.245.106/ISOlucionSDA/Administracion/SalaEdicion/Articulo.asp
[Tue Nov 03 12:09:02.042711 2015] [proxy_http:error] [pid 19336:tid 14420] [client 186.28.149.175:28013] AH01097: pass request body failed to 172.22.1.31:80 (172.22.1.31) from 186.28.149.175 (), referer: http://190.27.245.106/ISOlucionSDA//Administracion/Upload/Upload.asp?Id_Articulo=7471&UPLDQuerystring=Id_Articulo=7471&UPLDMODO=SubirArchivoADocumento&UPLDRuta=E:\\Isolucion\\Web\\BancoConocimiento\\J\\J12104286OPACIMETRODEFLUJOPARCIAL\\&UPLDAtras=http://190.27.245.106/ISOlucionSDA/Administracion/SalaEdicion/Articulo.asp&UPLDAdelante=http://190.27.245.106/ISOlucionSDA/Administracion/SalaEdicion/Articulo.asp
[Tue Nov 03 12:26:19.600533 2015] [mpm_winnt:warn] [pid 19336:tid 17824] (OS 64)The specified network name is no longer available.  : AH00341: winnt_accept: Asynchronous AcceptEx failed.
[Tue Nov 03 12:31:39.697496 2015] [proxy_http:error] [pid 19336:tid 14816] (70008)Partial results are valid but processing is incomplete: [client 186.28.149.175:28997] AH02609: read request body failed to 172.22.1.31:80 (172.22.1.31) from 186.28.149.175 (), referer: http://190.27.245.106/ISOlucionSDA//Administracion/Upload/Upload.asp?Id_Articulo=7471&UPLDQuerystring=Id_Articulo=7471&UPLDMODO=SubirArchivoADocumento&UPLDRuta=E:\\Isolucion\\Web\\BancoConocimiento\\J\\J12104286OPACIMETRODEFLUJOPARCIAL\\&UPLDAtras=http://190.27.245.106/ISOlucionSDA/Administracion/SalaEdicion/Articulo.asp&UPLDAdelante=http://190.27.245.106/ISOlucionSDA/Administracion/SalaEdicion/Articulo.asp
[Tue Nov 03 12:31:39.697496 2015] [proxy_http:error] [pid 19336:tid 14816] [client 186.28.149.175:28997] AH01097: pass request body failed to 172.22.1.31:80 (172.22.1.31) from 186.28.149.175 (), referer: http://190.27.245.106/ISOlucionSDA//Administracion/Upload/Upload.asp?Id_Articulo=7471&UPLDQuerystring=Id_Articulo=7471&UPLDMODO=SubirArchivoADocumento&UPLDRuta=E:\\Isolucion\\Web\\BancoConocimiento\\J\\J12104286OPACIMETRODEFLUJOPARCIAL\\&UPLDAtras=http://190.27.245.106/ISOlucionSDA/Administracion/SalaEdicion/Articulo.asp&UPLDAdelante=http://190.27.245.106/ISOlucionSDA/Administracion/SalaEdicion/Articulo.asp
[Tue Nov 03 12:39:36.122332 2015] [mpm_winnt:warn] [pid 19336:tid 17824] (OS 64)The specified network name is no longer available.  : AH00341: winnt_accept: Asynchronous AcceptEx failed.
[Tue Nov 03 12:41:08.958095 2015] [core:error] [pid 19336:tid 14504] (20024)The given path is misformatted or contained invalid characters: [client 107.167.112.219:41558] AH00127: Cannot map GET /galeria/carrusel/Carrusel/jquery-ui-%0A%0A1.8.13.custom.min.js HTTP/1.1 to file, referer: http://www.ambientebogota.gov.co/
[Tue Nov 03 13:29:00.346939 2015] [mpm_winnt:warn] [pid 19336:tid 17824] (OS 64)The specified network name is no longer available.  : AH00341: winnt_accept: Asynchronous AcceptEx failed.
[Tue Nov 03 14:21:00.696620 2015] [mpm_winnt:warn] [pid 19336:tid 17824] (OS 64)The specified network name is no longer available.  : AH00341: winnt_accept: Asynchronous AcceptEx failed.
[Tue Nov 03 14:31:04.402080 2015] [proxy:error] [pid 19336:tid 14600] (OS 10060)A connection attempt failed because the connected party did not properly respond after a period of time, or established connection failed because connected host has failed to respond.  : AH00957: HTTP: attempt to connect to 192.168.175.30:80 (192.168.175.30) failed
[Tue Nov 03 14:31:04.402080 2015] [proxy:error] [pid 19336:tid 14600] AH00959: ap_proxy_connect_backend disabling worker for (192.168.175.30) for 60s
[Tue Nov 03 14:31:04.402080 2015] [proxy_http:error] [pid 19336:tid 14600] [client 201.245.192.253:45248] AH01114: HTTP: failed to make connection to backend: 192.168.175.30, referer: http://190.27.245.106/catalogoisis/comb.php
[Tue Nov 03 14:31:09.628089 2015] [proxy:error] [pid 19336:tid 15840] AH00940: HTTP: disabled connection for (192.168.175.30)
[Tue Nov 03 14:31:20.657308 2015] [proxy:error] [pid 19336:tid 14648] AH00940: HTTP: disabled connection for (192.168.175.30)
[Tue Nov 03 14:31:23.543314 2015] [proxy:error] [pid 19336:tid 13820] AH00940: HTTP: disabled connection for (192.168.175.30)
[Tue Nov 03 14:31:35.992135 2015] [proxy:error] [pid 19336:tid 13980] AH00940: HTTP: disabled connection for (192.168.175.30)
[Tue Nov 03 14:31:41.561345 2015] [proxy:error] [pid 19336:tid 14456] AH00940: HTTP: disabled connection for (192.168.175.30)
[Tue Nov 03 14:58:50.626407 2015] [proxy_http:error] [pid 19336:tid 14820] (OS 10053)An established connection was aborted by the software in your host machine.  : [client 201.245.192.253:46894] AH01102: error reading status line from remote server 172.22.1.31:80, referer: http://190.27.245.106/isolucionsda/FrameSetGeneral.asp?Pagina=Menu.asp&IdModulo=4
[Tue Nov 03 14:58:51.890009 2015] [proxy_http:error] [pid 19336:tid 15840] (OS 10053)An established connection was aborted by the software in your host machine.  : [client 201.245.192.253:46933] AH01102: error reading status line from remote server 172.22.1.31:80, referer: http://190.27.245.106/isolucionsda/FrameSetGeneral.asp?Pagina=ListadoMaestroDocumentos3.asp
[Tue Nov 03 14:58:51.890009 2015] [proxy:error] [pid 19336:tid 15840] [client 201.245.192.253:46933] AH00898: Error reading from remote server returned by /isolucionsda/BarraFavoritos.asp, referer: http://190.27.245.106/isolucionsda/FrameSetGeneral.asp?Pagina=ListadoMaestroDocumentos3.asp
[Tue Nov 03 15:12:06.181004 2015] [cgi:error] [pid 19336:tid 14648] [client 115.239.248.245:3423] script not found or unable to stat: E:/nuevo/cgi-bin/common
[Tue Nov 03 15:58:03.736447 2015] [proxy_http:error] [pid 19336:tid 14680] (OS 10053)An established connection was aborted by the software in your host machine.  : [client 201.245.192.253:11186] AH01102: error reading status line from remote server 172.22.1.31:80, referer: http://190.27.245.106/IsolucionSDA/FrameSetGeneral.asp?Pagina=FiltroNoConformidades.asp&CodTipoNoConf=6&EsAbierta=1&ConMenu=NO
[Tue Nov 03 16:30:32.413870 2015] [proxy_http:error] [pid 19336:tid 14756] (OS 10053)An established connection was aborted by the software in your host machine.  : [client 201.245.192.253:59225] AH01102: error reading status line from remote server 172.22.1.31:80, referer: http://190.27.245.106/isolucionsda/FrameSetGeneral.asp?Pagina=SucursalSeleccion.asp&CargaPagina=ModuloProcesos&IdModulo=3
[Tue Nov 03 16:35:06.147551 2015] [core:error] [pid 19336:tid 15840] (20024)The given path is misformatted or contained invalid characters: [client 168.61.152.85:33292] AH00127: Cannot map GET /galeria/carrusel/Carrusel/jquery-ui-%0A%0A1.8.13.custom.min.js HTTP/1.1 to file
[Tue Nov 03 16:44:30.323542 2015] [proxy_http:error] [pid 19336:tid 14816] (OS 10053)An established connection was aborted by the software in your host machine.  : [client 201.245.192.253:41061] AH01102: error reading status line from remote server 172.22.1.31:80, referer: http://190.27.245.106/IsolucionSDA/bancoconocimiento/C/COMUNICACIONES_v7/COMUNICACIONES_v7.asp?IdArticulo=6733
[Tue Nov 03 17:30:23.743978 2015] [proxy_http:error] [pid 19336:tid 14368] (OS 10053)An established connection was aborted by the software in your host machine.  : [client 181.54.192.58:55313] AH01102: error reading status line from remote server 172.22.1.31:80, referer: http://190.27.245.106/IsolucionSDA/Encabezado.asp?Pagina1=FrameSetGeneral.asp&&Pagina=MagazinHome.asp
[Tue Nov 03 17:30:23.743978 2015] [proxy:error] [pid 19336:tid 14368] [client 181.54.192.58:55313] AH00898: Error reading from remote server returned by /IsolucionSDA/g/Bot_Siguiente.jpg, referer: http://190.27.245.106/IsolucionSDA/Encabezado.asp?Pagina1=FrameSetGeneral.asp&&Pagina=MagazinHome.asp
[Tue Nov 03 17:43:34.104766 2015] [proxy_http:error] [pid 19336:tid 14852] (OS 10053)An established connection was aborted by the software in your host machine.  : [client 201.245.192.253:16481] AH01102: error reading status line from remote server 172.22.1.31:80, referer: http://190.27.245.106/isolucionsda/IdentificaUsuario.asp?Pagina1=FrameSetGeneral.asp&
[Tue Nov 03 17:43:34.104766 2015] [proxy:error] [pid 19336:tid 14852] [client 201.245.192.253:16481] AH00898: Error reading from remote server returned by /isolucionsda/g/Img_DivBarraSup.jpg, referer: http://190.27.245.106/isolucionsda/IdentificaUsuario.asp?Pagina1=FrameSetGeneral.asp&
[Tue Nov 03 17:43:34.104766 2015] [proxy_http:error] [pid 19336:tid 14920] (OS 10053)An established connection was aborted by the software in your host machine.  : [client 201.245.192.253:16480] AH01102: error reading status line from remote server 172.22.1.31:80, referer: http://190.27.245.106/isolucionsda/IdentificaUsuario.asp?Pagina1=FrameSetGeneral.asp&
[Tue Nov 03 17:43:34.104766 2015] [proxy:error] [pid 19336:tid 14920] [client 201.245.192.253:16480] AH00898: Error reading from remote server returned by /isolucionsda/g/Img_LogoIsoCabezote.jpg, referer: http://190.27.245.106/isolucionsda/IdentificaUsuario.asp?Pagina1=FrameSetGeneral.asp&
[Tue Nov 03 18:42:28.026773 2015] [proxy_http:error] [pid 19336:tid 14600] (OS 10053)An established connection was aborted by the software in your host machine.  : [client 186.28.69.104:11020] AH01102: error reading status line from remote server 172.22.1.31:80, referer: http://190.27.245.106/IsolucionSDA/FrameSetGeneral.asp?Pagina1=FrameSetGeneral.asp&
[Tue Nov 03 18:42:28.026773 2015] [proxy:error] [pid 19336:tid 14600] [client 186.28.69.104:11020] AH00898: Error reading from remote server returned by /IsolucionSDA/BarraTitulos.asp, referer: http://190.27.245.106/IsolucionSDA/FrameSetGeneral.asp?Pagina1=FrameSetGeneral.asp&
[Tue Nov 03 23:02:53.424818 2015] [proxy_http:error] [pid 19336:tid 15216] (OS 10053)An established connection was aborted by the software in your host machine.  : [client 200.118.40.101:58055] AH01102: error reading status line from remote server 172.22.1.31:80, referer: http://190.27.245.106/IsolucionSDA/FrameSetGeneral.asp?Pagina=Menu.asp&IdModulo=4
[Tue Nov 03 23:02:53.424818 2015] [proxy:error] [pid 19336:tid 15216] [client 200.118.40.101:58055] AH00898: Error reading from remote server returned by /IsolucionSDA/Menu.asp, referer: http://190.27.245.106/IsolucionSDA/FrameSetGeneral.asp?Pagina=Menu.asp&IdModulo=4

:: Command execute ::

Enter:
 
Select:
 

:: Search ::
regexp 

:: Upload ::
 
[ ok ]

:: Make Dir ::
 
[ ok ]
:: Make File ::
 
[ ok ]

:: Go Dir ::
 
:: Go File ::
 

--[ c99shell v. 1.0 pre-release build #13 powered by Captain Crunch Security Team | http://ccteam.ru | Generation time: 0.0312 ]--