!C99Shell v. 1.0 pre-release build #13!

Software: Apache. PHP/5.5.15 

uname -a: Windows NT SVR-DMZ 6.1 build 7600 (Windows Server 2008 R2 Enterprise Edition) i586 

SYSTEM 

Safe-mode: OFF (not secure)

E:\nuevo\apache\logs\   drwxrwxrwx
Free 8.02 GB of 239.26 GB (3.35%)
Detected drives: [ a ] [ c ] [ d ] [ e ] [ f ]
Home    Back    Forward    UPDIR    Refresh    Search    Buffer    Encoder    Tools    Proc.    FTP brute    Sec.    SQL    PHP-code    Update    Feedback    Self remove    Logout    


Viewing file:     error.2016.01.27.log (38.48 KB)      -rw-rw-rw-
Select action/file-type:
(+) | (+) | (+) | Code (+) | Session (+) | (+) | SDB (+) | (+) | (+) | (+) | (+) | (+) |
[Wed Jan 27 00:52:08.646658 2016] [mpm_winnt:warn] [pid 3440:tid 16600] (OS 64)The specified network name is no longer available.  : AH00341: winnt_accept: Asynchronous AcceptEx failed.
[Wed Jan 27 01:08:25.582773 2016] [proxy:error] [pid 3440:tid 15096] (OS 10060)A connection attempt failed because the connected party did not properly respond after a period of time, or established connection failed because connected host has failed to respond.  : AH00957: HTTP: attempt to connect to 172.22.1.51:8399 (172.22.1.51) failed
[Wed Jan 27 01:08:25.582773 2016] [proxy:error] [pid 3440:tid 15096] AH00959: ap_proxy_connect_backend disabling worker for (172.22.1.51) for 60s
[Wed Jan 27 01:08:25.582773 2016] [proxy_http:error] [pid 3440:tid 15096] [client 152.61.193.99:55135] AH01114: HTTP: failed to make connection to backend: 172.22.1.51
[Wed Jan 27 01:08:25.801174 2016] [proxy:error] [pid 3440:tid 15096] AH00940: HTTP: disabled connection for (172.22.1.51)
[Wed Jan 27 01:08:26.050774 2016] [proxy:error] [pid 3440:tid 15096] AH00940: HTTP: disabled connection for (172.22.1.51)
[Wed Jan 27 01:08:26.269175 2016] [proxy:error] [pid 3440:tid 15096] AH00940: HTTP: disabled connection for (172.22.1.51)
[Wed Jan 27 01:08:26.503175 2016] [proxy:error] [pid 3440:tid 15096] AH00940: HTTP: disabled connection for (172.22.1.51)
[Wed Jan 27 01:13:23.683697 2016] [proxy:error] [pid 3440:tid 10840] (OS 10060)A connection attempt failed because the connected party did not properly respond after a period of time, or established connection failed because connected host has failed to respond.  : AH00957: HTTP: attempt to connect to 172.22.1.51:8399 (172.22.1.51) failed
[Wed Jan 27 01:13:23.683697 2016] [proxy:error] [pid 3440:tid 10840] AH00959: ap_proxy_connect_backend disabling worker for (172.22.1.51) for 60s
[Wed Jan 27 01:13:23.683697 2016] [proxy_http:error] [pid 3440:tid 10840] [client 152.61.193.99:62181] AH01114: HTTP: failed to make connection to backend: 172.22.1.51
[Wed Jan 27 01:13:23.902097 2016] [proxy:error] [pid 3440:tid 10840] AH00940: HTTP: disabled connection for (172.22.1.51)
[Wed Jan 27 01:13:24.136098 2016] [proxy:error] [pid 3440:tid 10840] AH00940: HTTP: disabled connection for (172.22.1.51)
[Wed Jan 27 01:13:24.385698 2016] [proxy:error] [pid 3440:tid 10840] AH00940: HTTP: disabled connection for (172.22.1.51)
[Wed Jan 27 01:13:24.619699 2016] [proxy:error] [pid 3440:tid 10840] AH00940: HTTP: disabled connection for (172.22.1.51)
[Wed Jan 27 01:13:24.869299 2016] [proxy:error] [pid 3440:tid 10840] AH00940: HTTP: disabled connection for (172.22.1.51)
[Wed Jan 27 01:15:27.157914 2016] [mpm_winnt:warn] [pid 3440:tid 16600] (OS 64)The specified network name is no longer available.  : AH00341: winnt_accept: Asynchronous AcceptEx failed.
[Wed Jan 27 01:23:12.101131 2016] [proxy:error] [pid 3440:tid 15380] (OS 10060)A connection attempt failed because the connected party did not properly respond after a period of time, or established connection failed because connected host has failed to respond.  : AH00957: HTTP: attempt to connect to 172.22.1.51:8399 (172.22.1.51) failed
[Wed Jan 27 01:23:12.101131 2016] [proxy:error] [pid 3440:tid 15380] AH00959: ap_proxy_connect_backend disabling worker for (172.22.1.51) for 60s
[Wed Jan 27 01:23:12.101131 2016] [proxy_http:error] [pid 3440:tid 15380] [client 152.61.192.232:8942] AH01114: HTTP: failed to make connection to backend: 172.22.1.51
[Wed Jan 27 01:23:12.335131 2016] [proxy:error] [pid 3440:tid 15380] AH00940: HTTP: disabled connection for (172.22.1.51)
[Wed Jan 27 01:23:12.600331 2016] [proxy:error] [pid 3440:tid 15380] AH00940: HTTP: disabled connection for (172.22.1.51)
[Wed Jan 27 01:31:53.188846 2016] [proxy:error] [pid 3440:tid 10840] (OS 10060)A connection attempt failed because the connected party did not properly respond after a period of time, or established connection failed because connected host has failed to respond.  : AH00957: HTTP: attempt to connect to 172.22.1.51:8399 (172.22.1.51) failed
[Wed Jan 27 01:31:53.188846 2016] [proxy:error] [pid 3440:tid 10840] AH00959: ap_proxy_connect_backend disabling worker for (172.22.1.51) for 60s
[Wed Jan 27 01:31:53.188846 2016] [proxy_http:error] [pid 3440:tid 10840] [client 152.61.192.232:51617] AH01114: HTTP: failed to make connection to backend: 172.22.1.51
[Wed Jan 27 01:31:53.438446 2016] [proxy:error] [pid 3440:tid 10840] AH00940: HTTP: disabled connection for (172.22.1.51)
[Wed Jan 27 01:57:46.062373 2016] [proxy:error] [pid 3440:tid 10380] (OS 10060)A connection attempt failed because the connected party did not properly respond after a period of time, or established connection failed because connected host has failed to respond.  : AH00957: HTTP: attempt to connect to 172.22.1.51:8399 (172.22.1.51) failed
[Wed Jan 27 01:57:46.062373 2016] [proxy:error] [pid 3440:tid 10380] AH00959: ap_proxy_connect_backend disabling worker for (172.22.1.51) for 60s
[Wed Jan 27 01:57:46.062373 2016] [proxy_http:error] [pid 3440:tid 10380] [client 152.61.128.66:36050] AH01114: HTTP: failed to make connection to backend: 172.22.1.51
[Wed Jan 27 01:57:46.343174 2016] [proxy:error] [pid 3440:tid 10380] AH00940: HTTP: disabled connection for (172.22.1.51)
[Wed Jan 27 01:57:46.592774 2016] [proxy:error] [pid 3440:tid 10380] AH00940: HTTP: disabled connection for (172.22.1.51)
[Wed Jan 27 01:57:46.842375 2016] [proxy:error] [pid 3440:tid 10380] AH00940: HTTP: disabled connection for (172.22.1.51)
[Wed Jan 27 01:57:47.107575 2016] [proxy:error] [pid 3440:tid 10380] AH00940: HTTP: disabled connection for (172.22.1.51)
[Wed Jan 27 02:18:08.886121 2016] [access_compat:error] [pid 3440:tid 15404] [client 212.154.250.21:48485] AH01797: client denied by server configuration: E:/nuevo/htdocs/phpMyAdmin
[Wed Jan 27 02:18:10.430524 2016] [access_compat:error] [pid 3440:tid 15692] [client 212.154.250.21:48877] AH01797: client denied by server configuration: E:/nuevo/phpMyAdmin/index.php
[Wed Jan 27 02:18:10.960925 2016] [access_compat:error] [pid 3440:tid 15096] [client 212.154.250.21:49572] AH01797: client denied by server configuration: E:/nuevo/htdocs/phpmyadmin1
[Wed Jan 27 02:18:11.475726 2016] [access_compat:error] [pid 3440:tid 15404] [client 212.154.250.21:49976] AH01797: client denied by server configuration: E:/nuevo/htdocs/phpmyadmin2
[Wed Jan 27 02:18:13.035728 2016] [access_compat:error] [pid 3440:tid 15692] [client 212.154.250.21:50748] AH01797: client denied by server configuration: E:/nuevo/htdocs/xampp/phpmyadmin
[Wed Jan 27 02:18:15.110532 2016] [access_compat:error] [pid 3440:tid 10840] [client 212.154.250.21:51972] AH01797: client denied by server configuration: E:/nuevo/phpMyAdmin/index.php
[Wed Jan 27 02:18:16.623735 2016] [access_compat:error] [pid 3440:tid 15404] [client 212.154.250.21:52260] AH01797: client denied by server configuration: E:/nuevo/htdocs/phpMyAdmin
[Wed Jan 27 02:18:17.138536 2016] [access_compat:error] [pid 3440:tid 15096] [client 212.154.250.21:52950] AH01797: client denied by server configuration: E:/nuevo/htdocs/phpMyAdmin-2
[Wed Jan 27 02:18:18.183737 2016] [access_compat:error] [pid 3440:tid 10680] [client 212.154.250.21:53454] AH01797: client denied by server configuration: E:/nuevo/htdocs/phpMyAdmin-2.2.3
[Wed Jan 27 02:18:18.698538 2016] [access_compat:error] [pid 3440:tid 15692] [client 212.154.250.21:53859] AH01797: client denied by server configuration: E:/nuevo/htdocs/phpMyAdmin-2.2.6
[Wed Jan 27 02:18:19.228939 2016] [access_compat:error] [pid 3440:tid 15404] [client 212.154.250.21:54074] AH01797: client denied by server configuration: E:/nuevo/htdocs/phpMyAdmin-2.5.1
[Wed Jan 27 02:18:25.734151 2016] [access_compat:error] [pid 3440:tid 15692] [client 212.154.250.21:57469] AH01797: client denied by server configuration: E:/nuevo/htdocs/phpMyAdmin-2.5.5-rc2
[Wed Jan 27 02:18:26.264552 2016] [access_compat:error] [pid 3440:tid 10680] [client 212.154.250.21:57861] AH01797: client denied by server configuration: E:/nuevo/htdocs/phpMyAdmin-2.5.5
[Wed Jan 27 02:18:26.794953 2016] [access_compat:error] [pid 3440:tid 10840] [client 212.154.250.21:58035] AH01797: client denied by server configuration: E:/nuevo/htdocs/phpMyAdmin-2.5.5-pl1
[Wed Jan 27 02:18:27.309753 2016] [access_compat:error] [pid 3440:tid 15096] [client 212.154.250.21:58353] AH01797: client denied by server configuration: E:/nuevo/htdocs/phpMyAdmin-2.5.6-rc1
[Wed Jan 27 02:18:28.822956 2016] [access_compat:error] [pid 3440:tid 10680] [client 212.154.250.21:58690] AH01797: client denied by server configuration: E:/nuevo/htdocs/phpMyAdmin-2.5.6-rc2
[Wed Jan 27 02:18:29.337757 2016] [access_compat:error] [pid 3440:tid 10840] [client 212.154.250.21:59825] AH01797: client denied by server configuration: E:/nuevo/htdocs/phpMyAdmin-2.5.6
[Wed Jan 27 02:18:29.852558 2016] [access_compat:error] [pid 3440:tid 15096] [client 212.154.250.21:60030] AH01797: client denied by server configuration: E:/nuevo/htdocs/phpMyAdmin-2.5.7
[Wed Jan 27 02:18:31.365761 2016] [access_compat:error] [pid 3440:tid 10680] [client 212.154.250.21:60410] AH01797: client denied by server configuration: E:/nuevo/htdocs/phpMyAdmin-2.5.7-pl1
[Wed Jan 27 02:18:31.864961 2016] [core:error] [pid 3440:tid 10840] [client 212.154.250.21:33143] AH00126: Invalid URI in request GET  HTTP/1.1
[Wed Jan 27 02:46:57.259957 2016] [proxy:error] [pid 3440:tid 10380] (OS 10060)A connection attempt failed because the connected party did not properly respond after a period of time, or established connection failed because connected host has failed to respond.  : AH00957: HTTP: attempt to connect to 172.22.1.51:8399 (172.22.1.51) failed
[Wed Jan 27 02:46:57.259957 2016] [proxy:error] [pid 3440:tid 10380] AH00959: ap_proxy_connect_backend disabling worker for (172.22.1.51) for 60s
[Wed Jan 27 02:46:57.259957 2016] [proxy_http:error] [pid 3440:tid 10380] [client 152.61.128.66:49699] AH01114: HTTP: failed to make connection to backend: 172.22.1.51
[Wed Jan 27 02:46:57.509557 2016] [proxy:error] [pid 3440:tid 10380] AH00940: HTTP: disabled connection for (172.22.1.51)
[Wed Jan 27 02:46:57.759158 2016] [proxy:error] [pid 3440:tid 10380] AH00940: HTTP: disabled connection for (172.22.1.51)
[Wed Jan 27 02:46:57.977558 2016] [proxy:error] [pid 3440:tid 10380] AH00940: HTTP: disabled connection for (172.22.1.51)
[Wed Jan 27 02:46:58.211558 2016] [proxy:error] [pid 3440:tid 10380] AH00940: HTTP: disabled connection for (172.22.1.51)
[Wed Jan 27 02:46:58.461159 2016] [proxy:error] [pid 3440:tid 10380] AH00940: HTTP: disabled connection for (172.22.1.51)
[Wed Jan 27 04:15:18.274068 2016] [cgi:error] [pid 3440:tid 15692] [client 115.230.124.164:4346] script not found or unable to stat: E:/nuevo/cgi-bin/common
[Wed Jan 27 05:53:34.023623 2016] [proxy_http:error] [pid 3440:tid 10380] (OS 10053)An established connection was aborted by the software in your host machine.  : [client 190.8.248.52:49592] AH01102: error reading status line from remote server 172.22.1.31:80, referer: http://190.27.245.106/isolucionsda/Administracion/SalaEdicion/Articulo.asp?Id_Articulo=9616
[Wed Jan 27 06:11:16.650689 2016] [proxy_http:error] [pid 3440:tid 10380] (OS 10053)An established connection was aborted by the software in your host machine.  : [client 190.8.248.52:49804] AH01102: error reading status line from remote server 172.22.1.31:80, referer: http://190.27.245.106/isolucionsda/FrameSetGeneral.asp?Pagina=Menu.asp&IdModulo=4
[Wed Jan 27 06:11:16.650689 2016] [proxy:error] [pid 3440:tid 10380] [client 190.8.248.52:49804] AH00898: Error reading from remote server returned by /isolucionsda/Menu.asp, referer: http://190.27.245.106/isolucionsda/FrameSetGeneral.asp?Pagina=Menu.asp&IdModulo=4
[Wed Jan 27 06:11:16.650689 2016] [proxy_http:error] [pid 3440:tid 15604] (OS 10053)An established connection was aborted by the software in your host machine.  : [client 190.8.248.52:49805] AH01102: error reading status line from remote server 172.22.1.31:80, referer: http://190.27.245.106/isolucionsda/FrameSetGeneral.asp?Pagina=Menu.asp&IdModulo=4
[Wed Jan 27 06:11:16.650689 2016] [proxy:error] [pid 3440:tid 15604] [client 190.8.248.52:49805] AH00898: Error reading from remote server returned by /isolucionsda/BarraTitulos.asp, referer: http://190.27.245.106/isolucionsda/FrameSetGeneral.asp?Pagina=Menu.asp&IdModulo=4
[Wed Jan 27 07:18:03.283727 2016] [proxy:error] [pid 3440:tid 11096] (OS 10060)A connection attempt failed because the connected party did not properly respond after a period of time, or established connection failed because connected host has failed to respond.  : AH00957: HTTP: attempt to connect to 172.22.1.51:8399 (172.22.1.51) failed
[Wed Jan 27 07:18:03.283727 2016] [proxy:error] [pid 3440:tid 11096] AH00959: ap_proxy_connect_backend disabling worker for (172.22.1.51) for 60s
[Wed Jan 27 07:18:03.283727 2016] [proxy_http:error] [pid 3440:tid 11096] [client 152.61.192.232:53295] AH01114: HTTP: failed to make connection to backend: 172.22.1.51
[Wed Jan 27 07:18:03.517727 2016] [proxy:error] [pid 3440:tid 11096] AH00940: HTTP: disabled connection for (172.22.1.51)
[Wed Jan 27 07:18:03.767327 2016] [proxy:error] [pid 3440:tid 11096] AH00940: HTTP: disabled connection for (172.22.1.51)
[Wed Jan 27 07:23:30.353901 2016] [proxy:error] [pid 3440:tid 16000] (OS 10060)A connection attempt failed because the connected party did not properly respond after a period of time, or established connection failed because connected host has failed to respond.  : AH00957: HTTP: attempt to connect to 172.22.1.51:8399 (172.22.1.51) failed
[Wed Jan 27 07:23:30.353901 2016] [proxy:error] [pid 3440:tid 16000] AH00959: ap_proxy_connect_backend disabling worker for (172.22.1.51) for 60s
[Wed Jan 27 07:23:30.353901 2016] [proxy_http:error] [pid 3440:tid 16000] [client 152.61.192.232:57479] AH01114: HTTP: failed to make connection to backend: 172.22.1.51
[Wed Jan 27 07:23:30.587901 2016] [proxy:error] [pid 3440:tid 16000] AH00940: HTTP: disabled connection for (172.22.1.51)
[Wed Jan 27 08:22:04.306873 2016] [proxy_http:error] [pid 3440:tid 10960] (OS 10053)An established connection was aborted by the software in your host machine.  : [client 201.245.192.253:53222] AH01102: error reading status line from remote server 172.22.1.31:80, referer: http://190.27.245.106/isolucionsda/FrameSetGeneral.asp?Pagina1=FrameSetGeneral.asp&
[Wed Jan 27 08:22:04.338073 2016] [proxy_http:error] [pid 3440:tid 10640] (OS 10053)An established connection was aborted by the software in your host machine.  : [client 201.245.192.253:53278] AH01102: error reading status line from remote server 172.22.1.31:80, referer: http://190.27.245.106/isolucionsda/Encabezado.asp?Pagina1=FrameSetGeneral.asp&&Pagina=MagazinHome.asp
[Wed Jan 27 08:22:04.338073 2016] [proxy:error] [pid 3440:tid 10640] [client 201.245.192.253:53278] AH00898: Error reading from remote server returned by /isolucionsda/g/Bot_Administrador.jpg, referer: http://190.27.245.106/isolucionsda/Encabezado.asp?Pagina1=FrameSetGeneral.asp&&Pagina=MagazinHome.asp
[Wed Jan 27 08:22:04.369273 2016] [proxy_http:error] [pid 3440:tid 10608] (OS 10053)An established connection was aborted by the software in your host machine.  : [client 201.245.192.253:53223] AH01102: error reading status line from remote server 172.22.1.31:80, referer: http://190.27.245.106/isolucionsda/Encabezado.asp?Pagina1=FrameSetGeneral.asp&&Pagina=MagazinHome.asp
[Wed Jan 27 08:22:04.384873 2016] [proxy_http:error] [pid 3440:tid 10360] (OS 10053)An established connection was aborted by the software in your host machine.  : [client 201.245.192.253:53275] AH01102: error reading status line from remote server 172.22.1.31:80, referer: http://190.27.245.106/isolucionsda/Encabezado.asp?Pagina1=FrameSetGeneral.asp&&Pagina=MagazinHome.asp
[Wed Jan 27 08:22:06.288076 2016] [proxy_http:error] [pid 3440:tid 10768] (OS 10053)An established connection was aborted by the software in your host machine.  : [client 201.245.192.253:53279] AH01102: error reading status line from remote server 172.22.1.31:80, referer: http://190.27.245.106/isolucionsda/FrameSetGeneral.asp?Pagina=Menu.asp&IdModulo=4
[Wed Jan 27 08:22:06.334877 2016] [proxy_http:error] [pid 3440:tid 15404] (OS 10053)An established connection was aborted by the software in your host machine.  : [client 201.245.192.253:53216] AH01102: error reading status line from remote server 172.22.1.31:80, referer: http://190.27.245.106/isolucionsda/Encabezado.asp?Pagina=Menu.asp&IdModulo=4
[Wed Jan 27 09:03:09.454403 2016] [cgi:error] [pid 3440:tid 10272] [client 115.230.124.164:4895] script not found or unable to stat: E:/nuevo/cgi-bin/common
[Wed Jan 27 10:55:26.638236 2016] [proxy:error] [pid 3440:tid 10928] (OS 10060)A connection attempt failed because the connected party did not properly respond after a period of time, or established connection failed because connected host has failed to respond.  : AH00957: HTTP: attempt to connect to 172.22.1.51:8399 (172.22.1.51) failed
[Wed Jan 27 10:55:26.638236 2016] [proxy:error] [pid 3440:tid 10928] AH00959: ap_proxy_connect_backend disabling worker for (172.22.1.51) for 60s
[Wed Jan 27 10:55:26.638236 2016] [proxy_http:error] [pid 3440:tid 10928] [client 178.249.242.155:13501] AH01114: HTTP: failed to make connection to backend: 172.22.1.51
[Wed Jan 27 11:08:43.331635 2016] [proxy_http:error] [pid 3440:tid 10784] (OS 10053)An established connection was aborted by the software in your host machine.  : [client 201.245.192.253:40561] AH01102: error reading status line from remote server 172.22.1.31:80, referer: http://190.27.245.106/isolucionsda/FrameSetGeneral.asp?Pagina1=FrameSetGeneral.asp&
[Wed Jan 27 11:08:43.331635 2016] [proxy:error] [pid 3440:tid 10784] [client 201.245.192.253:40561] AH00898: Error reading from remote server returned by /isolucionsda/MagazinHome.asp, referer: http://190.27.245.106/isolucionsda/FrameSetGeneral.asp?Pagina1=FrameSetGeneral.asp&
[Wed Jan 27 13:03:50.898968 2016] [proxy:error] [pid 3440:tid 10688] (OS 10060)A connection attempt failed because the connected party did not properly respond after a period of time, or established connection failed because connected host has failed to respond.  : AH00957: HTTP: attempt to connect to 172.22.1.51:8399 (172.22.1.51) failed
[Wed Jan 27 13:03:50.898968 2016] [proxy:error] [pid 3440:tid 10688] AH00959: ap_proxy_connect_backend disabling worker for (172.22.1.51) for 60s
[Wed Jan 27 13:03:50.898968 2016] [proxy_http:error] [pid 3440:tid 10688] [client 152.61.192.232:6664] AH01114: HTTP: failed to make connection to backend: 172.22.1.51
[Wed Jan 27 13:03:51.148568 2016] [proxy:error] [pid 3440:tid 10688] AH00940: HTTP: disabled connection for (172.22.1.51)
[Wed Jan 27 13:03:51.382569 2016] [proxy:error] [pid 3440:tid 10688] AH00940: HTTP: disabled connection for (172.22.1.51)
[Wed Jan 27 13:17:26.296800 2016] [proxy:error] [pid 3440:tid 10848] (OS 10060)A connection attempt failed because the connected party did not properly respond after a period of time, or established connection failed because connected host has failed to respond.  : AH00957: HTTP: attempt to connect to 172.22.1.51:8399 (172.22.1.51) failed
[Wed Jan 27 13:17:26.296800 2016] [proxy:error] [pid 3440:tid 10848] AH00959: ap_proxy_connect_backend disabling worker for (172.22.1.51) for 60s
[Wed Jan 27 13:17:26.296800 2016] [proxy_http:error] [pid 3440:tid 10848] [client 152.61.192.232:57006] AH01114: HTTP: failed to make connection to backend: 172.22.1.51
[Wed Jan 27 13:17:26.530800 2016] [proxy:error] [pid 3440:tid 10848] AH00940: HTTP: disabled connection for (172.22.1.51)
[Wed Jan 27 13:28:53.634007 2016] [proxy:error] [pid 3440:tid 10688] (OS 10060)A connection attempt failed because the connected party did not properly respond after a period of time, or established connection failed because connected host has failed to respond.  : AH00957: HTTP: attempt to connect to 172.22.1.51:8399 (172.22.1.51) failed
[Wed Jan 27 13:28:53.634007 2016] [proxy:error] [pid 3440:tid 10688] AH00959: ap_proxy_connect_backend disabling worker for (172.22.1.51) for 60s
[Wed Jan 27 13:28:53.634007 2016] [proxy_http:error] [pid 3440:tid 10688] [client 152.61.193.99:63022] AH01114: HTTP: failed to make connection to backend: 172.22.1.51
[Wed Jan 27 13:28:53.868008 2016] [proxy:error] [pid 3440:tid 10688] AH00940: HTTP: disabled connection for (172.22.1.51)
[Wed Jan 27 13:28:54.102008 2016] [proxy:error] [pid 3440:tid 10688] AH00940: HTTP: disabled connection for (172.22.1.51)
[Wed Jan 27 13:28:54.336008 2016] [proxy:error] [pid 3440:tid 10688] AH00940: HTTP: disabled connection for (172.22.1.51)
[Wed Jan 27 13:28:54.554409 2016] [proxy:error] [pid 3440:tid 10688] AH00940: HTTP: disabled connection for (172.22.1.51)
[Wed Jan 27 13:29:09.748836 2016] [proxy:error] [pid 3440:tid 10624] AH00940: HTTP: disabled connection for (172.22.1.51)
[Wed Jan 27 13:29:09.982836 2016] [proxy:error] [pid 3440:tid 10624] AH00940: HTTP: disabled connection for (172.22.1.51)
[Wed Jan 27 13:29:10.248036 2016] [proxy:error] [pid 3440:tid 10624] AH00940: HTTP: disabled connection for (172.22.1.51)
[Wed Jan 27 13:29:10.466437 2016] [proxy:error] [pid 3440:tid 10624] AH00940: HTTP: disabled connection for (172.22.1.51)
[Wed Jan 27 13:29:10.700437 2016] [proxy:error] [pid 3440:tid 10624] AH00940: HTTP: disabled connection for (172.22.1.51)
[Wed Jan 27 13:29:10.918838 2016] [proxy:error] [pid 3440:tid 10624] AH00940: HTTP: disabled connection for (172.22.1.51)
[Wed Jan 27 13:50:47.593115 2016] [cgi:error] [pid 3440:tid 10736] [client 115.230.124.164:1807] script not found or unable to stat: E:/nuevo/cgi-bin/common
[Wed Jan 27 14:13:20.692692 2016] [proxy_http:error] [pid 3440:tid 15836] (OS 10053)An established connection was aborted by the software in your host machine.  : [client 201.245.192.253:46897] AH01102: error reading status line from remote server 172.22.1.31:80, referer: http://190.27.245.106/isolucionsda/IdentificaUsuario.asp?Pagina1=FrameSetGeneral.asp&
[Wed Jan 27 14:13:20.692692 2016] [proxy:error] [pid 3440:tid 15836] [client 201.245.192.253:46897] AH00898: Error reading from remote server returned by /isolucionsda/g/shim.gif, referer: http://190.27.245.106/isolucionsda/IdentificaUsuario.asp?Pagina1=FrameSetGeneral.asp&
[Wed Jan 27 14:36:00.375480 2016] [proxy_http:error] [pid 3440:tid 10892] (OS 10053)An established connection was aborted by the software in your host machine.  : [client 201.245.192.253:55043] AH01102: error reading status line from remote server 172.22.1.31:80, referer: http://190.27.245.106/IsolucionSDA/FrameSetArticulo.asp?Pagina=/IsolucionSDA/bancoconocimiento/S/Solicituddevacaciones_v2/Solicituddevacaciones_v2.asp?IdArticulo=7509
[Wed Jan 27 14:36:00.375480 2016] [proxy:error] [pid 3440:tid 10892] [client 201.245.192.253:55043] AH00898: Error reading from remote server returned by /IsolucionSDA/bancoconocimiento/S/Solicituddevacaciones_v2/Solicituddevacaciones_v2.asp, referer: http://190.27.245.106/IsolucionSDA/FrameSetArticulo.asp?Pagina=/IsolucionSDA/bancoconocimiento/S/Solicituddevacaciones_v2/Solicituddevacaciones_v2.asp?IdArticulo=7509
[Wed Jan 27 14:36:48.064764 2016] [proxy_http:error] [pid 3440:tid 10892] (OS 10053)An established connection was aborted by the software in your host machine.  : [client 201.245.192.253:46235] AH01102: error reading status line from remote server 172.22.1.31:80, referer: http://190.27.245.106/IsolucionSDA/FrameSetGeneral.asp?Pagina=Menu.asp&IdModulo=7
[Wed Jan 27 14:36:48.064764 2016] [proxy:error] [pid 3440:tid 10892] [client 201.245.192.253:46235] AH00898: Error reading from remote server returned by /IsolucionSDA/BarraFavoritos.asp, referer: http://190.27.245.106/IsolucionSDA/FrameSetGeneral.asp?Pagina=Menu.asp&IdModulo=7
[Wed Jan 27 15:19:39.822881 2016] [access_compat:error] [pid 3440:tid 11096] [client 212.227.161.158:44230] AH01797: client denied by server configuration: E:/nuevo/phpMyAdmin/
[Wed Jan 27 15:19:40.197281 2016] [access_compat:error] [pid 3440:tid 11096] [client 212.227.161.158:44351] AH01797: client denied by server configuration: E:/nuevo/htdocs/phpMyAdmin
[Wed Jan 27 15:19:41.726084 2016] [access_compat:error] [pid 3440:tid 11096] [client 212.227.161.158:44852] AH01797: client denied by server configuration: E:/nuevo/htdocs/phpMyAdmin-4.2.1-all-languages
[Wed Jan 27 15:19:42.116085 2016] [access_compat:error] [pid 3440:tid 11096] [client 212.227.161.158:44969] AH01797: client denied by server configuration: E:/nuevo/htdocs/phpMyAdmin-4.2.1-english
[Wed Jan 27 15:41:53.906024 2016] [proxy_http:error] [pid 3440:tid 10656] (OS 10053)An established connection was aborted by the software in your host machine.  : [client 201.245.192.253:50278] AH01102: error reading status line from remote server 172.22.1.31:80, referer: http://190.27.245.106/IsolucionSDA/bancoconocimiento/G/GESTIONDOCUMENTAL_v7/GESTIONDOCUMENTAL_v7.asp?IdArticulo=6836
[Wed Jan 27 15:54:44.703378 2016] [mpm_winnt:warn] [pid 3440:tid 16600] (OS 64)The specified network name is no longer available.  : AH00341: winnt_accept: Asynchronous AcceptEx failed.
[Wed Jan 27 16:09:50.534569 2016] [mpm_winnt:warn] [pid 3440:tid 16600] (OS 64)The specified network name is no longer available.  : AH00341: winnt_accept: Asynchronous AcceptEx failed.
[Wed Jan 27 16:36:45.839406 2016] [proxy_http:error] [pid 3440:tid 15016] (OS 10053)An established connection was aborted by the software in your host machine.  : [client 201.245.192.253:45404] AH01102: error reading status line from remote server 172.22.1.31:80, referer: http://190.27.245.106/isolucionsda/BancoConocimiento/s/SistemadeGestionAmbiental_v0/SistemadeGestionAmbiental_v0.asp??Pagina=BancoConocimiento/s/SistemadeGestionAmbiental_v0/SistemadeGestionAmbiental_v0.asp?&IdModulo=19
[Wed Jan 27 16:36:45.839406 2016] [proxy:error] [pid 3440:tid 15016] [client 201.245.192.253:45404] AH00898: Error reading from remote server returned by /isolucionsda/g/gifTrasnparente.gif, referer: http://190.27.245.106/isolucionsda/BancoConocimiento/s/SistemadeGestionAmbiental_v0/SistemadeGestionAmbiental_v0.asp??Pagina=BancoConocimiento/s/SistemadeGestionAmbiental_v0/SistemadeGestionAmbiental_v0.asp?&IdModulo=19
[Wed Jan 27 16:47:26.938132 2016] [proxy_http:error] [pid 3440:tid 13908] (OS 10053)An established connection was aborted by the software in your host machine.  : [client 201.245.192.253:51517] AH01102: error reading status line from remote server 172.22.1.31:80, referer: http://190.27.245.106/isolucionsda/Session.asp
[Wed Jan 27 16:47:26.938132 2016] [proxy:error] [pid 3440:tid 13908] [client 201.245.192.253:51517] AH00898: Error reading from remote server returned by /isolucionsda/Session.asp, referer: http://190.27.245.106/isolucionsda/Session.asp
[Wed Jan 27 17:13:15.443652 2016] [proxy_http:error] [pid 3440:tid 15836] (OS 10053)An established connection was aborted by the software in your host machine.  : [client 201.245.192.253:55703] AH01102: error reading status line from remote server 172.22.1.31:80, referer: http://190.27.245.106/isolucionsda/FrameSetGeneral.asp?Pagina1=FrameSetGeneral.asp&
[Wed Jan 27 17:13:15.443652 2016] [proxy:error] [pid 3440:tid 15836] [client 201.245.192.253:55703] AH00898: Error reading from remote server returned by /isolucionsda/MagazinHome.asp, referer: http://190.27.245.106/isolucionsda/FrameSetGeneral.asp?Pagina1=FrameSetGeneral.asp&
[Wed Jan 27 17:13:15.459252 2016] [proxy_http:error] [pid 3440:tid 10712] (OS 10053)An established connection was aborted by the software in your host machine.  : [client 201.245.192.253:55702] AH01102: error reading status line from remote server 172.22.1.31:80, referer: http://190.27.245.106/isolucionsda/FrameSetGeneral.asp?Pagina1=FrameSetGeneral.asp&
[Wed Jan 27 17:13:15.459252 2016] [proxy:error] [pid 3440:tid 10712] [client 201.245.192.253:55702] AH00898: Error reading from remote server returned by /isolucionsda/BarraFavoritos.asp, referer: http://190.27.245.106/isolucionsda/FrameSetGeneral.asp?Pagina1=FrameSetGeneral.asp&
[Wed Jan 27 17:13:16.863254 2016] [proxy_http:error] [pid 3440:tid 15404] (OS 10053)An established connection was aborted by the software in your host machine.  : [client 201.245.192.253:55705] AH01102: error reading status line from remote server 172.22.1.31:80, referer: http://190.27.245.106/isolucionsda/FrameSetGeneral.asp?Pagina=Menu.asp&IdModulo=4
[Wed Jan 27 17:13:16.863254 2016] [proxy:error] [pid 3440:tid 15404] [client 201.245.192.253:55705] AH00898: Error reading from remote server returned by /isolucionsda/Menu.asp, referer: http://190.27.245.106/isolucionsda/FrameSetGeneral.asp?Pagina=Menu.asp&IdModulo=4
[Wed Jan 27 17:13:16.878854 2016] [proxy_http:error] [pid 3440:tid 10552] (OS 10053)An established connection was aborted by the software in your host machine.  : [client 201.245.192.253:55704] AH01102: error reading status line from remote server 172.22.1.31:80, referer: http://190.27.245.106/isolucionsda/FrameSetGeneral.asp?Pagina=Menu.asp&IdModulo=4
[Wed Jan 27 17:13:16.878854 2016] [proxy:error] [pid 3440:tid 10552] [client 201.245.192.253:55704] AH00898: Error reading from remote server returned by /isolucionsda/BarraFavoritos.asp, referer: http://190.27.245.106/isolucionsda/FrameSetGeneral.asp?Pagina=Menu.asp&IdModulo=4
[Wed Jan 27 17:22:58.713076 2016] [proxy_http:error] [pid 3440:tid 10712] (OS 10053)An established connection was aborted by the software in your host machine.  : [client 179.32.107.166:49252] AH01102: error reading status line from remote server 172.22.1.31:80, referer: http://190.27.245.106/isolucionsda/Encabezado.asp?Pagina1=FrameSetGeneral.asp&&Pagina=MagazinHome.asp
[Wed Jan 27 17:25:13.684513 2016] [proxy_http:error] [pid 3440:tid 10712] (OS 10053)An established connection was aborted by the software in your host machine.  : [client 179.32.107.166:49329] AH01102: error reading status line from remote server 172.22.1.31:80, referer: http://190.27.245.106/isolucionsda/FrameSetGeneral.asp?Pagina=Menu.asp&IdModulo=4
[Wed Jan 27 17:25:13.684513 2016] [proxy:error] [pid 3440:tid 10712] [client 179.32.107.166:49329] AH00898: Error reading from remote server returned by /isolucionsda/BarraFavoritos.asp, referer: http://190.27.245.106/isolucionsda/FrameSetGeneral.asp?Pagina=Menu.asp&IdModulo=4
[Wed Jan 27 17:27:51.977991 2016] [proxy_http:error] [pid 3440:tid 15884] (OS 10053)An established connection was aborted by the software in your host machine.  : [client 201.245.192.253:35789] AH01102: error reading status line from remote server 172.22.1.31:80, referer: http://190.27.245.106/isolucionsda/Encabezado.asp?Pagina1=FrameSetGeneral.asp&&Pagina=MagazinHome.asp
[Wed Jan 27 18:10:13.269255 2016] [proxy_http:error] [pid 3440:tid 10776] (OS 10053)An established connection was aborted by the software in your host machine.  : [client 179.32.107.166:49516] AH01102: error reading status line from remote server 172.22.1.31:80, referer: http://190.27.245.106/isolucionsda/Encabezado.asp?Pagina1=FrameSetGeneral.asp&&Pagina=MagazinHome.asp
[Wed Jan 27 18:10:13.269255 2016] [proxy:error] [pid 3440:tid 10776] [client 179.32.107.166:49516] AH00898: Error reading from remote server returned by /isolucionsda/FrameSetGeneral.asp, referer: http://190.27.245.106/isolucionsda/Encabezado.asp?Pagina1=FrameSetGeneral.asp&&Pagina=MagazinHome.asp
[Wed Jan 27 18:18:36.463739 2016] [proxy_http:error] [pid 3440:tid 15884] (OS 10053)An established connection was aborted by the software in your host machine.  : [client 201.245.192.253:56059] AH01102: error reading status line from remote server 172.22.1.31:80, referer: http://190.27.245.106/isolucionsda/FrameSetGeneral.asp?Pagina1=FrameSetGeneral.asp&
[Wed Jan 27 18:18:36.463739 2016] [proxy:error] [pid 3440:tid 15884] [client 201.245.192.253:56059] AH00898: Error reading from remote server returned by /isolucionsda/MagazinHome.asp, referer: http://190.27.245.106/isolucionsda/FrameSetGeneral.asp?Pagina1=FrameSetGeneral.asp&
[Wed Jan 27 18:41:07.738112 2016] [proxy_http:error] [pid 3440:tid 13908] (OS 10053)An established connection was aborted by the software in your host machine.  : [client 190.8.248.52:49637] AH01102: error reading status line from remote server 172.22.1.31:80, referer: http://190.27.245.106/isolucionsda/Encabezado.asp?Pagina1=FrameSetGeneral.asp&&Pagina=MagazinHome.asp
[Wed Jan 27 18:41:15.647326 2016] [proxy_http:error] [pid 3440:tid 15656] (OS 10053)An established connection was aborted by the software in your host machine.  : [client 190.8.248.52:49639] AH01102: error reading status line from remote server 172.22.1.31:80, referer: http://190.27.245.106/isolucionsda/FrameSetGeneral.asp?Pagina=Menu.asp&IdModulo=4
[Wed Jan 27 18:46:31.048680 2016] [proxy_http:error] [pid 3440:tid 10928] (OS 10053)An established connection was aborted by the software in your host machine.  : [client 201.245.192.253:54816] AH01102: error reading status line from remote server 172.22.1.31:80, referer: http://190.27.245.106/isolucionsda/FrameSetGeneral.asp?Pagina1=FrameSetGeneral.asp&
[Wed Jan 27 18:46:31.079880 2016] [proxy_http:error] [pid 3440:tid 10784] (OS 10053)An established connection was aborted by the software in your host machine.  : [client 201.245.192.253:54869] AH01102: error reading status line from remote server 172.22.1.31:80, referer: http://190.27.245.106/isolucionsda/BarraFavoritos.asp
[Wed Jan 27 18:46:31.079880 2016] [proxy:error] [pid 3440:tid 10784] [client 201.245.192.253:54869] AH00898: Error reading from remote server returned by /isolucionsda/g/Bgr_BarraInferior.jpg, referer: http://190.27.245.106/isolucionsda/BarraFavoritos.asp
[Wed Jan 27 18:46:31.766281 2016] [proxy_http:error] [pid 3440:tid 13908] (OS 10053)An established connection was aborted by the software in your host machine.  : [client 201.245.192.253:54825] AH01102: error reading status line from remote server 172.22.1.31:80, referer: http://190.27.245.106/isolucionsda/MagazinHome.asp
[Wed Jan 27 19:03:34.082877 2016] [proxy:error] [pid 3440:tid 13908] (OS 10060)A connection attempt failed because the connected party did not properly respond after a period of time, or established connection failed because connected host has failed to respond.  : AH00957: HTTP: attempt to connect to 172.22.1.51:8399 (172.22.1.51) failed
[Wed Jan 27 19:03:34.082877 2016] [proxy:error] [pid 3440:tid 13908] AH00959: ap_proxy_connect_backend disabling worker for (172.22.1.51) for 60s
[Wed Jan 27 19:03:34.082877 2016] [proxy_http:error] [pid 3440:tid 13908] [client 152.61.192.232:11114] AH01114: HTTP: failed to make connection to backend: 172.22.1.51
[Wed Jan 27 19:03:34.301277 2016] [proxy:error] [pid 3440:tid 13908] AH00940: HTTP: disabled connection for (172.22.1.51)
[Wed Jan 27 19:03:34.535277 2016] [proxy:error] [pid 3440:tid 13908] AH00940: HTTP: disabled connection for (172.22.1.51)
[Wed Jan 27 19:08:36.676608 2016] [proxy:error] [pid 3440:tid 11096] (OS 10060)A connection attempt failed because the connected party did not properly respond after a period of time, or established connection failed because connected host has failed to respond.  : AH00957: HTTP: attempt to connect to 172.22.1.51:8399 (172.22.1.51) failed
[Wed Jan 27 19:08:36.676608 2016] [proxy:error] [pid 3440:tid 11096] AH00959: ap_proxy_connect_backend disabling worker for (172.22.1.51) for 60s
[Wed Jan 27 19:08:36.676608 2016] [proxy_http:error] [pid 3440:tid 11096] [client 152.61.193.99:11419] AH01114: HTTP: failed to make connection to backend: 172.22.1.51
[Wed Jan 27 19:08:36.895009 2016] [proxy:error] [pid 3440:tid 11096] AH00940: HTTP: disabled connection for (172.22.1.51)
[Wed Jan 27 19:08:37.129009 2016] [proxy:error] [pid 3440:tid 11096] AH00940: HTTP: disabled connection for (172.22.1.51)
[Wed Jan 27 19:08:37.363009 2016] [proxy:error] [pid 3440:tid 11096] AH00940: HTTP: disabled connection for (172.22.1.51)
[Wed Jan 27 19:08:37.597010 2016] [proxy:error] [pid 3440:tid 10784] AH00940: HTTP: disabled connection for (172.22.1.51)
[Wed Jan 27 19:08:37.815410 2016] [proxy:error] [pid 3440:tid 10784] AH00940: HTTP: disabled connection for (172.22.1.51)
[Wed Jan 27 19:19:13.781727 2016] [proxy:error] [pid 3440:tid 10960] (OS 10060)A connection attempt failed because the connected party did not properly respond after a period of time, or established connection failed because connected host has failed to respond.  : AH00957: HTTP: attempt to connect to 172.22.1.51:8399 (172.22.1.51) failed
[Wed Jan 27 19:19:13.781727 2016] [proxy:error] [pid 3440:tid 10960] AH00959: ap_proxy_connect_backend disabling worker for (172.22.1.51) for 60s
[Wed Jan 27 19:19:13.781727 2016] [proxy_http:error] [pid 3440:tid 10960] [client 152.61.192.232:61845] AH01114: HTTP: failed to make connection to backend: 172.22.1.51
[Wed Jan 27 19:19:14.015728 2016] [proxy:error] [pid 3440:tid 10960] AH00940: HTTP: disabled connection for (172.22.1.51)
[Wed Jan 27 19:22:18.720052 2016] [proxy_http:error] [pid 3440:tid 13908] (OS 10053)An established connection was aborted by the software in your host machine.  : [client 190.8.248.52:49919] AH01102: error reading status line from remote server 172.22.1.31:80, referer: http://190.27.245.106/isolucionsda/Administracion/SalaEdicion/Articulo.asp?Id_Articulo=9552
[Wed Jan 27 19:22:18.720052 2016] [proxy:error] [pid 3440:tid 13908] [client 190.8.248.52:49919] AH00898: Error reading from remote server returned by /isolucionsda/g/Ico_BorrarOver.gif, referer: http://190.27.245.106/isolucionsda/Administracion/SalaEdicion/Articulo.asp?Id_Articulo=9552
[Wed Jan 27 19:37:16.205228 2016] [proxy:error] [pid 3440:tid 10784] (OS 10060)A connection attempt failed because the connected party did not properly respond after a period of time, or established connection failed because connected host has failed to respond.  : AH00957: HTTP: attempt to connect to 172.22.1.51:8399 (172.22.1.51) failed
[Wed Jan 27 19:37:16.205228 2016] [proxy:error] [pid 3440:tid 10784] AH00959: ap_proxy_connect_backend disabling worker for (172.22.1.51) for 60s
[Wed Jan 27 19:37:16.205228 2016] [proxy_http:error] [pid 3440:tid 10784] [client 152.61.193.99:8613] AH01114: HTTP: failed to make connection to backend: 172.22.1.51
[Wed Jan 27 19:37:16.423629 2016] [proxy:error] [pid 3440:tid 10784] AH00940: HTTP: disabled connection for (172.22.1.51)
[Wed Jan 27 19:37:16.657629 2016] [proxy:error] [pid 3440:tid 10784] AH00940: HTTP: disabled connection for (172.22.1.51)
[Wed Jan 27 19:37:16.891630 2016] [proxy:error] [pid 3440:tid 10784] AH00940: HTTP: disabled connection for (172.22.1.51)
[Wed Jan 27 19:37:17.110030 2016] [proxy:error] [pid 3440:tid 10784] AH00940: HTTP: disabled connection for (172.22.1.51)
[Wed Jan 27 20:24:26.174999 2016] [core:error] [pid 3440:tid 10520] (20024)The given path is misformatted or contained invalid characters: [client 186.31.136.54:55356] AH00127: Cannot map GET /galeria/carrusel/Carrusel/jquery-ui-%0A%0A1.8.13.custom.min.js HTTP/1.1 to file, referer: http://ambientebogota.gov.co/inicio
[Wed Jan 27 21:26:34.144747 2016] [access_compat:error] [pid 3440:tid 10944] [client 190.112.0.109:52723] AH01797: client denied by server configuration: E:/nuevo/htdocs/phpMyAdmin

:: Command execute ::

Enter:
 
Select:
 

:: Search ::
regexp 

:: Upload ::
 
[ ok ]

:: Make Dir ::
 
[ ok ]
:: Make File ::
 
[ ok ]

:: Go Dir ::
 
:: Go File ::
 

--[ c99shell v. 1.0 pre-release build #13 powered by Captain Crunch Security Team | http://ccteam.ru | Generation time: 0.078 ]--