!C99Shell v. 1.0 pre-release build #13!

Software: Apache. PHP/5.5.15 

uname -a: Windows NT SVR-DMZ 6.1 build 7600 (Windows Server 2008 R2 Enterprise Edition) i586 

SYSTEM 

Safe-mode: OFF (not secure)

E:\nuevo\apache\logs\   drwxrwxrwx
Free 9.41 GB of 239.26 GB (3.93%)
Detected drives: [ a ] [ c ] [ d ] [ e ] [ f ]
Home    Back    Forward    UPDIR    Refresh    Search    Buffer    Encoder    Tools    Proc.    FTP brute    Sec.    SQL    PHP-code    Update    Feedback    Self remove    Logout    


Viewing file:     error.2016.02.08.log (32.06 KB)      -rw-rw-rw-
Select action/file-type:
(+) | (+) | (+) | Code (+) | Session (+) | (+) | SDB (+) | (+) | (+) | (+) | (+) | (+) |
[Mon Feb 08 00:35:02.342009 2016] [cgi:error] [pid 3440:tid 12004] [client 115.230.124.164:4627] script not found or unable to stat: E:/nuevo/cgi-bin/common
[Mon Feb 08 01:03:43.664632 2016] [core:error] [pid 3440:tid 12352] [client 200.24.218.181:43161] AH00126: Invalid URI in request GET HTTP/1.1 HTTP/1.1
[Mon Feb 08 01:03:48.313440 2016] [access_compat:error] [pid 3440:tid 15220] [client 200.24.218.181:44073] AH01797: client denied by server configuration: E:/nuevo/htdocs/phpMyAdmin
[Mon Feb 08 01:03:48.563041 2016] [access_compat:error] [pid 3440:tid 10640] [client 200.24.218.181:44127] AH01797: client denied by server configuration: E:/nuevo/phpMyAdmin/index.php
[Mon Feb 08 01:03:48.828241 2016] [access_compat:error] [pid 3440:tid 12352] [client 200.24.218.181:44196] AH01797: client denied by server configuration: E:/nuevo/htdocs/phpmyadmin1
[Mon Feb 08 01:03:49.077841 2016] [access_compat:error] [pid 3440:tid 12596] [client 200.24.218.181:44244] AH01797: client denied by server configuration: E:/nuevo/htdocs/phpmyadmin2
[Mon Feb 08 01:03:49.842243 2016] [access_compat:error] [pid 3440:tid 11240] [client 200.24.218.181:44412] AH01797: client denied by server configuration: E:/nuevo/htdocs/xampp/phpmyadmin
[Mon Feb 08 01:03:50.871845 2016] [access_compat:error] [pid 3440:tid 15220] [client 200.24.218.181:44618] AH01797: client denied by server configuration: E:/nuevo/phpMyAdmin/index.php
[Mon Feb 08 01:03:51.121445 2016] [access_compat:error] [pid 3440:tid 10640] [client 200.24.218.181:44665] AH01797: client denied by server configuration: E:/nuevo/htdocs/phpMyAdmin
[Mon Feb 08 01:03:51.386646 2016] [access_compat:error] [pid 3440:tid 12352] [client 200.24.218.181:44708] AH01797: client denied by server configuration: E:/nuevo/htdocs/phpMyAdmin-2
[Mon Feb 08 01:03:51.885846 2016] [access_compat:error] [pid 3440:tid 12228] [client 200.24.218.181:44820] AH01797: client denied by server configuration: E:/nuevo/htdocs/phpMyAdmin-2.2.3
[Mon Feb 08 01:03:52.135447 2016] [access_compat:error] [pid 3440:tid 10760] [client 200.24.218.181:44869] AH01797: client denied by server configuration: E:/nuevo/htdocs/phpMyAdmin-2.2.6
[Mon Feb 08 01:03:52.416247 2016] [access_compat:error] [pid 3440:tid 11240] [client 200.24.218.181:44908] AH01797: client denied by server configuration: E:/nuevo/htdocs/phpMyAdmin-2.5.1
[Mon Feb 08 01:03:52.665848 2016] [access_compat:error] [pid 3440:tid 11300] [client 200.24.218.181:44963] AH01797: client denied by server configuration: E:/nuevo/htdocs/phpMyAdmin-2.5.4
[Mon Feb 08 01:03:52.915448 2016] [access_compat:error] [pid 3440:tid 10864] [client 200.24.218.181:45037] AH01797: client denied by server configuration: E:/nuevo/htdocs/phpMyAdmin-2.5.5-rc1
[Mon Feb 08 01:03:53.165049 2016] [access_compat:error] [pid 3440:tid 12004] [client 200.24.218.181:45080] AH01797: client denied by server configuration: E:/nuevo/htdocs/phpMyAdmin-2.5.5-rc2
[Mon Feb 08 01:03:53.445849 2016] [access_compat:error] [pid 3440:tid 15220] [client 200.24.218.181:45135] AH01797: client denied by server configuration: E:/nuevo/htdocs/phpMyAdmin-2.5.5
[Mon Feb 08 01:03:53.695450 2016] [access_compat:error] [pid 3440:tid 10640] [client 200.24.218.181:45214] AH01797: client denied by server configuration: E:/nuevo/htdocs/phpMyAdmin-2.5.5-pl1
[Mon Feb 08 01:03:53.945050 2016] [access_compat:error] [pid 3440:tid 12352] [client 200.24.218.181:45267] AH01797: client denied by server configuration: E:/nuevo/htdocs/phpMyAdmin-2.5.6-rc1
[Mon Feb 08 01:03:54.210250 2016] [access_compat:error] [pid 3440:tid 12596] [client 200.24.218.181:45318] AH01797: client denied by server configuration: E:/nuevo/htdocs/phpMyAdmin-2.5.6-rc2
[Mon Feb 08 01:03:54.475451 2016] [access_compat:error] [pid 3440:tid 12228] [client 200.24.218.181:45372] AH01797: client denied by server configuration: E:/nuevo/htdocs/phpMyAdmin-2.5.6
[Mon Feb 08 01:03:54.725051 2016] [access_compat:error] [pid 3440:tid 10760] [client 200.24.218.181:45452] AH01797: client denied by server configuration: E:/nuevo/htdocs/phpMyAdmin-2.5.7
[Mon Feb 08 01:03:54.990252 2016] [access_compat:error] [pid 3440:tid 11240] [client 200.24.218.181:45500] AH01797: client denied by server configuration: E:/nuevo/htdocs/phpMyAdmin-2.5.7-pl1
[Mon Feb 08 01:03:55.239852 2016] [core:error] [pid 3440:tid 11300] [client 200.24.218.181:45556] AH00126: Invalid URI in request GET  HTTP/1.1
[Mon Feb 08 01:10:13.197316 2016] [proxy:error] [pid 3440:tid 12228] (OS 10060)A connection attempt failed because the connected party did not properly respond after a period of time, or established connection failed because connected host has failed to respond.  : AH00957: HTTP: attempt to connect to 172.22.1.51:8399 (172.22.1.51) failed
[Mon Feb 08 01:10:13.197316 2016] [proxy:error] [pid 3440:tid 12228] AH00959: ap_proxy_connect_backend disabling worker for (172.22.1.51) for 60s
[Mon Feb 08 01:10:13.197316 2016] [proxy_http:error] [pid 3440:tid 12228] [client 152.61.192.232:8375] AH01114: HTTP: failed to make connection to backend: 172.22.1.51
[Mon Feb 08 01:10:13.462517 2016] [proxy:error] [pid 3440:tid 12228] AH00940: HTTP: disabled connection for (172.22.1.51)
[Mon Feb 08 01:10:13.696517 2016] [proxy:error] [pid 3440:tid 12228] AH00940: HTTP: disabled connection for (172.22.1.51)
[Mon Feb 08 01:23:20.733499 2016] [proxy:error] [pid 3440:tid 15220] (OS 10060)A connection attempt failed because the connected party did not properly respond after a period of time, or established connection failed because connected host has failed to respond.  : AH00957: HTTP: attempt to connect to 172.22.1.51:8399 (172.22.1.51) failed
[Mon Feb 08 01:23:20.733499 2016] [proxy:error] [pid 3440:tid 15220] AH00959: ap_proxy_connect_backend disabling worker for (172.22.1.51) for 60s
[Mon Feb 08 01:23:20.733499 2016] [proxy_http:error] [pid 3440:tid 15220] [client 152.61.193.99:63838] AH01114: HTTP: failed to make connection to backend: 172.22.1.51
[Mon Feb 08 01:23:20.967500 2016] [proxy:error] [pid 3440:tid 15220] AH00940: HTTP: disabled connection for (172.22.1.51)
[Mon Feb 08 01:23:21.201500 2016] [proxy:error] [pid 3440:tid 15220] AH00940: HTTP: disabled connection for (172.22.1.51)
[Mon Feb 08 01:23:21.435501 2016] [proxy:error] [pid 3440:tid 15220] AH00940: HTTP: disabled connection for (172.22.1.51)
[Mon Feb 08 01:23:21.669501 2016] [proxy:error] [pid 3440:tid 15220] AH00940: HTTP: disabled connection for (172.22.1.51)
[Mon Feb 08 01:23:21.887901 2016] [proxy:error] [pid 3440:tid 15220] AH00940: HTTP: disabled connection for (172.22.1.51)
[Mon Feb 08 01:25:22.803714 2016] [proxy:error] [pid 3440:tid 15220] (OS 10060)A connection attempt failed because the connected party did not properly respond after a period of time, or established connection failed because connected host has failed to respond.  : AH00957: HTTP: attempt to connect to 172.22.1.51:8399 (172.22.1.51) failed
[Mon Feb 08 01:25:22.803714 2016] [proxy:error] [pid 3440:tid 15220] AH00959: ap_proxy_connect_backend disabling worker for (172.22.1.51) for 60s
[Mon Feb 08 01:25:22.803714 2016] [proxy_http:error] [pid 3440:tid 15220] [client 152.61.192.232:2819] AH01114: HTTP: failed to make connection to backend: 172.22.1.51
[Mon Feb 08 01:25:23.022114 2016] [proxy:error] [pid 3440:tid 15220] AH00940: HTTP: disabled connection for (172.22.1.51)
[Mon Feb 08 01:38:38.904312 2016] [proxy:error] [pid 3440:tid 10640] (OS 10060)A connection attempt failed because the connected party did not properly respond after a period of time, or established connection failed because connected host has failed to respond.  : AH00957: HTTP: attempt to connect to 172.22.1.51:8399 (172.22.1.51) failed
[Mon Feb 08 01:38:38.904312 2016] [proxy:error] [pid 3440:tid 10640] AH00959: ap_proxy_connect_backend disabling worker for (172.22.1.51) for 60s
[Mon Feb 08 01:38:38.904312 2016] [proxy_http:error] [pid 3440:tid 10640] [client 152.61.193.99:9646] AH01114: HTTP: failed to make connection to backend: 172.22.1.51
[Mon Feb 08 01:38:39.138312 2016] [proxy:error] [pid 3440:tid 10640] AH00940: HTTP: disabled connection for (172.22.1.51)
[Mon Feb 08 01:38:39.356713 2016] [proxy:error] [pid 3440:tid 10640] AH00940: HTTP: disabled connection for (172.22.1.51)
[Mon Feb 08 01:38:39.590713 2016] [proxy:error] [pid 3440:tid 10640] AH00940: HTTP: disabled connection for (172.22.1.51)
[Mon Feb 08 01:38:39.840314 2016] [proxy:error] [pid 3440:tid 10640] AH00940: HTTP: disabled connection for (172.22.1.51)
[Mon Feb 08 02:08:53.858300 2016] [proxy:error] [pid 3440:tid 15220] (OS 10060)A connection attempt failed because the connected party did not properly respond after a period of time, or established connection failed because connected host has failed to respond.  : AH00957: HTTP: attempt to connect to 172.22.1.51:8399 (172.22.1.51) failed
[Mon Feb 08 02:08:53.858300 2016] [proxy:error] [pid 3440:tid 15220] AH00959: ap_proxy_connect_backend disabling worker for (172.22.1.51) for 60s
[Mon Feb 08 02:08:53.858300 2016] [proxy_http:error] [pid 3440:tid 15220] [client 152.61.128.66:41108] AH01114: HTTP: failed to make connection to backend: 172.22.1.51
[Mon Feb 08 02:08:54.092300 2016] [proxy:error] [pid 3440:tid 15220] AH00940: HTTP: disabled connection for (172.22.1.51)
[Mon Feb 08 02:08:54.310701 2016] [proxy:error] [pid 3440:tid 15220] AH00940: HTTP: disabled connection for (172.22.1.51)
[Mon Feb 08 02:08:54.544701 2016] [proxy:error] [pid 3440:tid 15220] AH00940: HTTP: disabled connection for (172.22.1.51)
[Mon Feb 08 02:08:54.794301 2016] [proxy:error] [pid 3440:tid 15220] AH00940: HTTP: disabled connection for (172.22.1.51)
[Mon Feb 08 02:08:55.012702 2016] [proxy:error] [pid 3440:tid 15220] AH00940: HTTP: disabled connection for (172.22.1.51)
[Mon Feb 08 02:33:01.556443 2016] [proxy:error] [pid 3440:tid 10640] (OS 10060)A connection attempt failed because the connected party did not properly respond after a period of time, or established connection failed because connected host has failed to respond.  : AH00957: HTTP: attempt to connect to 172.22.1.51:8399 (172.22.1.51) failed
[Mon Feb 08 02:33:01.556443 2016] [proxy:error] [pid 3440:tid 10640] AH00959: ap_proxy_connect_backend disabling worker for (172.22.1.51) for 60s
[Mon Feb 08 02:33:01.556443 2016] [proxy_http:error] [pid 3440:tid 10640] [client 152.61.128.66:41209] AH01114: HTTP: failed to make connection to backend: 172.22.1.51
[Mon Feb 08 02:33:01.790443 2016] [proxy:error] [pid 3440:tid 10640] AH00940: HTTP: disabled connection for (172.22.1.51)
[Mon Feb 08 02:33:02.024443 2016] [proxy:error] [pid 3440:tid 10640] AH00940: HTTP: disabled connection for (172.22.1.51)
[Mon Feb 08 02:33:02.258444 2016] [proxy:error] [pid 3440:tid 10640] AH00940: HTTP: disabled connection for (172.22.1.51)
[Mon Feb 08 02:33:02.492444 2016] [proxy:error] [pid 3440:tid 10640] AH00940: HTTP: disabled connection for (172.22.1.51)
[Mon Feb 08 03:18:35.383244 2016] [mpm_winnt:warn] [pid 3440:tid 16600] (OS 64)The specified network name is no longer available.  : AH00341: winnt_accept: Asynchronous AcceptEx failed.
[Mon Feb 08 07:03:36.863758 2016] [proxy:error] [pid 3440:tid 10640] (OS 10060)A connection attempt failed because the connected party did not properly respond after a period of time, or established connection failed because connected host has failed to respond.  : AH00957: HTTP: attempt to connect to 172.22.1.51:8399 (172.22.1.51) failed
[Mon Feb 08 07:03:36.863758 2016] [proxy:error] [pid 3440:tid 10640] AH00959: ap_proxy_connect_backend disabling worker for (172.22.1.51) for 60s
[Mon Feb 08 07:03:36.863758 2016] [proxy_http:error] [pid 3440:tid 10640] [client 152.61.192.232:58707] AH01114: HTTP: failed to make connection to backend: 172.22.1.51
[Mon Feb 08 07:03:37.097759 2016] [proxy:error] [pid 3440:tid 10640] AH00940: HTTP: disabled connection for (172.22.1.51)
[Mon Feb 08 07:03:37.362959 2016] [proxy:error] [pid 3440:tid 10640] AH00940: HTTP: disabled connection for (172.22.1.51)
[Mon Feb 08 07:18:56.875374 2016] [proxy:error] [pid 3440:tid 15460] (OS 10060)A connection attempt failed because the connected party did not properly respond after a period of time, or established connection failed because connected host has failed to respond.  : AH00957: HTTP: attempt to connect to 172.22.1.51:8399 (172.22.1.51) failed
[Mon Feb 08 07:18:56.875374 2016] [proxy:error] [pid 3440:tid 15460] AH00959: ap_proxy_connect_backend disabling worker for (172.22.1.51) for 60s
[Mon Feb 08 07:18:56.875374 2016] [proxy_http:error] [pid 3440:tid 15460] [client 152.61.192.232:9769] AH01114: HTTP: failed to make connection to backend: 172.22.1.51
[Mon Feb 08 07:18:57.093775 2016] [proxy:error] [pid 3440:tid 15460] AH00940: HTTP: disabled connection for (172.22.1.51)
[Mon Feb 08 07:34:33.828620 2016] [proxy_http:error] [pid 3440:tid 10760] (OS 10053)An established connection was aborted by the software in your host machine.  : [client 201.245.192.253:48050] AH01102: error reading status line from remote server 172.22.1.31:80
[Mon Feb 08 07:34:33.828620 2016] [proxy:error] [pid 3440:tid 10760] [client 201.245.192.253:48050] AH00898: Error reading from remote server returned by /isolucionsda/
[Mon Feb 08 07:47:44.141608 2016] [proxy_http:error] [pid 3440:tid 12304] (OS 10053)An established connection was aborted by the software in your host machine.  : [client 201.245.192.253:45983] AH01102: error reading status line from remote server 172.22.1.31:80, referer: http://190.27.245.106/isolucionsda/FrameSetGeneral.asp?Pagina1=FrameSetGeneral.asp&
[Mon Feb 08 07:47:44.141608 2016] [proxy:error] [pid 3440:tid 12304] [client 201.245.192.253:45983] AH00898: Error reading from remote server returned by /isolucionsda/BarraTitulos.asp, referer: http://190.27.245.106/isolucionsda/FrameSetGeneral.asp?Pagina1=FrameSetGeneral.asp&
[Mon Feb 08 08:08:40.162214 2016] [proxy_http:error] [pid 3440:tid 10676] (OS 10053)An established connection was aborted by the software in your host machine.  : [client 186.30.9.239:16634] AH01102: error reading status line from remote server 172.22.1.31:80, referer: http://190.27.245.106/isolucionsda/FrameSetGeneral.asp?Pagina1=FrameSetGeneral.asp&
[Mon Feb 08 08:08:40.162214 2016] [proxy:error] [pid 3440:tid 10676] [client 186.30.9.239:16634] AH00898: Error reading from remote server returned by /isolucionsda/BarraFavoritos.asp, referer: http://190.27.245.106/isolucionsda/FrameSetGeneral.asp?Pagina1=FrameSetGeneral.asp&
[Mon Feb 08 08:09:31.938705 2016] [proxy_http:error] [pid 3440:tid 11916] (OS 10053)An established connection was aborted by the software in your host machine.  : [client 201.245.192.253:55712] AH01102: error reading status line from remote server 172.22.1.31:80, referer: http://190.27.245.106/IsolucionSDA/FrameSetGeneral.asp?Pagina1=FrameSetGeneral.asp&
[Mon Feb 08 08:22:09.320035 2016] [proxy_http:error] [pid 3440:tid 12596] (OS 10053)An established connection was aborted by the software in your host machine.  : [client 201.245.192.253:26045] AH01102: error reading status line from remote server 172.22.1.31:80, referer: http://190.27.245.106/isolucionsda/FrameSetGeneral.asp?Pagina1=FrameSetGeneral.asp&
[Mon Feb 08 08:44:17.568768 2016] [core:error] [pid 3440:tid 12436] [client 169.229.3.91:57401] AH00135: Invalid method in request \xf5A\x17*
[Mon Feb 08 10:00:08.252761 2016] [mpm_winnt:warn] [pid 3440:tid 16600] (OS 64)The specified network name is no longer available.  : AH00341: winnt_accept: Asynchronous AcceptEx failed.
[Mon Feb 08 10:13:02.341721 2016] [cgi:error] [pid 3440:tid 12252] [client 115.230.124.164:4551] script not found or unable to stat: E:/nuevo/cgi-bin/common
[Mon Feb 08 10:21:08.376174 2016] [mpm_winnt:warn] [pid 3440:tid 16600] (OS 64)The specified network name is no longer available.  : AH00341: winnt_accept: Asynchronous AcceptEx failed.
[Mon Feb 08 13:12:38.247848 2016] [proxy:error] [pid 3440:tid 11536] (OS 10060)A connection attempt failed because the connected party did not properly respond after a period of time, or established connection failed because connected host has failed to respond.  : AH00957: HTTP: attempt to connect to 172.22.1.51:8399 (172.22.1.51) failed
[Mon Feb 08 13:12:38.247848 2016] [proxy:error] [pid 3440:tid 11536] AH00959: ap_proxy_connect_backend disabling worker for (172.22.1.51) for 60s
[Mon Feb 08 13:12:38.247848 2016] [proxy_http:error] [pid 3440:tid 11536] [client 152.61.192.232:9064] AH01114: HTTP: failed to make connection to backend: 172.22.1.51
[Mon Feb 08 13:12:38.466248 2016] [proxy:error] [pid 3440:tid 11484] AH00940: HTTP: disabled connection for (172.22.1.51)
[Mon Feb 08 13:12:38.700248 2016] [proxy:error] [pid 3440:tid 11484] AH00940: HTTP: disabled connection for (172.22.1.51)
[Mon Feb 08 13:19:29.090169 2016] [proxy:error] [pid 3440:tid 12368] (OS 10060)A connection attempt failed because the connected party did not properly respond after a period of time, or established connection failed because connected host has failed to respond.  : AH00957: HTTP: attempt to connect to 172.22.1.51:8399 (172.22.1.51) failed
[Mon Feb 08 13:19:29.090169 2016] [proxy:error] [pid 3440:tid 12368] AH00959: ap_proxy_connect_backend disabling worker for (172.22.1.51) for 60s
[Mon Feb 08 13:19:29.090169 2016] [proxy_http:error] [pid 3440:tid 12368] [client 152.61.192.232:51761] AH01114: HTTP: failed to make connection to backend: 172.22.1.51
[Mon Feb 08 13:19:29.308570 2016] [proxy:error] [pid 3440:tid 12368] AH00940: HTTP: disabled connection for (172.22.1.51)
[Mon Feb 08 13:30:08.956493 2016] [proxy:error] [pid 3440:tid 11960] (OS 10060)A connection attempt failed because the connected party did not properly respond after a period of time, or established connection failed because connected host has failed to respond.  : AH00957: HTTP: attempt to connect to 172.22.1.51:8399 (172.22.1.51) failed
[Mon Feb 08 13:30:08.956493 2016] [proxy:error] [pid 3440:tid 11960] AH00959: ap_proxy_connect_backend disabling worker for (172.22.1.51) for 60s
[Mon Feb 08 13:30:08.956493 2016] [proxy_http:error] [pid 3440:tid 11960] [client 152.61.193.99:55410] AH01114: HTTP: failed to make connection to backend: 172.22.1.51
[Mon Feb 08 13:30:09.190494 2016] [proxy:error] [pid 3440:tid 11960] AH00940: HTTP: disabled connection for (172.22.1.51)
[Mon Feb 08 13:30:09.424494 2016] [proxy:error] [pid 3440:tid 11960] AH00940: HTTP: disabled connection for (172.22.1.51)
[Mon Feb 08 13:30:09.658494 2016] [proxy:error] [pid 3440:tid 12228] AH00940: HTTP: disabled connection for (172.22.1.51)
[Mon Feb 08 13:30:09.892495 2016] [proxy:error] [pid 3440:tid 12228] AH00940: HTTP: disabled connection for (172.22.1.51)
[Mon Feb 08 13:30:10.142095 2016] [proxy:error] [pid 3440:tid 12228] AH00940: HTTP: disabled connection for (172.22.1.51)
[Mon Feb 08 13:45:03.602465 2016] [proxy:error] [pid 3440:tid 12228] (OS 10060)A connection attempt failed because the connected party did not properly respond after a period of time, or established connection failed because connected host has failed to respond.  : AH00957: HTTP: attempt to connect to 172.22.1.51:8399 (172.22.1.51) failed
[Mon Feb 08 13:45:03.602465 2016] [proxy:error] [pid 3440:tid 12228] AH00959: ap_proxy_connect_backend disabling worker for (172.22.1.51) for 60s
[Mon Feb 08 13:45:03.602465 2016] [proxy_http:error] [pid 3440:tid 12228] [client 152.61.193.99:1915] AH01114: HTTP: failed to make connection to backend: 172.22.1.51
[Mon Feb 08 13:45:03.820865 2016] [proxy:error] [pid 3440:tid 12228] AH00940: HTTP: disabled connection for (172.22.1.51)
[Mon Feb 08 13:45:04.054865 2016] [proxy:error] [pid 3440:tid 12228] AH00940: HTTP: disabled connection for (172.22.1.51)
[Mon Feb 08 13:45:04.304466 2016] [proxy:error] [pid 3440:tid 12228] AH00940: HTTP: disabled connection for (172.22.1.51)
[Mon Feb 08 13:45:04.538466 2016] [proxy:error] [pid 3440:tid 12228] AH00940: HTTP: disabled connection for (172.22.1.51)
[Mon Feb 08 15:12:19.782861 2016] [proxy_http:error] [pid 3440:tid 11984] (OS 10053)An established connection was aborted by the software in your host machine.  : [client 201.245.192.253:25786] AH01102: error reading status line from remote server 172.22.1.31:80, referer: http://190.27.245.106/isolucionsda/Session.asp?Continue=1
[Mon Feb 08 15:12:19.782861 2016] [proxy:error] [pid 3440:tid 11984] [client 201.245.192.253:25786] AH00898: Error reading from remote server returned by /isolucionsda/Session.asp, referer: http://190.27.245.106/isolucionsda/Session.asp?Continue=1
[Mon Feb 08 15:12:47.519710 2016] [proxy_http:error] [pid 3440:tid 10424] (OS 10053)An established connection was aborted by the software in your host machine.  : [client 201.245.192.253:50780] AH01102: error reading status line from remote server 172.22.1.31:80, referer: http://190.27.245.106/isolucionsda/Encabezado.asp?Pagina1=FrameSetGeneral.asp&&Pagina=MagazinHome.asp
[Mon Feb 08 15:12:49.812914 2016] [proxy_http:error] [pid 3440:tid 12512] (OS 10053)An established connection was aborted by the software in your host machine.  : [client 201.245.192.253:51003] AH01102: error reading status line from remote server 172.22.1.31:80, referer: http://190.27.245.106/isolucionsda/DetalleTareas.aspx?Number=56657048535751554555
[Mon Feb 08 15:12:49.812914 2016] [proxy:error] [pid 3440:tid 12512] [client 201.245.192.253:51003] AH00898: Error reading from remote server returned by /isolucionsda/infowndcore.js, referer: http://190.27.245.106/isolucionsda/DetalleTareas.aspx?Number=56657048535751554555
[Mon Feb 08 15:12:54.212122 2016] [proxy_http:error] [pid 3440:tid 11300] (OS 10053)An established connection was aborted by the software in your host machine.  : [client 201.245.192.253:50779] AH01102: error reading status line from remote server 172.22.1.31:80, referer: http://190.27.245.106/isolucionsda/FrameSetGeneral.asp?Pagina=SucursalSeleccion.asp&CargaPagina=ModuloProcesos&IdModulo=3
[Mon Feb 08 15:24:07.758905 2016] [mpm_winnt:warn] [pid 3440:tid 16600] (OS 64)The specified network name is no longer available.  : AH00341: winnt_accept: Asynchronous AcceptEx failed.
[Mon Feb 08 15:55:47.811042 2016] [cgi:error] [pid 3440:tid 11984] [client 115.230.124.164:4340] script not found or unable to stat: E:/nuevo/cgi-bin/common
[Mon Feb 08 16:03:51.661492 2016] [proxy_http:error] [pid 3440:tid 11940] (OS 10053)An established connection was aborted by the software in your host machine.  : [client 201.245.192.253:48927] AH01102: error reading status line from remote server 172.22.1.31:80, referer: http://190.27.245.106/isolucionsda/FrameSetGeneral.asp?Pagina1=FrameSetGeneral.asp&
[Mon Feb 08 19:02:11.985486 2016] [proxy:error] [pid 3440:tid 11876] (OS 10060)A connection attempt failed because the connected party did not properly respond after a period of time, or established connection failed because connected host has failed to respond.  : AH00957: HTTP: attempt to connect to 172.22.1.51:8399 (172.22.1.51) failed
[Mon Feb 08 19:02:11.985486 2016] [proxy:error] [pid 3440:tid 11876] AH00959: ap_proxy_connect_backend disabling worker for (172.22.1.51) for 60s
[Mon Feb 08 19:02:11.985486 2016] [proxy_http:error] [pid 3440:tid 11876] [client 152.61.192.232:63783] AH01114: HTTP: failed to make connection to backend: 172.22.1.51
[Mon Feb 08 19:02:12.219487 2016] [proxy:error] [pid 3440:tid 11876] AH00940: HTTP: disabled connection for (172.22.1.51)
[Mon Feb 08 19:02:12.469087 2016] [proxy:error] [pid 3440:tid 11876] AH00940: HTTP: disabled connection for (172.22.1.51)
[Mon Feb 08 19:17:44.102723 2016] [proxy:error] [pid 3440:tid 12788] (OS 10060)A connection attempt failed because the connected party did not properly respond after a period of time, or established connection failed because connected host has failed to respond.  : AH00957: HTTP: attempt to connect to 172.22.1.51:8399 (172.22.1.51) failed
[Mon Feb 08 19:17:44.102723 2016] [proxy:error] [pid 3440:tid 12788] AH00959: ap_proxy_connect_backend disabling worker for (172.22.1.51) for 60s
[Mon Feb 08 19:17:44.102723 2016] [proxy_http:error] [pid 3440:tid 12788] [client 152.61.193.99:9681] AH01114: HTTP: failed to make connection to backend: 172.22.1.51
[Mon Feb 08 19:17:44.321124 2016] [proxy:error] [pid 3440:tid 12788] AH00940: HTTP: disabled connection for (172.22.1.51)
[Mon Feb 08 19:17:44.555124 2016] [proxy:error] [pid 3440:tid 12788] AH00940: HTTP: disabled connection for (172.22.1.51)
[Mon Feb 08 19:17:44.789124 2016] [proxy:error] [pid 3440:tid 12788] AH00940: HTTP: disabled connection for (172.22.1.51)
[Mon Feb 08 19:17:45.023125 2016] [proxy:error] [pid 3440:tid 12788] AH00940: HTTP: disabled connection for (172.22.1.51)
[Mon Feb 08 19:17:45.257125 2016] [proxy:error] [pid 3440:tid 12788] AH00940: HTTP: disabled connection for (172.22.1.51)
[Mon Feb 08 19:19:22.102095 2016] [proxy:error] [pid 3440:tid 11240] (OS 10060)A connection attempt failed because the connected party did not properly respond after a period of time, or established connection failed because connected host has failed to respond.  : AH00957: HTTP: attempt to connect to 172.22.1.51:8399 (172.22.1.51) failed
[Mon Feb 08 19:19:22.102095 2016] [proxy:error] [pid 3440:tid 11240] AH00959: ap_proxy_connect_backend disabling worker for (172.22.1.51) for 60s
[Mon Feb 08 19:19:22.102095 2016] [proxy_http:error] [pid 3440:tid 11240] [client 152.61.192.232:57234] AH01114: HTTP: failed to make connection to backend: 172.22.1.51
[Mon Feb 08 19:19:22.336096 2016] [proxy:error] [pid 3440:tid 11240] AH00940: HTTP: disabled connection for (172.22.1.51)
[Mon Feb 08 19:32:16.534256 2016] [proxy:error] [pid 3440:tid 11780] (OS 10060)A connection attempt failed because the connected party did not properly respond after a period of time, or established connection failed because connected host has failed to respond.  : AH00957: HTTP: attempt to connect to 172.22.1.51:8399 (172.22.1.51) failed
[Mon Feb 08 19:32:16.534256 2016] [proxy:error] [pid 3440:tid 11780] AH00959: ap_proxy_connect_backend disabling worker for (172.22.1.51) for 60s
[Mon Feb 08 19:32:16.534256 2016] [proxy_http:error] [pid 3440:tid 11780] [client 152.61.193.99:55435] AH01114: HTTP: failed to make connection to backend: 172.22.1.51
[Mon Feb 08 19:32:16.783856 2016] [proxy:error] [pid 3440:tid 11780] AH00940: HTTP: disabled connection for (172.22.1.51)
[Mon Feb 08 19:32:17.017856 2016] [proxy:error] [pid 3440:tid 11780] AH00940: HTTP: disabled connection for (172.22.1.51)
[Mon Feb 08 19:32:17.251857 2016] [proxy:error] [pid 3440:tid 11780] AH00940: HTTP: disabled connection for (172.22.1.51)
[Mon Feb 08 19:32:17.470257 2016] [proxy:error] [pid 3440:tid 11780] AH00940: HTTP: disabled connection for (172.22.1.51)
[Mon Feb 08 19:36:41.001520 2016] [proxy_http:error] [pid 3440:tid 12720] (OS 10053)An established connection was aborted by the software in your host machine.  : [client 201.245.192.253:43962] AH01102: error reading status line from remote server 172.22.1.31:80, referer: http://190.27.245.106/IsolucionSDA/FrameSetGeneral.asp?Pagina=Menu.asp&IdModulo=4
[Mon Feb 08 19:36:41.001520 2016] [proxy:error] [pid 3440:tid 12720] [client 201.245.192.253:43962] AH00898: Error reading from remote server returned by /IsolucionSDA/Menu.asp, referer: http://190.27.245.106/IsolucionSDA/FrameSetGeneral.asp?Pagina=Menu.asp&IdModulo=4
[Mon Feb 08 20:14:55.406750 2016] [proxy_http:error] [pid 3440:tid 12352] (OS 10053)An established connection was aborted by the software in your host machine.  : [client 186.154.152.131:14238] AH01102: error reading status line from remote server 172.22.1.31:80, referer: http://190.27.245.106/isolucionsda/FramesetArticulo.asp?Pagina=bancoconocimiento%2Fm%2Fmemoriadereunion%5Fv3%2Fmemoriadereunion%5Fv3%2Easp&IdArticulo=9183
[Mon Feb 08 20:14:55.406750 2016] [proxy:error] [pid 3440:tid 12352] [client 186.154.152.131:14238] AH00898: Error reading from remote server returned by /isolucionsda/bancoconocimiento/m/memoriadereunion_v3/memoriadereunion_v3.asp, referer: http://190.27.245.106/isolucionsda/FramesetArticulo.asp?Pagina=bancoconocimiento%2Fm%2Fmemoriadereunion%5Fv3%2Fmemoriadereunion%5Fv3%2Easp&IdArticulo=9183
[Mon Feb 08 20:20:33.646544 2016] [proxy_http:error] [pid 3440:tid 11132] (OS 10053)An established connection was aborted by the software in your host machine.  : [client 201.184.196.39:61650] AH01102: error reading status line from remote server 172.22.1.31:80, referer: http://190.27.245.106/isolucionsda/FrameSetGeneral.asp?Pagina=ListadoMaestroDocumentos3.asp
[Mon Feb 08 21:01:20.900843 2016] [proxy_http:error] [pid 3440:tid 11852] (OS 10053)An established connection was aborted by the software in your host machine.  : [client 186.154.152.131:15323] AH01102: error reading status line from remote server 172.22.1.31:80, referer: http://190.27.245.106/IsolucionSDA/Encabezado.asp?Pagina1=FrameSetGeneral.asp&&Pagina=MagazinHome.asp
[Mon Feb 08 21:01:20.900843 2016] [proxy:error] [pid 3440:tid 11852] [client 186.154.152.131:15323] AH00898: Error reading from remote server returned by /IsolucionSDA/g/Bot_Home.jpg, referer: http://190.27.245.106/IsolucionSDA/Encabezado.asp?Pagina1=FrameSetGeneral.asp&&Pagina=MagazinHome.asp
[Mon Feb 08 21:14:45.269455 2016] [proxy_http:error] [pid 3440:tid 11940] (OS 10053)An established connection was aborted by the software in your host machine.  : [client 186.154.152.131:15488] AH01102: error reading status line from remote server 172.22.1.31:80, referer: http://190.27.245.106/IsolucionSDA/FramesetArticulo.asp?Pagina=bancoconocimiento%2FC%2FCaracterizaciondelProductooServicio%5F%5Fv8%2FCaracterizaciondelProductooServicio%5F%5Fv8%2Easp&IdArticulo=9271
[Mon Feb 08 21:14:45.269455 2016] [proxy:error] [pid 3440:tid 11940] [client 186.154.152.131:15488] AH00898: Error reading from remote server returned by /IsolucionSDA/bancoconocimiento/C/CaracterizaciondelProductooServicio__v8/CaracterizaciondelProductooServicio__v8.asp, referer: http://190.27.245.106/IsolucionSDA/FramesetArticulo.asp?Pagina=bancoconocimiento%2FC%2FCaracterizaciondelProductooServicio%5F%5Fv8%2FCaracterizaciondelProductooServicio%5F%5Fv8%2Easp&IdArticulo=9271
[Mon Feb 08 22:25:25.325703 2016] [proxy_http:error] [pid 3440:tid 12304] (OS 10053)An established connection was aborted by the software in your host machine.  : [client 186.145.63.211:58508] AH01102: error reading status line from remote server 172.22.1.31:80, referer: http://190.27.245.106/isolucionsda/FrameSetGeneral.asp?Pagina=SucursalSeleccion.asp&CargaPagina=ModuloProcesos&IdModulo=3
[Mon Feb 08 22:26:47.740647 2016] [proxy_http:error] [pid 3440:tid 11132] (OS 10053)An established connection was aborted by the software in your host machine.  : [client 186.145.63.211:58524] AH01102: error reading status line from remote server 172.22.1.31:80, referer: http://190.27.245.106/IsolucionSDA/Arriba.asp?Pagina=/IsolucionSDA/bancoconocimiento/I/Instructivoparalaelaboraciondecomunicadosoboletinesdeprensa_v8/Instructivoparalaelaboraciondecomunicadosoboletinesdeprensa_v8.asp?IdArticulo=7963
[Mon Feb 08 22:26:47.740647 2016] [proxy:error] [pid 3440:tid 11132] [client 186.145.63.211:58524] AH00898: Error reading from remote server returned by /IsolucionSDA/g/icono_noconformidad.jpg, referer: http://190.27.245.106/IsolucionSDA/Arriba.asp?Pagina=/IsolucionSDA/bancoconocimiento/I/Instructivoparalaelaboraciondecomunicadosoboletinesdeprensa_v8/Instructivoparalaelaboraciondecomunicadosoboletinesdeprensa_v8.asp?IdArticulo=7963
[Mon Feb 08 22:46:09.630688 2016] [proxy_http:error] [pid 3440:tid 12788] (OS 10053)An established connection was aborted by the software in your host machine.  : [client 186.145.63.211:58603] AH01102: error reading status line from remote server 172.22.1.31:80, referer: http://190.27.245.106/IsolucionSDA/FrameSetArticulo.asp?Pagina=/IsolucionSDA/bancoconocimiento/F/FormatodeSeguimientoalaCalidaddelaRespuesta_v5/FormatodeSeguimientoalaCalidaddelaRespuesta_v5.asp?IdArticulo=5325
[Mon Feb 08 22:46:09.630688 2016] [proxy:error] [pid 3440:tid 12788] [client 186.145.63.211:58603] AH00898: Error reading from remote server returned by /IsolucionSDA/bancoconocimiento/F/FormatodeSeguimientoalaCalidaddelaRespuesta_v5/FormatodeSeguimientoalaCalidaddelaRespuesta_v5.asp, referer: http://190.27.245.106/IsolucionSDA/FrameSetArticulo.asp?Pagina=/IsolucionSDA/bancoconocimiento/F/FormatodeSeguimientoalaCalidaddelaRespuesta_v5/FormatodeSeguimientoalaCalidaddelaRespuesta_v5.asp?IdArticulo=5325
[Mon Feb 08 23:28:18.129929 2016] [core:error] [pid 3440:tid 11132] (20024)The given path is misformatted or contained invalid characters: [client 17.138.57.85:36991] AH00127: Cannot map GET /BLA/boletinlegal/%0A HTTP/1.1 to file

:: Command execute ::

Enter:
 
Select:
 

:: Search ::
regexp 

:: Upload ::
 
[ ok ]

:: Make Dir ::
 
[ ok ]
:: Make File ::
 
[ ok ]

:: Go Dir ::
 
:: Go File ::
 

--[ c99shell v. 1.0 pre-release build #13 powered by Captain Crunch Security Team | http://ccteam.ru | Generation time: 0.0468 ]--