!C99Shell v. 1.0 pre-release build #13!

Software: Apache. PHP/5.5.15 

uname -a: Windows NT SVR-DMZ 6.1 build 7600 (Windows Server 2008 R2 Enterprise Edition) i586 

SYSTEM 

Safe-mode: OFF (not secure)

E:\nuevo\apache\logs\   drwxrwxrwx
Free 9.41 GB of 239.26 GB (3.93%)
Detected drives: [ a ] [ c ] [ d ] [ e ] [ f ]
Home    Back    Forward    UPDIR    Refresh    Search    Buffer    Encoder    Tools    Proc.    FTP brute    Sec.    SQL    PHP-code    Update    Feedback    Self remove    Logout    


Viewing file:     error.2016.02.11.log (41.36 KB)      -rw-rw-rw-
Select action/file-type:
(+) | (+) | (+) | Code (+) | Session (+) | (+) | SDB (+) | (+) | (+) | (+) | (+) | (+) |
[Thu Feb 11 01:11:20.099094 2016] [proxy:error] [pid 3440:tid 12580] (OS 10060)A connection attempt failed because the connected party did not properly respond after a period of time, or established connection failed because connected host has failed to respond.  : AH00957: HTTP: attempt to connect to 172.22.1.51:8399 (172.22.1.51) failed
[Thu Feb 11 01:11:20.099094 2016] [proxy:error] [pid 3440:tid 12580] AH00959: ap_proxy_connect_backend disabling worker for (172.22.1.51) for 60s
[Thu Feb 11 01:11:20.099094 2016] [proxy_http:error] [pid 3440:tid 12580] [client 152.61.193.99:54511] AH01114: HTTP: failed to make connection to backend: 172.22.1.51
[Thu Feb 11 01:11:20.333095 2016] [proxy:error] [pid 3440:tid 12580] AH00940: HTTP: disabled connection for (172.22.1.51)
[Thu Feb 11 01:11:20.333095 2016] [proxy:error] [pid 3440:tid 12012] AH00940: HTTP: disabled connection for (172.22.1.51)
[Thu Feb 11 01:11:20.598295 2016] [proxy:error] [pid 3440:tid 12012] AH00940: HTTP: disabled connection for (172.22.1.51)
[Thu Feb 11 01:11:20.598295 2016] [proxy:error] [pid 3440:tid 12580] AH00940: HTTP: disabled connection for (172.22.1.51)
[Thu Feb 11 01:11:20.816696 2016] [proxy:error] [pid 3440:tid 12580] AH00940: HTTP: disabled connection for (172.22.1.51)
[Thu Feb 11 01:11:20.816696 2016] [proxy:error] [pid 3440:tid 12012] AH00940: HTTP: disabled connection for (172.22.1.51)
[Thu Feb 11 01:11:21.050696 2016] [proxy:error] [pid 3440:tid 12012] AH00940: HTTP: disabled connection for (172.22.1.51)
[Thu Feb 11 01:11:21.300296 2016] [proxy:error] [pid 3440:tid 12012] AH00940: HTTP: disabled connection for (172.22.1.51)
[Thu Feb 11 01:14:27.876624 2016] [proxy:error] [pid 3440:tid 10640] (OS 10060)A connection attempt failed because the connected party did not properly respond after a period of time, or established connection failed because connected host has failed to respond.  : AH00957: HTTP: attempt to connect to 172.22.1.51:8399 (172.22.1.51) failed
[Thu Feb 11 01:14:27.876624 2016] [proxy:error] [pid 3440:tid 10640] AH00959: ap_proxy_connect_backend disabling worker for (172.22.1.51) for 60s
[Thu Feb 11 01:14:27.876624 2016] [proxy_http:error] [pid 3440:tid 10640] [client 152.61.193.99:58580] AH01114: HTTP: failed to make connection to backend: 172.22.1.51
[Thu Feb 11 01:14:28.110625 2016] [proxy:error] [pid 3440:tid 10640] AH00940: HTTP: disabled connection for (172.22.1.51)
[Thu Feb 11 01:14:28.329025 2016] [proxy:error] [pid 3440:tid 10640] AH00940: HTTP: disabled connection for (172.22.1.51)
[Thu Feb 11 01:14:28.563025 2016] [proxy:error] [pid 3440:tid 10640] AH00940: HTTP: disabled connection for (172.22.1.51)
[Thu Feb 11 01:14:28.781426 2016] [proxy:error] [pid 3440:tid 10640] AH00940: HTTP: disabled connection for (172.22.1.51)
[Thu Feb 11 01:42:59.355630 2016] [proxy:error] [pid 3440:tid 11192] (OS 10060)A connection attempt failed because the connected party did not properly respond after a period of time, or established connection failed because connected host has failed to respond.  : AH00957: HTTP: attempt to connect to 172.22.1.51:8399 (172.22.1.51) failed
[Thu Feb 11 01:42:59.355630 2016] [proxy:error] [pid 3440:tid 11192] AH00959: ap_proxy_connect_backend disabling worker for (172.22.1.51) for 60s
[Thu Feb 11 01:42:59.355630 2016] [proxy_http:error] [pid 3440:tid 11192] [client 152.61.192.232:4719] AH01114: HTTP: failed to make connection to backend: 172.22.1.51
[Thu Feb 11 01:42:59.620831 2016] [proxy:error] [pid 3440:tid 11192] AH00940: HTTP: disabled connection for (172.22.1.51)
[Thu Feb 11 01:48:26.363405 2016] [proxy:error] [pid 3440:tid 11192] (OS 10060)A connection attempt failed because the connected party did not properly respond after a period of time, or established connection failed because connected host has failed to respond.  : AH00957: HTTP: attempt to connect to 172.22.1.51:8399 (172.22.1.51) failed
[Thu Feb 11 01:48:26.363405 2016] [proxy:error] [pid 3440:tid 11192] AH00959: ap_proxy_connect_backend disabling worker for (172.22.1.51) for 60s
[Thu Feb 11 01:48:26.363405 2016] [proxy_http:error] [pid 3440:tid 11192] [client 152.61.128.66:57596] AH01114: HTTP: failed to make connection to backend: 172.22.1.51
[Thu Feb 11 01:48:26.613005 2016] [proxy:error] [pid 3440:tid 11192] AH00940: HTTP: disabled connection for (172.22.1.51)
[Thu Feb 11 01:48:26.862605 2016] [proxy:error] [pid 3440:tid 11192] AH00940: HTTP: disabled connection for (172.22.1.51)
[Thu Feb 11 01:48:27.096606 2016] [proxy:error] [pid 3440:tid 11192] AH00940: HTTP: disabled connection for (172.22.1.51)
[Thu Feb 11 01:48:27.361806 2016] [proxy:error] [pid 3440:tid 11192] AH00940: HTTP: disabled connection for (172.22.1.51)
[Thu Feb 11 01:48:27.611407 2016] [proxy:error] [pid 3440:tid 11192] AH00940: HTTP: disabled connection for (172.22.1.51)
[Thu Feb 11 02:23:38.872315 2016] [proxy:error] [pid 3440:tid 10784] (OS 10060)A connection attempt failed because the connected party did not properly respond after a period of time, or established connection failed because connected host has failed to respond.  : AH00957: HTTP: attempt to connect to 172.22.1.51:8399 (172.22.1.51) failed
[Thu Feb 11 02:23:38.872315 2016] [proxy:error] [pid 3440:tid 10784] AH00959: ap_proxy_connect_backend disabling worker for (172.22.1.51) for 60s
[Thu Feb 11 02:23:38.872315 2016] [proxy_http:error] [pid 3440:tid 10784] [client 152.61.128.66:46061] AH01114: HTTP: failed to make connection to backend: 172.22.1.51
[Thu Feb 11 02:23:39.090715 2016] [proxy:error] [pid 3440:tid 10784] AH00940: HTTP: disabled connection for (172.22.1.51)
[Thu Feb 11 02:23:39.324716 2016] [proxy:error] [pid 3440:tid 10784] AH00940: HTTP: disabled connection for (172.22.1.51)
[Thu Feb 11 02:23:39.558716 2016] [proxy:error] [pid 3440:tid 10784] AH00940: HTTP: disabled connection for (172.22.1.51)
[Thu Feb 11 02:23:39.777117 2016] [proxy:error] [pid 3440:tid 10784] AH00940: HTTP: disabled connection for (172.22.1.51)
[Thu Feb 11 02:36:59.512521 2016] [access_compat:error] [pid 3440:tid 11192] [client 140.117.165.187:55366] AH01797: client denied by server configuration: E:/nuevo/htdocs/phpMyAdmin
[Thu Feb 11 03:55:53.777637 2016] [cgi:error] [pid 3440:tid 10656] [client 115.230.124.164:2581] script not found or unable to stat: E:/nuevo/cgi-bin/common
[Thu Feb 11 04:29:41.937199 2016] [mpm_winnt:warn] [pid 3440:tid 16600] (OS 64)The specified network name is no longer available.  : AH00341: winnt_accept: Asynchronous AcceptEx failed.
[Thu Feb 11 04:29:41.937199 2016] [mpm_winnt:warn] [pid 3440:tid 16600] (OS 64)The specified network name is no longer available.  : AH00341: winnt_accept: Asynchronous AcceptEx failed.
[Thu Feb 11 05:39:45.941783 2016] [mpm_winnt:warn] [pid 3440:tid 16600] (OS 64)The specified network name is no longer available.  : AH00341: winnt_accept: Asynchronous AcceptEx failed.
[Thu Feb 11 07:30:00.665401 2016] [proxy:error] [pid 3440:tid 12044] (OS 10060)A connection attempt failed because the connected party did not properly respond after a period of time, or established connection failed because connected host has failed to respond.  : AH00957: HTTP: attempt to connect to 172.22.1.51:8399 (172.22.1.51) failed
[Thu Feb 11 07:30:00.665401 2016] [proxy:error] [pid 3440:tid 12044] AH00959: ap_proxy_connect_backend disabling worker for (172.22.1.51) for 60s
[Thu Feb 11 07:30:00.665401 2016] [proxy_http:error] [pid 3440:tid 12044] [client 152.61.192.232:1106] AH01114: HTTP: failed to make connection to backend: 172.22.1.51
[Thu Feb 11 07:30:00.899401 2016] [proxy:error] [pid 3440:tid 12044] AH00940: HTTP: disabled connection for (172.22.1.51)
[Thu Feb 11 07:40:50.827743 2016] [proxy_http:error] [pid 3440:tid 12580] (OS 10053)An established connection was aborted by the software in your host machine.  : [client 201.245.192.253:44074] AH01102: error reading status line from remote server 172.22.1.31:80, referer: http://190.27.245.106/IsolucionSDA/FrameSetGeneral.asp?Pagina1=FrameSetGeneral.asp&
[Thu Feb 11 08:03:11.228897 2016] [proxy_http:error] [pid 3440:tid 11804] (OS 10053)An established connection was aborted by the software in your host machine.  : [client 190.26.72.204:10971] AH01102: error reading status line from remote server 172.22.1.31:80, referer: http://190.27.245.106/isolucionsda/FrameSetGeneral.asp?Pagina1=FrameSetGeneral.asp&
[Thu Feb 11 08:03:11.228897 2016] [proxy:error] [pid 3440:tid 11804] [client 190.26.72.204:10971] AH00898: Error reading from remote server returned by /isolucionsda/BarraFavoritos.asp, referer: http://190.27.245.106/isolucionsda/FrameSetGeneral.asp?Pagina1=FrameSetGeneral.asp&
[Thu Feb 11 08:03:11.306897 2016] [proxy_http:error] [pid 3440:tid 12564] (OS 10053)An established connection was aborted by the software in your host machine.  : [client 190.26.72.204:10948] AH01102: error reading status line from remote server 172.22.1.31:80, referer: http://190.27.245.106/isolucionsda/Encabezado.asp?Pagina1=FrameSetGeneral.asp&&Pagina=MagazinHome.asp
[Thu Feb 11 08:05:46.152769 2016] [proxy:error] [pid 3440:tid 15468] (OS 10060)A connection attempt failed because the connected party did not properly respond after a period of time, or established connection failed because connected host has failed to respond.  : AH00957: HTTP: attempt to connect to 172.22.1.51:8399 (172.22.1.51) failed
[Thu Feb 11 08:05:46.152769 2016] [proxy:error] [pid 3440:tid 15468] AH00959: ap_proxy_connect_backend disabling worker for (172.22.1.51) for 60s
[Thu Feb 11 08:05:46.152769 2016] [proxy_http:error] [pid 3440:tid 15468] [client 152.61.192.232:60878] AH01114: HTTP: failed to make connection to backend: 172.22.1.51
[Thu Feb 11 08:05:46.417970 2016] [proxy:error] [pid 3440:tid 15468] AH00940: HTTP: disabled connection for (172.22.1.51)
[Thu Feb 11 08:05:46.651970 2016] [proxy:error] [pid 3440:tid 10608] AH00940: HTTP: disabled connection for (172.22.1.51)
[Thu Feb 11 08:23:19.404219 2016] [proxy_http:error] [pid 3440:tid 12284] (OS 10053)An established connection was aborted by the software in your host machine.  : [client 190.9.242.254:57052] AH01102: error reading status line from remote server 172.22.1.31:80, referer: http://190.27.245.106/isolucionsda/FrameSetGeneral.asp?Pagina=ListadoMaestroDocumentosExternos3.asp
[Thu Feb 11 08:55:10.064375 2016] [proxy_http:error] [pid 3440:tid 14416] (OS 10053)An established connection was aborted by the software in your host machine.  : [client 190.26.72.204:12029] AH01102: error reading status line from remote server 172.22.1.31:80, referer: http://190.27.245.106/isolucionsda/Session.asp?Continue=1
[Thu Feb 11 08:55:10.064375 2016] [proxy:error] [pid 3440:tid 14416] [client 190.26.72.204:12029] AH00898: Error reading from remote server returned by /isolucionsda/Session.asp, referer: http://190.27.245.106/isolucionsda/Session.asp?Continue=1
[Thu Feb 11 11:20:54.441334 2016] [mpm_winnt:warn] [pid 3440:tid 16600] (OS 64)The specified network name is no longer available.  : AH00341: winnt_accept: Asynchronous AcceptEx failed.
[Thu Feb 11 11:50:01.114002 2016] [proxy_http:error] [pid 3440:tid 11960] (OS 10053)An established connection was aborted by the software in your host machine.  : [client 201.245.192.253:42462] AH01102: error reading status line from remote server 172.22.1.31:80, referer: http://190.27.245.106/isolucionsda/FrameSetGeneral.asp?Pagina=Menu.asp&IdModulo=4
[Thu Feb 11 11:50:01.114002 2016] [proxy:error] [pid 3440:tid 11960] [client 201.245.192.253:42462] AH00898: Error reading from remote server returned by /isolucionsda/BarraFavoritos.asp, referer: http://190.27.245.106/isolucionsda/FrameSetGeneral.asp?Pagina=Menu.asp&IdModulo=4
[Thu Feb 11 11:50:03.391606 2016] [proxy_http:error] [pid 3440:tid 11892] (OS 10053)An established connection was aborted by the software in your host machine.  : [client 201.245.192.253:42256] AH01102: error reading status line from remote server 172.22.1.31:80, referer: http://190.27.245.106/isolucionsda/FrameSetGeneral.asp?Pagina=ListadoMaestroDocumentos3.asp
[Thu Feb 11 12:50:12.286344 2016] [proxy_http:error] [pid 3440:tid 10656] (20014)Internal error: [client 201.245.192.253:30381] AH01102: error reading status line from remote server 192.168.175.30:80, referer: http://190.27.245.106/catalogoisis/index.php
[Thu Feb 11 13:11:24.000578 2016] [proxy:error] [pid 3440:tid 11364] (OS 10060)A connection attempt failed because the connected party did not properly respond after a period of time, or established connection failed because connected host has failed to respond.  : AH00957: HTTP: attempt to connect to 172.22.1.51:8399 (172.22.1.51) failed
[Thu Feb 11 13:11:24.000578 2016] [proxy:error] [pid 3440:tid 11364] AH00959: ap_proxy_connect_backend disabling worker for (172.22.1.51) for 60s
[Thu Feb 11 13:11:24.000578 2016] [proxy_http:error] [pid 3440:tid 11364] [client 152.61.192.232:50589] AH01114: HTTP: failed to make connection to backend: 172.22.1.51
[Thu Feb 11 13:11:24.234578 2016] [proxy:error] [pid 3440:tid 11364] AH00940: HTTP: disabled connection for (172.22.1.51)
[Thu Feb 11 13:20:03.887091 2016] [mpm_winnt:warn] [pid 3440:tid 16600] (OS 64)The specified network name is no longer available.  : AH00341: winnt_accept: Asynchronous AcceptEx failed.
[Thu Feb 11 13:24:58.790009 2016] [proxy:error] [pid 3440:tid 11956] (OS 10060)A connection attempt failed because the connected party did not properly respond after a period of time, or established connection failed because connected host has failed to respond.  : AH00957: HTTP: attempt to connect to 172.22.1.51:8399 (172.22.1.51) failed
[Thu Feb 11 13:24:58.790009 2016] [proxy:error] [pid 3440:tid 11956] AH00959: ap_proxy_connect_backend disabling worker for (172.22.1.51) for 60s
[Thu Feb 11 13:24:58.790009 2016] [proxy_http:error] [pid 3440:tid 11956] [client 152.61.192.232:64617] AH01114: HTTP: failed to make connection to backend: 172.22.1.51
[Thu Feb 11 13:24:59.024010 2016] [proxy:error] [pid 3440:tid 11956] AH00940: HTTP: disabled connection for (172.22.1.51)
[Thu Feb 11 13:24:59.258010 2016] [proxy:error] [pid 3440:tid 11956] AH00940: HTTP: disabled connection for (172.22.1.51)
[Thu Feb 11 13:29:20.028068 2016] [proxy_http:error] [pid 3440:tid 11320] (OS 10053)An established connection was aborted by the software in your host machine.  : [client 201.245.192.253:58941] AH01102: error reading status line from remote server 172.22.1.31:80, referer: http://190.27.245.106/isolucionsda/FrameSetGeneral.asp?Pagina1=FrameSetGeneral.asp&
[Thu Feb 11 13:29:20.028068 2016] [proxy:error] [pid 3440:tid 11320] [client 201.245.192.253:58941] AH00898: Error reading from remote server returned by /isolucionsda/Encabezado.asp, referer: http://190.27.245.106/isolucionsda/FrameSetGeneral.asp?Pagina1=FrameSetGeneral.asp&
[Thu Feb 11 13:33:14.200079 2016] [proxy:error] [pid 3440:tid 11876] (OS 10060)A connection attempt failed because the connected party did not properly respond after a period of time, or established connection failed because connected host has failed to respond.  : AH00957: HTTP: attempt to connect to 172.22.1.51:8399 (172.22.1.51) failed
[Thu Feb 11 13:33:14.200079 2016] [proxy:error] [pid 3440:tid 11876] AH00959: ap_proxy_connect_backend disabling worker for (172.22.1.51) for 60s
[Thu Feb 11 13:33:14.200079 2016] [proxy_http:error] [pid 3440:tid 11876] [client 152.61.193.99:61393] AH01114: HTTP: failed to make connection to backend: 172.22.1.51
[Thu Feb 11 13:33:14.418480 2016] [proxy:error] [pid 3440:tid 11876] AH00940: HTTP: disabled connection for (172.22.1.51)
[Thu Feb 11 13:33:14.652480 2016] [proxy:error] [pid 3440:tid 11876] AH00940: HTTP: disabled connection for (172.22.1.51)
[Thu Feb 11 13:33:14.886480 2016] [proxy:error] [pid 3440:tid 11876] AH00940: HTTP: disabled connection for (172.22.1.51)
[Thu Feb 11 13:33:15.120481 2016] [proxy:error] [pid 3440:tid 11440] AH00940: HTTP: disabled connection for (172.22.1.51)
[Thu Feb 11 13:33:15.354481 2016] [proxy:error] [pid 3440:tid 11440] AH00940: HTTP: disabled connection for (172.22.1.51)
[Thu Feb 11 13:52:09.180073 2016] [proxy:error] [pid 3440:tid 10864] (OS 10060)A connection attempt failed because the connected party did not properly respond after a period of time, or established connection failed because connected host has failed to respond.  : AH00957: HTTP: attempt to connect to 172.22.1.51:8399 (172.22.1.51) failed
[Thu Feb 11 13:52:09.180073 2016] [proxy:error] [pid 3440:tid 10864] AH00959: ap_proxy_connect_backend disabling worker for (172.22.1.51) for 60s
[Thu Feb 11 13:52:09.180073 2016] [proxy_http:error] [pid 3440:tid 10864] [client 152.61.193.99:8975] AH01114: HTTP: failed to make connection to backend: 172.22.1.51
[Thu Feb 11 13:52:09.398473 2016] [proxy:error] [pid 3440:tid 10864] AH00940: HTTP: disabled connection for (172.22.1.51)
[Thu Feb 11 13:52:09.648074 2016] [proxy:error] [pid 3440:tid 12044] AH00940: HTTP: disabled connection for (172.22.1.51)
[Thu Feb 11 13:52:09.882074 2016] [proxy:error] [pid 3440:tid 12044] AH00940: HTTP: disabled connection for (172.22.1.51)
[Thu Feb 11 13:52:10.116074 2016] [proxy:error] [pid 3440:tid 12044] AH00940: HTTP: disabled connection for (172.22.1.51)
[Thu Feb 11 13:54:53.588762 2016] [proxy_http:error] [pid 3440:tid 12028] (OS 10053)An established connection was aborted by the software in your host machine.  : [client 190.60.127.134:17000] AH01102: error reading status line from remote server 172.22.1.31:80, referer: http://190.27.245.106/isolucionsda/IdentificaUsuario.asp?Pagina1=FrameSetGeneral.asp&
[Thu Feb 11 14:06:16.511161 2016] [proxy_http:error] [pid 3440:tid 11564] (OS 10053)An established connection was aborted by the software in your host machine.  : [client 201.245.192.253:32490] AH01102: error reading status line from remote server 172.22.1.31:80, referer: http://www.ambientebogota.gov.co/web/intranet/aplicaciones-para-acceder-fuera-de-la-sda
[Thu Feb 11 14:06:16.511161 2016] [proxy:error] [pid 3440:tid 11564] [client 201.245.192.253:32490] AH00898: Error reading from remote server returned by /isolucionsda/, referer: http://www.ambientebogota.gov.co/web/intranet/aplicaciones-para-acceder-fuera-de-la-sda
[Thu Feb 11 14:07:33.294496 2016] [proxy_http:error] [pid 3440:tid 12180] (OS 10053)An established connection was aborted by the software in your host machine.  : [client 201.245.192.253:32994] AH01102: error reading status line from remote server 172.22.1.31:80, referer: http://190.27.245.106/isolucionsda/IdentificaUsuario.asp?Pagina1=FrameSetGeneral.asp&
[Thu Feb 11 14:07:33.294496 2016] [proxy:error] [pid 3440:tid 12180] [client 201.245.192.253:32994] AH00898: Error reading from remote server returned by /isolucionsda/g/Img_DivBarraSup.jpg, referer: http://190.27.245.106/isolucionsda/IdentificaUsuario.asp?Pagina1=FrameSetGeneral.asp&
[Thu Feb 11 14:07:40.064908 2016] [proxy_http:error] [pid 3440:tid 10304] (OS 10053)An established connection was aborted by the software in your host machine.  : [client 201.245.192.253:33036] AH01102: error reading status line from remote server 172.22.1.31:80, referer: http://190.27.245.106/isolucionsda/FrameSetGeneral.asp?Pagina1=FrameSetGeneral.asp&
[Thu Feb 11 14:07:40.064908 2016] [proxy:error] [pid 3440:tid 10304] [client 201.245.192.253:33036] AH00898: Error reading from remote server returned by /isolucionsda/BarraFavoritos.asp, referer: http://190.27.245.106/isolucionsda/FrameSetGeneral.asp?Pagina1=FrameSetGeneral.asp&
[Thu Feb 11 14:07:40.064908 2016] [proxy_http:error] [pid 3440:tid 10904] (OS 10053)An established connection was aborted by the software in your host machine.  : [client 201.245.192.253:33034] AH01102: error reading status line from remote server 172.22.1.31:80, referer: http://190.27.245.106/isolucionsda/FrameSetGeneral.asp?Pagina1=FrameSetGeneral.asp&
[Thu Feb 11 14:07:40.064908 2016] [proxy:error] [pid 3440:tid 10904] [client 201.245.192.253:33034] AH00898: Error reading from remote server returned by /isolucionsda/MagazinHome.asp, referer: http://190.27.245.106/isolucionsda/FrameSetGeneral.asp?Pagina1=FrameSetGeneral.asp&
[Thu Feb 11 14:07:40.174108 2016] [proxy_http:error] [pid 3440:tid 11648] (OS 10053)An established connection was aborted by the software in your host machine.  : [client 201.245.192.253:32995] AH01102: error reading status line from remote server 172.22.1.31:80, referer: http://190.27.245.106/isolucionsda/Encabezado.asp?Pagina1=FrameSetGeneral.asp&&Pagina=MagazinHome.asp
[Thu Feb 11 14:18:46.388878 2016] [proxy_http:error] [pid 3440:tid 12184] (OS 10053)An established connection was aborted by the software in your host machine.  : [client 190.60.127.134:11505] AH01102: error reading status line from remote server 172.22.1.31:80, referer: http://190.27.245.106/ISOlucionSDA/bancoconocimiento/m/mapadeprocesos__v4/mapadeprocesos__v4.asp
[Thu Feb 11 14:18:46.420078 2016] [proxy_http:error] [pid 3440:tid 12180] (OS 10053)An established connection was aborted by the software in your host machine.  : [client 190.60.127.134:11504] AH01102: error reading status line from remote server 172.22.1.31:80, referer: http://190.27.245.106/ISOlucionSDA/bancoconocimiento/m/mapadeprocesos__v4/mapadeprocesos__v4.asp
[Thu Feb 11 14:18:46.466878 2016] [proxy_http:error] [pid 3440:tid 10928] (OS 10053)An established connection was aborted by the software in your host machine.  : [client 190.60.127.134:11513] AH01102: error reading status line from remote server 172.22.1.31:80, referer: http://190.27.245.106/ISOlucionSDA/bancoconocimiento/m/mapadeprocesos__v4/mapadeprocesos__v4.asp
[Thu Feb 11 14:38:56.748204 2016] [proxy_http:error] [pid 3440:tid 12180] (20014)Internal error: [client 201.245.192.253:43707] AH01102: error reading status line from remote server 172.22.1.43:80, referer: http://190.27.245.106/desprendiblespago/controlador
[Thu Feb 11 14:40:59.083619 2016] [mpm_winnt:warn] [pid 3440:tid 16600] (OS 64)The specified network name is no longer available.  : AH00341: winnt_accept: Asynchronous AcceptEx failed.
[Thu Feb 11 15:33:56.949600 2016] [proxy_http:error] [pid 3440:tid 10968] (OS 10053)An established connection was aborted by the software in your host machine.  : [client 201.245.192.253:34072] AH01102: error reading status line from remote server 172.22.1.31:80, referer: http://190.27.245.106/isolucionsda/FrameSetGeneral.asp?Pagina1=FrameSetGeneral.asp&
[Thu Feb 11 15:33:56.949600 2016] [proxy:error] [pid 3440:tid 10968] [client 201.245.192.253:34072] AH00898: Error reading from remote server returned by /isolucionsda/BarraFavoritos.asp, referer: http://190.27.245.106/isolucionsda/FrameSetGeneral.asp?Pagina1=FrameSetGeneral.asp&
[Thu Feb 11 15:33:58.884004 2016] [proxy_http:error] [pid 3440:tid 15604] (OS 10053)An established connection was aborted by the software in your host machine.  : [client 201.245.192.253:34071] AH01102: error reading status line from remote server 172.22.1.31:80, referer: http://190.27.245.106/isolucionsda/DetalleTareas.aspx?Number=49684967524966684556
[Thu Feb 11 15:58:33.757394 2016] [mpm_winnt:warn] [pid 3440:tid 16600] (OS 64)The specified network name is no longer available.  : AH00341: winnt_accept: Asynchronous AcceptEx failed.
[Thu Feb 11 15:58:33.772994 2016] [mpm_winnt:warn] [pid 3440:tid 16600] (OS 64)The specified network name is no longer available.  : AH00341: winnt_accept: Asynchronous AcceptEx failed.
[Thu Feb 11 16:19:57.702049 2016] [proxy_http:error] [pid 3440:tid 12580] (OS 10053)An established connection was aborted by the software in your host machine.  : [client 181.54.167.109:59353] AH01102: error reading status line from remote server 172.22.1.31:80, referer: http://190.27.245.106/isolucionsda/FrameSetGeneral.asp?Pagina=ListadoMaestroDocumentos3.asp
[Thu Feb 11 16:21:10.195377 2016] [cgi:error] [pid 3440:tid 10904] [client 115.230.124.164:4760] script not found or unable to stat: E:/nuevo/cgi-bin/common
[Thu Feb 11 16:35:05.888845 2016] [proxy_http:error] [pid 3440:tid 12352] (OS 10053)An established connection was aborted by the software in your host machine.  : [client 201.245.192.253:59293] AH01102: error reading status line from remote server 172.22.1.31:80, referer: http://190.27.245.106/isolucionsda/ActualizarActividad.aspx?number=24488,TQBNAFAAUgA=
[Thu Feb 11 16:58:31.825714 2016] [proxy_http:error] [pid 3440:tid 10624] (OS 10053)An established connection was aborted by the software in your host machine.  : [client 201.245.192.253:59940] AH01102: error reading status line from remote server 172.22.1.31:80, referer: http://190.27.245.106/isolucionsda/Encabezado.asp?Pagina1=FrameSetGeneral.asp&&Pagina=MagazinHome.asp
[Thu Feb 11 16:58:33.307717 2016] [proxy_http:error] [pid 3440:tid 10904] (OS 10053)An established connection was aborted by the software in your host machine.  : [client 201.245.192.253:59943] AH01102: error reading status line from remote server 172.22.1.31:80, referer: http://190.27.245.106/isolucionsda/FrameSetGeneral.asp?Pagina=Menu.asp&IdModulo=4
[Thu Feb 11 17:45:44.041889 2016] [mpm_winnt:warn] [pid 3440:tid 16600] (OS 64)The specified network name is no longer available.  : AH00341: winnt_accept: Asynchronous AcceptEx failed.
[Thu Feb 11 17:45:44.041889 2016] [mpm_winnt:warn] [pid 3440:tid 16600] (OS 64)The specified network name is no longer available.  : AH00341: winnt_accept: Asynchronous AcceptEx failed.
[Thu Feb 11 19:16:56.328700 2016] [proxy:error] [pid 3440:tid 12336] (OS 10060)A connection attempt failed because the connected party did not properly respond after a period of time, or established connection failed because connected host has failed to respond.  : AH00957: HTTP: attempt to connect to 172.22.1.51:8399 (172.22.1.51) failed
[Thu Feb 11 19:16:56.328700 2016] [proxy:error] [pid 3440:tid 12336] AH00959: ap_proxy_connect_backend disabling worker for (172.22.1.51) for 60s
[Thu Feb 11 19:16:56.328700 2016] [proxy_http:error] [pid 3440:tid 12336] [client 152.61.193.99:13640] AH01114: HTTP: failed to make connection to backend: 172.22.1.51
[Thu Feb 11 19:16:56.547101 2016] [proxy:error] [pid 3440:tid 12336] AH00940: HTTP: disabled connection for (172.22.1.51)
[Thu Feb 11 19:16:56.796701 2016] [proxy:error] [pid 3440:tid 12336] AH00940: HTTP: disabled connection for (172.22.1.51)
[Thu Feb 11 19:16:57.030701 2016] [proxy:error] [pid 3440:tid 12336] AH00940: HTTP: disabled connection for (172.22.1.51)
[Thu Feb 11 19:16:57.264702 2016] [proxy:error] [pid 3440:tid 12336] AH00940: HTTP: disabled connection for (172.22.1.51)
[Thu Feb 11 19:16:57.498702 2016] [proxy:error] [pid 3440:tid 12336] AH00940: HTTP: disabled connection for (172.22.1.51)
[Thu Feb 11 19:21:27.769177 2016] [mpm_winnt:warn] [pid 3440:tid 16600] (OS 64)The specified network name is no longer available.  : AH00341: winnt_accept: Asynchronous AcceptEx failed.
[Thu Feb 11 19:32:52.485580 2016] [proxy:error] [pid 3440:tid 11040] (OS 10060)A connection attempt failed because the connected party did not properly respond after a period of time, or established connection failed because connected host has failed to respond.  : AH00957: HTTP: attempt to connect to 172.22.1.51:8399 (172.22.1.51) failed
[Thu Feb 11 19:32:52.485580 2016] [proxy:error] [pid 3440:tid 11040] AH00959: ap_proxy_connect_backend disabling worker for (172.22.1.51) for 60s
[Thu Feb 11 19:32:52.485580 2016] [proxy_http:error] [pid 3440:tid 11040] [client 152.61.193.99:61937] AH01114: HTTP: failed to make connection to backend: 172.22.1.51
[Thu Feb 11 19:32:52.719580 2016] [proxy:error] [pid 3440:tid 11040] AH00940: HTTP: disabled connection for (172.22.1.51)
[Thu Feb 11 19:32:52.969180 2016] [proxy:error] [pid 3440:tid 11040] AH00940: HTTP: disabled connection for (172.22.1.51)
[Thu Feb 11 19:32:53.203181 2016] [proxy:error] [pid 3440:tid 11040] AH00940: HTTP: disabled connection for (172.22.1.51)
[Thu Feb 11 19:32:53.421581 2016] [proxy:error] [pid 3440:tid 11040] AH00940: HTTP: disabled connection for (172.22.1.51)
[Thu Feb 11 19:34:44.228576 2016] [access_compat:error] [pid 3440:tid 11648] [client 221.207.236.189:29585] AH01797: client denied by server configuration: E:/nuevo/htdocs/phpMyAdmin
[Thu Feb 11 19:34:44.899377 2016] [access_compat:error] [pid 3440:tid 12184] [client 221.207.236.189:30326] AH01797: client denied by server configuration: E:/nuevo/phpMyAdmin/scripts
[Thu Feb 11 19:34:52.371790 2016] [access_compat:error] [pid 3440:tid 10424] [client 221.207.236.189:37468] AH01797: client denied by server configuration: E:/nuevo/htdocs/xampp/phpmyadmin
[Thu Feb 11 19:34:55.086195 2016] [access_compat:error] [pid 3440:tid 10424] [client 221.207.236.189:40162] AH01797: client denied by server configuration: E:/nuevo/htdocs/phpMyAdmin
[Thu Feb 11 19:34:55.772596 2016] [access_compat:error] [pid 3440:tid 12184] [client 221.207.236.189:40963] AH01797: client denied by server configuration: E:/nuevo/phpMyAdmin/scripts
[Thu Feb 11 19:35:02.589808 2016] [access_compat:error] [pid 3440:tid 12180] [client 221.207.236.189:47450] AH01797: client denied by server configuration: E:/nuevo/htdocs/xampp/phpmyadmin
[Thu Feb 11 19:35:05.304213 2016] [access_compat:error] [pid 3440:tid 12180] [client 221.207.236.189:50260] AH01797: client denied by server configuration: E:/nuevo/htdocs/phpMyAdmin-2
[Thu Feb 11 19:35:11.403824 2016] [access_compat:error] [pid 3440:tid 10424] [client 221.207.236.189:56777] AH01797: client denied by server configuration: E:/nuevo/phpMyAdmin/scripts
[Thu Feb 11 19:35:12.090225 2016] [access_compat:error] [pid 3440:tid 11184] [client 221.207.236.189:57626] AH01797: client denied by server configuration: E:/nuevo/htdocs/phpMyAdmin-2.10.0.0
[Thu Feb 11 19:35:12.776626 2016] [access_compat:error] [pid 3440:tid 12336] [client 221.207.236.189:58504] AH01797: client denied by server configuration: E:/nuevo/htdocs/phpMyAdmin-2.10.0.1
[Thu Feb 11 19:35:13.447427 2016] [access_compat:error] [pid 3440:tid 12432] [client 221.207.236.189:59157] AH01797: client denied by server configuration: E:/nuevo/htdocs/phpMyAdmin-2.10.0.2
[Thu Feb 11 19:35:14.133828 2016] [access_compat:error] [pid 3440:tid 10424] [client 221.207.236.189:60067] AH01797: client denied by server configuration: E:/nuevo/htdocs/phpMyAdmin-2.10.0
[Thu Feb 11 19:35:14.820230 2016] [access_compat:error] [pid 3440:tid 11184] [client 221.207.236.189:60974] AH01797: client denied by server configuration: E:/nuevo/htdocs/phpMyAdmin-2.10.1.0
[Thu Feb 11 19:35:15.491031 2016] [access_compat:error] [pid 3440:tid 12336] [client 221.207.236.189:61616] AH01797: client denied by server configuration: E:/nuevo/htdocs/phpMyAdmin-2.10.2.0
[Thu Feb 11 19:35:16.177432 2016] [access_compat:error] [pid 3440:tid 12432] [client 221.207.236.189:62560] AH01797: client denied by server configuration: E:/nuevo/htdocs/phpMyAdmin-2.11.0.0
[Thu Feb 11 19:35:16.863833 2016] [access_compat:error] [pid 3440:tid 10424] [client 221.207.236.189:63444] AH01797: client denied by server configuration: E:/nuevo/htdocs/phpMyAdmin-2.11.1-all-languages
[Thu Feb 11 19:35:17.534634 2016] [access_compat:error] [pid 3440:tid 11184] [client 221.207.236.189:64070] AH01797: client denied by server configuration: E:/nuevo/htdocs/phpMyAdmin-2.11.1.0
[Thu Feb 11 19:35:18.205435 2016] [access_compat:error] [pid 3440:tid 12336] [client 221.207.236.189:64913] AH01797: client denied by server configuration: E:/nuevo/htdocs/phpMyAdmin-2.11.1.1
[Thu Feb 11 19:35:18.891837 2016] [access_compat:error] [pid 3440:tid 12432] [client 221.207.236.189:1794] AH01797: client denied by server configuration: E:/nuevo/htdocs/phpMyAdmin-2.11.1.2
[Thu Feb 11 19:35:19.593838 2016] [access_compat:error] [pid 3440:tid 11300] [client 221.207.236.189:2400] AH01797: client denied by server configuration: E:/nuevo/htdocs/phpMyAdmin-2.6.1-pl2
[Thu Feb 11 19:35:20.264639 2016] [access_compat:error] [pid 3440:tid 11184] [client 221.207.236.189:3296] AH01797: client denied by server configuration: E:/nuevo/htdocs/phpMyAdmin-2.6.1-pl3
[Thu Feb 11 19:35:20.951040 2016] [access_compat:error] [pid 3440:tid 12336] [client 221.207.236.189:4151] AH01797: client denied by server configuration: E:/nuevo/htdocs/phpMyAdmin-2.6.4-pl3
[Thu Feb 11 19:35:21.653042 2016] [access_compat:error] [pid 3440:tid 12432] [client 221.207.236.189:4763] AH01797: client denied by server configuration: E:/nuevo/htdocs/phpMyAdmin-2.6.4-pl4
[Thu Feb 11 19:35:22.323843 2016] [access_compat:error] [pid 3440:tid 11300] [client 221.207.236.189:5676] AH01797: client denied by server configuration: E:/nuevo/htdocs/phpMyAdmin-2.6.4-rc1
[Thu Feb 11 19:35:22.994644 2016] [access_compat:error] [pid 3440:tid 11184] [client 221.207.236.189:6527] AH01797: client denied by server configuration: E:/nuevo/htdocs/phpMyAdmin-2.6.5
[Thu Feb 11 19:35:23.696645 2016] [access_compat:error] [pid 3440:tid 11396] [client 221.207.236.189:7141] AH01797: client denied by server configuration: E:/nuevo/htdocs/phpMyAdmin-2.6.6
[Thu Feb 11 19:35:24.367446 2016] [access_compat:error] [pid 3440:tid 12432] [client 221.207.236.189:8022] AH01797: client denied by server configuration: E:/nuevo/htdocs/phpMyAdmin-2.6.9
[Thu Feb 11 19:35:25.038247 2016] [access_compat:error] [pid 3440:tid 11300] [client 221.207.236.189:8893] AH01797: client denied by server configuration: E:/nuevo/htdocs/phpMyAdmin-2.7.0-beta1
[Thu Feb 11 19:35:25.709049 2016] [access_compat:error] [pid 3440:tid 11184] [client 221.207.236.189:9756] AH01797: client denied by server configuration: E:/nuevo/htdocs/phpMyAdmin-2.7.0-pl1
[Thu Feb 11 19:35:26.395450 2016] [access_compat:error] [pid 3440:tid 11396] [client 221.207.236.189:10438] AH01797: client denied by server configuration: E:/nuevo/htdocs/phpMyAdmin-2.7.0-pl2
[Thu Feb 11 19:35:27.097451 2016] [access_compat:error] [pid 3440:tid 12432] [client 221.207.236.189:11317] AH01797: client denied by server configuration: E:/nuevo/htdocs/phpMyAdmin-2.7.0-rc1
[Thu Feb 11 19:35:27.768252 2016] [access_compat:error] [pid 3440:tid 11300] [client 221.207.236.189:12217] AH01797: client denied by server configuration: E:/nuevo/htdocs/phpMyAdmin-2.7.5
[Thu Feb 11 19:35:28.439053 2016] [access_compat:error] [pid 3440:tid 11184] [client 221.207.236.189:12888] AH01797: client denied by server configuration: E:/nuevo/htdocs/phpMyAdmin-2.7.6
[Thu Feb 11 19:35:29.125455 2016] [access_compat:error] [pid 3440:tid 11396] [client 221.207.236.189:13764] AH01797: client denied by server configuration: E:/nuevo/htdocs/phpMyAdmin-2.7.7
[Thu Feb 11 19:35:29.796256 2016] [access_compat:error] [pid 3440:tid 12432] [client 221.207.236.189:14690] AH01797: client denied by server configuration: E:/nuevo/htdocs/phpMyAdmin-2.8.2.3
[Thu Feb 11 19:35:30.482657 2016] [access_compat:error] [pid 3440:tid 11300] [client 221.207.236.189:15355] AH01797: client denied by server configuration: E:/nuevo/htdocs/phpMyAdmin-2.8.2
[Thu Feb 11 19:35:31.153458 2016] [access_compat:error] [pid 3440:tid 11184] [client 221.207.236.189:16273] AH01797: client denied by server configuration: E:/nuevo/htdocs/phpMyAdmin-2.8.3
[Thu Feb 11 19:35:31.824259 2016] [access_compat:error] [pid 3440:tid 11396] [client 221.207.236.189:17215] AH01797: client denied by server configuration: E:/nuevo/htdocs/phpMyAdmin-2.8.4
[Thu Feb 11 19:35:32.510661 2016] [access_compat:error] [pid 3440:tid 11516] [client 221.207.236.189:17877] AH01797: client denied by server configuration: E:/nuevo/htdocs/phpMyAdmin-2.8.5
[Thu Feb 11 19:35:33.197062 2016] [access_compat:error] [pid 3440:tid 11300] [client 221.207.236.189:18843] AH01797: client denied by server configuration: E:/nuevo/htdocs/phpMyAdmin-2.8.6
[Thu Feb 11 19:35:33.883463 2016] [access_compat:error] [pid 3440:tid 11184] [client 221.207.236.189:19811] AH01797: client denied by server configuration: E:/nuevo/htdocs/phpMyAdmin-2.8.7
[Thu Feb 11 19:35:34.569864 2016] [access_compat:error] [pid 3440:tid 11396] [client 221.207.236.189:20504] AH01797: client denied by server configuration: E:/nuevo/htdocs/phpMyAdmin-2.8.8
[Thu Feb 11 19:35:35.256265 2016] [access_compat:error] [pid 3440:tid 11476] [client 221.207.236.189:21450] AH01797: client denied by server configuration: E:/nuevo/htdocs/phpMyAdmin-2.8.9
[Thu Feb 11 19:35:35.942667 2016] [access_compat:error] [pid 3440:tid 11300] [client 221.207.236.189:22400] AH01797: client denied by server configuration: E:/nuevo/htdocs/phpMyAdmin-2.9.0-rc1
[Thu Feb 11 19:35:36.629068 2016] [access_compat:error] [pid 3440:tid 14920] [client 221.207.236.189:23112] AH01797: client denied by server configuration: E:/nuevo/htdocs/phpMyAdmin-2.9.0.1
[Thu Feb 11 19:35:37.315469 2016] [access_compat:error] [pid 3440:tid 11396] [client 221.207.236.189:24090] AH01797: client denied by server configuration: E:/nuevo/htdocs/phpMyAdmin-2.9.0.2
[Thu Feb 11 19:35:38.001870 2016] [access_compat:error] [pid 3440:tid 11476] [client 221.207.236.189:25070] AH01797: client denied by server configuration: E:/nuevo/htdocs/phpMyAdmin-2.9.0
[Thu Feb 11 19:35:38.688271 2016] [access_compat:error] [pid 3440:tid 15220] [client 221.207.236.189:25782] AH01797: client denied by server configuration: E:/nuevo/htdocs/phpMyAdmin-2.9.1
[Thu Feb 11 19:35:39.359073 2016] [access_compat:error] [pid 3440:tid 14920] [client 221.207.236.189:26765] AH01797: client denied by server configuration: E:/nuevo/htdocs/phpMyAdmin-2.9.2
[Thu Feb 11 19:35:40.045474 2016] [access_compat:error] [pid 3440:tid 11396] [client 221.207.236.189:27775] AH01797: client denied by server configuration: E:/nuevo/htdocs/phpMyAdmin-2
[Thu Feb 11 19:35:40.716275 2016] [access_compat:error] [pid 3440:tid 11476] [client 221.207.236.189:28682] AH01797: client denied by server configuration: E:/nuevo/htdocs/phpMyAdmin-3.0.0-rc1-english
[Thu Feb 11 19:35:41.402676 2016] [access_compat:error] [pid 3440:tid 15220] [client 221.207.236.189:29460] AH01797: client denied by server configuration: E:/nuevo/htdocs/phpMyAdmin-3.0.0.0-all-languages
[Thu Feb 11 19:35:42.073477 2016] [access_compat:error] [pid 3440:tid 14920] [client 221.207.236.189:30463] AH01797: client denied by server configuration: E:/nuevo/htdocs/phpMyAdmin-3.0.1.0-english
[Thu Feb 11 19:35:42.759879 2016] [access_compat:error] [pid 3440:tid 11396] [client 221.207.236.189:31413] AH01797: client denied by server configuration: E:/nuevo/htdocs/phpMyAdmin-3.0.1.0
[Thu Feb 11 19:35:43.430680 2016] [access_compat:error] [pid 3440:tid 11476] [client 221.207.236.189:32157] AH01797: client denied by server configuration: E:/nuevo/htdocs/phpMyAdmin-3.0.1.1
[Thu Feb 11 19:35:44.117081 2016] [access_compat:error] [pid 3440:tid 15220] [client 221.207.236.189:33179] AH01797: client denied by server configuration: E:/nuevo/htdocs/phpMyAdmin-3.1.0.0-english
[Thu Feb 11 19:35:44.787882 2016] [access_compat:error] [pid 3440:tid 14920] [client 221.207.236.189:34175] AH01797: client denied by server configuration: E:/nuevo/htdocs/phpMyAdmin-3.1.0.0
[Thu Feb 11 19:35:45.474283 2016] [access_compat:error] [pid 3440:tid 11396] [client 221.207.236.189:34924] AH01797: client denied by server configuration: E:/nuevo/htdocs/phpMyAdmin-3.1.1.0-all-languages
[Thu Feb 11 19:35:46.160685 2016] [access_compat:error] [pid 3440:tid 11476] [client 221.207.236.189:35977] AH01797: client denied by server configuration: E:/nuevo/htdocs/phpMyAdmin-3.1.2.0-all-languages
[Thu Feb 11 19:35:46.847086 2016] [access_compat:error] [pid 3440:tid 15220] [client 221.207.236.189:36956] AH01797: client denied by server configuration: E:/nuevo/htdocs/phpMyAdmin-3.1.2.0-english
[Thu Feb 11 19:35:47.533487 2016] [access_compat:error] [pid 3440:tid 14920] [client 221.207.236.189:37759] AH01797: client denied by server configuration: E:/nuevo/htdocs/phpMyAdmin-3.1.2.0
[Thu Feb 11 19:35:48.219888 2016] [access_compat:error] [pid 3440:tid 11396] [client 221.207.236.189:38800] AH01797: client denied by server configuration: E:/nuevo/htdocs/phpMyAdmin-3.4.3.1
[Thu Feb 11 19:35:48.906289 2016] [access_compat:error] [pid 3440:tid 11476] [client 221.207.236.189:39872] AH01797: client denied by server configuration: E:/nuevo/htdocs/phpMyAdmin2
[Thu Feb 11 19:35:49.592691 2016] [access_compat:error] [pid 3440:tid 15220] [client 221.207.236.189:40719] AH01797: client denied by server configuration: E:/nuevo/htdocs/phpMyAdmin3
[Thu Feb 11 19:52:37.713261 2016] [proxy:error] [pid 3440:tid 11132] (OS 10060)A connection attempt failed because the connected party did not properly respond after a period of time, or established connection failed because connected host has failed to respond.  : AH00957: HTTP: attempt to connect to 172.22.1.51:8399 (172.22.1.51) failed
[Thu Feb 11 19:52:37.713261 2016] [proxy:error] [pid 3440:tid 11132] AH00959: ap_proxy_connect_backend disabling worker for (172.22.1.51) for 60s
[Thu Feb 11 19:52:37.713261 2016] [proxy_http:error] [pid 3440:tid 11132] [client 152.61.192.232:2619] AH01114: HTTP: failed to make connection to backend: 172.22.1.51
[Thu Feb 11 19:52:37.962862 2016] [proxy:error] [pid 3440:tid 11132] AH00940: HTTP: disabled connection for (172.22.1.51)
[Thu Feb 11 20:07:18.459608 2016] [proxy:error] [pid 3440:tid 12264] (OS 10060)A connection attempt failed because the connected party did not properly respond after a period of time, or established connection failed because connected host has failed to respond.  : AH00957: HTTP: attempt to connect to 172.22.1.51:8399 (172.22.1.51) failed
[Thu Feb 11 20:07:18.459608 2016] [proxy:error] [pid 3440:tid 12264] AH00959: ap_proxy_connect_backend disabling worker for (172.22.1.51) for 60s
[Thu Feb 11 20:07:18.459608 2016] [proxy_http:error] [pid 3440:tid 12264] [client 152.61.192.232:7931] AH01114: HTTP: failed to make connection to backend: 172.22.1.51
[Thu Feb 11 20:07:18.693609 2016] [proxy:error] [pid 3440:tid 12204] AH00940: HTTP: disabled connection for (172.22.1.51)
[Thu Feb 11 20:07:18.927609 2016] [proxy:error] [pid 3440:tid 12204] AH00940: HTTP: disabled connection for (172.22.1.51)
[Thu Feb 11 21:35:01.269252 2016] [core:error] [pid 3440:tid 11460] (20024)The given path is misformatted or contained invalid characters: [client 168.61.152.85:60596] AH00127: Cannot map GET /galeria/carrusel/Carrusel/jquery-ui-%0A%0A1.8.13.custom.min.js HTTP/1.1 to file

:: Command execute ::

Enter:
 
Select:
 

:: Search ::
regexp 

:: Upload ::
 
[ ok ]

:: Make Dir ::
 
[ ok ]
:: Make File ::
 
[ ok ]

:: Go Dir ::
 
:: Go File ::
 

--[ c99shell v. 1.0 pre-release build #13 powered by Captain Crunch Security Team | http://ccteam.ru | Generation time: 0.0468 ]--