!C99Shell v. 1.0 pre-release build #13!

Software: Apache. PHP/5.5.15 

uname -a: Windows NT SVR-DMZ 6.1 build 7600 (Windows Server 2008 R2 Enterprise Edition) i586 

SYSTEM 

Safe-mode: OFF (not secure)

E:\nuevo\apache\logs\   drwxrwxrwx
Free 9.41 GB of 239.26 GB (3.93%)
Detected drives: [ a ] [ c ] [ d ] [ e ] [ f ]
Home    Back    Forward    UPDIR    Refresh    Search    Buffer    Encoder    Tools    Proc.    FTP brute    Sec.    SQL    PHP-code    Update    Feedback    Self remove    Logout    


Viewing file:     error.2016.02.15.log (52.35 KB)      -rw-rw-rw-
Select action/file-type:
(+) | (+) | (+) | Code (+) | Session (+) | (+) | SDB (+) | (+) | (+) | (+) | (+) | (+) |
[Mon Feb 15 01:13:31.327035 2016] [proxy:error] [pid 3440:tid 12084] (OS 10060)A connection attempt failed because the connected party did not properly respond after a period of time, or established connection failed because connected host has failed to respond.  : AH00957: HTTP: attempt to connect to 172.22.1.51:8399 (172.22.1.51) failed
[Mon Feb 15 01:13:31.327035 2016] [proxy:error] [pid 3440:tid 12084] AH00959: ap_proxy_connect_backend disabling worker for (172.22.1.51) for 60s
[Mon Feb 15 01:13:31.327035 2016] [proxy_http:error] [pid 3440:tid 12084] [client 152.61.192.232:3746] AH01114: HTTP: failed to make connection to backend: 172.22.1.51
[Mon Feb 15 01:13:31.545435 2016] [proxy:error] [pid 3440:tid 12084] AH00940: HTTP: disabled connection for (172.22.1.51)
[Mon Feb 15 01:13:31.763835 2016] [proxy:error] [pid 3440:tid 12084] AH00940: HTTP: disabled connection for (172.22.1.51)
[Mon Feb 15 01:22:46.032809 2016] [proxy:error] [pid 3440:tid 12084] (OS 10060)A connection attempt failed because the connected party did not properly respond after a period of time, or established connection failed because connected host has failed to respond.  : AH00957: HTTP: attempt to connect to 172.22.1.51:8399 (172.22.1.51) failed
[Mon Feb 15 01:22:46.032809 2016] [proxy:error] [pid 3440:tid 12084] AH00959: ap_proxy_connect_backend disabling worker for (172.22.1.51) for 60s
[Mon Feb 15 01:22:46.032809 2016] [proxy_http:error] [pid 3440:tid 12084] [client 152.61.193.99:58553] AH01114: HTTP: failed to make connection to backend: 172.22.1.51
[Mon Feb 15 01:22:46.266809 2016] [proxy:error] [pid 3440:tid 12084] AH00940: HTTP: disabled connection for (172.22.1.51)
[Mon Feb 15 01:22:46.516410 2016] [proxy:error] [pid 3440:tid 12084] AH00940: HTTP: disabled connection for (172.22.1.51)
[Mon Feb 15 01:22:46.750410 2016] [proxy:error] [pid 3440:tid 12084] AH00940: HTTP: disabled connection for (172.22.1.51)
[Mon Feb 15 01:22:47.015611 2016] [proxy:error] [pid 3440:tid 12084] AH00940: HTTP: disabled connection for (172.22.1.51)
[Mon Feb 15 01:25:24.029886 2016] [proxy:error] [pid 3440:tid 12084] (OS 10060)A connection attempt failed because the connected party did not properly respond after a period of time, or established connection failed because connected host has failed to respond.  : AH00957: HTTP: attempt to connect to 172.22.1.51:8399 (172.22.1.51) failed
[Mon Feb 15 01:25:24.029886 2016] [proxy:error] [pid 3440:tid 12084] AH00959: ap_proxy_connect_backend disabling worker for (172.22.1.51) for 60s
[Mon Feb 15 01:25:24.029886 2016] [proxy_http:error] [pid 3440:tid 12084] [client 152.61.193.99:62173] AH01114: HTTP: failed to make connection to backend: 172.22.1.51
[Mon Feb 15 01:25:24.263887 2016] [proxy:error] [pid 3440:tid 12084] AH00940: HTTP: disabled connection for (172.22.1.51)
[Mon Feb 15 01:25:24.497887 2016] [proxy:error] [pid 3440:tid 12084] AH00940: HTTP: disabled connection for (172.22.1.51)
[Mon Feb 15 01:25:24.731888 2016] [proxy:error] [pid 3440:tid 12084] AH00940: HTTP: disabled connection for (172.22.1.51)
[Mon Feb 15 01:25:24.965888 2016] [proxy:error] [pid 3440:tid 12084] AH00940: HTTP: disabled connection for (172.22.1.51)
[Mon Feb 15 01:25:25.184289 2016] [proxy:error] [pid 3440:tid 12084] AH00940: HTTP: disabled connection for (172.22.1.51)
[Mon Feb 15 01:41:29.437582 2016] [proxy:error] [pid 3440:tid 11060] (OS 10060)A connection attempt failed because the connected party did not properly respond after a period of time, or established connection failed because connected host has failed to respond.  : AH00957: HTTP: attempt to connect to 172.22.1.51:8399 (172.22.1.51) failed
[Mon Feb 15 01:41:29.437582 2016] [proxy:error] [pid 3440:tid 11060] AH00959: ap_proxy_connect_backend disabling worker for (172.22.1.51) for 60s
[Mon Feb 15 01:41:29.437582 2016] [proxy_http:error] [pid 3440:tid 11060] [client 152.61.192.232:55597] AH01114: HTTP: failed to make connection to backend: 172.22.1.51
[Mon Feb 15 01:41:29.671583 2016] [proxy:error] [pid 3440:tid 11060] AH00940: HTTP: disabled connection for (172.22.1.51)
[Mon Feb 15 01:58:49.990610 2016] [proxy:error] [pid 3440:tid 15548] (OS 10060)A connection attempt failed because the connected party did not properly respond after a period of time, or established connection failed because connected host has failed to respond.  : AH00957: HTTP: attempt to connect to 172.22.1.51:8399 (172.22.1.51) failed
[Mon Feb 15 01:58:49.990610 2016] [proxy:error] [pid 3440:tid 15548] AH00959: ap_proxy_connect_backend disabling worker for (172.22.1.51) for 60s
[Mon Feb 15 01:58:49.990610 2016] [proxy_http:error] [pid 3440:tid 15548] [client 152.61.128.66:53359] AH01114: HTTP: failed to make connection to backend: 172.22.1.51
[Mon Feb 15 01:58:50.271410 2016] [proxy:error] [pid 3440:tid 15548] AH00940: HTTP: disabled connection for (172.22.1.51)
[Mon Feb 15 01:58:50.536611 2016] [proxy:error] [pid 3440:tid 15548] AH00940: HTTP: disabled connection for (172.22.1.51)
[Mon Feb 15 01:58:50.755011 2016] [proxy:error] [pid 3440:tid 15548] AH00940: HTTP: disabled connection for (172.22.1.51)
[Mon Feb 15 01:58:51.020212 2016] [proxy:error] [pid 3440:tid 15548] AH00940: HTTP: disabled connection for (172.22.1.51)
[Mon Feb 15 02:51:06.656919 2016] [proxy:error] [pid 3440:tid 15548] (OS 10060)A connection attempt failed because the connected party did not properly respond after a period of time, or established connection failed because connected host has failed to respond.  : AH00957: HTTP: attempt to connect to 172.22.1.51:8399 (172.22.1.51) failed
[Mon Feb 15 02:51:06.656919 2016] [proxy:error] [pid 3440:tid 15548] AH00959: ap_proxy_connect_backend disabling worker for (172.22.1.51) for 60s
[Mon Feb 15 02:51:06.656919 2016] [proxy_http:error] [pid 3440:tid 15548] [client 152.61.128.66:52793] AH01114: HTTP: failed to make connection to backend: 172.22.1.51
[Mon Feb 15 02:51:06.922119 2016] [proxy:error] [pid 3440:tid 15548] AH00940: HTTP: disabled connection for (172.22.1.51)
[Mon Feb 15 02:51:07.156120 2016] [proxy:error] [pid 3440:tid 15548] AH00940: HTTP: disabled connection for (172.22.1.51)
[Mon Feb 15 02:51:07.390120 2016] [proxy:error] [pid 3440:tid 15548] AH00940: HTTP: disabled connection for (172.22.1.51)
[Mon Feb 15 02:51:07.624121 2016] [proxy:error] [pid 3440:tid 15548] AH00940: HTTP: disabled connection for (172.22.1.51)
[Mon Feb 15 02:51:07.858121 2016] [proxy:error] [pid 3440:tid 15548] AH00940: HTTP: disabled connection for (172.22.1.51)
[Mon Feb 15 05:23:22.126565 2016] [mpm_winnt:warn] [pid 3440:tid 16600] (OS 64)The specified network name is no longer available.  : AH00341: winnt_accept: Asynchronous AcceptEx failed.
[Mon Feb 15 05:23:22.126565 2016] [mpm_winnt:warn] [pid 3440:tid 16600] (OS 64)The specified network name is no longer available.  : AH00341: winnt_accept: Asynchronous AcceptEx failed.
[Mon Feb 15 05:51:30.548730 2016] [core:error] [pid 3440:tid 11516] [client 169.229.3.91:60297] AH00135: Invalid method in request <\xbb\xca\xa7!IB\xd8\xafK\xcb\xe4\xc3D5X\x13V\x8e1T\xe7[1w
[Mon Feb 15 06:23:17.106079 2016] [mpm_winnt:warn] [pid 3440:tid 16600] (OS 64)The specified network name is no longer available.  : AH00341: winnt_accept: Asynchronous AcceptEx failed.
[Mon Feb 15 07:43:50.025767 2016] [proxy:error] [pid 3440:tid 10424] (OS 10060)A connection attempt failed because the connected party did not properly respond after a period of time, or established connection failed because connected host has failed to respond.  : AH00957: HTTP: attempt to connect to 172.22.1.51:8399 (172.22.1.51) failed
[Mon Feb 15 07:43:50.025767 2016] [proxy:error] [pid 3440:tid 10424] AH00959: ap_proxy_connect_backend disabling worker for (172.22.1.51) for 60s
[Mon Feb 15 07:43:50.025767 2016] [proxy_http:error] [pid 3440:tid 10424] [client 152.61.192.232:12709] AH01114: HTTP: failed to make connection to backend: 172.22.1.51
[Mon Feb 15 07:43:50.244168 2016] [proxy:error] [pid 3440:tid 10424] AH00940: HTTP: disabled connection for (172.22.1.51)
[Mon Feb 15 07:43:50.493768 2016] [proxy:error] [pid 3440:tid 10424] AH00940: HTTP: disabled connection for (172.22.1.51)
[Mon Feb 15 07:45:01.910694 2016] [proxy_http:error] [pid 3440:tid 10560] (OS 10053)An established connection was aborted by the software in your host machine.  : [client 201.245.192.253:28510] AH01102: error reading status line from remote server 172.22.1.31:80, referer: http://190.27.245.106/isolucionsda/FrameSetGeneral.asp?Pagina1=FrameSetGeneral.asp&
[Mon Feb 15 07:45:01.910694 2016] [proxy:error] [pid 3440:tid 10560] [client 201.245.192.253:28510] AH00898: Error reading from remote server returned by /isolucionsda/MagazinHome.asp, referer: http://190.27.245.106/isolucionsda/FrameSetGeneral.asp?Pagina1=FrameSetGeneral.asp&
[Mon Feb 15 07:49:54.582808 2016] [proxy_http:error] [pid 3440:tid 15524] (OS 10053)An established connection was aborted by the software in your host machine.  : [client 201.245.192.253:26561] AH01102: error reading status line from remote server 172.22.1.31:80, referer: http://190.27.245.106/isolucionsda/FrameSetGeneral.asp?Pagina=Menu.asp&IdModulo=4
[Mon Feb 15 07:49:55.893210 2016] [proxy_http:error] [pid 3440:tid 12204] (OS 10053)An established connection was aborted by the software in your host machine.  : [client 201.245.192.253:27039] AH01102: error reading status line from remote server 172.22.1.31:80, referer: http://190.27.245.106/isolucionsda/FrameSetGeneral.asp?Pagina=ListadoMaestroDocumentos3.asp
[Mon Feb 15 07:49:55.893210 2016] [proxy:error] [pid 3440:tid 12204] [client 201.245.192.253:27039] AH00898: Error reading from remote server returned by /isolucionsda/BarraFavoritos.asp, referer: http://190.27.245.106/isolucionsda/FrameSetGeneral.asp?Pagina=ListadoMaestroDocumentos3.asp
[Mon Feb 15 07:56:40.745121 2016] [proxy_http:error] [pid 3440:tid 11016] (OS 10053)An established connection was aborted by the software in your host machine.  : [client 201.245.192.253:25689] AH01102: error reading status line from remote server 172.22.1.31:80, referer: http://190.27.245.106/isolucionsda/FramesetArticulo.asp?Pagina=BancoConocimiento%2FS%2FSolicitudautorizacionparaelretiroparcialdecesantias%5Fv1%2FSolicitudautorizacionparaelretiroparcialdecesantias%5Fv1%2Easp&IdArticulo=1209
[Mon Feb 15 07:56:40.745121 2016] [proxy:error] [pid 3440:tid 11016] [client 201.245.192.253:25689] AH00898: Error reading from remote server returned by /isolucionsda/BancoConocimiento/S/Solicitudautorizacionparaelretiroparcialdecesantias_v1/Solicitudautorizacionparaelretiroparcialdecesantias_v1.asp, referer: http://190.27.245.106/isolucionsda/FramesetArticulo.asp?Pagina=BancoConocimiento%2FS%2FSolicitudautorizacionparaelretiroparcialdecesantias%5Fv1%2FSolicitudautorizacionparaelretiroparcialdecesantias%5Fv1%2Easp&IdArticulo=1209
[Mon Feb 15 08:12:24.858779 2016] [proxy:error] [pid 3440:tid 12228] (OS 10060)A connection attempt failed because the connected party did not properly respond after a period of time, or established connection failed because connected host has failed to respond.  : AH00957: HTTP: attempt to connect to 172.22.1.51:8399 (172.22.1.51) failed
[Mon Feb 15 08:12:24.858779 2016] [proxy:error] [pid 3440:tid 12228] AH00959: ap_proxy_connect_backend disabling worker for (172.22.1.51) for 60s
[Mon Feb 15 08:12:24.858779 2016] [proxy_http:error] [pid 3440:tid 12228] [client 152.61.192.232:57911] AH01114: HTTP: failed to make connection to backend: 172.22.1.51
[Mon Feb 15 08:12:25.092780 2016] [proxy:error] [pid 3440:tid 12228] AH00940: HTTP: disabled connection for (172.22.1.51)
[Mon Feb 15 08:48:42.794205 2016] [mpm_winnt:warn] [pid 3440:tid 16600] (OS 64)The specified network name is no longer available.  : AH00341: winnt_accept: Asynchronous AcceptEx failed.
[Mon Feb 15 09:06:55.560524 2016] [proxy_http:error] [pid 3440:tid 11568] (OS 10053)An established connection was aborted by the software in your host machine.  : [client 201.245.192.253:13989] AH01102: error reading status line from remote server 172.22.1.31:80, referer: http://190.27.245.106/isolucionsda/FrameSetGeneral.asp?Pagina1=FrameSetGeneral.asp&
[Mon Feb 15 09:06:55.560524 2016] [proxy:error] [pid 3440:tid 11568] [client 201.245.192.253:13989] AH00898: Error reading from remote server returned by /isolucionsda/BarraTitulos.asp, referer: http://190.27.245.106/isolucionsda/FrameSetGeneral.asp?Pagina1=FrameSetGeneral.asp&
[Mon Feb 15 09:10:52.899341 2016] [proxy_http:error] [pid 3440:tid 10424] (OS 10053)An established connection was aborted by the software in your host machine.  : [client 201.245.192.253:18122] AH01102: error reading status line from remote server 172.22.1.31:80, referer: http://190.27.245.106/isolucionsda/FrameSetGeneral.asp?Pagina=Menu.asp&IdModulo=4
[Mon Feb 15 09:10:52.899341 2016] [proxy:error] [pid 3440:tid 10424] [client 201.245.192.253:18122] AH00898: Error reading from remote server returned by /isolucionsda/BarraTitulos.asp, referer: http://190.27.245.106/isolucionsda/FrameSetGeneral.asp?Pagina=Menu.asp&IdModulo=4
[Mon Feb 15 09:30:51.683446 2016] [proxy_http:error] [pid 3440:tid 10656] (OS 10053)An established connection was aborted by the software in your host machine.  : [client 201.245.192.253:31028] AH01102: error reading status line from remote server 172.22.1.31:80, referer: http://190.27.245.106/isolucionsda/FrameSetGeneral.asp?Pagina=Menu.asp&IdModulo=4
[Mon Feb 15 10:30:58.378581 2016] [mpm_winnt:warn] [pid 3440:tid 16600] (OS 64)The specified network name is no longer available.  : AH00341: winnt_accept: Asynchronous AcceptEx failed.
[Mon Feb 15 10:51:05.056301 2016] [proxy_http:error] [pid 3440:tid 10712] (OS 10053)An established connection was aborted by the software in your host machine.  : [client 201.245.192.253:27348] AH01102: error reading status line from remote server 172.22.1.31:80, referer: http://190.27.245.106/IsolucionSDA/Encabezado.asp?Pagina1=FrameSetGeneral.asp&&Pagina=MagazinHome.asp
[Mon Feb 15 10:51:05.056301 2016] [proxy:error] [pid 3440:tid 10712] [client 201.245.192.253:27348] AH00898: Error reading from remote server returned by /IsolucionSDA/g/Bot_Glosario.jpg, referer: http://190.27.245.106/IsolucionSDA/Encabezado.asp?Pagina1=FrameSetGeneral.asp&&Pagina=MagazinHome.asp
[Mon Feb 15 11:00:58.153742 2016] [cgi:error] [pid 3440:tid 11804] [client 115.230.124.164:2272] script not found or unable to stat: E:/nuevo/cgi-bin/common
[Mon Feb 15 11:09:45.996270 2016] [proxy_http:error] [pid 3440:tid 12132] (OS 10053)An established connection was aborted by the software in your host machine.  : [client 201.245.192.253:28579] AH01102: error reading status line from remote server 172.22.1.31:80, referer: http://190.27.245.106/isolucionsda/FrameSetGeneral.asp?Pagina=Menu.asp&IdModulo=4
[Mon Feb 15 11:09:45.996270 2016] [proxy:error] [pid 3440:tid 12132] [client 201.245.192.253:28579] AH00898: Error reading from remote server returned by /isolucionsda/BarraFavoritos.asp, referer: http://190.27.245.106/isolucionsda/FrameSetGeneral.asp?Pagina=Menu.asp&IdModulo=4
[Mon Feb 15 11:09:51.269079 2016] [proxy_http:error] [pid 3440:tid 15236] (OS 10053)An established connection was aborted by the software in your host machine.  : [client 201.245.192.253:28575] AH01102: error reading status line from remote server 172.22.1.31:80, referer: http://190.27.245.106/isolucionsda/FrameSetGeneral.asp?Pagina=Administracion/SalaEdicion/Magazines.asp
[Mon Feb 15 13:06:28.442969 2016] [mpm_winnt:warn] [pid 3440:tid 16600] (OS 64)The specified network name is no longer available.  : AH00341: winnt_accept: Asynchronous AcceptEx failed.
[Mon Feb 15 13:23:17.156340 2016] [proxy:error] [pid 3440:tid 12576] (OS 10060)A connection attempt failed because the connected party did not properly respond after a period of time, or established connection failed because connected host has failed to respond.  : AH00957: HTTP: attempt to connect to 172.22.1.51:8399 (172.22.1.51) failed
[Mon Feb 15 13:23:17.156340 2016] [proxy:error] [pid 3440:tid 12576] AH00959: ap_proxy_connect_backend disabling worker for (172.22.1.51) for 60s
[Mon Feb 15 13:23:17.156340 2016] [proxy_http:error] [pid 3440:tid 12576] [client 152.61.193.99:3981] AH01114: HTTP: failed to make connection to backend: 172.22.1.51
[Mon Feb 15 13:23:17.374741 2016] [proxy:error] [pid 3440:tid 12576] AH00940: HTTP: disabled connection for (172.22.1.51)
[Mon Feb 15 13:23:17.639941 2016] [proxy:error] [pid 3440:tid 12576] AH00940: HTTP: disabled connection for (172.22.1.51)
[Mon Feb 15 13:23:17.873942 2016] [proxy:error] [pid 3440:tid 12576] AH00940: HTTP: disabled connection for (172.22.1.51)
[Mon Feb 15 13:23:18.092342 2016] [proxy:error] [pid 3440:tid 12576] AH00940: HTTP: disabled connection for (172.22.1.51)
[Mon Feb 15 13:23:18.326342 2016] [proxy:error] [pid 3440:tid 12576] AH00940: HTTP: disabled connection for (172.22.1.51)
[Mon Feb 15 13:43:42.086092 2016] [proxy:error] [pid 3440:tid 12708] (OS 10060)A connection attempt failed because the connected party did not properly respond after a period of time, or established connection failed because connected host has failed to respond.  : AH00957: HTTP: attempt to connect to 172.22.1.51:8399 (172.22.1.51) failed
[Mon Feb 15 13:43:42.086092 2016] [proxy:error] [pid 3440:tid 12708] AH00959: ap_proxy_connect_backend disabling worker for (172.22.1.51) for 60s
[Mon Feb 15 13:43:42.086092 2016] [proxy_http:error] [pid 3440:tid 12708] [client 152.61.192.232:55920] AH01114: HTTP: failed to make connection to backend: 172.22.1.51
[Mon Feb 15 13:43:42.320092 2016] [proxy:error] [pid 3440:tid 12708] AH00940: HTTP: disabled connection for (172.22.1.51)
[Mon Feb 15 13:43:42.554093 2016] [proxy:error] [pid 3440:tid 12576] AH00940: HTTP: disabled connection for (172.22.1.51)
[Mon Feb 15 13:52:46.589448 2016] [proxy:error] [pid 3440:tid 15008] (OS 10060)A connection attempt failed because the connected party did not properly respond after a period of time, or established connection failed because connected host has failed to respond.  : AH00957: HTTP: attempt to connect to 172.22.1.51:8399 (172.22.1.51) failed
[Mon Feb 15 13:52:46.589448 2016] [proxy:error] [pid 3440:tid 15008] AH00959: ap_proxy_connect_backend disabling worker for (172.22.1.51) for 60s
[Mon Feb 15 13:52:46.589448 2016] [proxy_http:error] [pid 3440:tid 15008] [client 152.61.193.99:1642] AH01114: HTTP: failed to make connection to backend: 172.22.1.51
[Mon Feb 15 13:52:46.823449 2016] [proxy:error] [pid 3440:tid 15008] AH00940: HTTP: disabled connection for (172.22.1.51)
[Mon Feb 15 13:52:47.088649 2016] [proxy:error] [pid 3440:tid 15008] AH00940: HTTP: disabled connection for (172.22.1.51)
[Mon Feb 15 13:52:47.322650 2016] [proxy:error] [pid 3440:tid 15008] AH00940: HTTP: disabled connection for (172.22.1.51)
[Mon Feb 15 13:52:47.587850 2016] [proxy:error] [pid 3440:tid 15008] AH00940: HTTP: disabled connection for (172.22.1.51)
[Mon Feb 15 14:14:06.540496 2016] [proxy:error] [pid 3440:tid 10448] (OS 10060)A connection attempt failed because the connected party did not properly respond after a period of time, or established connection failed because connected host has failed to respond.  : AH00957: HTTP: attempt to connect to 172.22.1.51:8399 (172.22.1.51) failed
[Mon Feb 15 14:14:06.540496 2016] [proxy:error] [pid 3440:tid 10448] AH00959: ap_proxy_connect_backend disabling worker for (172.22.1.51) for 60s
[Mon Feb 15 14:14:06.540496 2016] [proxy_http:error] [pid 3440:tid 10448] [client 152.61.192.232:1360] AH01114: HTTP: failed to make connection to backend: 172.22.1.51
[Mon Feb 15 14:14:06.758897 2016] [proxy:error] [pid 3440:tid 10448] AH00940: HTTP: disabled connection for (172.22.1.51)
[Mon Feb 15 14:15:17.848222 2016] [proxy_http:error] [pid 3440:tid 11396] (OS 10053)An established connection was aborted by the software in your host machine.  : [client 201.245.192.253:12252] AH01102: error reading status line from remote server 172.22.1.31:80
[Mon Feb 15 14:15:17.848222 2016] [proxy:error] [pid 3440:tid 11396] [client 201.245.192.253:12252] AH00898: Error reading from remote server returned by /isolucionsda/
[Mon Feb 15 14:16:02.323900 2016] [proxy_http:error] [pid 3440:tid 10536] (OS 10053)An established connection was aborted by the software in your host machine.  : [client 201.245.192.253:13259] AH01102: error reading status line from remote server 172.22.1.31:80, referer: http://190.27.245.106/isolucionsda/FrameSetGeneral.asp?Pagina1=FrameSetGeneral.asp&
[Mon Feb 15 14:16:02.323900 2016] [proxy:error] [pid 3440:tid 10536] [client 201.245.192.253:13259] AH00898: Error reading from remote server returned by /isolucionsda/MagazinHome.asp, referer: http://190.27.245.106/isolucionsda/FrameSetGeneral.asp?Pagina1=FrameSetGeneral.asp&
[Mon Feb 15 14:16:04.102303 2016] [proxy_http:error] [pid 3440:tid 15760] (OS 10053)An established connection was aborted by the software in your host machine.  : [client 201.245.192.253:13258] AH01102: error reading status line from remote server 172.22.1.31:80, referer: http://190.27.245.106/isolucionsda/FrameSetGeneral.asp?Pagina=Menu.asp&IdModulo=4
[Mon Feb 15 14:16:05.896306 2016] [proxy_http:error] [pid 3440:tid 15236] (OS 10053)An established connection was aborted by the software in your host machine.  : [client 201.245.192.253:13323] AH01102: error reading status line from remote server 172.22.1.31:80, referer: http://190.27.245.106/isolucionsda/FrameSetGeneral.asp?Pagina=Menu.asp&IdModulo=4
[Mon Feb 15 14:16:05.896306 2016] [proxy:error] [pid 3440:tid 15236] [client 201.245.192.253:13323] AH00898: Error reading from remote server returned by /isolucionsda/BarraFavoritos.asp, referer: http://190.27.245.106/isolucionsda/FrameSetGeneral.asp?Pagina=Menu.asp&IdModulo=4
[Mon Feb 15 14:20:49.816805 2016] [proxy_http:error] [pid 3440:tid 10520] (OS 10053)An established connection was aborted by the software in your host machine.  : [client 201.245.192.253:29595] AH01102: error reading status line from remote server 172.22.1.31:80, referer: http://190.27.245.106/IsolucionSDA/FrameSetGeneral.asp?Pagina1=FrameSetGeneral.asp&
[Mon Feb 15 14:20:49.816805 2016] [proxy:error] [pid 3440:tid 10520] [client 201.245.192.253:29595] AH00898: Error reading from remote server returned by /IsolucionSDA/BarraFavoritos.asp, referer: http://190.27.245.106/IsolucionSDA/FrameSetGeneral.asp?Pagina1=FrameSetGeneral.asp&
[Mon Feb 15 14:23:29.592285 2016] [proxy_http:error] [pid 3440:tid 15760] (OS 10053)An established connection was aborted by the software in your host machine.  : [client 201.245.192.253:10090] AH01102: error reading status line from remote server 172.22.1.31:80, referer: http://190.27.245.106/isolucionsda/FrameSetGeneral.asp?Pagina1=FrameSetGeneral.asp&
[Mon Feb 15 14:23:29.592285 2016] [proxy:error] [pid 3440:tid 15760] [client 201.245.192.253:10090] AH00898: Error reading from remote server returned by /isolucionsda/BarraFavoritos.asp, referer: http://190.27.245.106/isolucionsda/FrameSetGeneral.asp?Pagina1=FrameSetGeneral.asp&
[Mon Feb 15 15:35:00.457822 2016] [proxy_http:error] [pid 3440:tid 10304] (OS 10053)An established connection was aborted by the software in your host machine.  : [client 186.29.226.155:58360] AH01102: error reading status line from remote server 172.22.1.31:80, referer: http://190.27.245.106/isolucionsda/FrameSetGeneral.asp?Pagina=Menu.asp&IdModulo=4
[Mon Feb 15 15:35:00.457822 2016] [proxy:error] [pid 3440:tid 10304] [client 186.29.226.155:58360] AH00898: Error reading from remote server returned by /isolucionsda/BarraFavoritos.asp, referer: http://190.27.245.106/isolucionsda/FrameSetGeneral.asp?Pagina=Menu.asp&IdModulo=4
[Mon Feb 15 15:35:01.627824 2016] [proxy_http:error] [pid 3440:tid 11932] (OS 10053)An established connection was aborted by the software in your host machine.  : [client 186.29.226.155:58359] AH01102: error reading status line from remote server 172.22.1.31:80, referer: http://190.27.245.106/isolucionsda/FrameSetGeneral.asp?Pagina=ListadoMaestroDocumentos3.asp
[Mon Feb 15 15:35:19.177855 2016] [proxy_http:error] [pid 3440:tid 11960] (OS 10053)An established connection was aborted by the software in your host machine.  : [client 186.29.226.155:58364] AH01102: error reading status line from remote server 172.22.1.31:80, referer: http://190.27.245.106/isolucionsda/FramesetArticulo.asp?Pagina=bancoconocimiento%2FP%2FPerdidayreconstrucciondeexpedientes%5Fv1%5F0%2FPerdidayreconstrucciondeexpedientes%5Fv1%5F0%2Easp&IdArticulo=9036
[Mon Feb 15 15:35:19.177855 2016] [proxy:error] [pid 3440:tid 11960] [client 186.29.226.155:58364] AH00898: Error reading from remote server returned by /isolucionsda/bancoconocimiento/P/Perdidayreconstrucciondeexpedientes_v1_0/Perdidayreconstrucciondeexpedientes_v1_0.asp, referer: http://190.27.245.106/isolucionsda/FramesetArticulo.asp?Pagina=bancoconocimiento%2FP%2FPerdidayreconstrucciondeexpedientes%5Fv1%5F0%2FPerdidayreconstrucciondeexpedientes%5Fv1%5F0%2Easp&IdArticulo=9036
[Mon Feb 15 15:38:01.433740 2016] [proxy_http:error] [pid 3440:tid 10608] (OS 10053)An established connection was aborted by the software in your host machine.  : [client 201.245.192.253:12383] AH01102: error reading status line from remote server 172.22.1.31:80, referer: http://190.27.245.106/isolucionsda/Encabezado.asp?Pagina1=FrameSetGeneral.asp&&Pagina=MagazinHome.asp
[Mon Feb 15 15:38:01.433740 2016] [proxy:error] [pid 3440:tid 10608] [client 201.245.192.253:12383] AH00898: Error reading from remote server returned by /isolucionsda/g/Bot_Home.jpg, referer: http://190.27.245.106/isolucionsda/Encabezado.asp?Pagina1=FrameSetGeneral.asp&&Pagina=MagazinHome.asp
[Mon Feb 15 15:39:38.341110 2016] [proxy_http:error] [pid 3440:tid 11436] (OS 10053)An established connection was aborted by the software in your host machine.  : [client 201.245.192.253:14396] AH01102: error reading status line from remote server 172.22.1.31:80, referer: http://190.27.245.106/isolucionsda/FrameSetGeneral.asp?Pagina=SucursalSeleccion.asp&CargaPagina=ModuloProcesos&IdModulo=3
[Mon Feb 15 15:53:36.000181 2016] [cgi:error] [pid 3440:tid 10784] [client 115.230.124.164:1569] script not found or unable to stat: E:/nuevo/cgi-bin/common
[Mon Feb 15 16:02:39.193135 2016] [cgi:error] [pid 3440:tid 12012] (OS 10054)An existing connection was forcibly closed by the remote host.  : [client 192.168.172.57:63105] AH01225: Error reading request entity data, referer: http://172.22.2.2/BLA/boletinlegal/admin/actos/ingresar.php
[Mon Feb 15 16:18:23.525194 2016] [core:error] [pid 3440:tid 11708] (20024)The given path is misformatted or contained invalid characters: [client 107.167.113.134:52002] AH00127: Cannot map GET /galeria/carrusel/Carrusel/jquery-ui-%0A%0A1.8.13.custom.min.js HTTP/1.1 to file, referer: http://www.ambientebogota.gov.co/
[Mon Feb 15 16:21:48.634354 2016] [proxy_http:error] [pid 3440:tid 15008] (OS 10053)An established connection was aborted by the software in your host machine.  : [client 201.245.192.253:13598] AH01102: error reading status line from remote server 172.22.1.31:80, referer: http://190.27.245.106/isolucionsda/FrameSetGeneral.asp?Pagina1=FrameSetGeneral.asp&
[Mon Feb 15 16:21:48.634354 2016] [proxy:error] [pid 3440:tid 15008] [client 201.245.192.253:13598] AH00898: Error reading from remote server returned by /isolucionsda/Encabezado.asp, referer: http://190.27.245.106/isolucionsda/FrameSetGeneral.asp?Pagina1=FrameSetGeneral.asp&
[Mon Feb 15 16:22:01.317176 2016] [proxy_http:error] [pid 3440:tid 15760] (OS 10053)An established connection was aborted by the software in your host machine.  : [client 201.245.192.253:13597] AH01102: error reading status line from remote server 172.22.1.31:80, referer: http://190.27.245.106/isolucionsda/DetalleTareas.aspx?Number=66665565685751554555
[Mon Feb 15 16:38:43.509737 2016] [mpm_winnt:warn] [pid 3440:tid 16600] (OS 64)The specified network name is no longer available.  : AH00341: winnt_accept: Asynchronous AcceptEx failed.
[Mon Feb 15 17:05:46.536587 2016] [proxy_http:error] [pid 3440:tid 12068] (OS 10053)An established connection was aborted by the software in your host machine.  : [client 201.245.192.253:19847] AH01102: error reading status line from remote server 172.22.1.31:80, referer: http://190.27.245.106/isolucionsda/FrameSetGeneral.asp?Pagina1=FrameSetGeneral.asp&
[Mon Feb 15 17:05:46.536587 2016] [proxy:error] [pid 3440:tid 12068] [client 201.245.192.253:19847] AH00898: Error reading from remote server returned by /isolucionsda/BarraTitulos.asp, referer: http://190.27.245.106/isolucionsda/FrameSetGeneral.asp?Pagina1=FrameSetGeneral.asp&
[Mon Feb 15 17:28:28.465779 2016] [proxy_http:error] [pid 3440:tid 10424] (OS 10053)An established connection was aborted by the software in your host machine.  : [client 201.245.192.253:22139] AH01102: error reading status line from remote server 172.22.1.31:80, referer: http://190.27.245.106/isolucionsda/FrameSetGeneral.asp?Pagina=MagazinHome.asp
[Mon Feb 15 17:28:28.465779 2016] [proxy:error] [pid 3440:tid 10424] [client 201.245.192.253:22139] AH00898: Error reading from remote server returned by /isolucionsda/MagazinHome.asp, referer: http://190.27.245.106/isolucionsda/FrameSetGeneral.asp?Pagina=MagazinHome.asp
[Mon Feb 15 17:51:24.263396 2016] [proxy_http:error] [pid 3440:tid 10640] (OS 10053)An established connection was aborted by the software in your host machine.  : [client 201.245.192.253:22149] AH01102: error reading status line from remote server 172.22.1.31:80, referer: http://190.27.245.106/isolucionsda/FrameSetGeneral.asp?Pagina=BancoConocimiento/s/SistemadeGestionAmbiental_v0/SistemadeGestionAmbiental_v0.asp?&IdModulo=19
[Mon Feb 15 17:51:38.459421 2016] [proxy_http:error] [pid 3440:tid 12012] (OS 10053)An established connection was aborted by the software in your host machine.  : [client 201.245.192.253:22417] AH01102: error reading status line from remote server 172.22.1.31:80, referer: http://190.27.245.106/isolucionsda/FrameSetGeneral.asp?Pagina=BancoConocimiento/s/SistemadeGestionAmbiental_v0/SistemadeGestionAmbiental_v0.asp?&IdModulo=19
[Mon Feb 15 17:51:38.459421 2016] [proxy:error] [pid 3440:tid 12012] [client 201.245.192.253:22417] AH00898: Error reading from remote server returned by /isolucionsda/BarraTitulos.asp, referer: http://190.27.245.106/isolucionsda/FrameSetGeneral.asp?Pagina=BancoConocimiento/s/SistemadeGestionAmbiental_v0/SistemadeGestionAmbiental_v0.asp?&IdModulo=19
[Mon Feb 15 17:51:38.553021 2016] [proxy_http:error] [pid 3440:tid 12788] (OS 10053)An established connection was aborted by the software in your host machine.  : [client 201.245.192.253:22423] AH01102: error reading status line from remote server 172.22.1.31:80, referer: http://190.27.245.106/isolucionsda/BancoConocimiento/s/SistemadeGestionAmbiental_v0/SistemadeGestionAmbiental_v0.asp??Pagina=BancoConocimiento/s/SistemadeGestionAmbiental_v0/SistemadeGestionAmbiental_v0.asp?&IdModulo=19
[Mon Feb 15 17:51:38.553021 2016] [proxy:error] [pid 3440:tid 12788] [client 201.245.192.253:22423] AH00898: Error reading from remote server returned by /isolucionsda/g/img_bullet.jpg, referer: http://190.27.245.106/isolucionsda/BancoConocimiento/s/SistemadeGestionAmbiental_v0/SistemadeGestionAmbiental_v0.asp??Pagina=BancoConocimiento/s/SistemadeGestionAmbiental_v0/SistemadeGestionAmbiental_v0.asp?&IdModulo=19
[Mon Feb 15 17:51:38.568621 2016] [proxy_http:error] [pid 3440:tid 10512] (OS 10053)An established connection was aborted by the software in your host machine.  : [client 201.245.192.253:22416] AH01102: error reading status line from remote server 172.22.1.31:80, referer: http://190.27.245.106/isolucionsda/BancoConocimiento/s/SistemadeGestionAmbiental_v0/SistemadeGestionAmbiental_v0.asp??Pagina=BancoConocimiento/s/SistemadeGestionAmbiental_v0/SistemadeGestionAmbiental_v0.asp?&IdModulo=19
[Mon Feb 15 17:51:38.584221 2016] [proxy_http:error] [pid 3440:tid 10536] (OS 10053)An established connection was aborted by the software in your host machine.  : [client 201.245.192.253:22422] AH01102: error reading status line from remote server 172.22.1.31:80, referer: http://190.27.245.106/isolucionsda/BancoConocimiento/s/SistemadeGestionAmbiental_v0/SistemadeGestionAmbiental_v0.asp??Pagina=BancoConocimiento/s/SistemadeGestionAmbiental_v0/SistemadeGestionAmbiental_v0.asp?&IdModulo=19
[Mon Feb 15 17:51:38.584221 2016] [proxy:error] [pid 3440:tid 10536] [client 201.245.192.253:22422] AH00898: Error reading from remote server returned by /isolucionsda/g/img_flecha01.jpg, referer: http://190.27.245.106/isolucionsda/BancoConocimiento/s/SistemadeGestionAmbiental_v0/SistemadeGestionAmbiental_v0.asp??Pagina=BancoConocimiento/s/SistemadeGestionAmbiental_v0/SistemadeGestionAmbiental_v0.asp?&IdModulo=19
[Mon Feb 15 17:51:38.584221 2016] [proxy_http:error] [pid 3440:tid 12336] (OS 10053)An established connection was aborted by the software in your host machine.  : [client 201.245.192.253:22420] AH01102: error reading status line from remote server 172.22.1.31:80, referer: http://190.27.245.106/isolucionsda/BancoConocimiento/s/SistemadeGestionAmbiental_v0/SistemadeGestionAmbiental_v0.asp??Pagina=BancoConocimiento/s/SistemadeGestionAmbiental_v0/SistemadeGestionAmbiental_v0.asp?&IdModulo=19
[Mon Feb 15 17:51:38.584221 2016] [proxy:error] [pid 3440:tid 12336] [client 201.245.192.253:22420] AH00898: Error reading from remote server returned by /isolucionsda/g/img_puntader.jpg, referer: http://190.27.245.106/isolucionsda/BancoConocimiento/s/SistemadeGestionAmbiental_v0/SistemadeGestionAmbiental_v0.asp??Pagina=BancoConocimiento/s/SistemadeGestionAmbiental_v0/SistemadeGestionAmbiental_v0.asp?&IdModulo=19
[Mon Feb 15 18:12:43.309642 2016] [mpm_winnt:warn] [pid 3440:tid 16600] (OS 64)The specified network name is no longer available.  : AH00341: winnt_accept: Asynchronous AcceptEx failed.
[Mon Feb 15 18:12:53.137660 2016] [mpm_winnt:warn] [pid 3440:tid 16600] (OS 64)The specified network name is no longer available.  : AH00341: winnt_accept: Asynchronous AcceptEx failed.
[Mon Feb 15 18:31:56.385668 2016] [proxy_http:error] [pid 3440:tid 12204] (OS 10053)An established connection was aborted by the software in your host machine.  : [client 201.245.192.253:11813] AH01102: error reading status line from remote server 172.22.1.31:80, referer: http://190.27.245.106/isolucionsda/FrameSetGeneral.asp?Pagina=Menu.asp&IdModulo=4
[Mon Feb 15 18:31:56.385668 2016] [proxy:error] [pid 3440:tid 12204] [client 201.245.192.253:11813] AH00898: Error reading from remote server returned by /isolucionsda/BarraFavoritos.asp, referer: http://190.27.245.106/isolucionsda/FrameSetGeneral.asp?Pagina=Menu.asp&IdModulo=4
[Mon Feb 15 18:37:57.073901 2016] [access_compat:error] [pid 3440:tid 12336] [client 221.207.236.189:56517] AH01797: client denied by server configuration: E:/nuevo/htdocs/phpMyAdmin
[Mon Feb 15 18:37:57.744702 2016] [access_compat:error] [pid 3440:tid 11876] [client 221.207.236.189:57400] AH01797: client denied by server configuration: E:/nuevo/phpMyAdmin/scripts
[Mon Feb 15 18:38:07.291919 2016] [access_compat:error] [pid 3440:tid 12084] [client 221.207.236.189:3361] AH01797: client denied by server configuration: E:/nuevo/htdocs/xampp/phpmyadmin
[Mon Feb 15 18:38:10.365125 2016] [access_compat:error] [pid 3440:tid 10776] [client 221.207.236.189:6668] AH01797: client denied by server configuration: E:/nuevo/htdocs/phpMyAdmin
[Mon Feb 15 18:38:11.051526 2016] [access_compat:error] [pid 3440:tid 11876] [client 221.207.236.189:7590] AH01797: client denied by server configuration: E:/nuevo/phpMyAdmin/scripts
[Mon Feb 15 18:38:18.399139 2016] [access_compat:error] [pid 3440:tid 12012] [client 221.207.236.189:14562] AH01797: client denied by server configuration: E:/nuevo/htdocs/xampp/phpmyadmin
[Mon Feb 15 18:38:21.253944 2016] [access_compat:error] [pid 3440:tid 12012] [client 221.207.236.189:17376] AH01797: client denied by server configuration: E:/nuevo/htdocs/phpMyAdmin-2
[Mon Feb 15 18:38:27.790355 2016] [access_compat:error] [pid 3440:tid 10776] [client 221.207.236.189:23389] AH01797: client denied by server configuration: E:/nuevo/phpMyAdmin/scripts
[Mon Feb 15 18:38:28.601557 2016] [access_compat:error] [pid 3440:tid 10784] [client 221.207.236.189:23875] AH01797: client denied by server configuration: E:/nuevo/htdocs/phpMyAdmin-2.10.0.0
[Mon Feb 15 18:38:29.303558 2016] [access_compat:error] [pid 3440:tid 10560] [client 221.207.236.189:24632] AH01797: client denied by server configuration: E:/nuevo/htdocs/phpMyAdmin-2.10.0.1
[Mon Feb 15 18:38:30.021159 2016] [access_compat:error] [pid 3440:tid 12012] [client 221.207.236.189:25347] AH01797: client denied by server configuration: E:/nuevo/htdocs/phpMyAdmin-2.10.0.2
[Mon Feb 15 18:38:30.847961 2016] [access_compat:error] [pid 3440:tid 10776] [client 221.207.236.189:26128] AH01797: client denied by server configuration: E:/nuevo/htdocs/phpMyAdmin-2.10.0
[Mon Feb 15 18:38:31.549962 2016] [access_compat:error] [pid 3440:tid 10784] [client 221.207.236.189:26851] AH01797: client denied by server configuration: E:/nuevo/htdocs/phpMyAdmin-2.10.1.0
[Mon Feb 15 18:38:32.329963 2016] [access_compat:error] [pid 3440:tid 10560] [client 221.207.236.189:27263] AH01797: client denied by server configuration: E:/nuevo/htdocs/phpMyAdmin-2.10.2.0
[Mon Feb 15 18:38:33.016364 2016] [access_compat:error] [pid 3440:tid 15008] [client 221.207.236.189:28082] AH01797: client denied by server configuration: E:/nuevo/htdocs/phpMyAdmin-2.11.0.0
[Mon Feb 15 18:38:33.811966 2016] [access_compat:error] [pid 3440:tid 10776] [client 221.207.236.189:28798] AH01797: client denied by server configuration: E:/nuevo/htdocs/phpMyAdmin-2.11.1-all-languages
[Mon Feb 15 18:38:34.498367 2016] [access_compat:error] [pid 3440:tid 10784] [client 221.207.236.189:29249] AH01797: client denied by server configuration: E:/nuevo/htdocs/phpMyAdmin-2.11.1.0
[Mon Feb 15 18:38:35.169168 2016] [access_compat:error] [pid 3440:tid 10560] [client 221.207.236.189:29958] AH01797: client denied by server configuration: E:/nuevo/htdocs/phpMyAdmin-2.11.1.1
[Mon Feb 15 18:38:35.855569 2016] [access_compat:error] [pid 3440:tid 10424] [client 221.207.236.189:30671] AH01797: client denied by server configuration: E:/nuevo/htdocs/phpMyAdmin-2.11.1.2
[Mon Feb 15 18:38:36.541971 2016] [access_compat:error] [pid 3440:tid 10776] [client 221.207.236.189:31373] AH01797: client denied by server configuration: E:/nuevo/htdocs/phpMyAdmin-2.6.1-pl2
[Mon Feb 15 18:38:37.337572 2016] [access_compat:error] [pid 3440:tid 11708] [client 221.207.236.189:31802] AH01797: client denied by server configuration: E:/nuevo/htdocs/phpMyAdmin-2.6.1-pl3
[Mon Feb 15 18:38:38.023973 2016] [access_compat:error] [pid 3440:tid 10560] [client 221.207.236.189:32540] AH01797: client denied by server configuration: E:/nuevo/htdocs/phpMyAdmin-2.6.4-pl3
[Mon Feb 15 18:38:38.819575 2016] [access_compat:error] [pid 3440:tid 10424] [client 221.207.236.189:33304] AH01797: client denied by server configuration: E:/nuevo/htdocs/phpMyAdmin-2.6.4-pl4
[Mon Feb 15 18:38:39.615176 2016] [access_compat:error] [pid 3440:tid 10776] [client 221.207.236.189:33801] AH01797: client denied by server configuration: E:/nuevo/htdocs/phpMyAdmin-2.6.4-rc1
[Mon Feb 15 18:38:40.301577 2016] [access_compat:error] [pid 3440:tid 11708] [client 221.207.236.189:34599] AH01797: client denied by server configuration: E:/nuevo/htdocs/phpMyAdmin-2.6.5
[Mon Feb 15 18:38:41.112779 2016] [access_compat:error] [pid 3440:tid 10560] [client 221.207.236.189:35328] AH01797: client denied by server configuration: E:/nuevo/htdocs/phpMyAdmin-2.6.6
[Mon Feb 15 18:38:41.783580 2016] [access_compat:error] [pid 3440:tid 10424] [client 221.207.236.189:36194] AH01797: client denied by server configuration: E:/nuevo/htdocs/phpMyAdmin-2.6.9
[Mon Feb 15 18:38:42.469981 2016] [access_compat:error] [pid 3440:tid 10776] [client 221.207.236.189:36720] AH01797: client denied by server configuration: E:/nuevo/htdocs/phpMyAdmin-2.7.0-beta1
[Mon Feb 15 18:38:43.281182 2016] [access_compat:error] [pid 3440:tid 11708] [client 221.207.236.189:37527] AH01797: client denied by server configuration: E:/nuevo/htdocs/phpMyAdmin-2.7.0-pl1
[Mon Feb 15 18:38:44.092384 2016] [access_compat:error] [pid 3440:tid 10560] [client 221.207.236.189:38411] AH01797: client denied by server configuration: E:/nuevo/htdocs/phpMyAdmin-2.7.0-pl2
[Mon Feb 15 18:38:44.872385 2016] [access_compat:error] [pid 3440:tid 12084] [client 221.207.236.189:39367] AH01797: client denied by server configuration: E:/nuevo/htdocs/phpMyAdmin-2.7.0-rc1
[Mon Feb 15 18:38:45.574386 2016] [access_compat:error] [pid 3440:tid 10776] [client 221.207.236.189:40254] AH01797: client denied by server configuration: E:/nuevo/htdocs/phpMyAdmin-2.7.5
[Mon Feb 15 18:38:47.383990 2016] [access_compat:error] [pid 3440:tid 10560] [client 221.207.236.189:40801] AH01797: client denied by server configuration: E:/nuevo/htdocs/phpMyAdmin-2.7.6
[Mon Feb 15 18:38:48.179591 2016] [access_compat:error] [pid 3440:tid 10776] [client 221.207.236.189:42754] AH01797: client denied by server configuration: E:/nuevo/htdocs/phpMyAdmin-2.7.7
[Mon Feb 15 18:38:48.897192 2016] [access_compat:error] [pid 3440:tid 12084] [client 221.207.236.189:43681] AH01797: client denied by server configuration: E:/nuevo/htdocs/phpMyAdmin-2.8.2.3
[Mon Feb 15 18:38:49.567993 2016] [access_compat:error] [pid 3440:tid 11708] [client 221.207.236.189:44466] AH01797: client denied by server configuration: E:/nuevo/htdocs/phpMyAdmin-2.8.2
[Mon Feb 15 18:38:50.269995 2016] [access_compat:error] [pid 3440:tid 12336] [client 221.207.236.189:44931] AH01797: client denied by server configuration: E:/nuevo/htdocs/phpMyAdmin-2.8.3
[Mon Feb 15 18:38:50.956396 2016] [access_compat:error] [pid 3440:tid 10776] [client 221.207.236.189:45737] AH01797: client denied by server configuration: E:/nuevo/htdocs/phpMyAdmin-2.8.4
[Mon Feb 15 18:38:54.747203 2016] [access_compat:error] [pid 3440:tid 12320] [client 221.207.236.189:49394] AH01797: client denied by server configuration: E:/nuevo/htdocs/phpMyAdmin-2.8.6
[Mon Feb 15 18:38:55.558404 2016] [access_compat:error] [pid 3440:tid 12304] [client 221.207.236.189:49974] AH01797: client denied by server configuration: E:/nuevo/htdocs/phpMyAdmin-2.8.7
[Mon Feb 15 18:38:56.229205 2016] [access_compat:error] [pid 3440:tid 11436] [client 221.207.236.189:50817] AH01797: client denied by server configuration: E:/nuevo/htdocs/phpMyAdmin-2.8.8
[Mon Feb 15 18:38:56.915606 2016] [access_compat:error] [pid 3440:tid 10784] [client 221.207.236.189:51622] AH01797: client denied by server configuration: E:/nuevo/htdocs/phpMyAdmin-2.8.9
[Mon Feb 15 18:38:57.711208 2016] [access_compat:error] [pid 3440:tid 12320] [client 221.207.236.189:52425] AH01797: client denied by server configuration: E:/nuevo/htdocs/phpMyAdmin-2.9.0-rc1
[Mon Feb 15 18:38:58.522409 2016] [access_compat:error] [pid 3440:tid 12304] [client 221.207.236.189:53046] AH01797: client denied by server configuration: E:/nuevo/htdocs/phpMyAdmin-2.9.0.1
[Mon Feb 15 18:38:59.318011 2016] [access_compat:error] [pid 3440:tid 15760] [client 221.207.236.189:53932] AH01797: client denied by server configuration: E:/nuevo/htdocs/phpMyAdmin-2.9.0.2
[Mon Feb 15 18:39:00.004412 2016] [access_compat:error] [pid 3440:tid 10784] [client 221.207.236.189:54854] AH01797: client denied by server configuration: E:/nuevo/htdocs/phpMyAdmin-2.9.0
[Mon Feb 15 18:39:00.800013 2016] [access_compat:error] [pid 3440:tid 12320] [client 221.207.236.189:55623] AH01797: client denied by server configuration: E:/nuevo/htdocs/phpMyAdmin-2.9.1
[Mon Feb 15 18:39:01.486414 2016] [access_compat:error] [pid 3440:tid 12304] [client 221.207.236.189:56272] AH01797: client denied by server configuration: E:/nuevo/htdocs/phpMyAdmin-2.9.2
[Mon Feb 15 18:39:02.157216 2016] [access_compat:error] [pid 3440:tid 15760] [client 221.207.236.189:57108] AH01797: client denied by server configuration: E:/nuevo/htdocs/phpMyAdmin-2
[Mon Feb 15 18:39:02.968417 2016] [access_compat:error] [pid 3440:tid 10784] [client 221.207.236.189:57980] AH01797: client denied by server configuration: E:/nuevo/htdocs/phpMyAdmin-3.0.0-rc1-english
[Mon Feb 15 18:39:03.779618 2016] [access_compat:error] [pid 3440:tid 10560] [client 221.207.236.189:58927] AH01797: client denied by server configuration: E:/nuevo/htdocs/phpMyAdmin-3.0.0.0-all-languages
[Mon Feb 15 18:39:04.590820 2016] [access_compat:error] [pid 3440:tid 12304] [client 221.207.236.189:59550] AH01797: client denied by server configuration: E:/nuevo/htdocs/phpMyAdmin-3.0.1.0-english
[Mon Feb 15 18:39:05.386421 2016] [access_compat:error] [pid 3440:tid 15760] [client 221.207.236.189:60546] AH01797: client denied by server configuration: E:/nuevo/htdocs/phpMyAdmin-3.0.1.0
[Mon Feb 15 18:39:06.182023 2016] [access_compat:error] [pid 3440:tid 10784] [client 221.207.236.189:61537] AH01797: client denied by server configuration: E:/nuevo/htdocs/phpMyAdmin-3.0.1.1
[Mon Feb 15 18:39:06.977624 2016] [access_compat:error] [pid 3440:tid 10560] [client 221.207.236.189:62502] AH01797: client denied by server configuration: E:/nuevo/htdocs/phpMyAdmin-3.1.0.0-english
[Mon Feb 15 18:39:07.773225 2016] [access_compat:error] [pid 3440:tid 12304] [client 221.207.236.189:63485] AH01797: client denied by server configuration: E:/nuevo/htdocs/phpMyAdmin-3.1.0.0
[Mon Feb 15 18:39:08.568827 2016] [access_compat:error] [pid 3440:tid 10608] [client 221.207.236.189:64219] AH01797: client denied by server configuration: E:/nuevo/htdocs/phpMyAdmin-3.1.1.0-all-languages
[Mon Feb 15 18:39:09.255228 2016] [access_compat:error] [pid 3440:tid 10784] [client 221.207.236.189:1263] AH01797: client denied by server configuration: E:/nuevo/htdocs/phpMyAdmin-3.1.2.0-all-languages
[Mon Feb 15 18:39:09.941629 2016] [access_compat:error] [pid 3440:tid 12012] [client 221.207.236.189:2195] AH01797: client denied by server configuration: E:/nuevo/htdocs/phpMyAdmin-3.1.2.0-english
[Mon Feb 15 18:39:10.612430 2016] [access_compat:error] [pid 3440:tid 12304] [client 221.207.236.189:3056] AH01797: client denied by server configuration: E:/nuevo/htdocs/phpMyAdmin-3.1.2.0
[Mon Feb 15 18:39:11.408032 2016] [access_compat:error] [pid 3440:tid 10608] [client 221.207.236.189:3704] AH01797: client denied by server configuration: E:/nuevo/htdocs/phpMyAdmin-3.4.3.1
[Mon Feb 15 18:39:12.203633 2016] [access_compat:error] [pid 3440:tid 10784] [client 221.207.236.189:4768] AH01797: client denied by server configuration: E:/nuevo/htdocs/phpMyAdmin2
[Mon Feb 15 18:39:12.874434 2016] [access_compat:error] [pid 3440:tid 12012] [client 221.207.236.189:5797] AH01797: client denied by server configuration: E:/nuevo/htdocs/phpMyAdmin3
[Mon Feb 15 19:10:18.403711 2016] [proxy:error] [pid 3440:tid 12004] (OS 10060)A connection attempt failed because the connected party did not properly respond after a period of time, or established connection failed because connected host has failed to respond.  : AH00957: HTTP: attempt to connect to 172.22.1.51:8399 (172.22.1.51) failed
[Mon Feb 15 19:10:18.403711 2016] [proxy:error] [pid 3440:tid 12004] AH00959: ap_proxy_connect_backend disabling worker for (172.22.1.51) for 60s
[Mon Feb 15 19:10:18.403711 2016] [proxy_http:error] [pid 3440:tid 12004] [client 152.61.193.99:61314] AH01114: HTTP: failed to make connection to backend: 172.22.1.51
[Mon Feb 15 19:10:18.622111 2016] [proxy:error] [pid 3440:tid 12004] AH00940: HTTP: disabled connection for (172.22.1.51)
[Mon Feb 15 19:10:18.840512 2016] [proxy:error] [pid 3440:tid 12004] AH00940: HTTP: disabled connection for (172.22.1.51)
[Mon Feb 15 19:10:19.090112 2016] [proxy:error] [pid 3440:tid 12004] AH00940: HTTP: disabled connection for (172.22.1.51)
[Mon Feb 15 19:10:19.308513 2016] [proxy:error] [pid 3440:tid 12004] AH00940: HTTP: disabled connection for (172.22.1.51)
[Mon Feb 15 19:15:53.585900 2016] [proxy:error] [pid 3440:tid 12204] (OS 10060)A connection attempt failed because the connected party did not properly respond after a period of time, or established connection failed because connected host has failed to respond.  : AH00957: HTTP: attempt to connect to 172.22.1.51:8399 (172.22.1.51) failed
[Mon Feb 15 19:15:53.585900 2016] [proxy:error] [pid 3440:tid 12204] AH00959: ap_proxy_connect_backend disabling worker for (172.22.1.51) for 60s
[Mon Feb 15 19:15:53.585900 2016] [proxy_http:error] [pid 3440:tid 12204] [client 152.61.193.99:4765] AH01114: HTTP: failed to make connection to backend: 172.22.1.51
[Mon Feb 15 19:15:53.819900 2016] [proxy:error] [pid 3440:tid 12204] AH00940: HTTP: disabled connection for (172.22.1.51)
[Mon Feb 15 19:15:54.038301 2016] [proxy:error] [pid 3440:tid 12204] AH00940: HTTP: disabled connection for (172.22.1.51)
[Mon Feb 15 19:15:54.272301 2016] [proxy:error] [pid 3440:tid 12204] AH00940: HTTP: disabled connection for (172.22.1.51)
[Mon Feb 15 19:15:54.490701 2016] [proxy:error] [pid 3440:tid 12204] AH00940: HTTP: disabled connection for (172.22.1.51)
[Mon Feb 15 19:15:54.724702 2016] [proxy:error] [pid 3440:tid 12204] AH00940: HTTP: disabled connection for (172.22.1.51)
