!C99Shell v. 1.0 pre-release build #13!

Software: Apache. PHP/5.5.15 

uname -a: Windows NT SVR-DMZ 6.1 build 7600 (Windows Server 2008 R2 Enterprise Edition) i586 

SYSTEM 

Safe-mode: OFF (not secure)

E:\nuevo\apache\logs\   drwxrwxrwx
Free 9.41 GB of 239.26 GB (3.93%)
Detected drives: [ a ] [ c ] [ d ] [ e ] [ f ]
Home    Back    Forward    UPDIR    Refresh    Search    Buffer    Encoder    Tools    Proc.    FTP brute    Sec.    SQL    PHP-code    Update    Feedback    Self remove    Logout    


Viewing file:     error.2016.03.12.log (28.48 KB)      -rw-rw-rw-
Select action/file-type:
(+) | (+) | (+) | Code (+) | Session (+) | (+) | SDB (+) | (+) | (+) | (+) | (+) | (+) |
[Sat Mar 12 00:02:05.687658 2016] [proxy_http:error] [pid 4748:tid 15404] (OS 10053)An established connection was aborted by the software in your host machine.  : [client 186.29.249.238:53077] AH01102: error reading status line from remote server 172.22.1.31:80, referer: http://190.27.245.106/IsolucionSDA/Session.asp?Continue=1
[Sat Mar 12 00:02:05.687658 2016] [proxy:error] [pid 4748:tid 15404] [client 186.29.249.238:53077] AH00898: Error reading from remote server returned by /IsolucionSDA/Session.asp, referer: http://190.27.245.106/IsolucionSDA/Session.asp?Continue=1
[Sat Mar 12 01:12:54.699321 2016] [proxy:error] [pid 4748:tid 15700] (OS 10060)A connection attempt failed because the connected party did not properly respond after a period of time, or established connection failed because connected host has failed to respond.  : AH00957: HTTP: attempt to connect to 172.22.1.51:8399 (172.22.1.51) failed
[Sat Mar 12 01:12:54.699321 2016] [proxy:error] [pid 4748:tid 15700] AH00959: ap_proxy_connect_backend disabling worker for (172.22.1.51) for 60s
[Sat Mar 12 01:12:54.699321 2016] [proxy_http:error] [pid 4748:tid 15700] [client 152.61.192.232:4442] AH01114: HTTP: failed to make connection to backend: 172.22.1.51
[Sat Mar 12 01:12:54.917721 2016] [proxy:error] [pid 4748:tid 15700] AH00940: HTTP: disabled connection for (172.22.1.51)
[Sat Mar 12 01:12:55.151722 2016] [proxy:error] [pid 4748:tid 15700] AH00940: HTTP: disabled connection for (172.22.1.51)
[Sat Mar 12 01:44:29.198849 2016] [proxy:error] [pid 4748:tid 15396] (OS 10060)A connection attempt failed because the connected party did not properly respond after a period of time, or established connection failed because connected host has failed to respond.  : AH00957: HTTP: attempt to connect to 172.22.1.51:8399 (172.22.1.51) failed
[Sat Mar 12 01:44:29.198849 2016] [proxy:error] [pid 4748:tid 15396] AH00959: ap_proxy_connect_backend disabling worker for (172.22.1.51) for 60s
[Sat Mar 12 01:44:29.198849 2016] [proxy_http:error] [pid 4748:tid 15396] [client 152.61.192.232:65471] AH01114: HTTP: failed to make connection to backend: 172.22.1.51
[Sat Mar 12 01:44:29.417249 2016] [proxy:error] [pid 4748:tid 15396] AH00940: HTTP: disabled connection for (172.22.1.51)
[Sat Mar 12 03:54:23.130538 2016] [mpm_winnt:warn] [pid 4748:tid 16088] (OS 64)The specified network name is no longer available.  : AH00341: winnt_accept: Asynchronous AcceptEx failed.
[Sat Mar 12 06:07:06.306925 2016] [access_compat:error] [pid 4748:tid 15160] [client 80.75.155.251:59366] AH01797: client denied by server configuration: E:/nuevo/htdocs/phpMyAdmin-2
[Sat Mar 12 06:07:06.478525 2016] [access_compat:error] [pid 4748:tid 15160] [client 80.75.155.251:59366] AH01797: client denied by server configuration: E:/nuevo/htdocs/phpMyAdmin-3
[Sat Mar 12 06:07:06.634525 2016] [access_compat:error] [pid 4748:tid 15160] [client 80.75.155.251:59366] AH01797: client denied by server configuration: E:/nuevo/htdocs/phpMyAdmin-4
[Sat Mar 12 06:07:06.806126 2016] [access_compat:error] [pid 4748:tid 15160] [client 80.75.155.251:59366] AH01797: client denied by server configuration: E:/nuevo/htdocs/phpMyAdmin
[Sat Mar 12 06:07:06.962126 2016] [access_compat:error] [pid 4748:tid 15160] [client 80.75.155.251:59366] AH01797: client denied by server configuration: E:/nuevo/htdocs/phpMyAdmin2
[Sat Mar 12 06:07:07.133726 2016] [access_compat:error] [pid 4748:tid 15160] [client 80.75.155.251:59366] AH01797: client denied by server configuration: E:/nuevo/htdocs/phpMyAdmin3
[Sat Mar 12 06:07:07.289726 2016] [access_compat:error] [pid 4748:tid 15160] [client 80.75.155.251:59366] AH01797: client denied by server configuration: E:/nuevo/htdocs/phpMyAdmin4
[Sat Mar 12 06:07:07.445727 2016] [access_compat:error] [pid 4748:tid 15160] [client 80.75.155.251:59366] AH01797: client denied by server configuration: E:/nuevo/htdocs/phpMyadmin
[Sat Mar 12 06:07:08.085328 2016] [access_compat:error] [pid 4748:tid 15160] [client 80.75.155.251:59366] AH01797: client denied by server configuration: E:/nuevo/htdocs/phpmyAdmin
[Sat Mar 12 06:07:08.272528 2016] [access_compat:error] [pid 4748:tid 15160] [client 80.75.155.251:59366] AH01797: client denied by server configuration: E:/nuevo/phpMyAdmin/
[Sat Mar 12 06:07:08.444128 2016] [access_compat:error] [pid 4748:tid 15160] [client 80.75.155.251:59366] AH01797: client denied by server configuration: E:/nuevo/htdocs/phpmyadmin1
[Sat Mar 12 06:07:08.600129 2016] [access_compat:error] [pid 4748:tid 15160] [client 80.75.155.251:59366] AH01797: client denied by server configuration: E:/nuevo/htdocs/phpmyadmin2
[Sat Mar 12 06:07:08.756129 2016] [access_compat:error] [pid 4748:tid 15160] [client 80.75.155.251:59366] AH01797: client denied by server configuration: E:/nuevo/htdocs/phpmyadmin3
[Sat Mar 12 06:07:08.912129 2016] [access_compat:error] [pid 4748:tid 15160] [client 80.75.155.251:59366] AH01797: client denied by server configuration: E:/nuevo/htdocs/phpmyadmin4
[Sat Mar 12 07:04:21.589958 2016] [proxy:error] [pid 4748:tid 15064] (OS 10060)A connection attempt failed because the connected party did not properly respond after a period of time, or established connection failed because connected host has failed to respond.  : AH00957: HTTP: attempt to connect to 172.22.1.51:8399 (172.22.1.51) failed
[Sat Mar 12 07:04:21.589958 2016] [proxy:error] [pid 4748:tid 15064] AH00959: ap_proxy_connect_backend disabling worker for (172.22.1.51) for 60s
[Sat Mar 12 07:04:21.589958 2016] [proxy_http:error] [pid 4748:tid 15064] [client 152.61.192.232:8025] AH01114: HTTP: failed to make connection to backend: 172.22.1.51
[Sat Mar 12 07:04:21.808359 2016] [proxy:error] [pid 4748:tid 15064] AH00940: HTTP: disabled connection for (172.22.1.51)
[Sat Mar 12 07:04:22.026759 2016] [proxy:error] [pid 4748:tid 15064] AH00940: HTTP: disabled connection for (172.22.1.51)
[Sat Mar 12 07:15:29.957532 2016] [core:error] [pid 4748:tid 15756] (20024)The given path is misformatted or contained invalid characters: [client 168.61.155.254:37172] AH00127: Cannot map GET /galeria/carrusel/Carrusel/jquery-ui-%0A%0A1.8.13.custom.min.js HTTP/1.1 to file
[Sat Mar 12 07:34:54.266577 2016] [proxy:error] [pid 4748:tid 15304] (OS 10060)A connection attempt failed because the connected party did not properly respond after a period of time, or established connection failed because connected host has failed to respond.  : AH00957: HTTP: attempt to connect to 172.22.1.51:8399 (172.22.1.51) failed
[Sat Mar 12 07:34:54.266577 2016] [proxy:error] [pid 4748:tid 15304] AH00959: ap_proxy_connect_backend disabling worker for (172.22.1.51) for 60s
[Sat Mar 12 07:34:54.266577 2016] [proxy_http:error] [pid 4748:tid 15304] [client 152.61.192.232:2905] AH01114: HTTP: failed to make connection to backend: 172.22.1.51
[Sat Mar 12 07:34:54.500578 2016] [proxy:error] [pid 4748:tid 15304] AH00940: HTTP: disabled connection for (172.22.1.51)
[Sat Mar 12 10:25:01.632706 2016] [proxy_http:error] [pid 4748:tid 15924] (OS 10054)An existing connection was forcibly closed by the remote host.  : [client 186.119.196.164:57414] AH01110: error reading response, referer: http://190.27.245.106/isolucionsda/MagazinHome.asp
[Sat Mar 12 10:32:30.866695 2016] [proxy_http:error] [pid 4748:tid 14936] (OS 10053)An established connection was aborted by the software in your host machine.  : [client 186.119.196.164:57741] AH01102: error reading status line from remote server 172.22.1.31:80, referer: http://190.27.245.106/IsolucionSDA/Arriba.asp?Pagina=/IsolucionSDA/bancoconocimiento/D/DECRETO2041DE2014/DECRETO2041DE2014.asp?IdArticulo=8050
[Sat Mar 12 10:32:30.866695 2016] [proxy:error] [pid 4748:tid 14936] [client 186.119.196.164:57741] AH00898: Error reading from remote server returned by /IsolucionSDA/g/icono_alerta.jpg, referer: http://190.27.245.106/IsolucionSDA/Arriba.asp?Pagina=/IsolucionSDA/bancoconocimiento/D/DECRETO2041DE2014/DECRETO2041DE2014.asp?IdArticulo=8050
[Sat Mar 12 10:32:32.785498 2016] [proxy_http:error] [pid 4748:tid 15120] (OS 10053)An established connection was aborted by the software in your host machine.  : [client 186.119.196.164:57739] AH01102: error reading status line from remote server 172.22.1.31:80, referer: http://190.27.245.106/IsolucionSDA/FrameSetArticulo.asp?Pagina=/IsolucionSDA/bancoconocimiento/D/DECRETO2041DE2014/DECRETO2041DE2014.asp?IdArticulo=8050
[Sat Mar 12 10:51:04.989452 2016] [proxy:error] [pid 4748:tid 14832] (OS 10060)A connection attempt failed because the connected party did not properly respond after a period of time, or established connection failed because connected host has failed to respond.  : AH00957: HTTP: attempt to connect to 172.22.1.51:8399 (172.22.1.51) failed
[Sat Mar 12 10:51:04.989452 2016] [proxy:error] [pid 4748:tid 14832] AH00959: ap_proxy_connect_backend disabling worker for (172.22.1.51) for 60s
[Sat Mar 12 10:51:04.989452 2016] [proxy_http:error] [pid 4748:tid 14832] [client 200.69.103.254:9567] AH01114: HTTP: failed to make connection to backend: 172.22.1.51, referer: http://www.ideca.gov.co/es/servicios/directorio-de-servicios
[Sat Mar 12 10:55:18.099896 2016] [proxy:error] [pid 4748:tid 15716] (OS 10060)A connection attempt failed because the connected party did not properly respond after a period of time, or established connection failed because connected host has failed to respond.  : AH00957: HTTP: attempt to connect to 172.22.1.51:8399 (172.22.1.51) failed
[Sat Mar 12 10:55:18.099896 2016] [proxy:error] [pid 4748:tid 15716] AH00959: ap_proxy_connect_backend disabling worker for (172.22.1.51) for 60s
[Sat Mar 12 10:55:18.099896 2016] [proxy_http:error] [pid 4748:tid 15716] [client 200.69.103.254:37205] AH01114: HTTP: failed to make connection to backend: 172.22.1.51
[Sat Mar 12 10:56:39.438439 2016] [proxy:error] [pid 4748:tid 15756] (OS 10060)A connection attempt failed because the connected party did not properly respond after a period of time, or established connection failed because connected host has failed to respond.  : AH00957: HTTP: attempt to connect to 172.22.1.51:8399 (172.22.1.51) failed
[Sat Mar 12 10:56:39.438439 2016] [proxy:error] [pid 4748:tid 15756] AH00959: ap_proxy_connect_backend disabling worker for (172.22.1.51) for 60s
[Sat Mar 12 10:56:39.438439 2016] [proxy_http:error] [pid 4748:tid 15756] [client 200.69.103.254:22191] AH01114: HTTP: failed to make connection to backend: 172.22.1.51
[Sat Mar 12 11:04:00.934815 2016] [proxy_http:error] [pid 4748:tid 15564] (OS 10053)An established connection was aborted by the software in your host machine.  : [client 186.119.196.164:58132] AH01102: error reading status line from remote server 172.22.1.31:80, referer: http://190.27.245.106/IsolucionSDA/FrameSetArticulo.asp?Pagina=/IsolucionSDA/BancoConocimiento/L/Ley140dejunio23de1994/Ley140dejunio23de1994.asp?IdArticulo=268
[Sat Mar 12 11:04:00.934815 2016] [proxy:error] [pid 4748:tid 15564] [client 186.119.196.164:58132] AH00898: Error reading from remote server returned by /IsolucionSDA/BancoConocimiento/L/Ley140dejunio23de1994/Ley140dejunio23de1994.asp, referer: http://190.27.245.106/IsolucionSDA/FrameSetArticulo.asp?Pagina=/IsolucionSDA/BancoConocimiento/L/Ley140dejunio23de1994/Ley140dejunio23de1994.asp?IdArticulo=268
[Sat Mar 12 11:11:43.928028 2016] [proxy:error] [pid 4748:tid 15716] (OS 10060)A connection attempt failed because the connected party did not properly respond after a period of time, or established connection failed because connected host has failed to respond.  : AH00957: HTTP: attempt to connect to 172.22.1.51:8399 (172.22.1.51) failed
[Sat Mar 12 11:11:43.928028 2016] [proxy:error] [pid 4748:tid 15716] AH00959: ap_proxy_connect_backend disabling worker for (172.22.1.51) for 60s
[Sat Mar 12 11:11:43.928028 2016] [proxy_http:error] [pid 4748:tid 15716] [client 200.69.103.254:65010] AH01114: HTTP: failed to make connection to backend: 172.22.1.51
[Sat Mar 12 11:13:33.081420 2016] [proxy:error] [pid 4748:tid 15304] (OS 10060)A connection attempt failed because the connected party did not properly respond after a period of time, or established connection failed because connected host has failed to respond.  : AH00957: HTTP: attempt to connect to 172.22.1.51:8399 (172.22.1.51) failed
[Sat Mar 12 11:13:33.081420 2016] [proxy:error] [pid 4748:tid 15304] AH00959: ap_proxy_connect_backend disabling worker for (172.22.1.51) for 60s
[Sat Mar 12 11:13:33.081420 2016] [proxy_http:error] [pid 4748:tid 15304] [client 200.69.103.254:54893] AH01114: HTTP: failed to make connection to backend: 172.22.1.51
[Sat Mar 12 11:43:53.231217 2016] [proxy_http:error] [pid 4748:tid 14832] (OS 10053)An established connection was aborted by the software in your host machine.  : [client 186.119.196.164:58989] AH01102: error reading status line from remote server 172.22.1.31:80, referer: http://190.27.245.106/IsolucionSDA/FrameSetGeneral.asp?Pagina1=FrameSetGeneral.asp&
[Sat Mar 12 11:43:53.231217 2016] [proxy:error] [pid 4748:tid 14832] [client 186.119.196.164:58989] AH00898: Error reading from remote server returned by /IsolucionSDA/MagazinHome.asp, referer: http://190.27.245.106/IsolucionSDA/FrameSetGeneral.asp?Pagina1=FrameSetGeneral.asp&
[Sat Mar 12 13:14:36.331377 2016] [mpm_winnt:warn] [pid 4748:tid 16088] (OS 64)The specified network name is no longer available.  : AH00341: winnt_accept: Asynchronous AcceptEx failed.
[Sat Mar 12 14:17:14.612978 2016] [proxy:error] [pid 4748:tid 15096] (OS 10060)A connection attempt failed because the connected party did not properly respond after a period of time, or established connection failed because connected host has failed to respond.  : AH00957: HTTP: attempt to connect to 172.22.1.51:8399 (172.22.1.51) failed
[Sat Mar 12 14:17:14.612978 2016] [proxy:error] [pid 4748:tid 15096] AH00959: ap_proxy_connect_backend disabling worker for (172.22.1.51) for 60s
[Sat Mar 12 14:17:14.612978 2016] [proxy_http:error] [pid 4748:tid 15096] [client 152.61.192.232:63911] AH01114: HTTP: failed to make connection to backend: 172.22.1.51
[Sat Mar 12 14:17:14.831378 2016] [proxy:error] [pid 4748:tid 15096] AH00940: HTTP: disabled connection for (172.22.1.51)
[Sat Mar 12 14:49:07.520538 2016] [proxy:error] [pid 4748:tid 15460] (OS 10060)A connection attempt failed because the connected party did not properly respond after a period of time, or established connection failed because connected host has failed to respond.  : AH00957: HTTP: attempt to connect to 172.22.1.51:8399 (172.22.1.51) failed
[Sat Mar 12 14:49:07.520538 2016] [proxy:error] [pid 4748:tid 15460] AH00959: ap_proxy_connect_backend disabling worker for (172.22.1.51) for 60s
[Sat Mar 12 14:49:07.520538 2016] [proxy_http:error] [pid 4748:tid 15460] [client 152.61.192.232:51492] AH01114: HTTP: failed to make connection to backend: 172.22.1.51
[Sat Mar 12 14:49:07.754538 2016] [proxy:error] [pid 4748:tid 15460] AH00940: HTTP: disabled connection for (172.22.1.51)
[Sat Mar 12 14:49:07.988539 2016] [proxy:error] [pid 4748:tid 15460] AH00940: HTTP: disabled connection for (172.22.1.51)
[Sat Mar 12 16:41:33.005586 2016] [proxy:error] [pid 4748:tid 15120] (OS 10060)A connection attempt failed because the connected party did not properly respond after a period of time, or established connection failed because connected host has failed to respond.  : AH00957: HTTP: attempt to connect to 172.22.1.51:8399 (172.22.1.51) failed
[Sat Mar 12 16:41:33.005586 2016] [proxy:error] [pid 4748:tid 15120] AH00959: ap_proxy_connect_backend disabling worker for (172.22.1.51) for 60s
[Sat Mar 12 16:41:33.005586 2016] [proxy_http:error] [pid 4748:tid 15120] [client 152.61.193.99:9521] AH01114: HTTP: failed to make connection to backend: 172.22.1.51
[Sat Mar 12 16:41:33.239586 2016] [proxy:error] [pid 4748:tid 15120] AH00940: HTTP: disabled connection for (172.22.1.51)
[Sat Mar 12 16:41:33.473587 2016] [proxy:error] [pid 4748:tid 15120] AH00940: HTTP: disabled connection for (172.22.1.51)
[Sat Mar 12 16:41:33.723187 2016] [proxy:error] [pid 4748:tid 15120] AH00940: HTTP: disabled connection for (172.22.1.51)
[Sat Mar 12 16:41:33.957188 2016] [proxy:error] [pid 4748:tid 15120] AH00940: HTTP: disabled connection for (172.22.1.51)
[Sat Mar 12 16:41:34.175588 2016] [proxy:error] [pid 4748:tid 15120] AH00940: HTTP: disabled connection for (172.22.1.51)
[Sat Mar 12 17:23:36.919419 2016] [proxy:error] [pid 4748:tid 15208] (OS 10060)A connection attempt failed because the connected party did not properly respond after a period of time, or established connection failed because connected host has failed to respond.  : AH00957: HTTP: attempt to connect to 172.22.1.51:8399 (172.22.1.51) failed
[Sat Mar 12 17:23:36.919419 2016] [proxy:error] [pid 4748:tid 15208] AH00959: ap_proxy_connect_backend disabling worker for (172.22.1.51) for 60s
[Sat Mar 12 17:23:36.919419 2016] [proxy_http:error] [pid 4748:tid 15208] [client 152.61.193.99:54281] AH01114: HTTP: failed to make connection to backend: 172.22.1.51
[Sat Mar 12 17:23:37.137819 2016] [proxy:error] [pid 4748:tid 15208] AH00940: HTTP: disabled connection for (172.22.1.51)
[Sat Mar 12 17:23:37.371820 2016] [proxy:error] [pid 4748:tid 15208] AH00940: HTTP: disabled connection for (172.22.1.51)
[Sat Mar 12 17:23:37.637020 2016] [proxy:error] [pid 4748:tid 15208] AH00940: HTTP: disabled connection for (172.22.1.51)
[Sat Mar 12 17:23:37.855421 2016] [proxy:error] [pid 4748:tid 15208] AH00940: HTTP: disabled connection for (172.22.1.51)
[Sat Mar 12 19:01:07.149094 2016] [proxy:error] [pid 4748:tid 15716] (OS 10060)A connection attempt failed because the connected party did not properly respond after a period of time, or established connection failed because connected host has failed to respond.  : AH00957: HTTP: attempt to connect to 172.22.1.51:8399 (172.22.1.51) failed
[Sat Mar 12 19:01:07.149094 2016] [proxy:error] [pid 4748:tid 15716] AH00959: ap_proxy_connect_backend disabling worker for (172.22.1.51) for 60s
[Sat Mar 12 19:01:07.149094 2016] [proxy_http:error] [pid 4748:tid 15716] [client 152.61.192.232:62895] AH01114: HTTP: failed to make connection to backend: 172.22.1.51
[Sat Mar 12 19:01:07.398695 2016] [proxy:error] [pid 4748:tid 15396] AH00940: HTTP: disabled connection for (172.22.1.51)
[Sat Mar 12 19:01:07.632695 2016] [proxy:error] [pid 4748:tid 15396] AH00940: HTTP: disabled connection for (172.22.1.51)
[Sat Mar 12 19:06:34.968070 2016] [mpm_winnt:warn] [pid 4748:tid 16088] (OS 64)The specified network name is no longer available.  : AH00341: winnt_accept: Asynchronous AcceptEx failed.
[Sat Mar 12 19:15:26.180203 2016] [proxy_http:error] [pid 4748:tid 15596] (OS 10053)An established connection was aborted by the software in your host machine.  : [client 186.113.128.29:49371] AH01102: error reading status line from remote server 172.22.1.31:80, referer: http://190.27.245.106/isolucionsda/Encabezado.asp?Pagina1=FrameSetGeneral.asp&&Pagina=MagazinHome.asp
[Sat Mar 12 19:31:14.896870 2016] [proxy:error] [pid 4748:tid 15924] (OS 10060)A connection attempt failed because the connected party did not properly respond after a period of time, or established connection failed because connected host has failed to respond.  : AH00957: HTTP: attempt to connect to 172.22.1.51:8399 (172.22.1.51) failed
[Sat Mar 12 19:31:14.896870 2016] [proxy:error] [pid 4748:tid 15924] AH00959: ap_proxy_connect_backend disabling worker for (172.22.1.51) for 60s
[Sat Mar 12 19:31:14.896870 2016] [proxy_http:error] [pid 4748:tid 15924] [client 152.61.192.232:11706] AH01114: HTTP: failed to make connection to backend: 172.22.1.51
[Sat Mar 12 19:31:15.115270 2016] [proxy:error] [pid 4748:tid 15924] AH00940: HTTP: disabled connection for (172.22.1.51)
[Sat Mar 12 19:48:51.486725 2016] [mpm_winnt:warn] [pid 4748:tid 16088] (OS 64)The specified network name is no longer available.  : AH00341: winnt_accept: Asynchronous AcceptEx failed.
[Sat Mar 12 20:37:02.843604 2016] [proxy_http:error] [pid 4748:tid 14936] (OS 10053)An established connection was aborted by the software in your host machine.  : [client 186.113.128.29:49551] AH01102: error reading status line from remote server 172.22.1.31:80, referer: http://190.27.245.106/IsolucionSDA/FrameSetGeneral.asp?Pagina1=FrameSetGeneral.asp&
[Sat Mar 12 20:47:16.720282 2016] [access_compat:error] [pid 4748:tid 15756] [client 110.164.169.23:51059] AH01797: client denied by server configuration: E:/nuevo/htdocs/phpMyAdmin
[Sat Mar 12 20:53:11.106104 2016] [proxy_http:error] [pid 4748:tid 14856] (OS 10053)An established connection was aborted by the software in your host machine.  : [client 186.113.128.29:49830] AH01102: error reading status line from remote server 172.22.1.31:80
[Sat Mar 12 20:53:11.106104 2016] [proxy:error] [pid 4748:tid 14856] [client 186.113.128.29:49830] AH00898: Error reading from remote server returned by /IsolucionSDA/Session.asp
[Sat Mar 12 21:56:07.624138 2016] [proxy_http:error] [pid 4748:tid 15756] (OS 10053)An established connection was aborted by the software in your host machine.  : [client 186.29.249.238:55210] AH01102: error reading status line from remote server 172.22.1.31:80, referer: http://190.27.245.106/IsolucionSDA/FrameSetArticulo.asp?Pagina=/IsolucionSDA/bancoconocimiento/R/RegistrodeEgresodelCRRFS_v3/RegistrodeEgresodelCRRFS_v3.asp?IdArticulo=4328
[Sat Mar 12 21:56:07.624138 2016] [proxy:error] [pid 4748:tid 15756] [client 186.29.249.238:55210] AH00898: Error reading from remote server returned by /IsolucionSDA/bancoconocimiento/R/RegistrodeEgresodelCRRFS_v3/RegistrodeEgresodelCRRFS_v3.asp, referer: http://190.27.245.106/IsolucionSDA/FrameSetArticulo.asp?Pagina=/IsolucionSDA/bancoconocimiento/R/RegistrodeEgresodelCRRFS_v3/RegistrodeEgresodelCRRFS_v3.asp?IdArticulo=4328
[Sat Mar 12 22:11:39.288974 2016] [proxy_http:error] [pid 4748:tid 14808] (OS 10053)An established connection was aborted by the software in your host machine.  : [client 186.29.249.238:55350] AH01102: error reading status line from remote server 172.22.1.31:80, referer: http://190.27.245.106/IsolucionSDA/FrameSetArticulo.asp?Pagina=/IsolucionSDA/bancoconocimiento/A/ActadeEutanasia_v3/ActadeEutanasia_v3.asp?IdArticulo=4331
[Sat Mar 12 22:11:39.288974 2016] [proxy:error] [pid 4748:tid 14808] [client 186.29.249.238:55350] AH00898: Error reading from remote server returned by /IsolucionSDA/bancoconocimiento/A/ActadeEutanasia_v3/ActadeEutanasia_v3.asp, referer: http://190.27.245.106/IsolucionSDA/FrameSetArticulo.asp?Pagina=/IsolucionSDA/bancoconocimiento/A/ActadeEutanasia_v3/ActadeEutanasia_v3.asp?IdArticulo=4331
[Sat Mar 12 22:17:53.221631 2016] [proxy_http:error] [pid 4748:tid 14936] (OS 10053)An established connection was aborted by the software in your host machine.  : [client 186.29.249.238:55398] AH01102: error reading status line from remote server 172.22.1.31:80, referer: http://190.27.245.106/IsolucionSDA/BancoConocimiento/I/IngresoyManejoTecnicodeFaunaSilvestreenelCRRFS_v3/IngresoyManejoTecnicodeFaunaSilvestreenelCRRFS_v3.asp?IdArticulo=4694
[Sat Mar 12 22:17:53.221631 2016] [proxy:error] [pid 4748:tid 14936] [client 186.29.249.238:55398] AH00898: Error reading from remote server returned by /IsolucionSDA/FrameSetArticulo.asp, referer: http://190.27.245.106/IsolucionSDA/BancoConocimiento/I/IngresoyManejoTecnicodeFaunaSilvestreenelCRRFS_v3/IngresoyManejoTecnicodeFaunaSilvestreenelCRRFS_v3.asp?IdArticulo=4694
[Sat Mar 12 22:22:23.071905 2016] [proxy_http:error] [pid 4748:tid 15280] (OS 10053)An established connection was aborted by the software in your host machine.  : [client 186.29.249.238:55449] AH01102: error reading status line from remote server 172.22.1.31:80, referer: http://190.27.245.106/IsolucionSDA/BancoConocimiento/I/IngresoyManejoTecnicodeFaunaSilvestreenelCRRFS_v3/IngresoyManejoTecnicodeFaunaSilvestreenelCRRFS_v3.asp?IdArticulo=4694
[Sat Mar 12 22:22:29.311916 2016] [proxy_http:error] [pid 4748:tid 15580] (OS 10053)An established connection was aborted by the software in your host machine.  : [client 186.29.249.238:55452] AH01102: error reading status line from remote server 172.22.1.31:80, referer: http://190.27.245.106/IsolucionSDA/FrameSetArticulo.asp?Pagina=/IsolucionSDA/bancoconocimiento/R/RegistrodeIngresosyEgresosporZona_v3/RegistrodeIngresosyEgresosporZona_v3.asp?IdArticulo=4333
[Sat Mar 12 22:22:29.311916 2016] [proxy:error] [pid 4748:tid 15580] [client 186.29.249.238:55452] AH00898: Error reading from remote server returned by /IsolucionSDA/bancoconocimiento/R/RegistrodeIngresosyEgresosporZona_v3/RegistrodeIngresosyEgresosporZona_v3.asp, referer: http://190.27.245.106/IsolucionSDA/FrameSetArticulo.asp?Pagina=/IsolucionSDA/bancoconocimiento/R/RegistrodeIngresosyEgresosporZona_v3/RegistrodeIngresosyEgresosporZona_v3.asp?IdArticulo=4333
[Sat Mar 12 23:03:03.945792 2016] [proxy_http:error] [pid 4748:tid 14808] (OS 10053)An established connection was aborted by the software in your host machine.  : [client 186.29.249.238:55720] AH01102: error reading status line from remote server 172.22.1.31:80, referer: http://190.27.245.106/IsolucionSDA/FrameSetArticulo.asp?Pagina=/IsolucionSDA/bancoconocimiento/I/Instructivodediligenciamientodeformatosdebasesdedatos_v4/Instructivodediligenciamientodeformatosdebasesdedatos_v4.asp?IdArticulo=6991
[Sat Mar 12 23:03:03.945792 2016] [proxy:error] [pid 4748:tid 14808] [client 186.29.249.238:55720] AH00898: Error reading from remote server returned by /IsolucionSDA/bancoconocimiento/I/Instructivodediligenciamientodeformatosdebasesdedatos_v4/Instructivodediligenciamientodeformatosdebasesdedatos_v4.asp, referer: http://190.27.245.106/IsolucionSDA/FrameSetArticulo.asp?Pagina=/IsolucionSDA/bancoconocimiento/I/Instructivodediligenciamientodeformatosdebasesdedatos_v4/Instructivodediligenciamientodeformatosdebasesdedatos_v4.asp?IdArticulo=6991
[Sat Mar 12 23:14:16.119773 2016] [proxy_http:error] [pid 4748:tid 14856] (OS 10053)An established connection was aborted by the software in your host machine.  : [client 186.29.249.238:55776] AH01102: error reading status line from remote server 172.22.1.31:80, referer: http://190.27.245.106/IsolucionSDA/BancoConocimiento/C/Controlalamovilizaciondeflorayfaunasilvestreenlasoficinasdeenlace_v4/Controlalamovilizaciondeflorayfaunasilvestreenlasoficinasdeenlace_v4.asp?IdArticulo=7391
[Sat Mar 12 23:14:16.119773 2016] [proxy:error] [pid 4748:tid 14856] [client 186.29.249.238:55776] AH00898: Error reading from remote server returned by /IsolucionSDA/FrameSetArticulo.asp, referer: http://190.27.245.106/IsolucionSDA/BancoConocimiento/C/Controlalamovilizaciondeflorayfaunasilvestreenlasoficinasdeenlace_v4/Controlalamovilizaciondeflorayfaunasilvestreenlasoficinasdeenlace_v4.asp?IdArticulo=7391
[Sat Mar 12 23:22:21.812026 2016] [proxy_http:error] [pid 4748:tid 14936] (OS 10053)An established connection was aborted by the software in your host machine.  : [client 186.29.249.238:55814] AH01102: error reading status line from remote server 172.22.1.31:80, referer: http://190.27.245.106/IsolucionSDA/FrameSetArticulo.asp?Pagina=/IsolucionSDA/bancoconocimiento/F/Formatosdebasesdedatos_v4/Formatosdebasesdedatos_v4.asp?IdArticulo=6988
[Sat Mar 12 23:22:21.812026 2016] [proxy:error] [pid 4748:tid 14936] [client 186.29.249.238:55814] AH00898: Error reading from remote server returned by /IsolucionSDA/bancoconocimiento/F/Formatosdebasesdedatos_v4/Formatosdebasesdedatos_v4.asp, referer: http://190.27.245.106/IsolucionSDA/FrameSetArticulo.asp?Pagina=/IsolucionSDA/bancoconocimiento/F/Formatosdebasesdedatos_v4/Formatosdebasesdedatos_v4.asp?IdArticulo=6988
[Sat Mar 12 23:39:37.419845 2016] [proxy_http:error] [pid 4748:tid 15064] (OS 10053)An established connection was aborted by the software in your host machine.  : [client 186.29.249.238:55884] AH01102: error reading status line from remote server 172.22.1.31:80, referer: http://190.27.245.106/IsolucionSDA/FrameSetArticulo.asp?Pagina=/IsolucionSDA/bancoconocimiento/E/Evaluaciondeconocimientos_v4/Evaluaciondeconocimientos_v4.asp?IdArticulo=6986
[Sat Mar 12 23:39:37.419845 2016] [proxy:error] [pid 4748:tid 15064] [client 186.29.249.238:55884] AH00898: Error reading from remote server returned by /IsolucionSDA/bancoconocimiento/E/Evaluaciondeconocimientos_v4/Evaluaciondeconocimientos_v4.asp, referer: http://190.27.245.106/IsolucionSDA/FrameSetArticulo.asp?Pagina=/IsolucionSDA/bancoconocimiento/E/Evaluaciondeconocimientos_v4/Evaluaciondeconocimientos_v4.asp?IdArticulo=6986
[Sat Mar 12 23:55:33.077523 2016] [proxy_http:error] [pid 4748:tid 15064] (OS 10053)An established connection was aborted by the software in your host machine.  : [client 186.29.249.238:55924] AH01102: error reading status line from remote server 172.22.1.31:80, referer: http://190.27.245.106/IsolucionSDA/Session.asp?Continue=1
[Sat Mar 12 23:55:33.077523 2016] [proxy:error] [pid 4748:tid 15064] [client 186.29.249.238:55924] AH00898: Error reading from remote server returned by /IsolucionSDA/Session.asp, referer: http://190.27.245.106/IsolucionSDA/Session.asp?Continue=1

:: Command execute ::

Enter:
 
Select:
 

:: Search ::
regexp 

:: Upload ::
 
[ ok ]

:: Make Dir ::
 
[ ok ]
:: Make File ::
 
[ ok ]

:: Go Dir ::
 
:: Go File ::
 

--[ c99shell v. 1.0 pre-release build #13 powered by Captain Crunch Security Team | http://ccteam.ru | Generation time: 0.0312 ]--