[Wed Apr 20 11:25:07.302592 2016] [proxy:error] [pid 2136:tid 15664] [client 201.245.192.253:14154] AH00898: Error reading from remote server returned by /isolucionsda/, referer: http://www.ambientebogota.gov.co/web/intranet/aplicaciones-para-acceder-fuera-de-la-sda
[Wed Apr 20 11:25:42.496254 2016] [proxy_http:error] [pid 2136:tid 15432] (OS 10060)A connection attempt failed because the connected party did not properly respond after a period of time, or established connection failed because connected host has failed to respond.  : [client 201.245.192.253:27186] AH01102: error reading status line from remote server 172.22.1.31:80, referer: http://www.ambientebogota.gov.co/web/intranet/aplicaciones-para-acceder-fuera-de-la-sda
[Wed Apr 20 11:25:42.496254 2016] [proxy:error] [pid 2136:tid 15432] [client 201.245.192.253:27186] AH00898: Error reading from remote server returned by /isolucionsda/, referer: http://www.ambientebogota.gov.co/web/intranet/aplicaciones-para-acceder-fuera-de-la-sda
[Wed Apr 20 11:26:20.497921 2016] [proxy_http:error] [pid 2136:tid 16140] (OS 10060)A connection attempt failed because the connected party did not properly respond after a period of time, or established connection failed because connected host has failed to respond.  : [client 201.245.192.253:36135] AH01102: error reading status line from remote server 172.22.1.31:80, referer: http://www.ambientebogota.gov.co/web/intranet/aplicaciones-para-acceder-fuera-de-la-sda
[Wed Apr 20 11:26:20.497921 2016] [proxy:error] [pid 2136:tid 16140] [client 201.245.192.253:36135] AH00898: Error reading from remote server returned by /isolucionsda/, referer: http://www.ambientebogota.gov.co/web/intranet/aplicaciones-para-acceder-fuera-de-la-sda
[Wed Apr 20 11:26:20.497921 2016] [proxy_http:error] [pid 2136:tid 16116] (OS 10060)A connection attempt failed because the connected party did not properly respond after a period of time, or established connection failed because connected host has failed to respond.  : [client 201.245.192.253:36136] AH01102: error reading status line from remote server 172.22.1.31:80, referer: http://www.ambientebogota.gov.co/web/intranet/aplicaciones-para-acceder-fuera-de-la-sda
[Wed Apr 20 11:26:20.497921 2016] [proxy:error] [pid 2136:tid 16116] [client 201.245.192.253:36136] AH00898: Error reading from remote server returned by /isolucionsda/, referer: http://www.ambientebogota.gov.co/web/intranet/aplicaciones-para-acceder-fuera-de-la-sda
[Wed Apr 20 11:26:27.018732 2016] [proxy_http:error] [pid 2136:tid 15324] (OS 10060)A connection attempt failed because the connected party did not properly respond after a period of time, or established connection failed because connected host has failed to respond.  : [client 201.245.192.253:36238] AH01102: error reading status line from remote server 172.22.1.31:80, referer: http://www.ambientebogota.gov.co/web/intranet/aplicaciones-para-acceder-fuera-de-la-sda
[Wed Apr 20 11:26:27.018732 2016] [proxy:error] [pid 2136:tid 15324] [client 201.245.192.253:36238] AH00898: Error reading from remote server returned by /isolucionsda/, referer: http://www.ambientebogota.gov.co/web/intranet/aplicaciones-para-acceder-fuera-de-la-sda
[Wed Apr 20 11:26:30.232338 2016] [proxy_http:error] [pid 2136:tid 15244] (OS 10060)A connection attempt failed because the connected party did not properly respond after a period of time, or established connection failed because connected host has failed to respond.  : [client 201.245.192.253:15012] AH01102: error reading status line from remote server 172.22.1.31:80, referer: http://www.ambientebogota.gov.co/web/intranet/aplicaciones-para-acceder-fuera-de-la-sda
[Wed Apr 20 11:26:30.232338 2016] [proxy:error] [pid 2136:tid 15244] [client 201.245.192.253:15012] AH00898: Error reading from remote server returned by /isolucionsda/, referer: http://www.ambientebogota.gov.co/web/intranet/aplicaciones-para-acceder-fuera-de-la-sda
[Wed Apr 20 11:26:34.959146 2016] [proxy_http:error] [pid 2136:tid 15276] (OS 10060)A connection attempt failed because the connected party did not properly respond after a period of time, or established connection failed because connected host has failed to respond.  : [client 201.245.192.253:15029] AH01102: error reading status line from remote server 172.22.1.31:80, referer: http://www.ambientebogota.gov.co/web/intranet/aplicaciones-para-acceder-fuera-de-la-sda
[Wed Apr 20 11:26:34.959146 2016] [proxy:error] [pid 2136:tid 15276] [client 201.245.192.253:15029] AH00898: Error reading from remote server returned by /isolucionsda/, referer: http://www.ambientebogota.gov.co/web/intranet/aplicaciones-para-acceder-fuera-de-la-sda
[Wed Apr 20 11:26:46.159966 2016] [proxy_http:error] [pid 2136:tid 16200] (OS 10060)A connection attempt failed because the connected party did not properly respond after a period of time, or established connection failed because connected host has failed to respond.  : [client 201.245.192.253:36537] AH01102: error reading status line from remote server 172.22.1.31:80, referer: http://www.ambientebogota.gov.co/web/intranet/aplicaciones-para-acceder-fuera-de-la-sda
[Wed Apr 20 11:26:46.159966 2016] [proxy:error] [pid 2136:tid 16200] [client 201.245.192.253:36537] AH00898: Error reading from remote server returned by /isolucionsda/, referer: http://www.ambientebogota.gov.co/web/intranet/aplicaciones-para-acceder-fuera-de-la-sda
[Wed Apr 20 11:26:58.109587 2016] [proxy_http:error] [pid 2136:tid 16260] (OS 10060)A connection attempt failed because the connected party did not properly respond after a period of time, or established connection failed because connected host has failed to respond.  : [client 201.245.192.253:15159] AH01102: error reading status line from remote server 172.22.1.31:80
[Wed Apr 20 11:26:58.109587 2016] [proxy:error] [pid 2136:tid 16260] [client 201.245.192.253:15159] AH00898: Error reading from remote server returned by /isolucionsda//BancoConocimiento/R/Resolucion4287Diciembre29de2007/resolucion 4287 de 20070.pdf
[Wed Apr 20 11:27:00.153190 2016] [proxy_http:error] [pid 2136:tid 16360] (OS 10060)A connection attempt failed because the connected party did not properly respond after a period of time, or established connection failed because connected host has failed to respond.  : [client 201.245.192.253:36757] AH01102: error reading status line from remote server 172.22.1.31:80, referer: http://www.ambientebogota.gov.co/web/intranet/aplicaciones-para-acceder-fuera-de-la-sda
[Wed Apr 20 11:27:00.153190 2016] [proxy:error] [pid 2136:tid 16360] [client 201.245.192.253:36757] AH00898: Error reading from remote server returned by /isolucionsda/, referer: http://www.ambientebogota.gov.co/web/intranet/aplicaciones-para-acceder-fuera-de-la-sda
[Wed Apr 20 11:27:07.001602 2016] [proxy_http:error] [pid 2136:tid 15904] (OS 10060)A connection attempt failed because the connected party did not properly respond after a period of time, or established connection failed because connected host has failed to respond.  : [client 201.245.192.253:36858] AH01102: error reading status line from remote server 172.22.1.31:80, referer: http://www.ambientebogota.gov.co/web/intranet/aplicaciones-para-acceder-fuera-de-la-sda
[Wed Apr 20 11:27:07.001602 2016] [proxy:error] [pid 2136:tid 15904] [client 201.245.192.253:36858] AH00898: Error reading from remote server returned by /isolucionsda/, referer: http://www.ambientebogota.gov.co/web/intranet/aplicaciones-para-acceder-fuera-de-la-sda
[Wed Apr 20 11:27:18.686023 2016] [proxy_http:error] [pid 2136:tid 16024] (OS 10060)A connection attempt failed because the connected party did not properly respond after a period of time, or established connection failed because connected host has failed to respond.  : [client 201.245.192.253:37079] AH01102: error reading status line from remote server 172.22.1.31:80
[Wed Apr 20 11:27:18.686023 2016] [proxy:error] [pid 2136:tid 16024] [client 201.245.192.253:37079] AH00898: Error reading from remote server returned by /isolucionsda/
[Wed Apr 20 11:28:14.502921 2016] [proxy_http:error] [pid 2136:tid 16088] (OS 10060)A connection attempt failed because the connected party did not properly respond after a period of time, or established connection failed because connected host has failed to respond.  : [client 201.245.192.253:15612] AH01102: error reading status line from remote server 172.22.1.31:80
[Wed Apr 20 11:28:14.502921 2016] [proxy:error] [pid 2136:tid 16088] [client 201.245.192.253:15612] AH00898: Error reading from remote server returned by /isolucionsda/IdentificaUsuario.asp
[Wed Apr 20 11:28:18.012927 2016] [proxy_http:error] [pid 2136:tid 15896] (OS 10060)A connection attempt failed because the connected party did not properly respond after a period of time, or established connection failed because connected host has failed to respond.  : [client 201.245.192.253:15613] AH01102: error reading status line from remote server 172.22.1.31:80
[Wed Apr 20 11:28:18.012927 2016] [proxy:error] [pid 2136:tid 15896] [client 201.245.192.253:15613] AH00898: Error reading from remote server returned by /isolucionsda/
[Wed Apr 20 11:30:16.588735 2016] [proxy_http:error] [pid 2136:tid 15652] (OS 10060)A connection attempt failed because the connected party did not properly respond after a period of time, or established connection failed because connected host has failed to respond.  : [client 201.245.192.253:16436] AH01102: error reading status line from remote server 172.22.1.31:80
[Wed Apr 20 11:30:16.588735 2016] [proxy:error] [pid 2136:tid 15652] [client 201.245.192.253:16436] AH00898: Error reading from remote server returned by /isolucionsda/
[Wed Apr 20 11:31:08.942427 2016] [negotiation:error] [pid 2136:tid 15368] [client 139.179.227.234:39810] AH00690: no acceptable variant: E:/nuevo/apache/error/HTTP_NOT_FOUND.html.var, referer: http://127.0.0.1/
[Wed Apr 20 11:31:32.280068 2016] [proxy_http:error] [pid 2136:tid 15984] (OS 10060)A connection attempt failed because the connected party did not properly respond after a period of time, or established connection failed because connected host has failed to respond.  : [client 201.245.192.253:17001] AH01102: error reading status line from remote server 172.22.1.31:80, referer: http://www.ambientebogota.gov.co/web/intranet/aplicaciones-para-acceder-fuera-de-la-sda
[Wed Apr 20 11:31:32.280068 2016] [proxy:error] [pid 2136:tid 15984] [client 201.245.192.253:17001] AH00898: Error reading from remote server returned by /isolucionsda/, referer: http://www.ambientebogota.gov.co/web/intranet/aplicaciones-para-acceder-fuera-de-la-sda
[Wed Apr 20 11:31:47.240495 2016] [proxy_http:error] [pid 2136:tid 15268] (OS 10060)A connection attempt failed because the connected party did not properly respond after a period of time, or established connection failed because connected host has failed to respond.  : [client 201.245.192.253:17182] AH01102: error reading status line from remote server 172.22.1.31:80, referer: http://www.ambientebogota.gov.co/web/intranet/aplicaciones-para-acceder-fuera-de-la-sda
[Wed Apr 20 11:31:47.240495 2016] [proxy:error] [pid 2136:tid 15268] [client 201.245.192.253:17182] AH00898: Error reading from remote server returned by /isolucionsda/, referer: http://www.ambientebogota.gov.co/web/intranet/aplicaciones-para-acceder-fuera-de-la-sda
[Wed Apr 20 11:36:21.566976 2016] [proxy_http:error] [pid 2136:tid 16128] (OS 10060)A connection attempt failed because the connected party did not properly respond after a period of time, or established connection failed because connected host has failed to respond.  : [client 201.245.192.253:52626] AH01102: error reading status line from remote server 172.22.1.31:80
[Wed Apr 20 11:36:21.566976 2016] [proxy:error] [pid 2136:tid 16128] [client 201.245.192.253:52626] AH00898: Error reading from remote server returned by /isolucionsda/IdentificaUsuario.asp
[Wed Apr 20 11:37:00.957046 2016] [proxy_http:error] [pid 2136:tid 15052] (OS 10060)A connection attempt failed because the connected party did not properly respond after a period of time, or established connection failed because connected host has failed to respond.  : [client 201.245.192.253:53038] AH01102: error reading status line from remote server 172.22.1.31:80
[Wed Apr 20 11:37:00.957046 2016] [proxy:error] [pid 2136:tid 15052] [client 201.245.192.253:53038] AH00898: Error reading from remote server returned by /isolucionsda/IdentificaUsuario.asp
[Wed Apr 20 11:37:13.858268 2016] [proxy_http:error] [pid 2136:tid 16248] (OS 10060)A connection attempt failed because the connected party did not properly respond after a period of time, or established connection failed because connected host has failed to respond.  : [client 201.245.192.253:53622] AH01102: error reading status line from remote server 172.22.1.31:80
[Wed Apr 20 11:37:13.858268 2016] [proxy:error] [pid 2136:tid 16248] [client 201.245.192.253:53622] AH00898: Error reading from remote server returned by /isolucionsda/FrameSetGeneral.asp
[Wed Apr 20 11:38:11.640770 2016] [proxy_http:error] [pid 2136:tid 16304] (OS 10060)A connection attempt failed because the connected party did not properly respond after a period of time, or established connection failed because connected host has failed to respond.  : [client 201.245.192.253:20455] AH01102: error reading status line from remote server 172.22.1.31:80
[Wed Apr 20 11:38:11.640770 2016] [proxy:error] [pid 2136:tid 16304] [client 201.245.192.253:20455] AH00898: Error reading from remote server returned by /isolucionsda/
[Wed Apr 20 11:38:21.827588 2016] [proxy_http:error] [pid 2136:tid 15188] (OS 10060)A connection attempt failed because the connected party did not properly respond after a period of time, or established connection failed because connected host has failed to respond.  : [client 201.245.192.253:20539] AH01102: error reading status line from remote server 172.22.1.31:80
[Wed Apr 20 11:38:21.827588 2016] [proxy:error] [pid 2136:tid 15188] [client 201.245.192.253:20539] AH00898: Error reading from remote server returned by /isolucionsda/
[Wed Apr 20 11:38:22.966390 2016] [proxy_http:error] [pid 2136:tid 15212] (OS 10060)A connection attempt failed because the connected party did not properly respond after a period of time, or established connection failed because connected host has failed to respond.  : [client 201.245.192.253:20540] AH01102: error reading status line from remote server 172.22.1.31:80
[Wed Apr 20 11:38:22.966390 2016] [proxy:error] [pid 2136:tid 15212] [client 201.245.192.253:20540] AH00898: Error reading from remote server returned by /isolucionsda/
[Wed Apr 20 11:38:42.731624 2016] [proxy_http:error] [pid 2136:tid 15968] (OS 10060)A connection attempt failed because the connected party did not properly respond after a period of time, or established connection failed because connected host has failed to respond.  : [client 201.245.192.253:20748] AH01102: error reading status line from remote server 172.22.1.31:80
[Wed Apr 20 11:38:42.731624 2016] [proxy:error] [pid 2136:tid 15968] [client 201.245.192.253:20748] AH00898: Error reading from remote server returned by /isolucionsda/
[Wed Apr 20 11:43:24.717720 2016] [proxy_http:error] [pid 2136:tid 15516] (OS 10060)A connection attempt failed because the connected party did not properly respond after a period of time, or established connection failed because connected host has failed to respond.  : [client 201.245.192.253:48383] AH01102: error reading status line from remote server 172.22.1.31:80, referer: http://192.168.175.10/web/intranet/aplicaciones-para-acceder-fuera-de-la-sda
[Wed Apr 20 11:43:24.717720 2016] [proxy:error] [pid 2136:tid 15516] [client 201.245.192.253:48383] AH00898: Error reading from remote server returned by /isolucionsda/, referer: http://192.168.175.10/web/intranet/aplicaciones-para-acceder-fuera-de-la-sda
[Wed Apr 20 11:44:12.079403 2016] [proxy_http:error] [pid 2136:tid 15768] (OS 10060)A connection attempt failed because the connected party did not properly respond after a period of time, or established connection failed because connected host has failed to respond.  : [client 186.28.28.50:56846] AH01102: error reading status line from remote server 172.22.1.31:80, referer: http://www.ambientebogota.gov.co/web/intranet/aplicaciones-para-acceder-fuera-de-la-sda
[Wed Apr 20 11:44:12.079403 2016] [proxy:error] [pid 2136:tid 15768] [client 186.28.28.50:56846] AH00898: Error reading from remote server returned by /isolucionsda/, referer: http://www.ambientebogota.gov.co/web/intranet/aplicaciones-para-acceder-fuera-de-la-sda
[Wed Apr 20 11:45:03.231893 2016] [proxy_http:error] [pid 2136:tid 15400] (OS 10060)A connection attempt failed because the connected party did not properly respond after a period of time, or established connection failed because connected host has failed to respond.  : [client 201.245.192.253:11008] AH01102: error reading status line from remote server 172.22.1.31:80
[Wed Apr 20 11:45:03.231893 2016] [proxy:error] [pid 2136:tid 15400] [client 201.245.192.253:11008] AH00898: Error reading from remote server returned by /isolucionsda/
[Wed Apr 20 11:45:28.363537 2016] [proxy_http:error] [pid 2136:tid 15920] (OS 10060)A connection attempt failed because the connected party did not properly respond after a period of time, or established connection failed because connected host has failed to respond.  : [client 186.28.28.50:56858] AH01102: error reading status line from remote server 172.22.1.31:80, referer: http://www.ambientebogota.gov.co/web/intranet/aplicaciones-para-acceder-fuera-de-la-sda
[Wed Apr 20 11:45:28.363537 2016] [proxy:error] [pid 2136:tid 15920] [client 186.28.28.50:56858] AH00898: Error reading from remote server returned by /isolucionsda/, referer: http://www.ambientebogota.gov.co/web/intranet/aplicaciones-para-acceder-fuera-de-la-sda
[Wed Apr 20 11:47:08.125712 2016] [proxy_http:error] [pid 2136:tid 15140] (OS 10060)A connection attempt failed because the connected party did not properly respond after a period of time, or established connection failed because connected host has failed to respond.  : [client 186.28.28.50:56883] AH01102: error reading status line from remote server 172.22.1.31:80, referer: http://www.ambientebogota.gov.co/web/intranet/aplicaciones-para-acceder-fuera-de-la-sda
[Wed Apr 20 11:47:08.125712 2016] [proxy:error] [pid 2136:tid 15140] [client 186.28.28.50:56883] AH00898: Error reading from remote server returned by /isolucionsda/, referer: http://www.ambientebogota.gov.co/web/intranet/aplicaciones-para-acceder-fuera-de-la-sda
[Wed Apr 20 11:47:52.398590 2016] [proxy_http:error] [pid 2136:tid 15928] (OS 10060)A connection attempt failed because the connected party did not properly respond after a period of time, or established connection failed because connected host has failed to respond.  : [client 186.28.28.50:49480] AH01102: error reading status line from remote server 172.22.1.31:80, referer: http://www.ambientebogota.gov.co/web/intranet/aplicaciones-para-acceder-fuera-de-la-sda
[Wed Apr 20 11:47:52.398590 2016] [proxy:error] [pid 2136:tid 15928] [client 186.28.28.50:49480] AH00898: Error reading from remote server returned by /isolucionsda/, referer: http://www.ambientebogota.gov.co/web/intranet/aplicaciones-para-acceder-fuera-de-la-sda
[Wed Apr 20 12:07:52.337097 2016] [mpm_winnt:warn] [pid 2136:tid 352] (OS 64)The specified network name is no longer available.  : AH00341: winnt_accept: Asynchronous AcceptEx failed.
[Wed Apr 20 12:07:52.571098 2016] [mpm_winnt:warn] [pid 2136:tid 352] (OS 64)The specified network name is no longer available.  : AH00341: winnt_accept: Asynchronous AcceptEx failed.
[Wed Apr 20 12:07:52.711498 2016] [mpm_winnt:warn] [pid 2136:tid 352] (OS 64)The specified network name is no longer available.  : AH00341: winnt_accept: Asynchronous AcceptEx failed.
[Wed Apr 20 12:07:52.867498 2016] [mpm_winnt:warn] [pid 2136:tid 352] (OS 64)The specified network name is no longer available.  : AH00341: winnt_accept: Asynchronous AcceptEx failed.
[Wed Apr 20 12:31:30.317188 2016] [core:error] [pid 2136:tid 15588] (20024)The given path is misformatted or contained invalid characters: [client 157.55.39.17:19021] AH00127: Cannot map GET /www.ambientebogota.gov.co:81/ HTTP/1.1 to file
[Wed Apr 20 12:51:36.152506 2016] [negotiation:error] [pid 2136:tid 16392] [client 139.179.227.234:50478] AH00690: no acceptable variant: E:/nuevo/apache/error/HTTP_NOT_FOUND.html.var, referer: http://127.0.0.1/
[Wed Apr 20 13:43:24.208365 2016] [negotiation:error] [pid 2136:tid 16052] [client 151.74.81.177:43762] AH00690: no acceptable variant: E:/nuevo/apache/error/HTTP_NOT_FOUND.html.var, referer: http://127.0.0.1/
[Wed Apr 20 13:46:29.489890 2016] [proxy:error] [pid 2136:tid 15920] (OS 10060)A connection attempt failed because the connected party did not properly respond after a period of time, or established connection failed because connected host has failed to respond.  : AH00957: HTTP: attempt to connect to 172.22.1.51:8399 (172.22.1.51) failed
[Wed Apr 20 13:46:29.489890 2016] [proxy:error] [pid 2136:tid 15920] AH00959: ap_proxy_connect_backend disabling worker for (172.22.1.51) for 60s
[Wed Apr 20 13:46:29.489890 2016] [proxy_http:error] [pid 2136:tid 15920] [client 152.61.192.232:9353] AH01114: HTTP: failed to make connection to backend: 172.22.1.51
[Wed Apr 20 13:46:29.708291 2016] [proxy:error] [pid 2136:tid 15400] AH00940: HTTP: disabled connection for (172.22.1.51)
[Wed Apr 20 13:46:29.942291 2016] [proxy:error] [pid 2136:tid 16260] AH00940: HTTP: disabled connection for (172.22.1.51)
[Wed Apr 20 13:57:51.008287 2016] [mpm_winnt:warn] [pid 2136:tid 352] (OS 64)The specified network name is no longer available.  : AH00341: winnt_accept: Asynchronous AcceptEx failed.
[Wed Apr 20 13:57:51.008287 2016] [mpm_winnt:warn] [pid 2136:tid 352] (OS 64)The specified network name is no longer available.  : AH00341: winnt_accept: Asynchronous AcceptEx failed.
[Wed Apr 20 14:31:00.776182 2016] [mpm_winnt:warn] [pid 2136:tid 352] (OS 64)The specified network name is no longer available.  : AH00341: winnt_accept: Asynchronous AcceptEx failed.
[Wed Apr 20 14:39:21.630662 2016] [proxy:error] [pid 2136:tid 16136] (OS 10060)A connection attempt failed because the connected party did not properly respond after a period of time, or established connection failed because connected host has failed to respond.  : AH00957: HTTP: attempt to connect to 172.22.1.51:8399 (172.22.1.51) failed
[Wed Apr 20 14:39:21.630662 2016] [proxy:error] [pid 2136:tid 16136] AH00959: ap_proxy_connect_backend disabling worker for (172.22.1.51) for 60s
[Wed Apr 20 14:39:21.630662 2016] [proxy_http:error] [pid 2136:tid 16136] [client 152.61.192.232:53981] AH01114: HTTP: failed to make connection to backend: 172.22.1.51
[Wed Apr 20 14:39:21.864662 2016] [proxy:error] [pid 2136:tid 16136] AH00940: HTTP: disabled connection for (172.22.1.51)
[Wed Apr 20 14:57:48.359006 2016] [negotiation:error] [pid 2136:tid 15528] [client 52.26.156.183:50256] AH00690: no acceptable variant: E:/nuevo/apache/error/HTTP_NOT_FOUND.html.var, referer: http://127.0.0.1/
[Wed Apr 20 14:58:37.233892 2016] [negotiation:error] [pid 2136:tid 15792] [client 54.86.124.111:41286] AH00690: no acceptable variant: E:/nuevo/apache/error/HTTP_NOT_FOUND.html.var, referer: http://127.0.0.1/
[Wed Apr 20 14:58:49.355113 2016] [negotiation:error] [pid 2136:tid 15920] [client 54.89.104.244:42872] AH00690: no acceptable variant: E:/nuevo/apache/error/HTTP_NOT_FOUND.html.var, referer: http://127.0.0.1/
[Wed Apr 20 14:59:14.642757 2016] [negotiation:error] [pid 2136:tid 16200] [client 52.11.177.21:50158] AH00690: no acceptable variant: E:/nuevo/apache/error/HTTP_NOT_FOUND.html.var, referer: http://127.0.0.1/
[Wed Apr 20 14:59:20.133967 2016] [negotiation:error] [pid 2136:tid 16368] [client 52.91.106.167:49791] AH00690: no acceptable variant: E:/nuevo/apache/error/HTTP_NOT_FOUND.html.var, referer: http://127.0.0.1/
[Wed Apr 20 15:01:11.861363 2016] [negotiation:error] [pid 2136:tid 16000] [client 52.207.222.53:53166] AH00690: no acceptable variant: E:/nuevo/apache/error/HTTP_NOT_FOUND.html.var, referer: http://127.0.0.1/
[Wed Apr 20 15:01:16.135771 2016] [negotiation:error] [pid 2136:tid 15968] [client 52.91.44.234:42838] AH00690: no acceptable variant: E:/nuevo/apache/error/HTTP_NOT_FOUND.html.var, referer: http://127.0.0.1/
[Wed Apr 20 15:02:35.883111 2016] [negotiation:error] [pid 2136:tid 16192] [client 52.37.117.155:49865] AH00690: no acceptable variant: E:/nuevo/apache/error/HTTP_NOT_FOUND.html.var, referer: http://127.0.0.1/
[Wed Apr 20 15:02:59.002351 2016] [negotiation:error] [pid 2136:tid 15408] [client 52.32.103.43:56483] AH00690: no acceptable variant: E:/nuevo/apache/error/HTTP_NOT_FOUND.html.var, referer: http://127.0.0.1/
[Wed Apr 20 15:03:06.303164 2016] [negotiation:error] [pid 2136:tid 15540] [client 52.11.40.118:60017] AH00690: no acceptable variant: E:/nuevo/apache/error/HTTP_NOT_FOUND.html.var, referer: http://127.0.0.1/
[Wed Apr 20 15:03:07.488766 2016] [negotiation:error] [pid 2136:tid 15540] [client 54.88.88.81:42487] AH00690: no acceptable variant: E:/nuevo/apache/error/HTTP_NOT_FOUND.html.var, referer: http://127.0.0.1/
[Wed Apr 20 15:03:21.185590 2016] [negotiation:error] [pid 2136:tid 15052] [client 52.207.209.111:60299] AH00690: no acceptable variant: E:/nuevo/apache/error/HTTP_NOT_FOUND.html.var, referer: http://127.0.0.1/
[Wed Apr 20 15:04:02.120062 2016] [negotiation:error] [pid 2136:tid 16200] [client 52.91.80.153:47442] AH00690: no acceptable variant: E:/nuevo/apache/error/HTTP_NOT_FOUND.html.var, referer: http://127.0.0.1/
[Wed Apr 20 15:04:47.110541 2016] [negotiation:error] [pid 2136:tid 15268] [client 52.27.146.120:43952] AH00690: no acceptable variant: E:/nuevo/apache/error/HTTP_NOT_FOUND.html.var, referer: http://127.0.0.1/
[Wed Apr 20 15:05:07.265777 2016] [negotiation:error] [pid 2136:tid 15580] [client 52.38.162.37:38656] AH00690: no acceptable variant: E:/nuevo/apache/error/HTTP_NOT_FOUND.html.var, referer: http://127.0.0.1/
[Wed Apr 20 15:13:11.163027 2016] [negotiation:error] [pid 2136:tid 16304] [client 52.36.83.58:40212] AH00690: no acceptable variant: E:/nuevo/apache/error/HTTP_NOT_FOUND.html.var, referer: http://127.0.0.1/
[Wed Apr 20 15:13:20.491843 2016] [negotiation:error] [pid 2136:tid 15568] [client 54.89.137.83:34818] AH00690: no acceptable variant: E:/nuevo/apache/error/HTTP_NOT_FOUND.html.var, referer: http://127.0.0.1/
[Wed Apr 20 15:13:23.955049 2016] [negotiation:error] [pid 2136:tid 15084] [client 52.207.222.53:58640] AH00690: no acceptable variant: E:/nuevo/apache/error/HTTP_NOT_FOUND.html.var, referer: http://127.0.0.1/
[Wed Apr 20 15:13:26.809854 2016] [negotiation:error] [pid 2136:tid 15212] [client 52.23.195.148:45745] AH00690: no acceptable variant: E:/nuevo/apache/error/HTTP_NOT_FOUND.html.var, referer: http://127.0.0.1/
[Wed Apr 20 15:13:32.862665 2016] [negotiation:error] [pid 2136:tid 15712] [client 52.91.193.120:33766] AH00690: no acceptable variant: E:/nuevo/apache/error/HTTP_NOT_FOUND.html.var, referer: http://127.0.0.1/
[Wed Apr 20 15:13:33.127865 2016] [negotiation:error] [pid 2136:tid 15712] [client 54.85.248.27:42031] AH00690: no acceptable variant: E:/nuevo/apache/error/HTTP_NOT_FOUND.html.var, referer: http://127.0.0.1/
[Wed Apr 20 15:13:36.637871 2016] [negotiation:error] [pid 2136:tid 16160] [client 52.207.209.111:36487] AH00690: no acceptable variant: E:/nuevo/apache/error/HTTP_NOT_FOUND.html.var, referer: http://127.0.0.1/
[Wed Apr 20 15:13:40.303878 2016] [negotiation:error] [pid 2136:tid 15084] [client 52.11.40.118:36120] AH00690: no acceptable variant: E:/nuevo/apache/error/HTTP_NOT_FOUND.html.var, referer: http://127.0.0.1/
[Wed Apr 20 15:13:41.473880 2016] [negotiation:error] [pid 2136:tid 15456] [client 52.32.103.43:32848] AH00690: no acceptable variant: E:/nuevo/apache/error/HTTP_NOT_FOUND.html.var, referer: http://127.0.0.1/
[Wed Apr 20 15:14:01.410715 2016] [negotiation:error] [pid 2136:tid 16140] [client 54.88.88.81:48133] AH00690: no acceptable variant: E:/nuevo/apache/error/HTTP_NOT_FOUND.html.var, referer: http://127.0.0.1/
[Wed Apr 20 15:14:09.241929 2016] [negotiation:error] [pid 2136:tid 15640] [client 52.37.82.133:43956] AH00690: no acceptable variant: E:/nuevo/apache/error/HTTP_NOT_FOUND.html.var, referer: http://127.0.0.1/
[Wed Apr 20 15:14:37.477978 2016] [negotiation:error] [pid 2136:tid 15880] [client 54.86.124.111:52231] AH00690: no acceptable variant: E:/nuevo/apache/error/HTTP_NOT_FOUND.html.var, referer: http://127.0.0.1/
[Wed Apr 20 15:14:38.086379 2016] [negotiation:error] [pid 2136:tid 15376] [client 52.87.203.37:35242] AH00690: no acceptable variant: E:/nuevo/apache/error/HTTP_NOT_FOUND.html.var, referer: http://127.0.0.1/
[Wed Apr 20 15:14:59.240016 2016] [negotiation:error] [pid 2136:tid 15920] [client 52.91.193.234:39708] AH00690: no acceptable variant: E:/nuevo/apache/error/HTTP_NOT_FOUND.html.var, referer: http://127.0.0.1/
[Wed Apr 20 15:15:15.869646 2016] [negotiation:error] [pid 2136:tid 15552] [client 52.26.156.183:34842] AH00690: no acceptable variant: E:/nuevo/apache/error/HTTP_NOT_FOUND.html.var, referer: http://127.0.0.1/
[Wed Apr 20 15:15:21.048855 2016] [negotiation:error] [pid 2136:tid 15588] [client 52.36.238.8:45004] AH00690: no acceptable variant: E:/nuevo/apache/error/HTTP_NOT_FOUND.html.var, referer: http://127.0.0.1/
[Wed Apr 20 15:15:42.717293 2016] [negotiation:error] [pid 2136:tid 16108] [client 52.91.80.153:56817] AH00690: no acceptable variant: E:/nuevo/apache/error/HTTP_NOT_FOUND.html.var, referer: http://127.0.0.1/
[Wed Apr 20 15:15:43.481694 2016] [negotiation:error] [pid 2136:tid 15588] [client 52.26.63.229:60011] AH00690: no acceptable variant: E:/nuevo/apache/error/HTTP_NOT_FOUND.html.var, referer: http://127.0.0.1/
[Wed Apr 20 15:15:44.152495 2016] [negotiation:error] [pid 2136:tid 16208] [client 52.27.146.120:52358] AH00690: no acceptable variant: E:/nuevo/apache/error/HTTP_NOT_FOUND.html.var, referer: http://127.0.0.1/
[Wed Apr 20 15:15:46.008899 2016] [negotiation:error] [pid 2136:tid 15588] [client 52.37.211.73:59880] AH00690: no acceptable variant: E:/nuevo/apache/error/HTTP_NOT_FOUND.html.var, referer: http://127.0.0.1/
[Wed Apr 20 15:16:12.700545 2016] [negotiation:error] [pid 2136:tid 16128] [client 52.38.162.37:48122] AH00690: no acceptable variant: E:/nuevo/apache/error/HTTP_NOT_FOUND.html.var, referer: http://127.0.0.1/
[Wed Apr 20 15:16:21.545761 2016] [negotiation:error] [pid 2136:tid 16140] [client 54.86.76.220:40681] AH00690: no acceptable variant: E:/nuevo/apache/error/HTTP_NOT_FOUND.html.var, referer: http://127.0.0.1/
[Wed Apr 20 15:16:46.287404 2016] [negotiation:error] [pid 2136:tid 16024] [client 54.85.248.16:39560] AH00690: no acceptable variant: E:/nuevo/apache/error/HTTP_NOT_FOUND.html.var, referer: http://127.0.0.1/
[Wed Apr 20 15:16:46.833405 2016] [negotiation:error] [pid 2136:tid 16024] [client 52.91.199.191:54904] AH00690: no acceptable variant: E:/nuevo/apache/error/HTTP_NOT_FOUND.html.var, referer: http://127.0.0.1/
[Wed Apr 20 15:16:51.357413 2016] [negotiation:error] [pid 2136:tid 15528] [client 54.89.104.244:59335] AH00690: no acceptable variant: E:/nuevo/apache/error/HTTP_NOT_FOUND.html.var, referer: http://127.0.0.1/
[Wed Apr 20 15:19:19.932074 2016] [negotiation:error] [pid 2136:tid 15552] [client 52.27.146.120:55560] AH00690: no acceptable variant: E:/nuevo/apache/error/HTTP_NOT_FOUND.html.var, referer: http://127.0.0.1/
[Wed Apr 20 15:19:29.510491 2016] [negotiation:error] [pid 2136:tid 15376] [client 52.36.190.63:46116] AH00690: no acceptable variant: E:/nuevo/apache/error/HTTP_NOT_FOUND.html.var, referer: http://127.0.0.1/
[Wed Apr 20 15:20:10.710163 2016] [negotiation:error] [pid 2136:tid 15116] [client 54.85.248.27:52060] AH00690: no acceptable variant: E:/nuevo/apache/error/HTTP_NOT_FOUND.html.var, referer: http://127.0.0.1/
[Wed Apr 20 15:20:55.778643 2016] [negotiation:error] [pid 2136:tid 16208] [client 52.207.222.53:41314] AH00690: no acceptable variant: E:/nuevo/apache/error/HTTP_NOT_FOUND.html.var, referer: http://127.0.0.1/
[Wed Apr 20 15:21:08.820266 2016] [negotiation:error] [pid 2136:tid 15712] [client 52.91.70.160:49603] AH00690: no acceptable variant: E:/nuevo/apache/error/HTTP_NOT_FOUND.html.var, referer: http://127.0.0.1/
[Wed Apr 20 15:21:13.905874 2016] [negotiation:error] [pid 2136:tid 15116] [client 54.89.104.244:32977] AH00690: no acceptable variant: E:/nuevo/apache/error/HTTP_NOT_FOUND.html.var, referer: http://127.0.0.1/
[Wed Apr 20 15:21:53.904345 2016] [negotiation:error] [pid 2136:tid 15116] [client 52.11.177.21:40028] AH00690: no acceptable variant: E:/nuevo/apache/error/HTTP_NOT_FOUND.html.var, referer: http://127.0.0.1/
[Wed Apr 20 15:22:23.169996 2016] [negotiation:error] [pid 2136:tid 15528] [client 52.91.106.167:40650] AH00690: no acceptable variant: E:/nuevo/apache/error/HTTP_NOT_FOUND.html.var, referer: http://127.0.0.1/
[Wed Apr 20 15:22:35.852818 2016] [negotiation:error] [pid 2136:tid 16128] [client 52.26.63.229:37676] AH00690: no acceptable variant: E:/nuevo/apache/error/HTTP_NOT_FOUND.html.var, referer: http://127.0.0.1/
[Wed Apr 20 16:03:37.677542 2016] [cgi:error] [pid 2136:tid 15140] (70008)Partial results are valid but processing is incomplete: [client 201.245.192.253:57733] AH01225: Error reading request entity data, referer: http://190.27.245.106/BLA/boletinlegal/admin/documentos/ingresar.php
[Wed Apr 20 16:03:38.379544 2016] [cgi:error] [pid 2136:tid 16312] (70008)Partial results are valid but processing is incomplete: [client 201.245.192.253:57810] AH01225: Error reading request entity data, referer: http://190.27.245.106/BLA/boletinlegal/admin/documentos/ingresar.php
[Wed Apr 20 16:03:40.064347 2016] [cgi:error] [pid 2136:tid 16192] (70008)Partial results are valid but processing is incomplete: [client 201.245.192.253:57826] AH01225: Error reading request entity data, referer: http://190.27.245.106/BLA/boletinlegal/admin/documentos/ingresar.php
[Wed Apr 20 16:03:40.095547 2016] [cgi:error] [pid 2136:tid 15212] (70008)Partial results are valid but processing is incomplete: [client 201.245.192.253:57831] AH01225: Error reading request entity data, referer: http://190.27.245.106/BLA/boletinlegal/admin/documentos/ingresar.php
[Wed Apr 20 16:03:40.298347 2016] [cgi:error] [pid 2136:tid 15992] (70008)Partial results are valid but processing is incomplete: [client 201.245.192.253:57821] AH01225: Error reading request entity data, referer: http://190.27.245.106/BLA/boletinlegal/admin/documentos/ingresar.php
[Wed Apr 20 16:16:27.975695 2016] [proxy_http:error] [pid 2136:tid 15952] (OS 10053)An established connection was aborted by the software in your host machine.  : [client 201.245.192.253:58287] AH01102: error reading status line from remote server 172.22.1.31:80, referer: http://190.27.245.106/isolucionsda/Encabezado.asp?Pagina1=FrameSetGeneral.asp&&Pagina=MagazinHome.asp
[Wed Apr 20 16:32:05.506142 2016] [mpm_winnt:warn] [pid 2136:tid 352] (OS 64)The specified network name is no longer available.  : AH00341: winnt_accept: Asynchronous AcceptEx failed.
[Wed Apr 20 16:32:05.506142 2016] [mpm_winnt:warn] [pid 2136:tid 352] (OS 64)The specified network name is no longer available.  : AH00341: winnt_accept: Asynchronous AcceptEx failed.
[Wed Apr 20 16:32:05.506142 2016] [mpm_winnt:warn] [pid 2136:tid 352] (OS 64)The specified network name is no longer available.  : AH00341: winnt_accept: Asynchronous AcceptEx failed.
[Wed Apr 20 16:46:29.669660 2016] [mpm_winnt:warn] [pid 2136:tid 352] (OS 64)The specified network name is no longer available.  : AH00341: winnt_accept: Asynchronous AcceptEx failed.
[Wed Apr 20 16:46:29.685260 2016] [mpm_winnt:warn] [pid 2136:tid 352] (OS 64)The specified network name is no longer available.  : AH00341: winnt_accept: Asynchronous AcceptEx failed.
[Wed Apr 20 16:46:29.685260 2016] [mpm_winnt:warn] [pid 2136:tid 352] (OS 64)The specified network name is no longer available.  : AH00341: winnt_accept: Asynchronous AcceptEx failed.
[Wed Apr 20 16:46:29.685260 2016] [mpm_winnt:warn] [pid 2136:tid 352] (OS 64)The specified network name is no longer available.  : AH00341: winnt_accept: Asynchronous AcceptEx failed.
[Wed Apr 20 16:46:29.685260 2016] [mpm_winnt:warn] [pid 2136:tid 352] (OS 64)The specified network name is no longer available.  : AH00341: winnt_accept: Asynchronous AcceptEx failed.
[Wed Apr 20 16:46:29.685260 2016] [mpm_winnt:warn] [pid 2136:tid 352] (OS 64)The specified network name is no longer available.  : AH00341: winnt_accept: Asynchronous AcceptEx failed.
[Wed Apr 20 16:46:29.685260 2016] [mpm_winnt:warn] [pid 2136:tid 352] (OS 64)The specified network name is no longer available.  : AH00341: winnt_accept: Asynchronous AcceptEx failed.
[Wed Apr 20 16:46:29.685260 2016] [mpm_winnt:warn] [pid 2136:tid 352] (OS 64)The specified network name is no longer available.  : AH00341: winnt_accept: Asynchronous AcceptEx failed.
[Wed Apr 20 16:46:29.685260 2016] [mpm_winnt:warn] [pid 2136:tid 352] (OS 64)The specified network name is no longer available.  : AH00341: winnt_accept: Asynchronous AcceptEx failed.
[Wed Apr 20 16:46:29.685260 2016] [mpm_winnt:warn] [pid 2136:tid 352] (OS 64)The specified network name is no longer available.  : AH00341: winnt_accept: Asynchronous AcceptEx failed.
[Wed Apr 20 16:46:29.685260 2016] [mpm_winnt:warn] [pid 2136:tid 352] (OS 64)The specified network name is no longer available.  : AH00341: winnt_accept: Asynchronous AcceptEx failed.
[Wed Apr 20 16:46:29.685260 2016] [mpm_winnt:warn] [pid 2136:tid 352] (OS 64)The specified network name is no longer available.  : AH00341: winnt_accept: Asynchronous AcceptEx failed.
[Wed Apr 20 16:46:29.685260 2016] [mpm_winnt:warn] [pid 2136:tid 352] (OS 64)The specified network name is no longer available.  : AH00341: winnt_accept: Asynchronous AcceptEx failed.
[Wed Apr 20 16:46:29.685260 2016] [mpm_winnt:warn] [pid 2136:tid 352] (OS 64)The specified network name is no longer available.  : AH00341: winnt_accept: Asynchronous AcceptEx failed.
[Wed Apr 20 16:46:29.685260 2016] [mpm_winnt:warn] [pid 2136:tid 352] (OS 64)The specified network name is no longer available.  : AH00341: winnt_accept: Asynchronous AcceptEx failed.
[Wed Apr 20 16:46:29.685260 2016] [mpm_winnt:warn] [pid 2136:tid 352] (OS 64)The specified network name is no longer available.  : AH00341: winnt_accept: Asynchronous AcceptEx failed.
[Wed Apr 20 16:46:29.685260 2016] [mpm_winnt:warn] [pid 2136:tid 352] (OS 64)The specified network name is no longer available.  : AH00341: winnt_accept: Asynchronous AcceptEx failed.
[Wed Apr 20 16:46:29.685260 2016] [mpm_winnt:warn] [pid 2136:tid 352] (OS 64)The specified network name is no longer available.  : AH00341: winnt_accept: Asynchronous AcceptEx failed.
[Wed Apr 20 16:46:29.685260 2016] [mpm_winnt:warn] [pid 2136:tid 352] (OS 64)The specified network name is no longer available.  : AH00341: winnt_accept: Asynchronous AcceptEx failed.
[Wed Apr 20 16:46:29.685260 2016] [mpm_winnt:warn] [pid 2136:tid 352] (OS 64)The specified network name is no longer available.  : AH00341: winnt_accept: Asynchronous AcceptEx failed.
[Wed Apr 20 16:46:29.685260 2016] [mpm_winnt:warn] [pid 2136:tid 352] (OS 64)The specified network name is no longer available.  : AH00341: winnt_accept: Asynchronous AcceptEx failed.
[Wed Apr 20 16:46:29.685260 2016] [mpm_winnt:warn] [pid 2136:tid 352] (OS 64)The specified network name is no longer available.  : AH00341: winnt_accept: Asynchronous AcceptEx failed.
[Wed Apr 20 16:46:29.685260 2016] [mpm_winnt:warn] [pid 2136:tid 352] (OS 64)The specified network name is no longer available.  : AH00341: winnt_accept: Asynchronous AcceptEx failed.
[Wed Apr 20 16:46:29.685260 2016] [mpm_winnt:warn] [pid 2136:tid 352] (OS 64)The specified network name is no longer available.  : AH00341: winnt_accept: Asynchronous AcceptEx failed.
[Wed Apr 20 16:46:29.685260 2016] [mpm_winnt:warn] [pid 2136:tid 352] (OS 64)The specified network name is no longer available.  : AH00341: winnt_accept: Asynchronous AcceptEx failed.
[Wed Apr 20 16:52:29.733892 2016] [mpm_winnt:warn] [pid 2136:tid 352] (OS 64)The specified network name is no longer available.  : AH00341: winnt_accept: Asynchronous AcceptEx failed.
[Wed Apr 20 16:55:25.998602 2016] [proxy_http:error] [pid 2136:tid 16260] (OS 10053)An established connection was aborted by the software in your host machine.  : [client 201.245.192.253:33884] AH01102: error reading status line from remote server 172.22.1.31:80, referer: http://190.27.245.106/isolucionsda/Encabezado.asp?Pagina1=FrameSetGeneral.asp&&Pagina=MagazinHome.asp
[Wed Apr 20 16:55:25.998602 2016] [proxy:error] [pid 2136:tid 16260] [client 201.245.192.253:33884] AH00898: Error reading from remote server returned by /isolucionsda/g/Bot_Siguiente.jpg, referer: http://190.27.245.106/isolucionsda/Encabezado.asp?Pagina1=FrameSetGeneral.asp&&Pagina=MagazinHome.asp
[Wed Apr 20 17:06:43.117791 2016] [proxy_http:error] [pid 2136:tid 16036] (OS 10053)An established connection was aborted by the software in your host machine.  : [client 201.245.192.253:36977] AH01102: error reading status line from remote server 172.22.1.31:80, referer: http://190.27.245.106/isolucionsda/FrameSetGeneral.asp?Pagina=SucursalSeleccion.asp&CargaPagina=ModuloProcesos&IdModulo=3
[Wed Apr 20 17:06:43.117791 2016] [proxy:error] [pid 2136:tid 16036] [client 201.245.192.253:36977] AH00898: Error reading from remote server returned by /isolucionsda/BarraFavoritos.asp, referer: http://190.27.245.106/isolucionsda/FrameSetGeneral.asp?Pagina=SucursalSeleccion.asp&CargaPagina=ModuloProcesos&IdModulo=3
[Wed Apr 20 17:06:43.133391 2016] [proxy_http:error] [pid 2136:tid 15560] (OS 10053)An established connection was aborted by the software in your host machine.  : [client 201.245.192.253:36976] AH01102: error reading status line from remote server 172.22.1.31:80, referer: http://190.27.245.106/isolucionsda/FrameSetGeneral.asp?Pagina=SucursalSeleccion.asp&CargaPagina=ModuloProcesos&IdModulo=3
[Wed Apr 20 17:06:43.133391 2016] [proxy:error] [pid 2136:tid 15560] [client 201.245.192.253:36976] AH00898: Error reading from remote server returned by /isolucionsda/SucursalSeleccion.asp, referer: http://190.27.245.106/isolucionsda/FrameSetGeneral.asp?Pagina=SucursalSeleccion.asp&CargaPagina=ModuloProcesos&IdModulo=3
[Wed Apr 20 17:29:48.571825 2016] [negotiation:error] [pid 2136:tid 16392] [client 186.155.251.227:13175] AH00690: no acceptable variant: E:/nuevo/apache/error/HTTP_NOT_FOUND.html.var
[Wed Apr 20 17:29:50.490628 2016] [negotiation:error] [pid 2136:tid 16392] [client 186.155.251.227:13175] AH00690: no acceptable variant: E:/nuevo/apache/error/HTTP_NOT_FOUND.html.var
[Wed Apr 20 17:52:19.736998 2016] [proxy_http:error] [pid 2136:tid 15560] (OS 10053)An established connection was aborted by the software in your host machine.  : [client 201.245.192.253:59108] AH01102: error reading status line from remote server 172.22.1.31:80, referer: http://190.27.245.106/isolucionsda/IdentificaUsuario.asp?Pagina1=FrameSetGeneral.asp&
[Wed Apr 20 17:52:19.736998 2016] [proxy:error] [pid 2136:tid 15560] [client 201.245.192.253:59108] AH00898: Error reading from remote server returned by /isolucionsda/g/shim.gif, referer: http://190.27.245.106/isolucionsda/IdentificaUsuario.asp?Pagina1=FrameSetGeneral.asp&
[Wed Apr 20 17:52:25.587008 2016] [proxy_http:error] [pid 2136:tid 15552] (OS 10053)An established connection was aborted by the software in your host machine.  : [client 201.245.192.253:59155] AH01102: error reading status line from remote server 172.22.1.31:80, referer: http://190.27.245.106/isolucionsda/FrameSetGeneral.asp?Pagina1=FrameSetGeneral.asp&
[Wed Apr 20 17:52:25.587008 2016] [proxy:error] [pid 2136:tid 15552] [client 201.245.192.253:59155] AH00898: Error reading from remote server returned by /isolucionsda/BarraFavoritos.asp, referer: http://190.27.245.106/isolucionsda/FrameSetGeneral.asp?Pagina1=FrameSetGeneral.asp&
[Wed Apr 20 17:52:25.618208 2016] [proxy_http:error] [pid 2136:tid 15896] (OS 10053)An established connection was aborted by the software in your host machine.  : [client 201.245.192.253:59154] AH01102: error reading status line from remote server 172.22.1.31:80, referer: http://190.27.245.106/isolucionsda/Encabezado.asp?Pagina1=FrameSetGeneral.asp&&Pagina=MagazinHome.asp
[Wed Apr 20 17:52:25.618208 2016] [proxy_http:error] [pid 2136:tid 16312] (OS 10053)An established connection was aborted by the software in your host machine.  : [client 201.245.192.253:59157] AH01102: error reading status line from remote server 172.22.1.31:80, referer: http://190.27.245.106/isolucionsda/Encabezado.asp?Pagina1=FrameSetGeneral.asp&&Pagina=MagazinHome.asp
[Wed Apr 20 17:52:25.618208 2016] [proxy_http:error] [pid 2136:tid 15968] (OS 10053)An established connection was aborted by the software in your host machine.  : [client 201.245.192.253:59106] AH01102: error reading status line from remote server 172.22.1.31:80, referer: http://190.27.245.106/isolucionsda/BarraTitulos.asp?Pagina1=FrameSetGeneral.asp&&Pagina=MagazinHome.asp
[Wed Apr 20 17:52:25.618208 2016] [proxy_http:error] [pid 2136:tid 16280] (OS 10053)An established connection was aborted by the software in your host machine.  : [client 201.245.192.253:59107] AH01102: error reading status line from remote server 172.22.1.31:80, referer: http://190.27.245.106/isolucionsda/FrameSetGeneral.asp?Pagina1=FrameSetGeneral.asp&
[Wed Apr 20 17:52:25.618208 2016] [proxy:error] [pid 2136:tid 16312] [client 201.245.192.253:59157] AH00898: Error reading from remote server returned by /isolucionsda/g/Bot_Siguiente.jpg, referer: http://190.27.245.106/isolucionsda/Encabezado.asp?Pagina1=FrameSetGeneral.asp&&Pagina=MagazinHome.asp
[Wed Apr 20 17:52:25.649408 2016] [proxy_http:error] [pid 2136:tid 15792] (OS 10053)An established connection was aborted by the software in your host machine.  : [client 201.245.192.253:59158] AH01102: error reading status line from remote server 172.22.1.31:80, referer: http://190.27.245.106/isolucionsda/Encabezado.asp?Pagina1=FrameSetGeneral.asp&&Pagina=MagazinHome.asp
[Wed Apr 20 17:52:36.741028 2016] [proxy_http:error] [pid 2136:tid 15052] (OS 10053)An established connection was aborted by the software in your host machine.  : [client 201.245.192.253:59239] AH01102: error reading status line from remote server 172.22.1.31:80, referer: http://190.27.245.106/isolucionsda/FrameSetGeneral.asp?Pagina=Menu.asp&IdModulo=4
[Wed Apr 20 17:52:36.741028 2016] [proxy:error] [pid 2136:tid 15052] [client 201.245.192.253:59239] AH00898: Error reading from remote server returned by /isolucionsda/Menu.asp, referer: http://190.27.245.106/isolucionsda/FrameSetGeneral.asp?Pagina=Menu.asp&IdModulo=4
[Wed Apr 20 18:06:52.464931 2016] [proxy_http:error] [pid 2136:tid 15852] (OS 10053)An established connection was aborted by the software in your host machine.  : [client 201.245.192.253:43488] AH01102: error reading status line from remote server 172.22.1.31:80
[Wed Apr 20 18:06:52.464931 2016] [proxy:error] [pid 2136:tid 15852] [client 201.245.192.253:43488] AH00898: Error reading from remote server returned by /isolucionsda/Session.asp
[Wed Apr 20 18:18:46.977386 2016] [proxy_http:error] [pid 2136:tid 16048] (OS 10053)An established connection was aborted by the software in your host machine.  : [client 201.245.192.253:36295] AH01102: error reading status line from remote server 172.22.1.31:80, referer: http://190.27.245.106/IsolucionSDA/IdentificaUsuario.asp?Pagina1=FrameSetGeneral.asp&
[Wed Apr 20 18:18:46.977386 2016] [proxy:error] [pid 2136:tid 16048] [client 201.245.192.253:36295] AH00898: Error reading from remote server returned by /IsolucionSDA/g/Img_DivBarraSup.jpg, referer: http://190.27.245.106/IsolucionSDA/IdentificaUsuario.asp?Pagina1=FrameSetGeneral.asp&
[Wed Apr 20 19:08:07.534986 2016] [mpm_winnt:warn] [pid 2136:tid 352] (OS 64)The specified network name is no longer available.  : AH00341: winnt_accept: Asynchronous AcceptEx failed.
[Wed Apr 20 20:21:07.648279 2016] [core:error] [pid 2136:tid 15968] (20024)The given path is misformatted or contained invalid characters: [client 157.55.39.243:9726] AH00127: Cannot map GET /www.ambientebogota.gov.co:81/ HTTP/1.1 to file
[Wed Apr 20 20:27:16.713727 2016] [core:error] [pid 2136:tid 15040] (20024)The given path is misformatted or contained invalid characters: [client 157.55.39.17:18181] AH00127: Cannot map GET /www.ambientebogota.gov.co:81/ HTTP/1.1 to file
[Wed Apr 20 21:29:32.904689 2016] [mpm_winnt:warn] [pid 2136:tid 352] (OS 64)The specified network name is no longer available.  : AH00341: winnt_accept: Asynchronous AcceptEx failed.
[Wed Apr 20 22:01:29.789256 2016] [mpm_winnt:warn] [pid 2136:tid 352] (OS 64)The specified network name is no longer available.  : AH00341: winnt_accept: Asynchronous AcceptEx failed.
[Wed Apr 20 23:08:00.619466 2016] [core:error] [pid 2136:tid 16128] [client 103.230.49.73:65381] AH00126: Invalid URI in request GET: index.php HTTP/1.0 
[Wed Apr 20 23:37:49.630608 2016] [mpm_winnt:warn] [pid 2136:tid 352] (OS 64)The specified network name is no longer available.  : AH00341: winnt_accept: Asynchronous AcceptEx failed.

:: Command execute ::

Enter:
 
Select:
 

:: Search ::
regexp 

:: Upload ::
 
[ ok ]

:: Make Dir ::
 
[ ok ]
:: Make File ::
 
[ ok ]

:: Go Dir ::
 
:: Go File ::
 

--[ c99shell v. 1.0 pre-release build #13 powered by Captain Crunch Security Team | http://ccteam.ru | Generation time: 0.0624 ]--