!C99Shell v. 1.0 pre-release build #13!

Software: Apache. PHP/5.5.15 

uname -a: Windows NT SVR-DMZ 6.1 build 7600 (Windows Server 2008 R2 Enterprise Edition) i586 

SYSTEM 

Safe-mode: OFF (not secure)

E:\nuevo\apache\logs\   drwxrwxrwx
Free 9.41 GB of 239.26 GB (3.93%)
Detected drives: [ a ] [ c ] [ d ] [ e ] [ f ]
Home    Back    Forward    UPDIR    Refresh    Search    Buffer    Encoder    Tools    Proc.    FTP brute    Sec.    SQL    PHP-code    Update    Feedback    Self remove    Logout    


Viewing file:     error.2016.06.19.log (18.69 KB)      -rw-rw-rw-
Select action/file-type:
(+) | (+) | (+) | Code (+) | Session (+) | (+) | SDB (+) | (+) | (+) | (+) | (+) | (+) |
[Sun Jun 19 00:50:04.231324 2016] [core:error] [pid 15364:tid 14852] (20024)The given path is misformatted or contained invalid characters: [client 52.41.139.85:47438] AH00127: Cannot map GET /www.ambientebogota.gov.co:81/ HTTP/1.1 to file
[Sun Jun 19 01:31:53.122331 2016] [ssl:error] [pid 15364:tid 14476] AH02032: Hostname bogotaclimatesummit2015.com provided via SNI and hostname dama.gov.co provided via HTTP are different
[Sun Jun 19 02:27:37.550805 2016] [mpm_winnt:warn] [pid 15364:tid 17052] (OS 64)The specified network name is no longer available.  : AH00341: winnt_accept: Asynchronous AcceptEx failed.
[Sun Jun 19 04:21:34.732814 2016] [proxy:error] [pid 15364:tid 16320] (OS 10060)A connection attempt failed because the connected party did not properly respond after a period of time, or established connection failed because connected host has failed to respond.  : AH00957: HTTP: attempt to connect to 172.22.1.51:8399 (172.22.1.51) failed
[Sun Jun 19 04:21:34.732814 2016] [proxy:error] [pid 15364:tid 16320] AH00959: ap_proxy_connect_backend disabling worker for (172.22.1.51) for 60s
[Sun Jun 19 04:21:34.732814 2016] [proxy_http:error] [pid 15364:tid 16320] [client 152.61.192.232:6917] AH01114: HTTP: failed to make connection to backend: 172.22.1.51
[Sun Jun 19 04:21:34.966814 2016] [proxy:error] [pid 15364:tid 16320] AH00940: HTTP: disabled connection for (172.22.1.51)
[Sun Jun 19 04:23:17.661795 2016] [mpm_winnt:warn] [pid 15364:tid 17052] (OS 64)The specified network name is no longer available.  : AH00341: winnt_accept: Asynchronous AcceptEx failed.
[Sun Jun 19 04:23:17.692995 2016] [mpm_winnt:warn] [pid 15364:tid 17052] (OS 64)The specified network name is no longer available.  : AH00341: winnt_accept: Asynchronous AcceptEx failed.
[Sun Jun 19 04:23:37.239829 2016] [mpm_winnt:warn] [pid 15364:tid 17052] (OS 64)The specified network name is no longer available.  : AH00341: winnt_accept: Asynchronous AcceptEx failed.
[Sun Jun 19 04:27:44.375463 2016] [proxy:error] [pid 15364:tid 14124] (OS 10060)A connection attempt failed because the connected party did not properly respond after a period of time, or established connection failed because connected host has failed to respond.  : AH00957: HTTP: attempt to connect to 172.22.1.51:8399 (172.22.1.51) failed
[Sun Jun 19 04:27:44.375463 2016] [proxy:error] [pid 15364:tid 14124] AH00959: ap_proxy_connect_backend disabling worker for (172.22.1.51) for 60s
[Sun Jun 19 04:27:44.375463 2016] [proxy_http:error] [pid 15364:tid 14124] [client 152.61.192.232:63059] AH01114: HTTP: failed to make connection to backend: 172.22.1.51
[Sun Jun 19 04:27:44.609464 2016] [proxy:error] [pid 15364:tid 14124] AH00940: HTTP: disabled connection for (172.22.1.51)
[Sun Jun 19 04:27:44.843464 2016] [proxy:error] [pid 15364:tid 14124] AH00940: HTTP: disabled connection for (172.22.1.51)
[Sun Jun 19 04:42:49.567053 2016] [mpm_winnt:warn] [pid 15364:tid 17052] (OS 64)The specified network name is no longer available.  : AH00341: winnt_accept: Asynchronous AcceptEx failed.
[Sun Jun 19 05:13:38.514501 2016] [proxy:error] [pid 15364:tid 15736] (OS 10060)A connection attempt failed because the connected party did not properly respond after a period of time, or established connection failed because connected host has failed to respond.  : AH00957: HTTP: attempt to connect to 172.22.1.51:8399 (172.22.1.51) failed
[Sun Jun 19 05:13:38.514501 2016] [proxy:error] [pid 15364:tid 15736] AH00959: ap_proxy_connect_backend disabling worker for (172.22.1.51) for 60s
[Sun Jun 19 05:13:38.514501 2016] [proxy_http:error] [pid 15364:tid 15736] [client 152.61.128.50:57579] AH01114: HTTP: failed to make connection to backend: 172.22.1.51
[Sun Jun 19 05:13:38.748501 2016] [proxy:error] [pid 15364:tid 15736] AH00940: HTTP: disabled connection for (172.22.1.51)
[Sun Jun 19 05:24:12.624414 2016] [proxy:error] [pid 15364:tid 15008] (OS 10060)A connection attempt failed because the connected party did not properly respond after a period of time, or established connection failed because connected host has failed to respond.  : AH00957: HTTP: attempt to connect to 172.22.1.51:8399 (172.22.1.51) failed
[Sun Jun 19 05:24:12.624414 2016] [proxy:error] [pid 15364:tid 15008] AH00959: ap_proxy_connect_backend disabling worker for (172.22.1.51) for 60s
[Sun Jun 19 05:24:12.624414 2016] [proxy_http:error] [pid 15364:tid 15008] [client 152.61.128.50:35054] AH01114: HTTP: failed to make connection to backend: 172.22.1.51
[Sun Jun 19 05:24:12.842815 2016] [proxy:error] [pid 15364:tid 15008] AH00940: HTTP: disabled connection for (172.22.1.51)
[Sun Jun 19 05:24:13.076815 2016] [proxy:error] [pid 15364:tid 15008] AH00940: HTTP: disabled connection for (172.22.1.51)
[Sun Jun 19 06:08:01.167631 2016] [core:error] [pid 15364:tid 15736] (20024)The given path is misformatted or contained invalid characters: [client 207.46.13.97:24946] AH00127: Cannot map GET /www.ambientebogota.gov.co:81/ HTTP/1.1 to file
[Sun Jun 19 08:05:30.744013 2016] [core:error] [pid 15364:tid 14124] (20024)The given path is misformatted or contained invalid characters: [client 68.180.231.36:59829] AH00127: Cannot map GET /www.ambientebogota.gov.co:81/ HTTP/1.1 to file
[Sun Jun 19 08:16:38.409586 2016] [ssl:error] [pid 15364:tid 15212] AH02032: Hostname orarbo.gov.co provided via SNI and hostname dama.gov.co provided via HTTP are different
[Sun Jun 19 08:39:59.776647 2016] [mpm_winnt:warn] [pid 15364:tid 17052] (OS 64)The specified network name is no longer available.  : AH00341: winnt_accept: Asynchronous AcceptEx failed.
[Sun Jun 19 08:46:58.122582 2016] [core:error] [pid 15364:tid 15504] (20024)The given path is misformatted or contained invalid characters: [client 207.46.13.27:3017] AH00127: Cannot map GET /www.ambientebogota.gov.co:81/ HTTP/1.1 to file
[Sun Jun 19 09:03:37.834738 2016] [ssl:error] [pid 15364:tid 15776] AH02032: Hostname encuentroporelclima.com.co provided via SNI and hostname dama.gov.co provided via HTTP are different
[Sun Jun 19 10:07:58.904920 2016] [proxy_http:error] [pid 15364:tid 14852] (OS 10053)An established connection was aborted by the software in your host machine.  : [client 186.84.196.182:50603] AH01102: error reading status line from remote server 172.22.1.31:80, referer: http://www.ambientebogota.gov.co/web/intranet/aplicaciones-para-acceder-fuera-de-la-sda
[Sun Jun 19 10:07:58.904920 2016] [proxy:error] [pid 15364:tid 14852] [client 186.84.196.182:50603] AH00898: Error reading from remote server returned by /isolucionsda/, referer: http://www.ambientebogota.gov.co/web/intranet/aplicaciones-para-acceder-fuera-de-la-sda
[Sun Jun 19 10:47:56.567731 2016] [proxy_http:error] [pid 15364:tid 13968] (OS 10053)An established connection was aborted by the software in your host machine.  : [client 186.84.196.182:52195] AH01102: error reading status line from remote server 172.22.1.31:80, referer: http://190.27.245.106/isolucionsda/Manual.web/Manual2.asp?Pagina=Menu.asp&IdModulo=4
[Sun Jun 19 10:47:56.567731 2016] [proxy:error] [pid 15364:tid 13968] [client 186.84.196.182:52195] AH00898: Error reading from remote server returned by /isolucionsda/Manual.web/MenuTip.asp, referer: http://190.27.245.106/isolucionsda/Manual.web/Manual2.asp?Pagina=Menu.asp&IdModulo=4
[Sun Jun 19 11:10:03.802462 2016] [proxy_http:error] [pid 15364:tid 14476] (OS 10053)An established connection was aborted by the software in your host machine.  : [client 186.84.196.182:52684] AH01102: error reading status line from remote server 172.22.1.31:80, referer: http://190.27.245.106/isolucionsda/Manual.web/Documentacion.htm
[Sun Jun 19 11:10:03.802462 2016] [proxy:error] [pid 15364:tid 14476] [client 186.84.196.182:52684] AH00898: Error reading from remote server returned by /isolucionsda/Manual.web/M\xc3\xb3dulo Documentaci\xc3\xb3n_archivos/image134.jpg, referer: http://190.27.245.106/isolucionsda/Manual.web/Documentacion.htm
[Sun Jun 19 11:10:03.880462 2016] [proxy_http:error] [pid 15364:tid 15520] (OS 10053)An established connection was aborted by the software in your host machine.  : [client 186.84.196.182:52683] AH01102: error reading status line from remote server 172.22.1.31:80, referer: http://190.27.245.106/isolucionsda/Manual.web/Documentacion.htm
[Sun Jun 19 11:10:03.958462 2016] [proxy_http:error] [pid 15364:tid 14552] (OS 10053)An established connection was aborted by the software in your host machine.  : [client 186.84.196.182:52686] AH01102: error reading status line from remote server 172.22.1.31:80, referer: http://190.27.245.106/isolucionsda/Manual.web/Documentacion.htm
[Sun Jun 19 11:10:04.551263 2016] [proxy_http:error] [pid 15364:tid 15864] (OS 10053)An established connection was aborted by the software in your host machine.  : [client 186.84.196.182:52685] AH01102: error reading status line from remote server 172.22.1.31:80, referer: http://190.27.245.106/isolucionsda/Manual.web/Documentacion.htm
[Sun Jun 19 12:13:09.009711 2016] [ssl:error] [pid 15364:tid 15504] AH02032: Hostname bogotacumbredelclima.com provided via SNI and hostname dama.gov.co provided via HTTP are different
[Sun Jun 19 13:12:26.675959 2016] [mpm_winnt:warn] [pid 15364:tid 17052] (OS 64)The specified network name is no longer available.  : AH00341: winnt_accept: Asynchronous AcceptEx failed.
[Sun Jun 19 13:58:01.485563 2016] [proxy_http:error] [pid 15364:tid 16288] (OS 10053)An established connection was aborted by the software in your host machine.  : [client 186.84.196.182:55645] AH01102: error reading status line from remote server 172.22.1.31:80, referer: http://190.27.245.106/IsolucionSDA/FrameSetGeneral.asp?Pagina1=FrameSetGeneral.asp&
[Sun Jun 19 13:58:01.485563 2016] [proxy:error] [pid 15364:tid 16288] [client 186.84.196.182:55645] AH00898: Error reading from remote server returned by /IsolucionSDA/BarraFavoritos.asp, referer: http://190.27.245.106/IsolucionSDA/FrameSetGeneral.asp?Pagina1=FrameSetGeneral.asp&
[Sun Jun 19 13:58:01.891164 2016] [proxy_http:error] [pid 15364:tid 15072] (OS 10053)An established connection was aborted by the software in your host machine.  : [client 186.84.196.182:55638] AH01102: error reading status line from remote server 172.22.1.31:80, referer: http://190.27.245.106/IsolucionSDA/Encabezado.asp?Pagina1=FrameSetGeneral.asp&&Pagina=MagazinHome.asp
[Sun Jun 19 15:03:39.433680 2016] [proxy_http:error] [pid 15364:tid 15528] (OS 10053)An established connection was aborted by the software in your host machine.  : [client 181.130.71.115:49457] AH01102: error reading status line from remote server 172.22.1.31:80, referer: http://190.27.245.106/isolucionsda/FrameSetGeneral.asp?Pagina=SucursalSeleccion.asp&CargaPagina=ModuloProcesos&IdModulo=3
[Sun Jun 19 15:11:16.514482 2016] [mpm_winnt:warn] [pid 15364:tid 17052] (OS 64)The specified network name is no longer available.  : AH00341: winnt_accept: Asynchronous AcceptEx failed.
[Sun Jun 19 15:41:46.038896 2016] [mpm_winnt:warn] [pid 15364:tid 17052] (OS 64)The specified network name is no longer available.  : AH00341: winnt_accept: Asynchronous AcceptEx failed.
[Sun Jun 19 16:25:43.068528 2016] [proxy:error] [pid 15364:tid 14516] (OS 10060)A connection attempt failed because the connected party did not properly respond after a period of time, or established connection failed because connected host has failed to respond.  : AH00957: HTTP: attempt to connect to 172.22.1.51:8399 (172.22.1.51) failed
[Sun Jun 19 16:25:43.068528 2016] [proxy:error] [pid 15364:tid 14516] AH00959: ap_proxy_connect_backend disabling worker for (172.22.1.51) for 60s
[Sun Jun 19 16:25:43.068528 2016] [proxy_http:error] [pid 15364:tid 14516] [client 152.61.128.50:49004] AH01114: HTTP: failed to make connection to backend: 172.22.1.51
[Sun Jun 19 16:25:43.333728 2016] [proxy:error] [pid 15364:tid 14516] AH00940: HTTP: disabled connection for (172.22.1.51)
[Sun Jun 19 17:03:04.294264 2016] [proxy:error] [pid 15364:tid 15736] (OS 10060)A connection attempt failed because the connected party did not properly respond after a period of time, or established connection failed because connected host has failed to respond.  : AH00957: HTTP: attempt to connect to 172.22.1.51:8399 (172.22.1.51) failed
[Sun Jun 19 17:03:04.294264 2016] [proxy:error] [pid 15364:tid 15736] AH00959: ap_proxy_connect_backend disabling worker for (172.22.1.51) for 60s
[Sun Jun 19 17:03:04.294264 2016] [proxy_http:error] [pid 15364:tid 15736] [client 152.61.128.50:49026] AH01114: HTTP: failed to make connection to backend: 172.22.1.51
[Sun Jun 19 17:03:04.497064 2016] [proxy:error] [pid 15364:tid 15520] AH00940: HTTP: disabled connection for (172.22.1.51)
[Sun Jun 19 17:03:04.715465 2016] [proxy:error] [pid 15364:tid 14924] AH00940: HTTP: disabled connection for (172.22.1.51)
[Sun Jun 19 17:39:36.082514 2016] [mpm_winnt:warn] [pid 15364:tid 17052] (OS 64)The specified network name is no longer available.  : AH00341: winnt_accept: Asynchronous AcceptEx failed.
[Sun Jun 19 17:46:34.866249 2016] [proxy:error] [pid 15364:tid 13968] (OS 10060)A connection attempt failed because the connected party did not properly respond after a period of time, or established connection failed because connected host has failed to respond.  : AH00957: HTTP: attempt to connect to 172.22.1.51:8399 (172.22.1.51) failed
[Sun Jun 19 17:46:34.866249 2016] [proxy:error] [pid 15364:tid 13968] AH00959: ap_proxy_connect_backend disabling worker for (172.22.1.51) for 60s
[Sun Jun 19 17:46:34.866249 2016] [proxy_http:error] [pid 15364:tid 13968] [client 152.61.192.232:53601] AH01114: HTTP: failed to make connection to backend: 172.22.1.51
[Sun Jun 19 17:46:35.100250 2016] [proxy:error] [pid 15364:tid 13968] AH00940: HTTP: disabled connection for (172.22.1.51)
[Sun Jun 19 17:46:35.318650 2016] [proxy:error] [pid 15364:tid 15520] AH00940: HTTP: disabled connection for (172.22.1.51)
[Sun Jun 19 18:36:44.735536 2016] [proxy:error] [pid 15364:tid 15976] (OS 10060)A connection attempt failed because the connected party did not properly respond after a period of time, or established connection failed because connected host has failed to respond.  : AH00957: HTTP: attempt to connect to 172.22.1.51:8399 (172.22.1.51) failed
[Sun Jun 19 18:36:44.735536 2016] [proxy:error] [pid 15364:tid 15976] AH00959: ap_proxy_connect_backend disabling worker for (172.22.1.51) for 60s
[Sun Jun 19 18:36:44.735536 2016] [proxy_http:error] [pid 15364:tid 15976] [client 152.61.192.232:2473] AH01114: HTTP: failed to make connection to backend: 172.22.1.51
[Sun Jun 19 18:36:44.953936 2016] [proxy:error] [pid 15364:tid 15976] AH00940: HTTP: disabled connection for (172.22.1.51)
[Sun Jun 19 19:30:57.264249 2016] [negotiation:error] [pid 15364:tid 15976] [client 134.249.131.0:49626] AH00690: no acceptable variant: E:/nuevo/apache/error/HTTP_NOT_FOUND.html.var, referer: http://www.dama.gov.co/wp-login.php
[Sun Jun 19 19:30:58.340651 2016] [negotiation:error] [pid 15364:tid 14184] [client 134.249.131.0:49976] AH00690: no acceptable variant: E:/nuevo/apache/error/HTTP_NOT_FOUND.html.var, referer: http://www.dama.gov.co/blog//wp-login.php
[Sun Jun 19 19:30:59.370252 2016] [negotiation:error] [pid 15364:tid 14184] [client 134.249.131.0:50328] AH00690: no acceptable variant: E:/nuevo/apache/error/HTTP_NOT_FOUND.html.var, referer: http://www.dama.gov.co/administrator/
[Sun Jun 19 19:30:59.869453 2016] [negotiation:error] [pid 15364:tid 14184] [client 134.249.131.0:50493] AH00690: no acceptable variant: E:/nuevo/apache/error/HTTP_NOT_FOUND.html.var, referer: http://www.dama.gov.co/blog//administrator/
[Sun Jun 19 19:31:00.368654 2016] [negotiation:error] [pid 15364:tid 14184] [client 134.249.131.0:50658] AH00690: no acceptable variant: E:/nuevo/apache/error/HTTP_NOT_FOUND.html.var, referer: http://www.dama.gov.co/admin.php
[Sun Jun 19 19:31:00.914655 2016] [negotiation:error] [pid 15364:tid 15844] [client 134.249.131.0:50802] AH00690: no acceptable variant: E:/nuevo/apache/error/HTTP_NOT_FOUND.html.var, referer: http://www.dama.gov.co/blog//admin.php
[Sun Jun 19 19:31:01.398256 2016] [negotiation:error] [pid 15364:tid 15844] [client 134.249.131.0:50950] AH00690: no acceptable variant: E:/nuevo/apache/error/HTTP_NOT_FOUND.html.var, referer: http://www.dama.gov.co/bitrix/admin/
[Sun Jun 19 19:31:01.913057 2016] [negotiation:error] [pid 15364:tid 15844] [client 134.249.131.0:51101] AH00690: no acceptable variant: E:/nuevo/apache/error/HTTP_NOT_FOUND.html.var, referer: http://www.dama.gov.co/blog//bitrix/admin/
[Sun Jun 19 19:31:03.348259 2016] [negotiation:error] [pid 15364:tid 15844] [client 134.249.131.0:51552] AH00690: no acceptable variant: E:/nuevo/apache/error/HTTP_NOT_FOUND.html.var, referer: http://www.dama.gov.co/blog//?q=user
[Sun Jun 19 19:31:03.863060 2016] [negotiation:error] [pid 15364:tid 15844] [client 134.249.131.0:51704] AH00690: no acceptable variant: E:/nuevo/apache/error/HTTP_NOT_FOUND.html.var, referer: http://www.dama.gov.co/index.php/admin/
[Sun Jun 19 19:31:04.393461 2016] [negotiation:error] [pid 15364:tid 15844] [client 134.249.131.0:51854] AH00690: no acceptable variant: E:/nuevo/apache/error/HTTP_NOT_FOUND.html.var, referer: http://www.dama.gov.co/blog//index.php/admin/
[Sun Jun 19 21:01:03.752145 2016] [core:error] [pid 15364:tid 15072] (20024)The given path is misformatted or contained invalid characters: [client 190.27.35.202:26795] AH00127: Cannot map GET /galeria/carrusel/Carrusel/jquery-ui-%0A%0A1.8.13.custom.min.js HTTP/1.1 to file, referer: http://www.ambientebogota.gov.co/
[Sun Jun 19 21:02:32.859501 2016] [core:error] [pid 15364:tid 14124] (20024)The given path is misformatted or contained invalid characters: [client 190.27.35.202:26906] AH00127: Cannot map GET /galeria/carrusel/Carrusel/jquery-ui-%0A%0A1.8.13.custom.min.js HTTP/1.1 to file, referer: http://www.ambientebogota.gov.co/web/sda/inicio
[Sun Jun 19 21:03:33.840008 2016] [core:error] [pid 15364:tid 15408] (20024)The given path is misformatted or contained invalid characters: [client 190.27.35.202:26927] AH00127: Cannot map GET /galeria/carrusel/Carrusel/jquery-ui-%0A%0A1.8.13.custom.min.js HTTP/1.1 to file, referer: http://www.ambientebogota.gov.co/web/sda/inicio
[Sun Jun 19 21:32:48.235690 2016] [proxy_http:error] [pid 15364:tid 15528] (OS 10053)An established connection was aborted by the software in your host machine.  : [client 186.155.153.41:13379] AH01102: error reading status line from remote server 172.22.1.31:80, referer: http://www.ambientebogota.gov.co/web/intranet/aplicaciones-para-acceder-fuera-de-la-sda
[Sun Jun 19 21:32:48.235690 2016] [proxy:error] [pid 15364:tid 15528] [client 186.155.153.41:13379] AH00898: Error reading from remote server returned by /isolucionsda/, referer: http://www.ambientebogota.gov.co/web/intranet/aplicaciones-para-acceder-fuera-de-la-sda
[Sun Jun 19 22:36:24.268593 2016] [core:error] [pid 15364:tid 13548] (20024)The given path is misformatted or contained invalid characters: [client 54.183.96.45:59146] AH00127: Cannot map GET /www.ambientebogota.gov.co:81/ HTTP/1.1 to file

:: Command execute ::

Enter:
 
Select:
 

:: Search ::
regexp 

:: Upload ::
 
[ ok ]

:: Make Dir ::
 
[ ok ]
:: Make File ::
 
[ ok ]

:: Go Dir ::
 
:: Go File ::
 

--[ c99shell v. 1.0 pre-release build #13 powered by Captain Crunch Security Team | http://ccteam.ru | Generation time: 0.0624 ]--