!C99Shell v. 1.0 pre-release build #13!

Software: Apache. PHP/5.5.15 

uname -a: Windows NT SVR-DMZ 6.1 build 7600 (Windows Server 2008 R2 Enterprise Edition) i586 

SYSTEM 

Safe-mode: OFF (not secure)

E:\nuevo\apache\logs\   drwxrwxrwx
Free 8.02 GB of 239.26 GB (3.35%)
Detected drives: [ a ] [ c ] [ d ] [ e ] [ f ]
Home    Back    Forward    UPDIR    Refresh    Search    Buffer    Encoder    Tools    Proc.    FTP brute    Sec.    SQL    PHP-code    Update    Feedback    Self remove    Logout    


Viewing file:     error.2016.06.23.log (29.08 KB)      -rw-rw-rw-
Select action/file-type:
(+) | (+) | (+) | Code (+) | Session (+) | (+) | SDB (+) | (+) | (+) | (+) | (+) | (+) |
[Thu Jun 23 00:55:38.032730 2016] [mpm_winnt:warn] [pid 15364:tid 17052] (OS 64)The specified network name is no longer available.  : AH00341: winnt_accept: Asynchronous AcceptEx failed.
[Thu Jun 23 00:55:38.032730 2016] [mpm_winnt:warn] [pid 15364:tid 17052] (OS 64)The specified network name is no longer available.  : AH00341: winnt_accept: Asynchronous AcceptEx failed.
[Thu Jun 23 04:10:09.368830 2016] [proxy:error] [pid 15364:tid 15540] (OS 10060)A connection attempt failed because the connected party did not properly respond after a period of time, or established connection failed because connected host has failed to respond.  : AH00957: HTTP: attempt to connect to 172.22.1.51:8399 (172.22.1.51) failed
[Thu Jun 23 04:10:09.368830 2016] [proxy:error] [pid 15364:tid 15540] AH00959: ap_proxy_connect_backend disabling worker for (172.22.1.51) for 60s
[Thu Jun 23 04:10:09.368830 2016] [proxy_http:error] [pid 15364:tid 15540] [client 152.61.128.50:34972] AH01114: HTTP: failed to make connection to backend: 172.22.1.51
[Thu Jun 23 04:10:09.602831 2016] [proxy:error] [pid 15364:tid 15540] AH00940: HTTP: disabled connection for (172.22.1.51)
[Thu Jun 23 04:13:29.095981 2016] [proxy:error] [pid 15364:tid 15028] (OS 10060)A connection attempt failed because the connected party did not properly respond after a period of time, or established connection failed because connected host has failed to respond.  : AH00957: HTTP: attempt to connect to 172.22.1.51:8399 (172.22.1.51) failed
[Thu Jun 23 04:13:29.095981 2016] [proxy:error] [pid 15364:tid 15028] AH00959: ap_proxy_connect_backend disabling worker for (172.22.1.51) for 60s
[Thu Jun 23 04:13:29.095981 2016] [proxy_http:error] [pid 15364:tid 15028] [client 152.61.128.50:41197] AH01114: HTTP: failed to make connection to backend: 172.22.1.51
[Thu Jun 23 04:13:29.329981 2016] [proxy:error] [pid 15364:tid 15028] AH00940: HTTP: disabled connection for (172.22.1.51)
[Thu Jun 23 04:13:29.563982 2016] [proxy:error] [pid 15364:tid 15028] AH00940: HTTP: disabled connection for (172.22.1.51)
[Thu Jun 23 05:52:35.905426 2016] [core:error] [pid 15364:tid 15452] [client 169.229.3.91:47483] AH00126: Invalid URI in request y\x9f\xea\x01\xe5\x94'\xe5h\x9f\xdd-\x86`\x15\xfew\xc1\xf5/\x1d\xd3\xa1v}\xf5\xf8T\xf5:\x81\xe9>\xd5\x03\xf2\\9\xc5\xde\vS\xb0\xfeV\xb3\xee9\xdc\x92\xb5\xeeXy\xcd
[Thu Jun 23 05:53:21.223506 2016] [proxy:error] [pid 15364:tid 15452] (OS 10060)A connection attempt failed because the connected party did not properly respond after a period of time, or established connection failed because connected host has failed to respond.  : AH00957: HTTP: attempt to connect to 172.22.1.51:8399 (172.22.1.51) failed
[Thu Jun 23 05:53:21.223506 2016] [proxy:error] [pid 15364:tid 15452] AH00959: ap_proxy_connect_backend disabling worker for (172.22.1.51) for 60s
[Thu Jun 23 05:53:21.223506 2016] [proxy_http:error] [pid 15364:tid 15452] [client 152.61.192.232:55175] AH01114: HTTP: failed to make connection to backend: 172.22.1.51
[Thu Jun 23 05:53:21.457506 2016] [proxy:error] [pid 15364:tid 15452] AH00940: HTTP: disabled connection for (172.22.1.51)
[Thu Jun 23 05:53:21.691507 2016] [proxy:error] [pid 15364:tid 15452] AH00940: HTTP: disabled connection for (172.22.1.51)
[Thu Jun 23 06:33:21.522722 2016] [mpm_winnt:warn] [pid 15364:tid 17052] (OS 64)The specified network name is no longer available.  : AH00341: winnt_accept: Asynchronous AcceptEx failed.
[Thu Jun 23 07:05:38.625924 2016] [proxy:error] [pid 15364:tid 15300] (OS 10060)A connection attempt failed because the connected party did not properly respond after a period of time, or established connection failed because connected host has failed to respond.  : AH00957: HTTP: attempt to connect to 172.22.1.51:8399 (172.22.1.51) failed
[Thu Jun 23 07:05:38.625924 2016] [proxy:error] [pid 15364:tid 15300] AH00959: ap_proxy_connect_backend disabling worker for (172.22.1.51) for 60s
[Thu Jun 23 07:05:38.625924 2016] [proxy_http:error] [pid 15364:tid 15300] [client 152.61.192.232:12001] AH01114: HTTP: failed to make connection to backend: 172.22.1.51
[Thu Jun 23 07:05:38.844324 2016] [proxy:error] [pid 15364:tid 15300] AH00940: HTTP: disabled connection for (172.22.1.51)
[Thu Jun 23 07:51:16.821733 2016] [proxy_http:error] [pid 15364:tid 15540] (OS 10053)An established connection was aborted by the software in your host machine.  : [client 201.245.192.253:19269] AH01102: error reading status line from remote server 172.22.1.31:80, referer: http://190.27.245.106/IsolucionSDA/FrameSetGeneral.asp?Pagina1=FrameSetGeneral.asp&
[Thu Jun 23 07:51:16.821733 2016] [proxy:error] [pid 15364:tid 15540] [client 201.245.192.253:19269] AH00898: Error reading from remote server returned by /IsolucionSDA/MagazinHome.asp, referer: http://190.27.245.106/IsolucionSDA/FrameSetGeneral.asp?Pagina1=FrameSetGeneral.asp&
[Thu Jun 23 08:01:10.324776 2016] [proxy_http:error] [pid 15364:tid 15020] (OS 10053)An established connection was aborted by the software in your host machine.  : [client 201.245.192.253:21234] AH01102: error reading status line from remote server 172.22.1.31:80
[Thu Jun 23 08:01:10.324776 2016] [proxy:error] [pid 15364:tid 15020] [client 201.245.192.253:21234] AH00898: Error reading from remote server returned by /IsolucionSDA/Jerarquia.asp
[Thu Jun 23 08:07:40.653062 2016] [core:error] [pid 15364:tid 15528] (20024)The given path is misformatted or contained invalid characters: [client 157.55.39.35:28406] AH00127: Cannot map GET /www.ambientebogota.gov.co:81/ HTTP/1.1 to file
[Thu Jun 23 08:41:09.485190 2016] [core:error] [pid 15364:tid 15148] (20024)The given path is misformatted or contained invalid characters: [client 208.43.225.85:54477] AH00127: Cannot map GET /www.ambientebogota.gov.co:81/ HTTP/1.1 to file
[Thu Jun 23 09:24:47.793789 2016] [proxy_http:error] [pid 15364:tid 15528] (OS 10053)An established connection was aborted by the software in your host machine.  : [client 181.50.185.150:51251] AH01102: error reading status line from remote server 172.22.1.31:80, referer: http://190.27.245.106/isolucionsda/Encabezado.asp?Pagina1=FrameSetGeneral.asp&&Pagina=MagazinHome.asp
[Thu Jun 23 09:39:05.078694 2016] [proxy_http:error] [pid 15364:tid 14476] (20014)Internal error: [client 201.245.192.253:44163] AH01102: error reading status line from remote server 192.168.175.30:80, referer: http://190.27.245.106/catalogoisis/index.php
[Thu Jun 23 10:21:33.077970 2016] [proxy_http:error] [pid 15364:tid 15936] (OS 10053)An established connection was aborted by the software in your host machine.  : [client 201.245.192.253:15641] AH01102: error reading status line from remote server 172.22.1.31:80, referer: http://190.27.245.106/IsolucionSDA/FrameSetGeneral.asp?Pagina=Menu.asp&IdModulo=5
[Thu Jun 23 10:42:24.138767 2016] [core:error] [pid 15364:tid 15392] (20024)The given path is misformatted or contained invalid characters: [client 157.55.39.204:17377] AH00127: Cannot map GET /www.ambientebogota.gov.co:81/ HTTP/1.1 to file
[Thu Jun 23 11:09:21.565208 2016] [proxy_http:error] [pid 15364:tid 14476] (OS 10053)An established connection was aborted by the software in your host machine.  : [client 201.245.192.253:48919] AH01102: error reading status line from remote server 172.22.1.31:80, referer: http://190.27.245.106/isolucionsda/FrameSetGeneral.asp?Pagina=SucursalSeleccion.asp&CargaPagina=ModuloProcesos&IdModulo=3
[Thu Jun 23 11:09:21.565208 2016] [proxy:error] [pid 15364:tid 14476] [client 201.245.192.253:48919] AH00898: Error reading from remote server returned by /isolucionsda/BarraFavoritos.asp, referer: http://190.27.245.106/isolucionsda/FrameSetGeneral.asp?Pagina=SucursalSeleccion.asp&CargaPagina=ModuloProcesos&IdModulo=3
[Thu Jun 23 11:40:45.472317 2016] [proxy_http:error] [pid 15364:tid 13548] (OS 10053)An established connection was aborted by the software in your host machine.  : [client 201.245.192.253:52470] AH01102: error reading status line from remote server 172.22.1.31:80, referer: http://190.27.245.106/ISOlucionSDA/bancoconocimiento/m/mapadeprocesos__v4/mapadeprocesos__v4.asp
[Thu Jun 23 11:44:14.902685 2016] [proxy_http:error] [pid 15364:tid 14476] (OS 10053)An established connection was aborted by the software in your host machine.  : [client 201.245.192.253:56519] AH01102: error reading status line from remote server 172.22.1.31:80, referer: http://190.27.245.106/ISOlucionSDA//BancoConocimiento/D/DecretoNacional351de2014/DecretoNacional351de2014.asp
[Thu Jun 23 11:51:53.715091 2016] [mpm_winnt:warn] [pid 15364:tid 17052] (OS 64)The specified network name is no longer available.  : AH00341: winnt_accept: Asynchronous AcceptEx failed.
[Thu Jun 23 11:52:13.698726 2016] [mpm_winnt:warn] [pid 15364:tid 17052] (OS 64)The specified network name is no longer available.  : AH00341: winnt_accept: Asynchronous AcceptEx failed.
[Thu Jun 23 11:52:13.698726 2016] [mpm_winnt:warn] [pid 15364:tid 17052] (OS 64)The specified network name is no longer available.  : AH00341: winnt_accept: Asynchronous AcceptEx failed.
[Thu Jun 23 11:52:13.792326 2016] [mpm_winnt:warn] [pid 15364:tid 17052] (OS 64)The specified network name is no longer available.  : AH00341: winnt_accept: Asynchronous AcceptEx failed.
[Thu Jun 23 11:58:56.023433 2016] [proxy_http:error] [pid 15364:tid 15812] (OS 10053)An established connection was aborted by the software in your host machine.  : [client 201.244.40.75:10303] AH01102: error reading status line from remote server 172.22.1.31:80, referer: http://190.27.245.106/isolucionsda/FrameSetGeneral.asp?Pagina=ListadoMaestroDocumentos3.asp
[Thu Jun 23 12:07:23.164723 2016] [proxy_http:error] [pid 15364:tid 14124] (OS 10053)An established connection was aborted by the software in your host machine.  : [client 201.245.192.253:45281] AH01102: error reading status line from remote server 172.22.1.31:80, referer: http://190.27.245.106/ISOlucionSDA/bancoconocimiento/m/mapadeprocesos__v4/mapadeprocesos__v4.asp
[Thu Jun 23 12:07:23.164723 2016] [proxy_http:error] [pid 15364:tid 14836] (OS 10053)An established connection was aborted by the software in your host machine.  : [client 201.245.192.253:45277] AH01102: error reading status line from remote server 172.22.1.31:80, referer: http://190.27.245.106/ISOlucionSDA/bancoconocimiento/m/mapadeprocesos__v4/mapadeprocesos__v4.asp
[Thu Jun 23 12:07:23.164723 2016] [proxy:error] [pid 15364:tid 14124] [client 201.245.192.253:45281] AH00898: Error reading from remote server returned by /ISOlucionSDA/g/Plantillas/ModeloMP2/FlechaEstrategico.png, referer: http://190.27.245.106/ISOlucionSDA/bancoconocimiento/m/mapadeprocesos__v4/mapadeprocesos__v4.asp
[Thu Jun 23 12:07:23.195923 2016] [proxy_http:error] [pid 15364:tid 15420] (OS 10053)An established connection was aborted by the software in your host machine.  : [client 201.245.192.253:45282] AH01102: error reading status line from remote server 172.22.1.31:80, referer: http://190.27.245.106/ISOlucionSDA/bancoconocimiento/m/mapadeprocesos__v4/mapadeprocesos__v4.asp
[Thu Jun 23 12:07:23.195923 2016] [proxy:error] [pid 15364:tid 15420] [client 201.245.192.253:45282] AH00898: Error reading from remote server returned by /ISOlucionSDA/g/Plantillas/ModeloMP2/FlechaSup.png, referer: http://190.27.245.106/ISOlucionSDA/bancoconocimiento/m/mapadeprocesos__v4/mapadeprocesos__v4.asp
[Thu Jun 23 12:24:20.833511 2016] [proxy_http:error] [pid 15364:tid 15052] (OS 10053)An established connection was aborted by the software in your host machine.  : [client 201.245.192.253:48327] AH01102: error reading status line from remote server 172.22.1.31:80, referer: http://190.27.245.106/IsolucionSDA/IdentificaUsuario.asp?Pagina1=FrameSetGeneral.asp&
[Thu Jun 23 12:24:20.833511 2016] [proxy:error] [pid 15364:tid 15052] [client 201.245.192.253:48327] AH00898: Error reading from remote server returned by /IsolucionSDA/g/Img_LogoIsoCabezote.jpg, referer: http://190.27.245.106/IsolucionSDA/IdentificaUsuario.asp?Pagina1=FrameSetGeneral.asp&
[Thu Jun 23 12:24:20.849111 2016] [proxy_http:error] [pid 15364:tid 14884] (OS 10053)An established connection was aborted by the software in your host machine.  : [client 201.245.192.253:48332] AH01102: error reading status line from remote server 172.22.1.31:80, referer: http://190.27.245.106/IsolucionSDA/IdentificaUsuario.asp?Pagina1=FrameSetGeneral.asp&
[Thu Jun 23 12:24:20.849111 2016] [proxy:error] [pid 15364:tid 14884] [client 201.245.192.253:48332] AH00898: Error reading from remote server returned by /IsolucionSDA/g/shim.gif, referer: http://190.27.245.106/IsolucionSDA/IdentificaUsuario.asp?Pagina1=FrameSetGeneral.asp&
[Thu Jun 23 12:24:27.978323 2016] [proxy_http:error] [pid 15364:tid 15148] (OS 10053)An established connection was aborted by the software in your host machine.  : [client 201.245.192.253:48333] AH01102: error reading status line from remote server 172.22.1.31:80, referer: http://190.27.245.106/IsolucionSDA/FrameSetGeneral.asp?Pagina1=FrameSetGeneral.asp&
[Thu Jun 23 12:24:27.978323 2016] [proxy:error] [pid 15364:tid 15148] [client 201.245.192.253:48333] AH00898: Error reading from remote server returned by /IsolucionSDA/MagazinHome.asp, referer: http://190.27.245.106/IsolucionSDA/FrameSetGeneral.asp?Pagina1=FrameSetGeneral.asp&
[Thu Jun 23 13:16:19.638789 2016] [proxy_http:error] [pid 15364:tid 15504] (OS 10053)An established connection was aborted by the software in your host machine.  : [client 201.245.192.253:43948] AH01102: error reading status line from remote server 172.22.1.31:80, referer: http://190.27.245.106/IsolucionSDA/FrameSetArticulo.asp?Pagina=/IsolucionSDA/bancoconocimiento/G/GuiaparaelmanejodelaherramientaSTORM_paraPIGA_v1_0/GuiaparaelmanejodelaherramientaSTORM_paraPIGA_v1_0.asp?IdArticulo=8710
[Thu Jun 23 13:16:19.638789 2016] [proxy:error] [pid 15364:tid 15504] [client 201.245.192.253:43948] AH00898: Error reading from remote server returned by /IsolucionSDA/bancoconocimiento/G/GuiaparaelmanejodelaherramientaSTORM_paraPIGA_v1_0/GuiaparaelmanejodelaherramientaSTORM_paraPIGA_v1_0.asp, referer: http://190.27.245.106/IsolucionSDA/FrameSetArticulo.asp?Pagina=/IsolucionSDA/bancoconocimiento/G/GuiaparaelmanejodelaherramientaSTORM_paraPIGA_v1_0/GuiaparaelmanejodelaherramientaSTORM_paraPIGA_v1_0.asp?IdArticulo=8710
[Thu Jun 23 13:29:26.316970 2016] [mpm_winnt:warn] [pid 15364:tid 17052] (OS 64)The specified network name is no longer available.  : AH00341: winnt_accept: Asynchronous AcceptEx failed.
[Thu Jun 23 13:33:22.126985 2016] [proxy_http:error] [pid 15364:tid 15036] (OS 10053)An established connection was aborted by the software in your host machine.  : [client 201.245.192.253:46710] AH01102: error reading status line from remote server 172.22.1.31:80, referer: http://190.27.245.106/IsolucionSDA/FrameSetGeneral.asp?Pagina1=FrameSetGeneral.asp&
[Thu Jun 23 13:33:22.126985 2016] [proxy:error] [pid 15364:tid 15036] [client 201.245.192.253:46710] AH00898: Error reading from remote server returned by /IsolucionSDA/BarraFavoritos.asp, referer: http://190.27.245.106/IsolucionSDA/FrameSetGeneral.asp?Pagina1=FrameSetGeneral.asp&
[Thu Jun 23 13:45:14.517836 2016] [mpm_winnt:warn] [pid 15364:tid 17052] (OS 64)The specified network name is no longer available.  : AH00341: winnt_accept: Asynchronous AcceptEx failed.
[Thu Jun 23 13:52:46.669030 2016] [proxy_http:error] [pid 15364:tid 16060] (OS 10053)An established connection was aborted by the software in your host machine.  : [client 201.245.192.253:36591] AH01102: error reading status line from remote server 172.22.1.31:80, referer: http://190.27.245.106/IsolucionSDA/Encabezado.asp?Pagina=ListadoMaestroDocumentos3.asp
[Thu Jun 23 13:52:46.669030 2016] [proxy:error] [pid 15364:tid 16060] [client 201.245.192.253:36591] AH00898: Error reading from remote server returned by /IsolucionSDA/g/Bot_AyudaOver.jpg, referer: http://190.27.245.106/IsolucionSDA/Encabezado.asp?Pagina=ListadoMaestroDocumentos3.asp
[Thu Jun 23 14:19:44.845272 2016] [access_compat:error] [pid 15364:tid 15936] [client 124.172.237.108:2862] AH01797: client denied by server configuration: E:/nuevo/htdocs/phpMyAdmin
[Thu Jun 23 14:31:16.659687 2016] [mpm_winnt:warn] [pid 15364:tid 17052] (OS 64)The specified network name is no longer available.  : AH00341: winnt_accept: Asynchronous AcceptEx failed.
[Thu Jun 23 15:33:56.376491 2016] [proxy_http:error] [pid 15364:tid 15504] (OS 10053)An established connection was aborted by the software in your host machine.  : [client 201.245.192.253:46810] AH01102: error reading status line from remote server 172.22.1.31:80, referer: http://190.27.245.106/isolucionsda/FrameSetGeneral.asp?Pagina=Menu.asp&IdModulo=4
[Thu Jun 23 15:33:56.376491 2016] [proxy:error] [pid 15364:tid 15504] [client 201.245.192.253:46810] AH00898: Error reading from remote server returned by /isolucionsda/Menu.asp, referer: http://190.27.245.106/isolucionsda/FrameSetGeneral.asp?Pagina=Menu.asp&IdModulo=4
[Thu Jun 23 16:01:21.634381 2016] [proxy:error] [pid 15364:tid 14356] (OS 10060)A connection attempt failed because the connected party did not properly respond after a period of time, or established connection failed because connected host has failed to respond.  : AH00957: HTTP: attempt to connect to 172.22.1.51:8399 (172.22.1.51) failed
[Thu Jun 23 16:01:21.634381 2016] [proxy:error] [pid 15364:tid 14356] AH00959: ap_proxy_connect_backend disabling worker for (172.22.1.51) for 60s
[Thu Jun 23 16:01:21.634381 2016] [proxy_http:error] [pid 15364:tid 14356] [client 152.61.128.50:57119] AH01114: HTTP: failed to make connection to backend: 172.22.1.51
[Thu Jun 23 16:01:21.868381 2016] [proxy:error] [pid 15364:tid 16168] AH00940: HTTP: disabled connection for (172.22.1.51)
[Thu Jun 23 16:08:52.677973 2016] [proxy:error] [pid 15364:tid 15736] (OS 10060)A connection attempt failed because the connected party did not properly respond after a period of time, or established connection failed because connected host has failed to respond.  : AH00957: HTTP: attempt to connect to 172.22.1.51:8399 (172.22.1.51) failed
[Thu Jun 23 16:08:52.677973 2016] [proxy:error] [pid 15364:tid 15736] AH00959: ap_proxy_connect_backend disabling worker for (172.22.1.51) for 60s
[Thu Jun 23 16:08:52.677973 2016] [proxy_http:error] [pid 15364:tid 15736] [client 152.61.128.50:41956] AH01114: HTTP: failed to make connection to backend: 172.22.1.51
[Thu Jun 23 16:08:52.927573 2016] [proxy:error] [pid 15364:tid 14200] AH00940: HTTP: disabled connection for (172.22.1.51)
[Thu Jun 23 16:08:53.192774 2016] [proxy:error] [pid 15364:tid 14200] AH00940: HTTP: disabled connection for (172.22.1.51)
[Thu Jun 23 16:18:25.869780 2016] [core:error] [pid 15364:tid 16160] (20024)The given path is misformatted or contained invalid characters: [client 52.40.232.131:49423] AH00127: Cannot map GET /www.ambientebogota.gov.co:81/ HTTP/1.1 to file
[Thu Jun 23 16:19:26.039085 2016] [mpm_winnt:warn] [pid 15364:tid 17052] (OS 64)The specified network name is no longer available.  : AH00341: winnt_accept: Asynchronous AcceptEx failed.
[Thu Jun 23 16:20:12.729967 2016] [core:error] [pid 15364:tid 15320] (20024)The given path is misformatted or contained invalid characters: [client 52.36.116.26:47468] AH00127: Cannot map GET /www.ambientebogota.gov.co:81/ HTTP/1.1 to file
[Thu Jun 23 16:27:27.112730 2016] [core:error] [pid 15364:tid 15520] (20024)The given path is misformatted or contained invalid characters: [client 54.67.91.128:43782] AH00127: Cannot map GET /www.ambientebogota.gov.co:81/ HTTP/1.1 to file
[Thu Jun 23 16:27:40.076353 2016] [mpm_winnt:warn] [pid 15364:tid 17052] (OS 64)The specified network name is no longer available.  : AH00341: winnt_accept: Asynchronous AcceptEx failed.
[Thu Jun 23 16:27:40.076353 2016] [mpm_winnt:warn] [pid 15364:tid 17052] (OS 64)The specified network name is no longer available.  : AH00341: winnt_accept: Asynchronous AcceptEx failed.
[Thu Jun 23 17:22:25.876673 2016] [proxy_http:error] [pid 15364:tid 16092] (OS 10053)An established connection was aborted by the software in your host machine.  : [client 201.245.192.253:12583] AH01102: error reading status line from remote server 172.22.1.31:80, referer: http://www.ambientebogota.gov.co/web/intranet/aplicaciones-para-acceder-fuera-de-la-sda
[Thu Jun 23 17:22:25.876673 2016] [proxy:error] [pid 15364:tid 16092] [client 201.245.192.253:12583] AH00898: Error reading from remote server returned by /isolucionsda/, referer: http://www.ambientebogota.gov.co/web/intranet/aplicaciones-para-acceder-fuera-de-la-sda
[Thu Jun 23 17:34:14.851118 2016] [proxy:error] [pid 15364:tid 15952] (OS 10060)A connection attempt failed because the connected party did not properly respond after a period of time, or established connection failed because connected host has failed to respond.  : AH00957: HTTP: attempt to connect to 172.22.1.51:8399 (172.22.1.51) failed
[Thu Jun 23 17:34:14.851118 2016] [proxy:error] [pid 15364:tid 15952] AH00959: ap_proxy_connect_backend disabling worker for (172.22.1.51) for 60s
[Thu Jun 23 17:34:14.851118 2016] [proxy_http:error] [pid 15364:tid 15952] [client 152.61.192.232:50797] AH01114: HTTP: failed to make connection to backend: 172.22.1.51
[Thu Jun 23 17:34:15.085119 2016] [proxy:error] [pid 15364:tid 15952] AH00940: HTTP: disabled connection for (172.22.1.51)
[Thu Jun 23 17:34:15.319119 2016] [proxy:error] [pid 15364:tid 15952] AH00940: HTTP: disabled connection for (172.22.1.51)
[Thu Jun 23 17:43:55.047338 2016] [mpm_winnt:warn] [pid 15364:tid 17052] (OS 64)The specified network name is no longer available.  : AH00341: winnt_accept: Asynchronous AcceptEx failed.
[Thu Jun 23 18:26:02.221576 2016] [proxy_http:error] [pid 15364:tid 15316] (OS 10053)An established connection was aborted by the software in your host machine.  : [client 201.245.192.253:35656] AH01102: error reading status line from remote server 172.22.1.31:80, referer: http://190.27.245.106/IsolucionSDA/FrameSetGeneral.asp?Pagina=Menu.asp&IdModulo=5
[Thu Jun 23 18:26:03.500779 2016] [proxy_http:error] [pid 15364:tid 15540] (OS 10053)An established connection was aborted by the software in your host machine.  : [client 201.245.192.253:35719] AH01102: error reading status line from remote server 172.22.1.31:80, referer: http://190.27.245.106/IsolucionSDA/FrameSetGeneral.asp?Pagina=Menu.asp&IdModulo=5
[Thu Jun 23 18:26:03.500779 2016] [proxy:error] [pid 15364:tid 15540] [client 201.245.192.253:35719] AH00898: Error reading from remote server returned by /IsolucionSDA/Menu.asp, referer: http://190.27.245.106/IsolucionSDA/FrameSetGeneral.asp?Pagina=Menu.asp&IdModulo=5
[Thu Jun 23 18:26:04.093580 2016] [proxy_http:error] [pid 15364:tid 15036] (OS 10053)An established connection was aborted by the software in your host machine.  : [client 201.245.192.253:35720] AH01102: error reading status line from remote server 172.22.1.31:80, referer: http://190.27.245.106/IsolucionSDA/FrameSetGeneral.asp?Pagina=Menu.asp&IdModulo=5
[Thu Jun 23 18:26:04.093580 2016] [proxy:error] [pid 15364:tid 15036] [client 201.245.192.253:35720] AH00898: Error reading from remote server returned by /IsolucionSDA/BarraFavoritos.asp, referer: http://190.27.245.106/IsolucionSDA/FrameSetGeneral.asp?Pagina=Menu.asp&IdModulo=5
[Thu Jun 23 18:37:55.844830 2016] [cgi:error] [pid 15364:tid 15064] [client 192.3.106.42:49202] script not found or unable to stat: E:/nuevo/cgi-bin/webproc
[Thu Jun 23 18:37:56.702831 2016] [cgi:error] [pid 15364:tid 15064] [client 192.3.106.42:49392] script not found or unable to stat: E:/nuevo/cgi-bin/webproc
[Thu Jun 23 18:48:00.361492 2016] [proxy:error] [pid 15364:tid 15792] (OS 10060)A connection attempt failed because the connected party did not properly respond after a period of time, or established connection failed because connected host has failed to respond.  : AH00957: HTTP: attempt to connect to 172.22.1.51:8399 (172.22.1.51) failed
[Thu Jun 23 18:48:00.361492 2016] [proxy:error] [pid 15364:tid 15792] AH00959: ap_proxy_connect_backend disabling worker for (172.22.1.51) for 60s
[Thu Jun 23 18:48:00.361492 2016] [proxy_http:error] [pid 15364:tid 15792] [client 152.61.192.232:8285] AH01114: HTTP: failed to make connection to backend: 172.22.1.51
[Thu Jun 23 18:48:00.595492 2016] [proxy:error] [pid 15364:tid 15792] AH00940: HTTP: disabled connection for (172.22.1.51)
[Thu Jun 23 19:10:08.424024 2016] [core:error] [pid 15364:tid 16136] (20024)The given path is misformatted or contained invalid characters: [client 54.215.187.70:41663] AH00127: Cannot map GET /www.ambientebogota.gov.co:81/ HTTP/1.1 to file
[Thu Jun 23 19:52:29.824488 2016] [proxy_http:error] [pid 15364:tid 15824] (OS 10053)An established connection was aborted by the software in your host machine.  : [client 201.245.192.253:38864] AH01102: error reading status line from remote server 172.22.1.31:80, referer: http://190.27.245.106/IsolucionSDA/FrameSetGeneral.asp?Pagina1=FrameSetGeneral.asp&
[Thu Jun 23 19:52:29.824488 2016] [proxy:error] [pid 15364:tid 15824] [client 201.245.192.253:38864] AH00898: Error reading from remote server returned by /IsolucionSDA/MagazinHome.asp, referer: http://190.27.245.106/IsolucionSDA/FrameSetGeneral.asp?Pagina1=FrameSetGeneral.asp&
[Thu Jun 23 19:57:40.187033 2016] [core:error] [pid 15364:tid 15528] (20024)The given path is misformatted or contained invalid characters: [client 168.61.155.254:5893] AH00127: Cannot map GET /galeria/carrusel/Carrusel/jquery-ui-%0A%0A1.8.13.custom.min.js HTTP/1.1 to file
[Thu Jun 23 20:02:31.627745 2016] [proxy_http:error] [pid 15364:tid 16168] (OS 10053)An established connection was aborted by the software in your host machine.  : [client 201.245.192.253:16189] AH01102: error reading status line from remote server 172.22.1.31:80, referer: http://190.27.245.106/isolucionsda/Administracion/SalaEdicion/Articulo.asp?Id_Articulo=9939&Ancla=ContenidoNormatividad
[Thu Jun 23 20:02:31.627745 2016] [proxy:error] [pid 15364:tid 16168] [client 201.245.192.253:16189] AH00898: Error reading from remote server returned by /isolucionsda/Administracion/SalaEdicion/g/GifTransparente.gif, referer: http://190.27.245.106/isolucionsda/Administracion/SalaEdicion/Articulo.asp?Id_Articulo=9939&Ancla=ContenidoNormatividad
[Thu Jun 23 20:23:56.087201 2016] [proxy_http:error] [pid 15364:tid 15896] (70008)Partial results are valid but processing is incomplete: [client 201.245.192.253:17006] AH01095: prefetch request body failed to 172.22.1.31:80 (172.22.1.31) from 201.245.192.253 (), referer: http://190.27.245.106/isolucionsda/Administracion/SalaEdicion/ArticuloSeleccionarTipo.asp?Id_Articulo=9939&Contenido=ContenidoNormatividad&OrdenTipo=63
[Thu Jun 23 20:35:25.046811 2016] [core:error] [pid 15364:tid 15528] (20024)The given path is misformatted or contained invalid characters: [client 157.55.39.35:22089] AH00127: Cannot map GET /www.ambientebogota.gov.co:81/ HTTP/1.1 to file
[Thu Jun 23 21:29:22.225097 2016] [proxy:error] [pid 15364:tid 14412] (OS 10060)A connection attempt failed because the connected party did not properly respond after a period of time, or established connection failed because connected host has failed to respond.  : AH00957: HTTP: attempt to connect to 172.22.1.51:8399 (172.22.1.51) failed
[Thu Jun 23 21:29:22.225097 2016] [proxy:error] [pid 15364:tid 14412] AH00959: ap_proxy_connect_backend disabling worker for (172.22.1.51) for 60s
[Thu Jun 23 21:29:22.225097 2016] [proxy_http:error] [pid 15364:tid 14412] [client 198.102.62.250:51484] AH01114: HTTP: failed to make connection to backend: 172.22.1.51, referer: http://www.geosur.info/geosur/index.php/en/?Itemid=421&option=com_servicestatuschecker&view=servicestatus&servicetype=wms
[Thu Jun 23 22:11:34.204144 2016] [cgi:error] [pid 15364:tid 15824] [client 192.3.106.42:34295] script not found or unable to stat: E:/nuevo/cgi-bin/webproc
[Thu Jun 23 22:27:40.813042 2016] [mpm_winnt:warn] [pid 15364:tid 17052] (OS 64)The specified network name is no longer available.  : AH00341: winnt_accept: Asynchronous AcceptEx failed.
[Thu Jun 23 22:42:32.916209 2016] [cgi:error] [pid 15364:tid 13548] [client 192.3.106.42:59874] script not found or unable to stat: E:/nuevo/cgi-bin/webproc
[Thu Jun 23 22:52:29.524657 2016] [proxy:error] [pid 15364:tid 15072] (OS 10060)A connection attempt failed because the connected party did not properly respond after a period of time, or established connection failed because connected host has failed to respond.  : AH00957: HTTP: attempt to connect to 172.22.1.51:8399 (172.22.1.51) failed
[Thu Jun 23 22:52:29.524657 2016] [proxy:error] [pid 15364:tid 15072] AH00959: ap_proxy_connect_backend disabling worker for (172.22.1.51) for 60s
[Thu Jun 23 22:52:29.524657 2016] [proxy_http:error] [pid 15364:tid 15072] [client 17.138.56.44:57760] AH01114: HTTP: failed to make connection to backend: 172.22.1.51
[Thu Jun 23 23:05:36.234039 2016] [core:error] [pid 15364:tid 14836] (20024)The given path is misformatted or contained invalid characters: [client 178.137.166.125:64457] AH00127: Cannot map GET /www.ambientebogota.gov.co:81/ HTTP/1.1 to file
[Thu Jun 23 23:42:13.077697 2016] [mpm_winnt:warn] [pid 15364:tid 17052] (OS 64)The specified network name is no longer available.  : AH00341: winnt_accept: Asynchronous AcceptEx failed.
[Thu Jun 23 23:57:44.820534 2016] [mpm_winnt:warn] [pid 15364:tid 17052] (OS 64)The specified network name is no longer available.  : AH00341: winnt_accept: Asynchronous AcceptEx failed.
[Thu Jun 23 23:58:15.802188 2016] [mpm_winnt:warn] [pid 15364:tid 17052] (OS 64)The specified network name is no longer available.  : AH00341: winnt_accept: Asynchronous AcceptEx failed.

:: Command execute ::

Enter:
 
Select:
 

:: Search ::
regexp 

:: Upload ::
 
[ ok ]

:: Make Dir ::
 
[ ok ]
:: Make File ::
 
[ ok ]

:: Go Dir ::
 
:: Go File ::
 

--[ c99shell v. 1.0 pre-release build #13 powered by Captain Crunch Security Team | http://ccteam.ru | Generation time: 0.0312 ]--