!C99Shell v. 1.0 pre-release build #13!

Software: Apache. PHP/5.5.15 

uname -a: Windows NT SVR-DMZ 6.1 build 7600 (Windows Server 2008 R2 Enterprise Edition) i586 

SYSTEM 

Safe-mode: OFF (not secure)

E:\nuevo\apache\logs\   drwxrwxrwx
Free 9.41 GB of 239.26 GB (3.93%)
Detected drives: [ a ] [ c ] [ d ] [ e ] [ f ]
Home    Back    Forward    UPDIR    Refresh    Search    Buffer    Encoder    Tools    Proc.    FTP brute    Sec.    SQL    PHP-code    Update    Feedback    Self remove    Logout    


Viewing file:     error.2016.07.05.log (27.51 KB)      -rw-rw-rw-
Select action/file-type:
(+) | (+) | (+) | Code (+) | Session (+) | (+) | SDB (+) | (+) | (+) | (+) | (+) | (+) |
[Tue Jul 05 01:29:59.751961 2016] [proxy:error] [pid 15364:tid 15992] (OS 10060)A connection attempt failed because the connected party did not properly respond after a period of time, or established connection failed because connected host has failed to respond.  : AH00957: HTTP: attempt to connect to 172.22.1.51:8399 (172.22.1.51) failed
[Tue Jul 05 01:29:59.751961 2016] [proxy:error] [pid 15364:tid 15992] AH00959: ap_proxy_connect_backend disabling worker for (172.22.1.51) for 60s
[Tue Jul 05 01:29:59.751961 2016] [proxy_http:error] [pid 15364:tid 15992] [client 152.61.128.50:47840] AH01114: HTTP: failed to make connection to backend: 172.22.1.51
[Tue Jul 05 01:29:59.970361 2016] [proxy:error] [pid 15364:tid 15992] AH00940: HTTP: disabled connection for (172.22.1.51)
[Tue Jul 05 04:30:11.074150 2016] [mpm_winnt:warn] [pid 15364:tid 17052] (OS 64)The specified network name is no longer available.  : AH00341: winnt_accept: Asynchronous AcceptEx failed.
[Tue Jul 05 04:30:11.074150 2016] [mpm_winnt:warn] [pid 15364:tid 17052] (OS 64)The specified network name is no longer available.  : AH00341: winnt_accept: Asynchronous AcceptEx failed.
[Tue Jul 05 04:33:57.477348 2016] [mpm_winnt:warn] [pid 15364:tid 17052] (OS 64)The specified network name is no longer available.  : AH00341: winnt_accept: Asynchronous AcceptEx failed.
[Tue Jul 05 04:39:21.396317 2016] [mpm_winnt:warn] [pid 15364:tid 17052] (OS 64)The specified network name is no longer available.  : AH00341: winnt_accept: Asynchronous AcceptEx failed.
[Tue Jul 05 04:41:51.421780 2016] [cgi:error] [pid 15364:tid 16304] [client 222.186.56.44:38187] script not found or unable to stat: E:/nuevo/htdocs/ic.asp, referer: http://ip138.com/
[Tue Jul 05 04:42:04.947004 2016] [cgi:error] [pid 15364:tid 14548] [client 222.186.56.44:65339] script not found or unable to stat: E:/nuevo/htdocs/ic.asp, referer: http://ip138.com/
[Tue Jul 05 05:45:51.088724 2016] [mpm_winnt:warn] [pid 15364:tid 17052] (OS 64)The specified network name is no longer available.  : AH00341: winnt_accept: Asynchronous AcceptEx failed.
[Tue Jul 05 06:00:53.862310 2016] [ssl:error] [pid 15364:tid 13984] AH02031: Hostname 190.27.245.106 provided via SNI, but no hostname provided in HTTP request
[Tue Jul 05 07:35:43.147503 2016] [proxy_http:error] [pid 15364:tid 13992] (OS 10053)An established connection was aborted by the software in your host machine.  : [client 201.245.192.11:46458] AH01102: error reading status line from remote server 172.22.1.31:80, referer: http://190.27.245.106/isolucionsda/FrameSetGeneral.asp?Pagina1=FrameSetGeneral.asp&
[Tue Jul 05 07:36:01.586735 2016] [proxy_http:error] [pid 15364:tid 16320] (OS 10053)An established connection was aborted by the software in your host machine.  : [client 201.245.192.11:46471] AH01102: error reading status line from remote server 172.22.1.31:80, referer: http://190.27.245.106/isolucionsda/FrameSetGeneral.asp?Pagina1=FrameSetGeneral.asp&
[Tue Jul 05 07:36:01.586735 2016] [proxy:error] [pid 15364:tid 16320] [client 201.245.192.11:46471] AH00898: Error reading from remote server returned by /isolucionsda/BarraFavoritos.asp, referer: http://190.27.245.106/isolucionsda/FrameSetGeneral.asp?Pagina1=FrameSetGeneral.asp&
[Tue Jul 05 07:36:31.273587 2016] [access_compat:error] [pid 15364:tid 14604] [client 58.221.46.206:63171] AH01797: client denied by server configuration: E:/nuevo/htdocs/phpMyAdmin, referer: http://190.27.245.106/phpMyAdmin
[Tue Jul 05 08:11:59.258725 2016] [proxy_http:error] [pid 15364:tid 14740] (OS 10053)An established connection was aborted by the software in your host machine.  : [client 201.245.192.11:46522] AH01102: error reading status line from remote server 172.22.1.31:80, referer: http://190.27.245.106/IsolucionSDA/bancoconocimiento/m/mapadeprocesos__v4/mapadeprocesos__v4.asp?IdArticulo=8811
[Tue Jul 05 08:11:59.258725 2016] [proxy:error] [pid 15364:tid 14740] [client 201.245.192.11:46522] AH00898: Error reading from remote server returned by /IsolucionSDA/g/Plantillas/ModeloMP2/FlechaMisional.png, referer: http://190.27.245.106/IsolucionSDA/bancoconocimiento/m/mapadeprocesos__v4/mapadeprocesos__v4.asp?IdArticulo=8811
[Tue Jul 05 09:00:42.485459 2016] [mpm_winnt:warn] [pid 15364:tid 17052] (OS 64)The specified network name is no longer available.  : AH00341: winnt_accept: Asynchronous AcceptEx failed.
[Tue Jul 05 09:03:12.370523 2016] [proxy_http:error] [pid 15364:tid 16168] (OS 10053)An established connection was aborted by the software in your host machine.  : [client 201.245.192.253:38777] AH01102: error reading status line from remote server 172.22.1.31:80, referer: http://190.27.245.106/IsolucionSDA/Encabezado.asp?Pagina1=FrameSetGeneral.asp&&Pagina=MagazinHome.asp
[Tue Jul 05 09:03:12.370523 2016] [proxy:error] [pid 15364:tid 16168] [client 201.245.192.253:38777] AH00898: Error reading from remote server returned by /IsolucionSDA/g/Bot_Ayuda.jpg, referer: http://190.27.245.106/IsolucionSDA/Encabezado.asp?Pagina1=FrameSetGeneral.asp&&Pagina=MagazinHome.asp
[Tue Jul 05 09:22:46.460785 2016] [mpm_winnt:warn] [pid 15364:tid 17052] (OS 64)The specified network name is no longer available.  : AH00341: winnt_accept: Asynchronous AcceptEx failed.
[Tue Jul 05 10:45:54.710946 2016] [mpm_winnt:warn] [pid 15364:tid 17052] (OS 64)The specified network name is no longer available.  : AH00341: winnt_accept: Asynchronous AcceptEx failed.
[Tue Jul 05 12:07:36.272755 2016] [mpm_winnt:warn] [pid 15364:tid 17052] (OS 64)The specified network name is no longer available.  : AH00341: winnt_accept: Asynchronous AcceptEx failed.
[Tue Jul 05 12:46:25.155046 2016] [proxy_http:error] [pid 15364:tid 14964] (OS 10053)An established connection was aborted by the software in your host machine.  : [client 201.245.192.253:18939] AH01102: error reading status line from remote server 172.22.1.31:80, referer: http://190.27.245.106/IsolucionSDA/FrameSetGeneral.asp?Pagina1=FrameSetGeneral.asp&
[Tue Jul 05 12:46:25.155046 2016] [proxy:error] [pid 15364:tid 14964] [client 201.245.192.253:18939] AH00898: Error reading from remote server returned by /IsolucionSDA/BarraTitulos.asp, referer: http://190.27.245.106/IsolucionSDA/FrameSetGeneral.asp?Pagina1=FrameSetGeneral.asp&
[Tue Jul 05 12:46:25.155046 2016] [proxy_http:error] [pid 15364:tid 14552] (OS 10053)An established connection was aborted by the software in your host machine.  : [client 201.245.192.253:18941] AH01102: error reading status line from remote server 172.22.1.31:80, referer: http://190.27.245.106/IsolucionSDA/FrameSetGeneral.asp?Pagina1=FrameSetGeneral.asp&
[Tue Jul 05 12:46:25.155046 2016] [proxy:error] [pid 15364:tid 14552] [client 201.245.192.253:18941] AH00898: Error reading from remote server returned by /IsolucionSDA/BarraFavoritos.asp, referer: http://190.27.245.106/IsolucionSDA/FrameSetGeneral.asp?Pagina1=FrameSetGeneral.asp&
[Tue Jul 05 13:01:30.003435 2016] [proxy_http:error] [pid 15364:tid 15172] (OS 10053)An established connection was aborted by the software in your host machine.  : [client 186.144.252.198:54280] AH01102: error reading status line from remote server 172.22.1.31:80, referer: http://190.27.245.106/isolucionsda/IdentificaUsuario.asp?Pagina1=FrameSetGeneral.asp&
[Tue Jul 05 13:01:30.003435 2016] [proxy:error] [pid 15364:tid 15172] [client 186.144.252.198:54280] AH00898: Error reading from remote server returned by /isolucionsda/g/Img_LogoIsoCabezote.jpg, referer: http://190.27.245.106/isolucionsda/IdentificaUsuario.asp?Pagina1=FrameSetGeneral.asp&
[Tue Jul 05 13:01:36.165446 2016] [proxy_http:error] [pid 15364:tid 15212] (OS 10053)An established connection was aborted by the software in your host machine.  : [client 186.144.252.198:54281] AH01102: error reading status line from remote server 172.22.1.31:80, referer: http://190.27.245.106/isolucionsda/FrameSetGeneral.asp?Pagina1=FrameSetGeneral.asp&
[Tue Jul 05 13:02:40.765160 2016] [core:error] [pid 15364:tid 16312] (20024)The given path is misformatted or contained invalid characters: [client 207.46.13.83:25203] AH00127: Cannot map GET /www.ambientebogota.gov.co:81/ HTTP/1.1 to file
[Tue Jul 05 13:03:24.741637 2016] [mpm_winnt:warn] [pid 15364:tid 17052] (OS 64)The specified network name is no longer available.  : AH00341: winnt_accept: Asynchronous AcceptEx failed.
[Tue Jul 05 13:17:45.644749 2016] [proxy_http:error] [pid 15364:tid 16168] (OS 10053)An established connection was aborted by the software in your host machine.  : [client 186.144.252.198:54704] AH01102: error reading status line from remote server 172.22.1.31:80, referer: http://190.27.245.106/isolucionsda/Session.asp?Continue=1
[Tue Jul 05 13:17:45.644749 2016] [proxy:error] [pid 15364:tid 16168] [client 186.144.252.198:54704] AH00898: Error reading from remote server returned by /isolucionsda/Session.asp, referer: http://190.27.245.106/isolucionsda/Session.asp?Continue=1
[Tue Jul 05 13:22:46.444477 2016] [proxy_http:error] [pid 15364:tid 14548] (OS 10053)An established connection was aborted by the software in your host machine.  : [client 201.245.192.253:35602] AH01102: error reading status line from remote server 172.22.1.31:80, referer: http://190.27.245.106/ISOlucionSDA/FramesetArticulo.asp?Pagina=bancoconocimiento%2FM%2FMANUALDELSISTEMAINTEGRADODEGESTION%5Fv12%2FMANUALDELSISTEMAINTEGRADODEGESTION%5Fv12%2Easp&IdArticulo=9590&Codigo=&Fecha=&Version=&Procedimiento=&cliente=
[Tue Jul 05 13:28:43.778705 2016] [proxy_http:error] [pid 15364:tid 16340] (OS 10053)An established connection was aborted by the software in your host machine.  : [client 201.245.192.253:39428] AH01102: error reading status line from remote server 172.22.1.31:80, referer: http://190.27.245.106/isolucionsda/Encabezado.asp?Pagina1=FrameSetGeneral.asp&&Pagina=MagazinHome.asp
[Tue Jul 05 13:28:43.778705 2016] [proxy:error] [pid 15364:tid 16340] [client 201.245.192.253:39428] AH00898: Error reading from remote server returned by /isolucionsda/g/Bot_Home.jpg, referer: http://190.27.245.106/isolucionsda/Encabezado.asp?Pagina1=FrameSetGeneral.asp&&Pagina=MagazinHome.asp
[Tue Jul 05 13:28:46.758310 2016] [proxy_http:error] [pid 15364:tid 14588] (OS 10053)An established connection was aborted by the software in your host machine.  : [client 201.245.192.253:39427] AH01102: error reading status line from remote server 172.22.1.31:80, referer: http://190.27.245.106/ISOlucionSDA/bancoconocimiento/m/mapadeprocesos__v4/mapadeprocesos__v4.asp
[Tue Jul 05 13:28:46.789510 2016] [proxy_http:error] [pid 15364:tid 15608] (OS 10053)An established connection was aborted by the software in your host machine.  : [client 201.245.192.253:39452] AH01102: error reading status line from remote server 172.22.1.31:80, referer: http://190.27.245.106/ISOlucionSDA/bancoconocimiento/m/mapadeprocesos__v4/mapadeprocesos__v4.asp
[Tue Jul 05 13:28:46.789510 2016] [proxy:error] [pid 15364:tid 15608] [client 201.245.192.253:39452] AH00898: Error reading from remote server returned by /ISOlucionSDA/g/Plantillas/ModeloMP2/FlechaEstrategico.png, referer: http://190.27.245.106/ISOlucionSDA/bancoconocimiento/m/mapadeprocesos__v4/mapadeprocesos__v4.asp
[Tue Jul 05 13:28:46.789510 2016] [proxy_http:error] [pid 15364:tid 15392] (OS 10053)An established connection was aborted by the software in your host machine.  : [client 201.245.192.253:39352] AH01102: error reading status line from remote server 172.22.1.31:80, referer: http://190.27.245.106/ISOlucionSDA/bancoconocimiento/m/mapadeprocesos__v4/mapadeprocesos__v4.asp
[Tue Jul 05 13:29:37.442799 2016] [core:error] [pid 15364:tid 15928] (20024)The given path is misformatted or contained invalid characters: [client 40.77.167.52:13712] AH00127: Cannot map GET /www.ambientebogota.gov.co:81/ HTTP/1.1 to file
[Tue Jul 05 13:50:49.282833 2016] [proxy_http:error] [pid 15364:tid 15192] (OS 10053)An established connection was aborted by the software in your host machine.  : [client 201.245.192.253:13309] AH01102: error reading status line from remote server 172.22.1.31:80, referer: http://190.27.245.106/isolucionsda/FrameSetGeneral.asp?Pagina1=FrameSetGeneral.asp&
[Tue Jul 05 13:50:49.282833 2016] [proxy:error] [pid 15364:tid 15192] [client 201.245.192.253:13309] AH00898: Error reading from remote server returned by /isolucionsda/MagazinHome.asp, referer: http://190.27.245.106/isolucionsda/FrameSetGeneral.asp?Pagina1=FrameSetGeneral.asp&
[Tue Jul 05 13:50:49.282833 2016] [proxy_http:error] [pid 15364:tid 15096] (OS 10053)An established connection was aborted by the software in your host machine.  : [client 201.245.192.253:13310] AH01102: error reading status line from remote server 172.22.1.31:80, referer: http://190.27.245.106/isolucionsda/FrameSetGeneral.asp?Pagina1=FrameSetGeneral.asp&
[Tue Jul 05 13:50:49.282833 2016] [proxy:error] [pid 15364:tid 15096] [client 201.245.192.253:13310] AH00898: Error reading from remote server returned by /isolucionsda/BarraFavoritos.asp, referer: http://190.27.245.106/isolucionsda/FrameSetGeneral.asp?Pagina1=FrameSetGeneral.asp&
[Tue Jul 05 14:02:51.657702 2016] [mpm_winnt:warn] [pid 15364:tid 17052] (OS 64)The specified network name is no longer available.  : AH00341: winnt_accept: Asynchronous AcceptEx failed.
[Tue Jul 05 14:03:01.173719 2016] [mpm_winnt:warn] [pid 15364:tid 17052] (OS 64)The specified network name is no longer available.  : AH00341: winnt_accept: Asynchronous AcceptEx failed.
[Tue Jul 05 14:03:53.511810 2016] [mpm_winnt:warn] [pid 15364:tid 17052] (OS 64)The specified network name is no longer available.  : AH00341: winnt_accept: Asynchronous AcceptEx failed.
[Tue Jul 05 14:17:11.702812 2016] [mpm_winnt:warn] [pid 15364:tid 17052] (OS 64)The specified network name is no longer available.  : AH00341: winnt_accept: Asynchronous AcceptEx failed.
[Tue Jul 05 14:17:47.395675 2016] [mpm_winnt:warn] [pid 15364:tid 17052] (OS 64)The specified network name is no longer available.  : AH00341: winnt_accept: Asynchronous AcceptEx failed.
[Tue Jul 05 14:33:21.339116 2016] [mpm_winnt:warn] [pid 15364:tid 17052] (OS 64)The specified network name is no longer available.  : AH00341: winnt_accept: Asynchronous AcceptEx failed.
[Tue Jul 05 14:36:41.955468 2016] [proxy_http:error] [pid 15364:tid 15052] (OS 10053)An established connection was aborted by the software in your host machine.  : [client 201.245.192.253:41880] AH01102: error reading status line from remote server 172.22.1.31:80, referer: http://190.27.245.106/isolucionsda/FrameSetGeneral.asp?Pagina=Menu.asp&IdModulo=4
[Tue Jul 05 14:36:41.955468 2016] [proxy:error] [pid 15364:tid 15052] [client 201.245.192.253:41880] AH00898: Error reading from remote server returned by /isolucionsda/BarraFavoritos.asp, referer: http://190.27.245.106/isolucionsda/FrameSetGeneral.asp?Pagina=Menu.asp&IdModulo=4
[Tue Jul 05 15:08:39.838437 2016] [mpm_winnt:warn] [pid 15364:tid 17052] (OS 64)The specified network name is no longer available.  : AH00341: winnt_accept: Asynchronous AcceptEx failed.
[Tue Jul 05 15:17:03.750522 2016] [proxy_http:error] [pid 15364:tid 14548] (OS 10053)An established connection was aborted by the software in your host machine.  : [client 201.245.192.253:57384] AH01102: error reading status line from remote server 172.22.1.31:80, referer: http://190.27.245.106/ISOlucionSDA/bancoconocimiento/m/mapadeprocesos__v4/mapadeprocesos__v4.asp
[Tue Jul 05 15:22:50.523531 2016] [proxy_http:error] [pid 15364:tid 14828] (OS 10053)An established connection was aborted by the software in your host machine.  : [client 201.245.192.253:44309] AH01102: error reading status line from remote server 172.22.1.31:80, referer: http://190.27.245.106/isolucionsda/IdentificaUsuario.asp?Pagina1=FrameSetGeneral.asp&
[Tue Jul 05 15:22:50.523531 2016] [proxy:error] [pid 15364:tid 14828] [client 201.245.192.253:44309] AH00898: Error reading from remote server returned by /isolucionsda/g/shim.gif, referer: http://190.27.245.106/isolucionsda/IdentificaUsuario.asp?Pagina1=FrameSetGeneral.asp&
[Tue Jul 05 15:33:56.442900 2016] [proxy_http:error] [pid 15364:tid 14504] (20014)Internal error: [client 201.245.192.253:42728] AH01102: error reading status line from remote server 192.168.175.30:80, referer: http://190.27.245.106/catalogoisis/comb.php
[Tue Jul 05 15:36:18.839950 2016] [proxy_http:error] [pid 15364:tid 15180] (OS 10053)An established connection was aborted by the software in your host machine.  : [client 201.245.192.253:46426] AH01102: error reading status line from remote server 172.22.1.31:80, referer: http://190.27.245.106/isolucionsda/Administracion/SalaEdicion/Articulo.asp
[Tue Jul 05 15:40:42.386813 2016] [proxy_http:error] [pid 15364:tid 14836] (OS 10053)An established connection was aborted by the software in your host machine.  : [client 201.245.192.253:11140] AH01102: error reading status line from remote server 172.22.1.31:80, referer: http://190.27.245.106/IsolucionSDA/Encabezado.asp?Pagina1=FrameSetGeneral.asp&&Pagina=MagazinHome.asp
[Tue Jul 05 15:40:42.386813 2016] [proxy:error] [pid 15364:tid 14836] [client 201.245.192.253:11140] AH00898: Error reading from remote server returned by /IsolucionSDA/g/Bot_ProveedoresOff_ESP.jpg, referer: http://190.27.245.106/IsolucionSDA/Encabezado.asp?Pagina1=FrameSetGeneral.asp&&Pagina=MagazinHome.asp
[Tue Jul 05 15:59:13.233564 2016] [proxy_http:error] [pid 15364:tid 14872] (OS 10053)An established connection was aborted by the software in your host machine.  : [client 201.245.192.253:35134] AH01102: error reading status line from remote server 172.22.1.31:80, referer: http://190.27.245.106/isolucionsda/IdentificaUsuario.asp?Pagina1=FrameSetGeneral.asp&
[Tue Jul 05 16:29:12.011324 2016] [proxy_http:error] [pid 15364:tid 15976] (OS 10053)An established connection was aborted by the software in your host machine.  : [client 201.245.192.253:40857] AH01102: error reading status line from remote server 172.22.1.31:80, referer: http://190.27.245.106/isolucionsda/FrameSetGeneral.asp?Pagina=SucursalSeleccion.asp&CargaPagina=ModuloProcesos&IdModulo=3
[Tue Jul 05 16:29:12.011324 2016] [proxy:error] [pid 15364:tid 15976] [client 201.245.192.253:40857] AH00898: Error reading from remote server returned by /isolucionsda/SucursalSeleccion.asp, referer: http://190.27.245.106/isolucionsda/FrameSetGeneral.asp?Pagina=SucursalSeleccion.asp&CargaPagina=ModuloProcesos&IdModulo=3
[Tue Jul 05 16:56:28.828599 2016] [proxy_http:error] [pid 15364:tid 14252] (OS 10053)An established connection was aborted by the software in your host machine.  : [client 132.255.20.132:62515] AH01102: error reading status line from remote server 172.22.1.31:80, referer: http://190.27.245.106/ISOlucionSDA/CalendarioDisplayHidden.asp?Form=Admon &Campo=txtFecha&Campo1=txtFechaDisplay&MONTH=07&YEAR=2016
[Tue Jul 05 17:12:38.588702 2016] [mpm_winnt:warn] [pid 15364:tid 17052] (OS 64)The specified network name is no longer available.  : AH00341: winnt_accept: Asynchronous AcceptEx failed.
[Tue Jul 05 17:12:38.588702 2016] [mpm_winnt:warn] [pid 15364:tid 17052] (OS 64)The specified network name is no longer available.  : AH00341: winnt_accept: Asynchronous AcceptEx failed.
[Tue Jul 05 17:24:17.486530 2016] [proxy:error] [pid 15364:tid 15088] (OS 10060)A connection attempt failed because the connected party did not properly respond after a period of time, or established connection failed because connected host has failed to respond.  : AH00957: HTTP: attempt to connect to 172.22.1.51:8399 (172.22.1.51) failed
[Tue Jul 05 17:24:17.486530 2016] [proxy:error] [pid 15364:tid 15088] AH00959: ap_proxy_connect_backend disabling worker for (172.22.1.51) for 60s
[Tue Jul 05 17:24:17.486530 2016] [proxy_http:error] [pid 15364:tid 15088] [client 181.49.244.82:16782] AH01114: HTTP: failed to make connection to backend: 172.22.1.51
[Tue Jul 05 17:30:19.329165 2016] [proxy_http:error] [pid 15364:tid 15632] (OS 10053)An established connection was aborted by the software in your host machine.  : [client 201.245.192.253:37308] AH01102: error reading status line from remote server 172.22.1.31:80
[Tue Jul 05 17:30:19.329165 2016] [proxy:error] [pid 15364:tid 15632] [client 201.245.192.253:37308] AH00898: Error reading from remote server returned by /isolucionsda/IdentificaUsuario.asp
[Tue Jul 05 17:30:42.074005 2016] [proxy_http:error] [pid 15364:tid 14548] (OS 10053)An established connection was aborted by the software in your host machine.  : [client 201.245.192.253:37393] AH01102: error reading status line from remote server 172.22.1.31:80, referer: http://190.27.245.106/isolucionsda/FrameSetGeneral.asp?Pagina1=FrameSetGeneral.asp&
[Tue Jul 05 17:30:43.727608 2016] [proxy_http:error] [pid 15364:tid 15632] (OS 10053)An established connection was aborted by the software in your host machine.  : [client 201.245.192.253:37308] AH01102: error reading status line from remote server 172.22.1.31:80, referer: http://190.27.245.106/isolucionsda/FrameSetGeneral.asp?Pagina=Menu.asp&IdModulo=4
[Tue Jul 05 18:14:31.912024 2016] [proxy_http:error] [pid 15364:tid 14548] (OS 10053)An established connection was aborted by the software in your host machine.  : [client 201.245.192.253:25022] AH01102: error reading status line from remote server 172.22.1.31:80, referer: http://190.27.245.106/IsolucionSDA/Encabezado.asp?Pagina1=FrameSetGeneral.asp&&Pagina=MagazinHome.asp
[Tue Jul 05 18:14:31.912024 2016] [proxy:error] [pid 15364:tid 14548] [client 201.245.192.253:25022] AH00898: Error reading from remote server returned by /IsolucionSDA/FrameSetGeneral.asp, referer: http://190.27.245.106/IsolucionSDA/Encabezado.asp?Pagina1=FrameSetGeneral.asp&&Pagina=MagazinHome.asp
[Tue Jul 05 18:14:33.472027 2016] [proxy_http:error] [pid 15364:tid 15380] (OS 10053)An established connection was aborted by the software in your host machine.  : [client 201.245.192.253:25033] AH01102: error reading status line from remote server 172.22.1.31:80, referer: http://190.27.245.106/IsolucionSDA/Encabezado.asp?Pagina1=FrameSetGeneral.asp&&Pagina=MagazinHome.asp
[Tue Jul 05 18:14:33.472027 2016] [proxy:error] [pid 15364:tid 15380] [client 201.245.192.253:25033] AH00898: Error reading from remote server returned by /IsolucionSDA/FrameSetGeneral.asp, referer: http://190.27.245.106/IsolucionSDA/Encabezado.asp?Pagina1=FrameSetGeneral.asp&&Pagina=MagazinHome.asp
[Tue Jul 05 18:33:03.959978 2016] [proxy_http:error] [pid 15364:tid 14264] (OS 10053)An established connection was aborted by the software in your host machine.  : [client 186.144.236.77:51223] AH01102: error reading status line from remote server 172.22.1.31:80, referer: http://190.27.245.106/isolucionsda/DetalleTareas.aspx?Number=53515252565366664550
[Tue Jul 05 18:33:12.103192 2016] [proxy_http:error] [pid 15364:tid 16304] (OS 10053)An established connection was aborted by the software in your host machine.  : [client 186.144.236.77:51224] AH01102: error reading status line from remote server 172.22.1.31:80, referer: http://190.27.245.106/isolucionsda/FrameSetGeneral.asp?Pagina=SucursalSeleccion.asp&CargaPagina=ModuloProcesos&IdModulo=3
[Tue Jul 05 18:33:33.194429 2016] [proxy_http:error] [pid 15364:tid 16304] (OS 10053)An established connection was aborted by the software in your host machine.  : [client 186.144.236.77:51355] AH01102: error reading status line from remote server 172.22.1.31:80, referer: http://190.27.245.106/ISOlucionSDA/bancoconocimiento/m/mapadeprocesos__v4/mapadeprocesos__v4.asp
[Tue Jul 05 18:41:23.176454 2016] [proxy_http:error] [pid 15364:tid 16372] (OS 10053)An established connection was aborted by the software in your host machine.  : [client 186.155.14.5:20499] AH01102: error reading status line from remote server 172.22.1.31:80, referer: http://190.27.245.106/ISOlucionSDA/bancoconocimiento/M/MANUALDELSISTEMAINTEGRADODEGESTION_v12/MANUALDELSISTEMAINTEGRADODEGESTION_v12.asp?IdArticulo=9590
[Tue Jul 05 18:49:14.359682 2016] [proxy_http:error] [pid 15364:tid 15380] (OS 10053)An established connection was aborted by the software in your host machine.  : [client 186.144.236.77:53300] AH01102: error reading status line from remote server 172.22.1.31:80, referer: http://190.27.245.106/isolucionsda/Session.asp?Continue=1
[Tue Jul 05 18:49:14.359682 2016] [proxy:error] [pid 15364:tid 15380] [client 186.144.236.77:53300] AH00898: Error reading from remote server returned by /isolucionsda/Session.asp, referer: http://190.27.245.106/isolucionsda/Session.asp?Continue=1
[Tue Jul 05 20:01:46.160926 2016] [proxy_http:error] [pid 15364:tid 15632] (OS 10053)An established connection was aborted by the software in your host machine.  : [client 181.142.216.230:62741] AH01102: error reading status line from remote server 172.22.1.31:80, referer: http://190.27.245.106/isolucionsda/Encabezado.asp?Pagina1=FrameSetGeneral.asp&&Pagina=MagazinHome.asp
[Tue Jul 05 20:01:46.160926 2016] [proxy:error] [pid 15364:tid 15632] [client 181.142.216.230:62741] AH00898: Error reading from remote server returned by /isolucionsda/g/Bot_Ayuda.jpg, referer: http://190.27.245.106/isolucionsda/Encabezado.asp?Pagina1=FrameSetGeneral.asp&&Pagina=MagazinHome.asp
[Tue Jul 05 20:01:46.160926 2016] [proxy_http:error] [pid 15364:tid 15480] (OS 10053)An established connection was aborted by the software in your host machine.  : [client 181.142.216.230:62740] AH01102: error reading status line from remote server 172.22.1.31:80, referer: http://190.27.245.106/isolucionsda/Encabezado.asp?Pagina1=FrameSetGeneral.asp&&Pagina=MagazinHome.asp
[Tue Jul 05 20:01:46.160926 2016] [proxy:error] [pid 15364:tid 15480] [client 181.142.216.230:62740] AH00898: Error reading from remote server returned by /isolucionsda/g/Bot_Home.jpg, referer: http://190.27.245.106/isolucionsda/Encabezado.asp?Pagina1=FrameSetGeneral.asp&&Pagina=MagazinHome.asp
[Tue Jul 05 20:01:46.207726 2016] [proxy_http:error] [pid 15364:tid 14548] (OS 10053)An established connection was aborted by the software in your host machine.  : [client 181.142.216.230:62736] AH01102: error reading status line from remote server 172.22.1.31:80, referer: http://190.27.245.106/isolucionsda/Encabezado.asp?Pagina1=FrameSetGeneral.asp&&Pagina=MagazinHome.asp
[Tue Jul 05 20:43:32.539328 2016] [mpm_winnt:warn] [pid 15364:tid 17052] (OS 64)The specified network name is no longer available.  : AH00341: winnt_accept: Asynchronous AcceptEx failed.
[Tue Jul 05 21:30:02.090427 2016] [proxy_http:error] [pid 15364:tid 16200] (OS 10053)An established connection was aborted by the software in your host machine.  : [client 186.155.14.5:21336] AH01102: error reading status line from remote server 172.22.1.31:80, referer: http://190.27.245.106/IsolucionSDA/Encabezado.asp?Pagina=Magazin.asp&Sigla=MAC&IdModulo=2
[Tue Jul 05 21:30:02.090427 2016] [proxy:error] [pid 15364:tid 16200] [client 186.155.14.5:21336] AH00898: Error reading from remote server returned by /IsolucionSDA/g/Bot_RiesgosDaftOver_ESP.jpg, referer: http://190.27.245.106/IsolucionSDA/Encabezado.asp?Pagina=Magazin.asp&Sigla=MAC&IdModulo=2
[Tue Jul 05 23:13:11.621699 2016] [proxy:error] [pid 15364:tid 14588] (OS 10060)A connection attempt failed because the connected party did not properly respond after a period of time, or established connection failed because connected host has failed to respond.  : AH00957: HTTP: attempt to connect to 172.22.1.51:8399 (172.22.1.51) failed
[Tue Jul 05 23:13:11.621699 2016] [proxy:error] [pid 15364:tid 14588] AH00959: ap_proxy_connect_backend disabling worker for (172.22.1.51) for 60s
[Tue Jul 05 23:13:11.621699 2016] [proxy_http:error] [pid 15364:tid 14588] [client 152.61.128.50:38760] AH01114: HTTP: failed to make connection to backend: 172.22.1.51
[Tue Jul 05 23:13:11.871299 2016] [proxy:error] [pid 15364:tid 14588] AH00940: HTTP: disabled connection for (172.22.1.51)
[Tue Jul 05 23:13:12.105300 2016] [proxy:error] [pid 15364:tid 14588] AH00940: HTTP: disabled connection for (172.22.1.51)
[Tue Jul 05 23:47:54.163957 2016] [cgi:error] [pid 15364:tid 13984] [client 115.230.125.146:2058] script not found or unable to stat: E:/nuevo/cgi-bin/common

:: Command execute ::

Enter:
 
Select:
 

:: Search ::
regexp 

:: Upload ::
 
[ ok ]

:: Make Dir ::
 
[ ok ]
:: Make File ::
 
[ ok ]

:: Go Dir ::
 
:: Go File ::
 

--[ c99shell v. 1.0 pre-release build #13 powered by Captain Crunch Security Team | http://ccteam.ru | Generation time: 0.1404 ]--