!C99Shell v. 1.0 pre-release build #13!

Software: Apache. PHP/5.5.15 

uname -a: Windows NT SVR-DMZ 6.1 build 7600 (Windows Server 2008 R2 Enterprise Edition) i586 

SYSTEM 

Safe-mode: OFF (not secure)

E:\nuevo\apache\logs\   drwxrwxrwx
Free 8.02 GB of 239.26 GB (3.35%)
Detected drives: [ a ] [ c ] [ d ] [ e ] [ f ]
Home    Back    Forward    UPDIR    Refresh    Search    Buffer    Encoder    Tools    Proc.    FTP brute    Sec.    SQL    PHP-code    Update    Feedback    Self remove    Logout    


Viewing file:     error.2016.08.02.log (28.54 KB)      -rw-rw-rw-
Select action/file-type:
(+) | (+) | (+) | Code (+) | Session (+) | (+) | SDB (+) | (+) | (+) | (+) | (+) | (+) |
[Tue Aug 02 01:10:48.076269 2016] [mpm_winnt:warn] [pid 6440:tid 17816] (OS 64)The specified network name is no longer available.  : AH00341: winnt_accept: Asynchronous AcceptEx failed.
[Tue Aug 02 02:01:03.858966 2016] [mpm_winnt:warn] [pid 6440:tid 17816] (OS 64)The specified network name is no longer available.  : AH00341: winnt_accept: Asynchronous AcceptEx failed.
[Tue Aug 02 02:33:03.395537 2016] [mpm_winnt:warn] [pid 6440:tid 17816] (OS 64)The specified network name is no longer available.  : AH00341: winnt_accept: Asynchronous AcceptEx failed.
[Tue Aug 02 03:28:28.885578 2016] [mpm_winnt:warn] [pid 6440:tid 17816] (OS 64)The specified network name is no longer available.  : AH00341: winnt_accept: Asynchronous AcceptEx failed.
[Tue Aug 02 03:30:06.744550 2016] [core:error] [pid 6440:tid 15544] (20025)The given path contained wildcard characters: [client 164.132.161.63:50136] AH00036: access to /Autoliquidacion/index.php?dir=Solicitud+de+Clasificaci%F3n+de+Impacto+Ambiental%2F failed (filesystem path 'E:/nuevo/htdocs/Autoliquidacion/index.php?dir=Solicitud+de+Clasificaci%F3n+de+Impacto+Ambiental%2F')
[Tue Aug 02 05:57:25.847875 2016] [proxy:error] [pid 6440:tid 14908] (OS 10060)A connection attempt failed because the connected party did not properly respond after a period of time, or established connection failed because connected host has failed to respond.  : AH00957: HTTP: attempt to connect to 172.22.1.51:8399 (172.22.1.51) failed
[Tue Aug 02 05:57:25.847875 2016] [proxy:error] [pid 6440:tid 14908] AH00959: ap_proxy_connect_backend disabling worker for (172.22.1.51) for 60s
[Tue Aug 02 05:57:25.847875 2016] [proxy_http:error] [pid 6440:tid 14908] [client 152.61.128.50:53466] AH01114: HTTP: failed to make connection to backend: 172.22.1.51
[Tue Aug 02 05:57:26.066276 2016] [proxy:error] [pid 6440:tid 14908] AH00940: HTTP: disabled connection for (172.22.1.51)
[Tue Aug 02 06:11:20.230941 2016] [proxy:error] [pid 6440:tid 15172] (OS 10060)A connection attempt failed because the connected party did not properly respond after a period of time, or established connection failed because connected host has failed to respond.  : AH00957: HTTP: attempt to connect to 172.22.1.51:8399 (172.22.1.51) failed
[Tue Aug 02 06:11:20.230941 2016] [proxy:error] [pid 6440:tid 15172] AH00959: ap_proxy_connect_backend disabling worker for (172.22.1.51) for 60s
[Tue Aug 02 06:11:20.230941 2016] [proxy_http:error] [pid 6440:tid 15172] [client 152.61.128.50:58686] AH01114: HTTP: failed to make connection to backend: 172.22.1.51
[Tue Aug 02 06:11:20.464941 2016] [proxy:error] [pid 6440:tid 15172] AH00940: HTTP: disabled connection for (172.22.1.51)
[Tue Aug 02 06:11:20.683342 2016] [proxy:error] [pid 6440:tid 15172] AH00940: HTTP: disabled connection for (172.22.1.51)
[Tue Aug 02 07:24:29.238250 2016] [proxy_http:error] [pid 6440:tid 15404] (OS 10053)An established connection was aborted by the software in your host machine.  : [client 201.245.192.253:16767] AH01102: error reading status line from remote server 172.22.1.31:80, referer: http://190.27.245.106/isolucionsda/FrameSetGeneral.asp?Pagina1=FrameSetGeneral.asp&
[Tue Aug 02 07:24:29.238250 2016] [proxy:error] [pid 6440:tid 15404] [client 201.245.192.253:16767] AH00898: Error reading from remote server returned by /isolucionsda/BarraFavoritos.asp, referer: http://190.27.245.106/isolucionsda/FrameSetGeneral.asp?Pagina1=FrameSetGeneral.asp&
[Tue Aug 02 07:24:29.487850 2016] [proxy_http:error] [pid 6440:tid 14548] (OS 10053)An established connection was aborted by the software in your host machine.  : [client 201.245.192.253:16768] AH01102: error reading status line from remote server 172.22.1.31:80, referer: http://190.27.245.106/isolucionsda/Encabezado.asp?Pagina1=FrameSetGeneral.asp&&Pagina=MagazinHome.asp
[Tue Aug 02 07:24:29.487850 2016] [proxy:error] [pid 6440:tid 14548] [client 201.245.192.253:16768] AH00898: Error reading from remote server returned by /isolucionsda/Session.asp, referer: http://190.27.245.106/isolucionsda/Encabezado.asp?Pagina1=FrameSetGeneral.asp&&Pagina=MagazinHome.asp
[Tue Aug 02 07:24:30.455052 2016] [proxy_http:error] [pid 6440:tid 15544] (OS 10053)An established connection was aborted by the software in your host machine.  : [client 201.245.192.253:16752] AH01102: error reading status line from remote server 172.22.1.31:80, referer: http://190.27.245.106/isolucionsda/BarraTitulos.asp?Pagina1=FrameSetGeneral.asp&&Pagina=MagazinHome.asp
[Tue Aug 02 07:28:48.463905 2016] [mpm_winnt:warn] [pid 6440:tid 17816] (OS 64)The specified network name is no longer available.  : AH00341: winnt_accept: Asynchronous AcceptEx failed.
[Tue Aug 02 07:28:48.463905 2016] [mpm_winnt:warn] [pid 6440:tid 17816] (OS 64)The specified network name is no longer available.  : AH00341: winnt_accept: Asynchronous AcceptEx failed.
[Tue Aug 02 07:54:41.243832 2016] [mpm_winnt:warn] [pid 6440:tid 17816] (OS 64)The specified network name is no longer available.  : AH00341: winnt_accept: Asynchronous AcceptEx failed.
[Tue Aug 02 08:00:28.796843 2016] [proxy_http:error] [pid 6440:tid 15244] (OS 10053)An established connection was aborted by the software in your host machine.  : [client 201.245.192.253:43824] AH01102: error reading status line from remote server 172.22.1.31:80, referer: http://190.27.245.106/isolucionsda/FrameSetGeneral.asp?Pagina=Menu.asp&IdModulo=4
[Tue Aug 02 08:06:25.008869 2016] [core:error] [pid 6440:tid 15968] (20024)The given path is misformatted or contained invalid characters: [client 207.46.13.30:24169] AH00127: Cannot map GET /www.ambientebogota.gov.co:81/ HTTP/1.1 to file
[Tue Aug 02 08:20:34.352360 2016] [proxy_http:error] [pid 6440:tid 16312] (20014)Internal error: [client 201.245.192.253:39482] AH01102: error reading status line from remote server 192.168.175.30:80, referer: http://190.27.245.106/catalogoisis/index.php
[Tue Aug 02 08:44:45.373309 2016] [proxy_http:error] [pid 6440:tid 15904] (OS 10053)An established connection was aborted by the software in your host machine.  : [client 201.245.192.253:26158] AH01102: error reading status line from remote server 172.22.1.31:80, referer: http://190.27.245.106/isolucionsda/Encabezado.asp?Pagina1=FrameSetGeneral.asp&&Pagina=MagazinHome.asp
[Tue Aug 02 08:44:45.373309 2016] [proxy:error] [pid 6440:tid 15904] [client 201.245.192.253:26158] AH00898: Error reading from remote server returned by /isolucionsda/g/Bot_MeciOver_ESP.jpg, referer: http://190.27.245.106/isolucionsda/Encabezado.asp?Pagina1=FrameSetGeneral.asp&&Pagina=MagazinHome.asp
[Tue Aug 02 08:51:35.810030 2016] [proxy_http:error] [pid 6440:tid 15064] (OS 10053)An established connection was aborted by the software in your host machine.  : [client 201.245.192.253:27411] AH01102: error reading status line from remote server 172.22.1.31:80, referer: http://190.27.245.106/isolucionsda/FrameSetGeneral.asp?Pagina1=FrameSetGeneral.asp&
[Tue Aug 02 08:51:35.810030 2016] [proxy:error] [pid 6440:tid 15064] [client 201.245.192.253:27411] AH00898: Error reading from remote server returned by /isolucionsda/BarraFavoritos.asp, referer: http://190.27.245.106/isolucionsda/FrameSetGeneral.asp?Pagina1=FrameSetGeneral.asp&
[Tue Aug 02 08:51:35.825630 2016] [proxy_http:error] [pid 6440:tid 16040] (OS 10053)An established connection was aborted by the software in your host machine.  : [client 201.245.192.253:27412] AH01102: error reading status line from remote server 172.22.1.31:80, referer: http://190.27.245.106/isolucionsda/FrameSetGeneral.asp?Pagina1=FrameSetGeneral.asp&
[Tue Aug 02 08:51:35.825630 2016] [proxy:error] [pid 6440:tid 16040] [client 201.245.192.253:27412] AH00898: Error reading from remote server returned by /isolucionsda/MagazinHome.asp, referer: http://190.27.245.106/isolucionsda/FrameSetGeneral.asp?Pagina1=FrameSetGeneral.asp&
[Tue Aug 02 08:58:53.546799 2016] [mpm_winnt:warn] [pid 6440:tid 17816] (OS 64)The specified network name is no longer available.  : AH00341: winnt_accept: Asynchronous AcceptEx failed.
[Tue Aug 02 08:58:53.546799 2016] [mpm_winnt:warn] [pid 6440:tid 17816] (OS 64)The specified network name is no longer available.  : AH00341: winnt_accept: Asynchronous AcceptEx failed.
[Tue Aug 02 09:12:17.822811 2016] [proxy_http:error] [pid 6440:tid 15872] (OS 10053)An established connection was aborted by the software in your host machine.  : [client 201.245.192.253:55758] AH01102: error reading status line from remote server 172.22.1.31:80, referer: http://190.27.245.106/isolucionsda/FiltroAccionesPreventivas.asp?Pagina=FiltroAccionesPreventivas.asp&CodUsuarioResponsable=21&EsAbierta=1&ConMenu=NO&CodTipoAP=1
[Tue Aug 02 09:56:07.692031 2016] [proxy_http:error] [pid 6440:tid 15464] (OS 10053)An established connection was aborted by the software in your host machine.  : [client 201.245.192.253:39621] AH01102: error reading status line from remote server 172.22.1.31:80, referer: http://190.27.245.106/isolucionsda/BarraTitulos.asp?Pagina1=FrameSetGeneral.asp&&Pagina=MagazinHome.asp
[Tue Aug 02 09:56:07.692031 2016] [proxy:error] [pid 6440:tid 15464] [client 201.245.192.253:39621] AH00898: Error reading from remote server returned by /isolucionsda/g/Bgr_BarraCurva2.jpg, referer: http://190.27.245.106/isolucionsda/BarraTitulos.asp?Pagina1=FrameSetGeneral.asp&&Pagina=MagazinHome.asp
[Tue Aug 02 10:26:48.417264 2016] [core:error] [pid 6440:tid 16240] (20024)The given path is misformatted or contained invalid characters: [client 157.55.39.111:26225] AH00127: Cannot map GET /www.ambientebogota.gov.co:81/ HTTP/1.1 to file
[Tue Aug 02 10:35:13.998552 2016] [proxy_http:error] [pid 6440:tid 16240] (OS 10053)An established connection was aborted by the software in your host machine.  : [client 201.245.192.253:38866] AH01102: error reading status line from remote server 172.22.1.31:80, referer: http://190.27.245.106/IsolucionSDA/FrameSetGeneral.asp?Pagina=FrameSetAuditoria.asp
[Tue Aug 02 10:54:55.327227 2016] [proxy_http:error] [pid 6440:tid 15080] (OS 10053)An established connection was aborted by the software in your host machine.  : [client 201.245.192.253:39441] AH01102: error reading status line from remote server 172.22.1.31:80, referer: http://190.27.245.106/IsolucionSDA/FrameSetGeneral.asp?Pagina=Menu.asp&IdModulo=5
[Tue Aug 02 10:54:55.327227 2016] [proxy:error] [pid 6440:tid 15080] [client 201.245.192.253:39441] AH00898: Error reading from remote server returned by /IsolucionSDA/BarraTitulos.asp, referer: http://190.27.245.106/IsolucionSDA/FrameSetGeneral.asp?Pagina=Menu.asp&IdModulo=5
[Tue Aug 02 10:54:55.452027 2016] [proxy_http:error] [pid 6440:tid 15608] (OS 10053)An established connection was aborted by the software in your host machine.  : [client 201.245.192.253:39457] AH01102: error reading status line from remote server 172.22.1.31:80, referer: http://190.27.245.106/IsolucionSDA/FrameSetGeneral.asp?Pagina=BSC/BSC/Jerarquico.aspx&TipoGrupo=Tablero&Visualizacion=1&Grafico=2&FechaInicial=&FechaFinal=&IdElemento=&number=
[Tue Aug 02 10:54:55.452027 2016] [proxy:error] [pid 6440:tid 15608] [client 201.245.192.253:39457] AH00898: Error reading from remote server returned by /IsolucionSDA/BarraFavoritos.asp, referer: http://190.27.245.106/IsolucionSDA/FrameSetGeneral.asp?Pagina=BSC/BSC/Jerarquico.aspx&TipoGrupo=Tablero&Visualizacion=1&Grafico=2&FechaInicial=&FechaFinal=&IdElemento=&number=
[Tue Aug 02 11:07:15.361326 2016] [proxy_http:error] [pid 6440:tid 15848] (OS 10053)An established connection was aborted by the software in your host machine.  : [client 201.245.192.253:35132] AH01102: error reading status line from remote server 172.22.1.31:80, referer: http://190.27.245.106/isolucionsda/Encabezado.asp?Pagina1=FrameSetGeneral.asp&&Pagina=MagazinHome.asp
[Tue Aug 02 11:07:15.361326 2016] [proxy_http:error] [pid 6440:tid 16056] (OS 10053)An established connection was aborted by the software in your host machine.  : [client 201.245.192.253:35379] AH01102: error reading status line from remote server 172.22.1.31:80, referer: http://190.27.245.106/isolucionsda/Encabezado.asp?Pagina1=FrameSetGeneral.asp&&Pagina=MagazinHome.asp
[Tue Aug 02 11:07:27.700948 2016] [proxy_http:error] [pid 6440:tid 15968] (OS 10053)An established connection was aborted by the software in your host machine.  : [client 201.245.192.253:35413] AH01102: error reading status line from remote server 172.22.1.31:80, referer: http://190.27.245.106/isolucionsda/bancoconocimiento/M/MANUALDELSISTEMAINTEGRADODEGESTION_v12/MANUALDELSISTEMAINTEGRADODEGESTION_v12.asp?IdArticulo=9590
[Tue Aug 02 11:30:27.398571 2016] [proxy_http:error] [pid 6440:tid 14868] (OS 10053)An established connection was aborted by the software in your host machine.  : [client 201.245.192.253:38625] AH01102: error reading status line from remote server 172.22.1.31:80, referer: http://190.27.245.106/IsolucionSDA/BarraTitulos.asp?Pagina1=FrameSetGeneral.asp&&Pagina=MagazinHome.asp
[Tue Aug 02 11:30:32.390580 2016] [proxy_http:error] [pid 6440:tid 16084] (OS 10053)An established connection was aborted by the software in your host machine.  : [client 201.245.192.253:38649] AH01102: error reading status line from remote server 172.22.1.31:80, referer: http://190.27.245.106/IsolucionSDA/FrameSetGeneral.asp?Pagina1=FrameSetGeneral.asp&
[Tue Aug 02 11:39:22.869512 2016] [proxy_http:error] [pid 6440:tid 14672] (OS 10053)An established connection was aborted by the software in your host machine.  : [client 201.245.192.253:44905] AH01102: error reading status line from remote server 172.22.1.31:80, referer: http://190.27.245.106/isolucionsda/FrameSetGeneral.asp?Pagina1=FrameSetGeneral.asp&
[Tue Aug 02 11:39:22.869512 2016] [proxy:error] [pid 6440:tid 14672] [client 201.245.192.253:44905] AH00898: Error reading from remote server returned by /isolucionsda/BarraFavoritos.asp, referer: http://190.27.245.106/isolucionsda/FrameSetGeneral.asp?Pagina1=FrameSetGeneral.asp&
[Tue Aug 02 11:39:22.869512 2016] [proxy_http:error] [pid 6440:tid 15204] (OS 10053)An established connection was aborted by the software in your host machine.  : [client 201.245.192.253:44901] AH01102: error reading status line from remote server 172.22.1.31:80, referer: http://190.27.245.106/isolucionsda/Encabezado.asp?Pagina1=FrameSetGeneral.asp&&Pagina=MagazinHome.asp
[Tue Aug 02 13:16:36.626558 2016] [proxy_http:error] [pid 6440:tid 15180] (OS 10053)An established connection was aborted by the software in your host machine.  : [client 201.245.192.253:18320] AH01102: error reading status line from remote server 172.22.1.31:80, referer: http://190.27.245.106/isolucionsda/FrameSetGeneral.asp?Pagina1=FrameSetGeneral.asp&
[Tue Aug 02 13:16:36.626558 2016] [proxy:error] [pid 6440:tid 15180] [client 201.245.192.253:18320] AH00898: Error reading from remote server returned by /isolucionsda/MagazinHome.asp, referer: http://190.27.245.106/isolucionsda/FrameSetGeneral.asp?Pagina1=FrameSetGeneral.asp&
[Tue Aug 02 13:51:08.264397 2016] [proxy_http:error] [pid 6440:tid 14672] (OS 10053)An established connection was aborted by the software in your host machine.  : [client 201.245.192.253:48035] AH01102: error reading status line from remote server 172.22.1.31:80, referer: http://190.27.245.106/IsolucionSDA/FrameSetGeneral.asp?Pagina1=FrameSetGeneral.asp&
[Tue Aug 02 13:51:08.264397 2016] [proxy:error] [pid 6440:tid 14672] [client 201.245.192.253:48035] AH00898: Error reading from remote server returned by /IsolucionSDA/MagazinHome.asp, referer: http://190.27.245.106/IsolucionSDA/FrameSetGeneral.asp?Pagina1=FrameSetGeneral.asp&
[Tue Aug 02 13:52:13.425712 2016] [proxy_http:error] [pid 6440:tid 15236] (OS 10053)An established connection was aborted by the software in your host machine.  : [client 201.245.192.253:48674] AH01102: error reading status line from remote server 172.22.1.31:80, referer: http://190.27.245.106/IsolucionSDA/NotaMejora.asp?Pagina=NotaMejora.asp&Accion=Nueva&ConMenu=NO
[Tue Aug 02 13:52:13.425712 2016] [proxy:error] [pid 6440:tid 15236] [client 201.245.192.253:48674] AH00898: Error reading from remote server returned by /ISOlucionSDA/CalendarioDisplayHidden.asp, referer: http://190.27.245.106/IsolucionSDA/NotaMejora.asp?Pagina=NotaMejora.asp&Accion=Nueva&ConMenu=NO
[Tue Aug 02 14:00:23.781373 2016] [proxy_http:error] [pid 6440:tid 15632] (OS 10053)An established connection was aborted by the software in your host machine.  : [client 201.245.192.253:52683] AH01102: error reading status line from remote server 172.22.1.31:80, referer: http://190.27.245.106/isolucionsda/FrameSetGeneral.asp?Pagina1=FrameSetGeneral.asp&
[Tue Aug 02 14:00:23.781373 2016] [proxy:error] [pid 6440:tid 15632] [client 201.245.192.253:52683] AH00898: Error reading from remote server returned by /isolucionsda/BarraTitulos.asp, referer: http://190.27.245.106/isolucionsda/FrameSetGeneral.asp?Pagina1=FrameSetGeneral.asp&
[Tue Aug 02 14:00:23.781373 2016] [proxy_http:error] [pid 6440:tid 14456] (OS 10053)An established connection was aborted by the software in your host machine.  : [client 201.245.192.253:52684] AH01102: error reading status line from remote server 172.22.1.31:80, referer: http://190.27.245.106/isolucionsda/FrameSetGeneral.asp?Pagina1=FrameSetGeneral.asp&
[Tue Aug 02 14:00:23.781373 2016] [proxy:error] [pid 6440:tid 14456] [client 201.245.192.253:52684] AH00898: Error reading from remote server returned by /isolucionsda/MagazinHome.asp, referer: http://190.27.245.106/isolucionsda/FrameSetGeneral.asp?Pagina1=FrameSetGeneral.asp&
[Tue Aug 02 14:00:27.587780 2016] [proxy_http:error] [pid 6440:tid 15556] (OS 10053)An established connection was aborted by the software in your host machine.  : [client 201.245.192.253:52685] AH01102: error reading status line from remote server 172.22.1.31:80, referer: http://190.27.245.106/isolucionsda/FrameSetGeneral.asp?Pagina1=FrameSetGeneral.asp&
[Tue Aug 02 14:00:27.587780 2016] [proxy:error] [pid 6440:tid 15556] [client 201.245.192.253:52685] AH00898: Error reading from remote server returned by /isolucionsda/BarraFavoritos.asp, referer: http://190.27.245.106/isolucionsda/FrameSetGeneral.asp?Pagina1=FrameSetGeneral.asp&
[Tue Aug 02 14:00:30.723385 2016] [proxy_http:error] [pid 6440:tid 14672] (OS 10053)An established connection was aborted by the software in your host machine.  : [client 201.245.192.253:52731] AH01102: error reading status line from remote server 172.22.1.31:80, referer: http://190.27.245.106/isolucionsda/FrameSetGeneral.asp?Pagina=SucursalSeleccion.asp&CargaPagina=ModuloProcesos&IdModulo=3
[Tue Aug 02 14:00:30.723385 2016] [proxy:error] [pid 6440:tid 14672] [client 201.245.192.253:52731] AH00898: Error reading from remote server returned by /isolucionsda/BarraFavoritos.asp, referer: http://190.27.245.106/isolucionsda/FrameSetGeneral.asp?Pagina=SucursalSeleccion.asp&CargaPagina=ModuloProcesos&IdModulo=3
[Tue Aug 02 14:00:30.723385 2016] [proxy_http:error] [pid 6440:tid 16396] (OS 10053)An established connection was aborted by the software in your host machine.  : [client 201.245.192.253:52729] AH01102: error reading status line from remote server 172.22.1.31:80, referer: http://190.27.245.106/isolucionsda/FrameSetGeneral.asp?Pagina=SucursalSeleccion.asp&CargaPagina=ModuloProcesos&IdModulo=3
[Tue Aug 02 14:00:30.723385 2016] [proxy:error] [pid 6440:tid 16396] [client 201.245.192.253:52729] AH00898: Error reading from remote server returned by /isolucionsda/BarraTitulos.asp, referer: http://190.27.245.106/isolucionsda/FrameSetGeneral.asp?Pagina=SucursalSeleccion.asp&CargaPagina=ModuloProcesos&IdModulo=3
[Tue Aug 02 14:06:45.186443 2016] [mpm_winnt:warn] [pid 6440:tid 17816] (OS 64)The specified network name is no longer available.  : AH00341: winnt_accept: Asynchronous AcceptEx failed.
[Tue Aug 02 14:30:00.500694 2016] [mpm_winnt:warn] [pid 6440:tid 17816] (OS 64)The specified network name is no longer available.  : AH00341: winnt_accept: Asynchronous AcceptEx failed.
[Tue Aug 02 14:34:51.488005 2016] [proxy_http:error] [pid 6440:tid 16312] (OS 10053)An established connection was aborted by the software in your host machine.  : [client 201.245.192.253:23892] AH01102: error reading status line from remote server 172.22.1.31:80, referer: http://190.27.245.106/isolucionsda/Encabezado.asp?Pagina1=FrameSetGeneral.asp&&Pagina=MagazinHome.asp
[Tue Aug 02 14:34:51.488005 2016] [proxy:error] [pid 6440:tid 16312] [client 201.245.192.253:23892] AH00898: Error reading from remote server returned by /isolucionsda/g/Bot_Home.jpg, referer: http://190.27.245.106/isolucionsda/Encabezado.asp?Pagina1=FrameSetGeneral.asp&&Pagina=MagazinHome.asp
[Tue Aug 02 14:46:21.695617 2016] [proxy_http:error] [pid 6440:tid 14396] (20014)Internal error: [client 201.245.192.253:42602] AH01102: error reading status line from remote server 192.168.175.30:80, referer: http://190.27.245.106/catalogoisis/index.php
[Tue Aug 02 14:54:37.760888 2016] [proxy_http:error] [pid 6440:tid 15524] (20014)Internal error: [client 201.245.192.253:47107] AH01102: error reading status line from remote server 192.168.175.30:80, referer: http://190.27.245.106/catalogoisis/index.php
[Tue Aug 02 15:33:04.272739 2016] [proxy_http:error] [pid 6440:tid 14868] (OS 10053)An established connection was aborted by the software in your host machine.  : [client 201.245.192.253:56329] AH01102: error reading status line from remote server 172.22.1.31:80, referer: http://190.27.245.106/isolucionsda/FrameSetGeneral.asp?Pagina=Menu.asp&IdModulo=4
[Tue Aug 02 15:33:04.272739 2016] [proxy:error] [pid 6440:tid 14868] [client 201.245.192.253:56329] AH00898: Error reading from remote server returned by /isolucionsda/BarraFavoritos.asp, referer: http://190.27.245.106/isolucionsda/FrameSetGeneral.asp?Pagina=Menu.asp&IdModulo=4
[Tue Aug 02 15:33:12.603154 2016] [proxy_http:error] [pid 6440:tid 16080] (OS 10053)An established connection was aborted by the software in your host machine.  : [client 201.245.192.253:56409] AH01102: error reading status line from remote server 172.22.1.31:80, referer: http://190.27.245.106/isolucionsda/FrameSetGeneral.asp?Pagina=ListadoMaestroDocumentos3.asp
[Tue Aug 02 15:33:12.603154 2016] [proxy:error] [pid 6440:tid 16080] [client 201.245.192.253:56409] AH00898: Error reading from remote server returned by /isolucionsda/ListadoMaestroDocumentos3.asp, referer: http://190.27.245.106/isolucionsda/FrameSetGeneral.asp?Pagina=ListadoMaestroDocumentos3.asp
[Tue Aug 02 15:49:06.669630 2016] [proxy_http:error] [pid 6440:tid 14748] (OS 10053)An established connection was aborted by the software in your host machine.  : [client 201.245.192.253:55438] AH01102: error reading status line from remote server 172.22.1.31:80, referer: http://190.27.245.106/isolucionsda/FrameSetGeneral.asp?Pagina1=FrameSetGeneral.asp&
[Tue Aug 02 15:49:06.669630 2016] [proxy:error] [pid 6440:tid 14748] [client 201.245.192.253:55438] AH00898: Error reading from remote server returned by /isolucionsda/BarraTitulos.asp, referer: http://190.27.245.106/isolucionsda/FrameSetGeneral.asp?Pagina1=FrameSetGeneral.asp&
[Tue Aug 02 15:59:44.819951 2016] [proxy_http:error] [pid 6440:tid 14908] (OS 10053)An established connection was aborted by the software in your host machine.  : [client 201.245.192.253:36669] AH01102: error reading status line from remote server 172.22.1.31:80, referer: http://190.27.245.106/ISOlucionSDA/bancoconocimiento/m/mapadeprocesos__v4/mapadeprocesos__v4.asp
[Tue Aug 02 15:59:44.819951 2016] [proxy:error] [pid 6440:tid 14908] [client 201.245.192.253:36669] AH00898: Error reading from remote server returned by /IsolucionSDA/bancoconocimiento/G/GESTIONDOCUMENTAL_v7/GESTIONDOCUMENTAL_v7.asp, referer: http://190.27.245.106/ISOlucionSDA/bancoconocimiento/m/mapadeprocesos__v4/mapadeprocesos__v4.asp
[Tue Aug 02 16:01:19.777317 2016] [proxy_http:error] [pid 6440:tid 14548] (OS 10053)An established connection was aborted by the software in your host machine.  : [client 201.245.192.253:37483] AH01102: error reading status line from remote server 172.22.1.31:80, referer: http://190.27.245.106/ISOlucionSDA/magazin.asp?sigla=mac
[Tue Aug 02 16:02:38.089455 2016] [proxy_http:error] [pid 6440:tid 15424] (OS 10053)An established connection was aborted by the software in your host machine.  : [client 201.245.192.253:38289] AH01102: error reading status line from remote server 172.22.1.31:80, referer: http://190.27.245.106/IsolucionSDA/FrameSetGeneral.asp?Pagina=SucursalSeleccion.asp&CargaPagina=ModuloProcesos&IdModulo=3
[Tue Aug 02 16:02:38.089455 2016] [proxy:error] [pid 6440:tid 15424] [client 201.245.192.253:38289] AH00898: Error reading from remote server returned by /IsolucionSDA/SucursalSeleccion.asp, referer: http://190.27.245.106/IsolucionSDA/FrameSetGeneral.asp?Pagina=SucursalSeleccion.asp&CargaPagina=ModuloProcesos&IdModulo=3
[Tue Aug 02 16:12:26.460088 2016] [mpm_winnt:warn] [pid 6440:tid 17816] (OS 64)The specified network name is no longer available.  : AH00341: winnt_accept: Asynchronous AcceptEx failed.
[Tue Aug 02 16:17:15.278996 2016] [proxy_http:error] [pid 6440:tid 16252] (OS 10053)An established connection was aborted by the software in your host machine.  : [client 201.245.192.253:35495] AH01102: error reading status line from remote server 172.22.1.31:80, referer: http://190.27.245.106/IsolucionSDA/FrameSetGeneral.asp?Pagina=SucursalSeleccion.asp&CargaPagina=ModuloProcesos&IdModulo=3
[Tue Aug 02 16:17:15.278996 2016] [proxy:error] [pid 6440:tid 16252] [client 201.245.192.253:35495] AH00898: Error reading from remote server returned by /IsolucionSDA/SucursalSeleccion.asp, referer: http://190.27.245.106/IsolucionSDA/FrameSetGeneral.asp?Pagina=SucursalSeleccion.asp&CargaPagina=ModuloProcesos&IdModulo=3
[Tue Aug 02 16:24:36.230370 2016] [proxy_http:error] [pid 6440:tid 16260] (OS 10053)An established connection was aborted by the software in your host machine.  : [client 201.245.192.253:25853] AH01102: error reading status line from remote server 172.22.1.31:80, referer: http://190.27.245.106/IsolucionSDA/FrameSetGeneral.asp?Pagina1=FrameSetGeneral.asp&
[Tue Aug 02 16:24:36.230370 2016] [proxy:error] [pid 6440:tid 16260] [client 201.245.192.253:25853] AH00898: Error reading from remote server returned by /IsolucionSDA/BarraFavoritos.asp, referer: http://190.27.245.106/IsolucionSDA/FrameSetGeneral.asp?Pagina1=FrameSetGeneral.asp&
[Tue Aug 02 17:13:05.167480 2016] [mpm_winnt:warn] [pid 6440:tid 17816] (OS 64)The specified network name is no longer available.  : AH00341: winnt_accept: Asynchronous AcceptEx failed.
[Tue Aug 02 17:27:45.368826 2016] [proxy:error] [pid 6440:tid 15348] (OS 10060)A connection attempt failed because the connected party did not properly respond after a period of time, or established connection failed because connected host has failed to respond.  : AH00957: HTTP: attempt to connect to 172.22.1.51:8399 (172.22.1.51) failed
[Tue Aug 02 17:27:45.384426 2016] [proxy:error] [pid 6440:tid 15348] AH00959: ap_proxy_connect_backend disabling worker for (172.22.1.51) for 60s
[Tue Aug 02 17:27:45.384426 2016] [proxy_http:error] [pid 6440:tid 15348] [client 152.61.128.50:41828] AH01114: HTTP: failed to make connection to backend: 172.22.1.51
[Tue Aug 02 17:27:45.618426 2016] [proxy:error] [pid 6440:tid 15348] AH00940: HTTP: disabled connection for (172.22.1.51)
[Tue Aug 02 17:38:29.727957 2016] [proxy:error] [pid 6440:tid 15256] (OS 10060)A connection attempt failed because the connected party did not properly respond after a period of time, or established connection failed because connected host has failed to respond.  : AH00957: HTTP: attempt to connect to 172.22.1.51:8399 (172.22.1.51) failed
[Tue Aug 02 17:38:29.727957 2016] [proxy:error] [pid 6440:tid 15256] AH00959: ap_proxy_connect_backend disabling worker for (172.22.1.51) for 60s
[Tue Aug 02 17:38:29.727957 2016] [proxy_http:error] [pid 6440:tid 15256] [client 152.61.128.50:40212] AH01114: HTTP: failed to make connection to backend: 172.22.1.51
[Tue Aug 02 17:38:29.961958 2016] [proxy:error] [pid 6440:tid 15256] AH00940: HTTP: disabled connection for (172.22.1.51)
[Tue Aug 02 17:38:30.211558 2016] [proxy:error] [pid 6440:tid 15256] AH00940: HTTP: disabled connection for (172.22.1.51)
[Tue Aug 02 18:42:05.308459 2016] [mpm_winnt:warn] [pid 6440:tid 17816] (OS 64)The specified network name is no longer available.  : AH00341: winnt_accept: Asynchronous AcceptEx failed.
[Tue Aug 02 18:42:05.308459 2016] [mpm_winnt:warn] [pid 6440:tid 17816] (OS 64)The specified network name is no longer available.  : AH00341: winnt_accept: Asynchronous AcceptEx failed.
[Tue Aug 02 20:00:25.333514 2016] [cgi:error] [pid 6440:tid 16040] [client 115.230.125.146:3711] script not found or unable to stat: E:/nuevo/cgi-bin/common
[Tue Aug 02 20:11:36.181493 2016] [mpm_winnt:warn] [pid 6440:tid 17816] (OS 64)The specified network name is no longer available.  : AH00341: winnt_accept: Asynchronous AcceptEx failed.
[Tue Aug 02 20:11:36.181493 2016] [mpm_winnt:warn] [pid 6440:tid 17816] (OS 64)The specified network name is no longer available.  : AH00341: winnt_accept: Asynchronous AcceptEx failed.

:: Command execute ::

Enter:
 
Select:
 

:: Search ::
regexp 

:: Upload ::
 
[ ok ]

:: Make Dir ::
 
[ ok ]
:: Make File ::
 
[ ok ]

:: Go Dir ::
 
:: Go File ::
 

--[ c99shell v. 1.0 pre-release build #13 powered by Captain Crunch Security Team | http://ccteam.ru | Generation time: 0.0312 ]--