!C99Shell v. 1.0 pre-release build #13!

Software: Apache. PHP/5.5.15 

uname -a: Windows NT SVR-DMZ 6.1 build 7600 (Windows Server 2008 R2 Enterprise Edition) i586 

SYSTEM 

Safe-mode: OFF (not secure)

E:\nuevo\apache\logs\   drwxrwxrwx
Free 9.41 GB of 239.26 GB (3.93%)
Detected drives: [ a ] [ c ] [ d ] [ e ] [ f ]
Home    Back    Forward    UPDIR    Refresh    Search    Buffer    Encoder    Tools    Proc.    FTP brute    Sec.    SQL    PHP-code    Update    Feedback    Self remove    Logout    


Viewing file:     error.2016.09.01.log (34.47 KB)      -rw-rw-rw-
Select action/file-type:
(+) | (+) | (+) | Code (+) | Session (+) | (+) | SDB (+) | (+) | (+) | (+) | (+) | (+) |
[Thu Sep 01 00:05:55.224395 2016] [cgi:error] [pid 10788:tid 15784] [client 191.96.249.189:55845] script not found or unable to stat: E:/nuevo/cgi-bin/webproc
[Thu Sep 01 00:44:25.870254 2016] [proxy:error] [pid 10788:tid 16160] (OS 10060)A connection attempt failed because the connected party did not properly respond after a period of time, or established connection failed because connected host has failed to respond.  : AH00957: HTTP: attempt to connect to 172.22.1.51:8399 (172.22.1.51) failed
[Thu Sep 01 00:44:25.870254 2016] [proxy:error] [pid 10788:tid 16160] AH00959: ap_proxy_connect_backend disabling worker for (172.22.1.51) for 60s
[Thu Sep 01 00:44:25.870254 2016] [proxy_http:error] [pid 10788:tid 16160] [client 152.61.128.50:56442] AH01114: HTTP: failed to make connection to backend: 172.22.1.51
[Thu Sep 01 00:44:26.104254 2016] [proxy:error] [pid 10788:tid 16160] AH00940: HTTP: disabled connection for (172.22.1.51)
[Thu Sep 01 00:59:35.461051 2016] [proxy:error] [pid 10788:tid 16304] (OS 10060)A connection attempt failed because the connected party did not properly respond after a period of time, or established connection failed because connected host has failed to respond.  : AH00957: HTTP: attempt to connect to 172.22.1.51:8399 (172.22.1.51) failed
[Thu Sep 01 00:59:35.461051 2016] [proxy:error] [pid 10788:tid 16304] AH00959: ap_proxy_connect_backend disabling worker for (172.22.1.51) for 60s
[Thu Sep 01 00:59:35.461051 2016] [proxy_http:error] [pid 10788:tid 16304] [client 152.61.192.232:52837] AH01114: HTTP: failed to make connection to backend: 172.22.1.51
[Thu Sep 01 00:59:35.710652 2016] [proxy:error] [pid 10788:tid 16304] AH00940: HTTP: disabled connection for (172.22.1.51)
[Thu Sep 01 01:07:19.219666 2016] [core:error] [pid 10788:tid 14256] (20024)The given path is misformatted or contained invalid characters: [client 157.55.39.160:21146] AH00127: Cannot map GET /www.ambientebogota.gov.co:81/ HTTP/1.1 to file
[Thu Sep 01 01:28:46.783527 2016] [proxy:error] [pid 10788:tid 16040] (OS 10060)A connection attempt failed because the connected party did not properly respond after a period of time, or established connection failed because connected host has failed to respond.  : AH00957: HTTP: attempt to connect to 172.22.1.51:8399 (172.22.1.51) failed
[Thu Sep 01 01:28:46.783527 2016] [proxy:error] [pid 10788:tid 16040] AH00959: ap_proxy_connect_backend disabling worker for (172.22.1.51) for 60s
[Thu Sep 01 01:28:46.783527 2016] [proxy_http:error] [pid 10788:tid 16040] [client 152.61.128.50:41912] AH01114: HTTP: failed to make connection to backend: 172.22.1.51
[Thu Sep 01 01:28:47.017528 2016] [proxy:error] [pid 10788:tid 16040] AH00940: HTTP: disabled connection for (172.22.1.51)
[Thu Sep 01 01:28:47.282728 2016] [proxy:error] [pid 10788:tid 16040] AH00940: HTTP: disabled connection for (172.22.1.51)
[Thu Sep 01 01:32:31.143122 2016] [mpm_winnt:warn] [pid 10788:tid 16624] (OS 64)The specified network name is no longer available.  : AH00341: winnt_accept: Asynchronous AcceptEx failed.
[Thu Sep 01 01:56:13.943621 2016] [cgi:error] [pid 10788:tid 14696] [client 191.96.249.189:60172] script not found or unable to stat: E:/nuevo/cgi-bin/webproc
[Thu Sep 01 02:02:42.276103 2016] [proxy:error] [pid 10788:tid 14044] (OS 10060)A connection attempt failed because the connected party did not properly respond after a period of time, or established connection failed because connected host has failed to respond.  : AH00957: HTTP: attempt to connect to 172.22.1.51:8399 (172.22.1.51) failed
[Thu Sep 01 02:02:42.276103 2016] [proxy:error] [pid 10788:tid 14044] AH00959: ap_proxy_connect_backend disabling worker for (172.22.1.51) for 60s
[Thu Sep 01 02:02:42.276103 2016] [proxy_http:error] [pid 10788:tid 14044] [client 152.61.192.232:11905] AH01114: HTTP: failed to make connection to backend: 172.22.1.51
[Thu Sep 01 02:02:42.510103 2016] [proxy:error] [pid 10788:tid 14780] AH00940: HTTP: disabled connection for (172.22.1.51)
[Thu Sep 01 02:02:42.759704 2016] [proxy:error] [pid 10788:tid 14780] AH00940: HTTP: disabled connection for (172.22.1.51)
[Thu Sep 01 03:46:47.280071 2016] [cgi:error] [pid 10788:tid 14528] [client 191.96.249.189:47974] script not found or unable to stat: E:/nuevo/cgi-bin/webproc
[Thu Sep 01 05:39:27.678746 2016] [cgi:error] [pid 10788:tid 15344] [client 191.96.249.189:43949] script not found or unable to stat: E:/nuevo/cgi-bin/webproc
[Thu Sep 01 05:43:51.476209 2016] [core:error] [pid 10788:tid 15344] [client 185.93.185.10:50936] AH00126: Invalid URI in request GET /../../../../../../etc/passwd HTTP/1.1
[Thu Sep 01 06:25:38.307012 2016] [mpm_winnt:warn] [pid 10788:tid 16624] (OS 64)The specified network name is no longer available.  : AH00341: winnt_accept: Asynchronous AcceptEx failed.
[Thu Sep 01 06:25:59.164249 2016] [mpm_winnt:warn] [pid 10788:tid 16624] (OS 64)The specified network name is no longer available.  : AH00341: winnt_accept: Asynchronous AcceptEx failed.
[Thu Sep 01 06:51:13.023108 2016] [cgi:error] [pid 10788:tid 14528] [client 177.33.117.229:34319] script not found or unable to stat: E:/nuevo/htdocs/hndUnblock.cgi
[Thu Sep 01 06:51:13.413108 2016] [cgi:error] [pid 10788:tid 14528] [client 177.33.117.229:34322] script not found or unable to stat: E:/nuevo/htdocs/tmUnblock.cgi
[Thu Sep 01 07:30:22.902035 2016] [cgi:error] [pid 10788:tid 14272] [client 191.96.249.189:37725] script not found or unable to stat: E:/nuevo/cgi-bin/webproc
[Thu Sep 01 07:37:47.831417 2016] [core:error] [pid 10788:tid 14632] (20024)The given path is misformatted or contained invalid characters: [client 68.180.229.222:40355] AH00127: Cannot map GET /www.ambientebogota.gov.co:81/ HTTP/1.1 to file
[Thu Sep 01 07:54:09.634741 2016] [proxy_http:error] [pid 10788:tid 15468] (OS 10053)An established connection was aborted by the software in your host machine.  : [client 201.245.192.253:58407] AH01102: error reading status line from remote server 172.22.1.31:80, referer: http://190.27.245.106/ISOlucionSDA/bancoconocimiento/m/mapadeprocesos__v4/mapadeprocesos__v4.asp
[Thu Sep 01 07:54:09.743941 2016] [proxy_http:error] [pid 10788:tid 16340] (OS 10053)An established connection was aborted by the software in your host machine.  : [client 201.245.192.253:58354] AH01102: error reading status line from remote server 172.22.1.31:80, referer: http://190.27.245.106/ISOlucionSDA/bancoconocimiento/m/mapadeprocesos__v4/mapadeprocesos__v4.asp
[Thu Sep 01 07:54:51.645615 2016] [proxy_http:error] [pid 10788:tid 15720] (OS 10053)An established connection was aborted by the software in your host machine.  : [client 201.245.192.253:58562] AH01102: error reading status line from remote server 172.22.1.31:80, referer: http://190.27.245.106/IsolucionSDA/Arriba.asp?Pagina=/IsolucionSDA/bancoconocimiento/P/Planilladeregistrodeusuariosatendidostelefonicamente_v5/Planilladeregistrodeusuariosatendidostelefonicamente_v5.asp?IdArticulo=6908
[Thu Sep 01 08:05:05.662693 2016] [proxy_http:error] [pid 10788:tid 15928] (OS 10053)An established connection was aborted by the software in your host machine.  : [client 201.245.192.253:21944] AH01102: error reading status line from remote server 172.22.1.31:80, referer: http://190.27.245.106/ISOlucionSDA/bancoconocimiento/m/mapadeprocesos__v4/mapadeprocesos__v4.asp
[Thu Sep 01 08:05:05.678293 2016] [proxy_http:error] [pid 10788:tid 15704] (OS 10053)An established connection was aborted by the software in your host machine.  : [client 201.245.192.253:21949] AH01102: error reading status line from remote server 172.22.1.31:80, referer: http://190.27.245.106/ISOlucionSDA/bancoconocimiento/m/mapadeprocesos__v4/mapadeprocesos__v4.asp
[Thu Sep 01 08:05:05.678293 2016] [proxy:error] [pid 10788:tid 15704] [client 201.245.192.253:21949] AH00898: Error reading from remote server returned by /ISOlucionSDA/g/Plantillas/ModeloMP2/FlechaEstrategico.png, referer: http://190.27.245.106/ISOlucionSDA/bancoconocimiento/m/mapadeprocesos__v4/mapadeprocesos__v4.asp
[Thu Sep 01 08:09:33.827164 2016] [proxy_http:error] [pid 10788:tid 15720] (OS 10053)An established connection was aborted by the software in your host machine.  : [client 201.245.192.253:38122] AH01102: error reading status line from remote server 172.22.1.31:80, referer: http://190.27.245.106/isolucionsda/Encabezado.asp?Pagina1=FrameSetGeneral.asp&&Pagina=MagazinHome.asp
[Thu Sep 01 08:39:07.083279 2016] [mpm_winnt:warn] [pid 10788:tid 16624] (OS 64)The specified network name is no longer available.  : AH00341: winnt_accept: Asynchronous AcceptEx failed.
[Thu Sep 01 08:55:10.743771 2016] [mpm_winnt:warn] [pid 10788:tid 16624] (OS 64)The specified network name is no longer available.  : AH00341: winnt_accept: Asynchronous AcceptEx failed.
[Thu Sep 01 08:55:10.743771 2016] [mpm_winnt:warn] [pid 10788:tid 16624] (OS 64)The specified network name is no longer available.  : AH00341: winnt_accept: Asynchronous AcceptEx failed.
[Thu Sep 01 09:18:47.023459 2016] [proxy_http:error] [pid 10788:tid 16180] (OS 10053)An established connection was aborted by the software in your host machine.  : [client 201.245.192.253:50765] AH01102: error reading status line from remote server 172.22.1.31:80, referer: http://190.27.245.106/isolucionsda/IdentificaUsuario.asp?Pagina1=FrameSetGeneral.asp&
[Thu Sep 01 09:18:52.514669 2016] [proxy_http:error] [pid 10788:tid 15784] (OS 10053)An established connection was aborted by the software in your host machine.  : [client 201.245.192.253:50752] AH01102: error reading status line from remote server 172.22.1.31:80, referer: http://190.27.245.106/isolucionsda/FrameSetGeneral.asp?Pagina1=FrameSetGeneral.asp&
[Thu Sep 01 09:18:56.274275 2016] [proxy_http:error] [pid 10788:tid 14668] (OS 10053)An established connection was aborted by the software in your host machine.  : [client 201.245.192.253:50787] AH01102: error reading status line from remote server 172.22.1.31:80, referer: http://190.27.245.106/isolucionsda/FrameSetGeneral.asp?Pagina1=FrameSetGeneral.asp&
[Thu Sep 01 09:18:56.274275 2016] [proxy:error] [pid 10788:tid 14668] [client 201.245.192.253:50787] AH00898: Error reading from remote server returned by /isolucionsda/MagazinHome.asp, referer: http://190.27.245.106/isolucionsda/FrameSetGeneral.asp?Pagina1=FrameSetGeneral.asp&
[Thu Sep 01 09:19:22.607122 2016] [proxy_http:error] [pid 10788:tid 14596] (OS 10053)An established connection was aborted by the software in your host machine.  : [client 201.245.192.253:51228] AH01102: error reading status line from remote server 172.22.1.31:80, referer: http://190.27.245.106/IsolucionSDA/Arriba.asp?Pagina=/IsolucionSDA/BancoConocimiento/A/ActadeReunionDeterminantesAmbientales_v4/ActadeReunionDeterminantesAmbientales_v4.asp?IdArticulo=5474
[Thu Sep 01 09:19:22.607122 2016] [proxy:error] [pid 10788:tid 14596] [client 201.245.192.253:51228] AH00898: Error reading from remote server returned by /IsolucionSDA/g/icono_alerta.jpg, referer: http://190.27.245.106/IsolucionSDA/Arriba.asp?Pagina=/IsolucionSDA/BancoConocimiento/A/ActadeReunionDeterminantesAmbientales_v4/ActadeReunionDeterminantesAmbientales_v4.asp?IdArticulo=5474
[Thu Sep 01 09:46:41.640600 2016] [proxy_http:error] [pid 10788:tid 14580] (OS 10053)An established connection was aborted by the software in your host machine.  : [client 201.245.192.253:51859] AH01102: error reading status line from remote server 172.22.1.31:80, referer: http://190.27.245.106/isolucionsda/Encabezado.asp?Pagina1=FrameSetGeneral.asp&&Pagina=MagazinHome.asp
[Thu Sep 01 09:46:41.640600 2016] [proxy_http:error] [pid 10788:tid 15544] (OS 10053)An established connection was aborted by the software in your host machine.  : [client 201.245.192.253:51590] AH01102: error reading status line from remote server 172.22.1.31:80, referer: http://190.27.245.106/isolucionsda/Encabezado.asp?Pagina1=FrameSetGeneral.asp&&Pagina=MagazinHome.asp
[Thu Sep 01 10:14:23.215119 2016] [proxy_http:error] [pid 10788:tid 14508] (OS 10053)An established connection was aborted by the software in your host machine.  : [client 201.245.192.253:46055] AH01102: error reading status line from remote server 172.22.1.31:80, referer: http://190.27.245.106/isolucionsda/FrameSetGeneral.asp?Pagina=ListadoMaestroDocumentos3.asp
[Thu Sep 01 10:23:55.456324 2016] [proxy_http:error] [pid 10788:tid 15112] (OS 10053)An established connection was aborted by the software in your host machine.  : [client 201.245.192.253:10560] AH01102: error reading status line from remote server 172.22.1.31:80, referer: http://190.27.245.106/isolucionsda/FrameSetGeneral.asp?Pagina1=FrameSetGeneral.asp&
[Thu Sep 01 10:23:55.456324 2016] [proxy:error] [pid 10788:tid 15112] [client 201.245.192.253:10560] AH00898: Error reading from remote server returned by /isolucionsda/MagazinHome.asp, referer: http://190.27.245.106/isolucionsda/FrameSetGeneral.asp?Pagina1=FrameSetGeneral.asp&
[Thu Sep 01 10:24:00.011532 2016] [proxy_http:error] [pid 10788:tid 15308] (OS 10053)An established connection was aborted by the software in your host machine.  : [client 201.245.192.253:10559] AH01102: error reading status line from remote server 172.22.1.31:80, referer: http://190.27.245.106/isolucionsda/FrameSetGeneral.asp?Pagina=ListadoMaestroDocumentos3.asp
[Thu Sep 01 10:39:59.662817 2016] [proxy_http:error] [pid 10788:tid 15828] (OS 10053)An established connection was aborted by the software in your host machine.  : [client 201.245.192.253:15500] AH01102: error reading status line from remote server 172.22.1.31:80, referer: http://190.27.245.106/IsolucionSDA/FrameSetGeneral.asp?Pagina=Menu.asp&IdModulo=7
[Thu Sep 01 10:39:59.662817 2016] [proxy:error] [pid 10788:tid 15828] [client 201.245.192.253:15500] AH00898: Error reading from remote server returned by /IsolucionSDA/BarraFavoritos.asp, referer: http://190.27.245.106/IsolucionSDA/FrameSetGeneral.asp?Pagina=Menu.asp&IdModulo=7
[Thu Sep 01 10:39:59.662817 2016] [proxy_http:error] [pid 10788:tid 15512] (OS 10053)An established connection was aborted by the software in your host machine.  : [client 201.245.192.253:15498] AH01102: error reading status line from remote server 172.22.1.31:80, referer: http://190.27.245.106/IsolucionSDA/FrameSetGeneral.asp?Pagina=Menu.asp&IdModulo=7
[Thu Sep 01 10:39:59.662817 2016] [proxy:error] [pid 10788:tid 15512] [client 201.245.192.253:15498] AH00898: Error reading from remote server returned by /IsolucionSDA/BarraTitulos.asp, referer: http://190.27.245.106/IsolucionSDA/FrameSetGeneral.asp?Pagina=Menu.asp&IdModulo=7
[Thu Sep 01 10:39:59.678417 2016] [proxy_http:error] [pid 10788:tid 15660] (OS 10053)An established connection was aborted by the software in your host machine.  : [client 201.245.192.253:15499] AH01102: error reading status line from remote server 172.22.1.31:80, referer: http://190.27.245.106/IsolucionSDA/FrameSetGeneral.asp?Pagina=Menu.asp&IdModulo=7
[Thu Sep 01 10:39:59.678417 2016] [proxy:error] [pid 10788:tid 15660] [client 201.245.192.253:15499] AH00898: Error reading from remote server returned by /IsolucionSDA/Menu.asp, referer: http://190.27.245.106/IsolucionSDA/FrameSetGeneral.asp?Pagina=Menu.asp&IdModulo=7
[Thu Sep 01 10:56:12.168526 2016] [proxy_http:error] [pid 10788:tid 15692] (20014)Internal error: [client 201.245.192.253:20444] AH01102: error reading status line from remote server 192.168.175.30:80, referer: http://190.27.245.106/catalogoisis/
[Thu Sep 01 11:06:13.518382 2016] [proxy_http:error] [pid 10788:tid 15480] (OS 10053)An established connection was aborted by the software in your host machine.  : [client 186.154.251.218:20537] AH01102: error reading status line from remote server 172.22.1.31:80, referer: http://190.27.245.106/isolucionsda/MagazinHome.asp
[Thu Sep 01 11:06:13.518382 2016] [proxy:error] [pid 10788:tid 15480] [client 186.154.251.218:20537] AH00898: Error reading from remote server returned by /isolucionsda/TareasSFRedirect.asp, referer: http://190.27.245.106/isolucionsda/MagazinHome.asp
[Thu Sep 01 11:10:32.620237 2016] [proxy_http:error] [pid 10788:tid 16160] (OS 10053)An established connection was aborted by the software in your host machine.  : [client 201.245.192.253:45191] AH01102: error reading status line from remote server 172.22.1.31:80, referer: http://190.27.245.106/IsolucionSDA/FrameSetGeneral.asp?Pagina=Menu.asp&IdModulo=7
[Thu Sep 01 12:06:55.674379 2016] [mpm_winnt:warn] [pid 10788:tid 16624] (OS 64)The specified network name is no longer available.  : AH00341: winnt_accept: Asynchronous AcceptEx failed.
[Thu Sep 01 12:06:55.674379 2016] [mpm_winnt:warn] [pid 10788:tid 16624] (OS 64)The specified network name is no longer available.  : AH00341: winnt_accept: Asynchronous AcceptEx failed.
[Thu Sep 01 12:11:04.931617 2016] [proxy_http:error] [pid 10788:tid 15904] (OS 10053)An established connection was aborted by the software in your host machine.  : [client 186.154.251.218:45443] AH01102: error reading status line from remote server 172.22.1.31:80, referer: http://190.27.245.106/isolucionsda/FramesetArticulo.asp?Pagina=BancoConocimiento%2FF%2FFormulacion%5Fmedicionyevaluaciondeindicadoresdegestion%5Fv9%2FFormulacion%5Fmedicionyevaluaciondeindicadoresdegestion%5Fv9%2Easp&IdArticulo=8812
[Thu Sep 01 12:11:04.931617 2016] [proxy:error] [pid 10788:tid 15904] [client 186.154.251.218:45443] AH00898: Error reading from remote server returned by /isolucionsda/BancoConocimiento/F/Formulacion_medicionyevaluaciondeindicadoresdegestion_v9/Formulacion_medicionyevaluaciondeindicadoresdegestion_v9.asp, referer: http://190.27.245.106/isolucionsda/FramesetArticulo.asp?Pagina=BancoConocimiento%2FF%2FFormulacion%5Fmedicionyevaluaciondeindicadoresdegestion%5Fv9%2FFormulacion%5Fmedicionyevaluaciondeindicadoresdegestion%5Fv9%2Easp&IdArticulo=8812
[Thu Sep 01 12:16:44.575413 2016] [proxy_http:error] [pid 10788:tid 14272] (OS 10053)An established connection was aborted by the software in your host machine.  : [client 201.245.192.253:12651] AH01102: error reading status line from remote server 172.22.1.31:80, referer: http://190.27.245.106/isolucionsda/Encabezado.asp?Pagina1=FrameSetGeneral.asp&&Pagina=MagazinHome.asp
[Thu Sep 01 12:16:44.575413 2016] [proxy:error] [pid 10788:tid 14272] [client 201.245.192.253:12651] AH00898: Error reading from remote server returned by /isolucionsda/g/Bot_Ayuda.jpg, referer: http://190.27.245.106/isolucionsda/Encabezado.asp?Pagina1=FrameSetGeneral.asp&&Pagina=MagazinHome.asp
[Thu Sep 01 12:16:44.575413 2016] [proxy_http:error] [pid 10788:tid 14404] (OS 10053)An established connection was aborted by the software in your host machine.  : [client 201.245.192.253:12647] AH01102: error reading status line from remote server 172.22.1.31:80, referer: http://190.27.245.106/isolucionsda/Encabezado.asp?Pagina1=FrameSetGeneral.asp&&Pagina=MagazinHome.asp
[Thu Sep 01 12:16:44.575413 2016] [proxy_http:error] [pid 10788:tid 15668] (OS 10053)An established connection was aborted by the software in your host machine.  : [client 201.245.192.253:12648] AH01102: error reading status line from remote server 172.22.1.31:80, referer: http://190.27.245.106/isolucionsda/Encabezado.asp?Pagina1=FrameSetGeneral.asp&&Pagina=MagazinHome.asp
[Thu Sep 01 12:30:26.899658 2016] [proxy_http:error] [pid 10788:tid 14780] (OS 10053)An established connection was aborted by the software in your host machine.  : [client 201.245.192.253:47485] AH01102: error reading status line from remote server 172.22.1.31:80, referer: http://190.27.245.106/isolucionsda/FrameSetGeneral.asp?Pagina1=FrameSetGeneral.asp&
[Thu Sep 01 12:30:26.899658 2016] [proxy:error] [pid 10788:tid 14780] [client 201.245.192.253:47485] AH00898: Error reading from remote server returned by /isolucionsda/BarraTitulos.asp, referer: http://190.27.245.106/isolucionsda/FrameSetGeneral.asp?Pagina1=FrameSetGeneral.asp&
[Thu Sep 01 12:38:01.578056 2016] [proxy_http:error] [pid 10788:tid 15668] (OS 10053)An established connection was aborted by the software in your host machine.  : [client 201.245.192.253:18420] AH01102: error reading status line from remote server 172.22.1.31:80, referer: http://190.27.245.106/isolucionsda/FrameSetGeneral.asp?Pagina1=FrameSetGeneral.asp&
[Thu Sep 01 12:38:09.768071 2016] [proxy_http:error] [pid 10788:tid 15720] (OS 10053)An established connection was aborted by the software in your host machine.  : [client 201.245.192.253:18437] AH01102: error reading status line from remote server 172.22.1.31:80, referer: http://190.27.245.106/isolucionsda/FrameSetGeneral.asp?Pagina1=FrameSetGeneral.asp&
[Thu Sep 01 13:24:57.009601 2016] [mpm_winnt:warn] [pid 10788:tid 16624] (OS 64)The specified network name is no longer available.  : AH00341: winnt_accept: Asynchronous AcceptEx failed.
[Thu Sep 01 13:24:57.009601 2016] [mpm_winnt:warn] [pid 10788:tid 16624] (OS 64)The specified network name is no longer available.  : AH00341: winnt_accept: Asynchronous AcceptEx failed.
[Thu Sep 01 13:24:57.134402 2016] [mpm_winnt:warn] [pid 10788:tid 16624] (OS 64)The specified network name is no longer available.  : AH00341: winnt_accept: Asynchronous AcceptEx failed.
[Thu Sep 01 14:18:38.572260 2016] [proxy_http:error] [pid 10788:tid 14320] (OS 10053)An established connection was aborted by the software in your host machine.  : [client 201.245.192.253:38396] AH01102: error reading status line from remote server 172.22.1.31:80, referer: http://190.27.245.106/isolucionsda/BarraTitulos.asp?Pagina1=FrameSetGeneral.asp&&Pagina=MagazinHome.asp
[Thu Sep 01 14:18:38.572260 2016] [proxy:error] [pid 10788:tid 14320] [client 201.245.192.253:38396] AH00898: Error reading from remote server returned by /isolucionsda/g/Bgr_BarraCurva.jpg, referer: http://190.27.245.106/isolucionsda/BarraTitulos.asp?Pagina1=FrameSetGeneral.asp&&Pagina=MagazinHome.asp
[Thu Sep 01 15:09:19.751801 2016] [mpm_winnt:warn] [pid 10788:tid 16624] (OS 64)The specified network name is no longer available.  : AH00341: winnt_accept: Asynchronous AcceptEx failed.
[Thu Sep 01 15:26:21.990397 2016] [cgi:error] [pid 10788:tid 16204] [client 191.96.249.189:35208] script not found or unable to stat: E:/nuevo/cgi-bin/webproc
[Thu Sep 01 15:26:22.832798 2016] [cgi:error] [pid 10788:tid 16204] [client 191.96.249.189:35992] script not found or unable to stat: E:/nuevo/cgi-bin/webproc
[Thu Sep 01 15:32:52.552683 2016] [mpm_winnt:warn] [pid 10788:tid 16624] (OS 64)The specified network name is no longer available.  : AH00341: winnt_accept: Asynchronous AcceptEx failed.
[Thu Sep 01 15:46:31.055921 2016] [proxy_http:error] [pid 10788:tid 16340] (OS 10053)An established connection was aborted by the software in your host machine.  : [client 186.30.31.171:50199] AH01102: error reading status line from remote server 172.22.1.31:80, referer: http://190.27.245.106/isolucionsda/Encabezado.asp?Pagina1=FrameSetGeneral.asp&&Pagina=MagazinHome.asp
[Thu Sep 01 15:50:15.306314 2016] [proxy_http:error] [pid 10788:tid 16340] (OS 10053)An established connection was aborted by the software in your host machine.  : [client 201.245.192.253:42242] AH01102: error reading status line from remote server 172.22.1.31:80, referer: http://190.27.245.106/IsolucionSDA/FrameSetGeneral.asp?Pagina=Menu.asp&IdModulo=4
[Thu Sep 01 15:50:15.306314 2016] [proxy:error] [pid 10788:tid 16340] [client 201.245.192.253:42242] AH00898: Error reading from remote server returned by /IsolucionSDA/BarraTitulos.asp, referer: http://190.27.245.106/IsolucionSDA/FrameSetGeneral.asp?Pagina=Menu.asp&IdModulo=4
[Thu Sep 01 15:50:17.209518 2016] [proxy_http:error] [pid 10788:tid 14384] (OS 10053)An established connection was aborted by the software in your host machine.  : [client 201.245.192.253:42244] AH01102: error reading status line from remote server 172.22.1.31:80, referer: http://190.27.245.106/IsolucionSDA/FrameSetGeneral.asp?Pagina=ListadoMaestroDocumentos3.asp
[Thu Sep 01 15:51:13.463217 2016] [core:error] [pid 10788:tid 15704] (20024)The given path is misformatted or contained invalid characters: [client 207.46.13.131:2039] AH00127: Cannot map GET /www.ambientebogota.gov.co:81/ HTTP/1.1 to file
[Thu Sep 01 15:54:57.729210 2016] [cgi:error] [pid 10788:tid 15636] [client 191.96.249.189:40574] script not found or unable to stat: E:/nuevo/cgi-bin/webproc
[Thu Sep 01 15:54:58.056811 2016] [cgi:error] [pid 10788:tid 15636] [client 191.96.249.189:40776] script not found or unable to stat: E:/nuevo/cgi-bin/webproc
[Thu Sep 01 16:09:54.995986 2016] [mpm_winnt:warn] [pid 10788:tid 16624] (OS 64)The specified network name is no longer available.  : AH00341: winnt_accept: Asynchronous AcceptEx failed.
[Thu Sep 01 16:09:54.995986 2016] [mpm_winnt:warn] [pid 10788:tid 16624] (OS 64)The specified network name is no longer available.  : AH00341: winnt_accept: Asynchronous AcceptEx failed.
[Thu Sep 01 16:30:24.496546 2016] [proxy_http:error] [pid 10788:tid 14528] (OS 10053)An established connection was aborted by the software in your host machine.  : [client 201.245.192.253:43652] AH01102: error reading status line from remote server 172.22.1.31:80, referer: http://190.27.245.106/IsolucionSDA/FrameSetGeneral.asp?Pagina=Menu.asp&IdModulo=7
[Thu Sep 01 16:30:24.761746 2016] [proxy_http:error] [pid 10788:tid 15668] (OS 10053)An established connection was aborted by the software in your host machine.  : [client 201.245.192.253:43651] AH01102: error reading status line from remote server 172.22.1.31:80, referer: http://190.27.245.106/IsolucionSDA/FrameSetGeneral.asp?Pagina=Menu.asp&IdModulo=7
[Thu Sep 01 16:30:24.761746 2016] [proxy:error] [pid 10788:tid 15668] [client 201.245.192.253:43651] AH00898: Error reading from remote server returned by /IsolucionSDA/Menu.asp, referer: http://190.27.245.106/IsolucionSDA/FrameSetGeneral.asp?Pagina=Menu.asp&IdModulo=7
[Thu Sep 01 16:55:33.472596 2016] [proxy_http:error] [pid 10788:tid 16304] (OS 10053)An established connection was aborted by the software in your host machine.  : [client 201.245.192.253:36164] AH01102: error reading status line from remote server 172.22.1.31:80, referer: http://190.27.245.106/IsolucionSDA/FrameSetArticulo.asp?Pagina=/IsolucionSDA/bancoconocimiento/A/Actadevisitaparalaclasificaciondeimpactoambientalparaefectosdelpagoenelimpuestopredi_v2/Actadevisitaparalaclasificaciondeimpactoambientalparaefectosdelpagoenelimpuestopredi_v2.asp?IdArticulo=9706
[Thu Sep 01 16:55:33.472596 2016] [proxy:error] [pid 10788:tid 16304] [client 201.245.192.253:36164] AH00898: Error reading from remote server returned by /IsolucionSDA/bancoconocimiento/A/Actadevisitaparalaclasificaciondeimpactoambientalparaefectosdelpagoenelimpuestopredi_v2/Actadevisitaparalaclasificaciondeimpactoambientalparaefectosdelpagoenelimpuestopredi_v2.asp, referer: http://190.27.245.106/IsolucionSDA/FrameSetArticulo.asp?Pagina=/IsolucionSDA/bancoconocimiento/A/Actadevisitaparalaclasificaciondeimpactoambientalparaefectosdelpagoenelimpuestopredi_v2/Actadevisitaparalaclasificaciondeimpactoambientalparaefectosdelpagoenelimpuestopredi_v2.asp?IdArticulo=9706
[Thu Sep 01 16:58:17.460084 2016] [proxy_http:error] [pid 10788:tid 16120] (OS 10053)An established connection was aborted by the software in your host machine.  : [client 201.245.192.253:37516] AH01102: error reading status line from remote server 172.22.1.31:80, referer: http://190.27.245.106/IsolucionSDA/FrameSetGeneral.asp?Pagina1=FrameSetGeneral.asp&
[Thu Sep 01 16:58:17.460084 2016] [proxy:error] [pid 10788:tid 16120] [client 201.245.192.253:37516] AH00898: Error reading from remote server returned by /IsolucionSDA/MagazinHome.asp, referer: http://190.27.245.106/IsolucionSDA/FrameSetGeneral.asp?Pagina1=FrameSetGeneral.asp&
[Thu Sep 01 17:02:22.536515 2016] [proxy_http:error] [pid 10788:tid 14668] (OS 10053)An established connection was aborted by the software in your host machine.  : [client 201.245.192.253:39761] AH01102: error reading status line from remote server 172.22.1.31:80, referer: http://190.27.245.106/IsolucionSDA/FrameSetArticulo.asp?Pagina=/IsolucionSDA/bancoconocimiento/C/ComunicacionOficialenviadadeclasificaciondeImpactoambientalparadededuccionenelimpuesto_v2/ComunicacionOficialenviadadeclasificaciondeImpactoambientalparadededuccionenelimpuesto_v2.asp?IdArticulo=9712
[Thu Sep 01 17:02:22.536515 2016] [proxy:error] [pid 10788:tid 14668] [client 201.245.192.253:39761] AH00898: Error reading from remote server returned by /IsolucionSDA/bancoconocimiento/C/ComunicacionOficialenviadadeclasificaciondeImpactoambientalparadededuccionenelimpuesto_v2/ComunicacionOficialenviadadeclasificaciondeImpactoambientalparadededuccionenelimpuesto_v2.asp, referer: http://190.27.245.106/IsolucionSDA/FrameSetArticulo.asp?Pagina=/IsolucionSDA/bancoconocimiento/C/ComunicacionOficialenviadadeclasificaciondeImpactoambientalparadededuccionenelimpuesto_v2/ComunicacionOficialenviadadeclasificaciondeImpactoambientalparadededuccionenelimpuesto_v2.asp?IdArticulo=9712
[Thu Sep 01 17:27:12.417132 2016] [core:error] [pid 10788:tid 15308] (20024)The given path is misformatted or contained invalid characters: [client 207.46.13.33:7423] AH00127: Cannot map GET /www.ambientebogota.gov.co:81/ HTTP/1.1 to file
[Thu Sep 01 17:40:03.636686 2016] [proxy_http:error] [pid 10788:tid 15544] (OS 10053)An established connection was aborted by the software in your host machine.  : [client 201.245.192.253:17101] AH01102: error reading status line from remote server 172.22.1.31:80, referer: http://190.27.245.106/isolucionsda/FrameSetGeneral.asp?Pagina1=FrameSetGeneral.asp&
[Thu Sep 01 17:40:03.636686 2016] [proxy:error] [pid 10788:tid 15544] [client 201.245.192.253:17101] AH00898: Error reading from remote server returned by /isolucionsda/BarraFavoritos.asp, referer: http://190.27.245.106/isolucionsda/FrameSetGeneral.asp?Pagina1=FrameSetGeneral.asp&
[Thu Sep 01 19:01:01.860619 2016] [proxy:error] [pid 10788:tid 14056] (OS 10060)A connection attempt failed because the connected party did not properly respond after a period of time, or established connection failed because connected host has failed to respond.  : AH00957: HTTP: attempt to connect to 172.22.1.51:8399 (172.22.1.51) failed
[Thu Sep 01 19:01:01.860619 2016] [proxy:error] [pid 10788:tid 14056] AH00959: ap_proxy_connect_backend disabling worker for (172.22.1.51) for 60s
[Thu Sep 01 19:01:01.860619 2016] [proxy_http:error] [pid 10788:tid 14056] [client 152.61.192.232:56837] AH01114: HTTP: failed to make connection to backend: 172.22.1.51
[Thu Sep 01 19:01:02.094620 2016] [proxy:error] [pid 10788:tid 14056] AH00940: HTTP: disabled connection for (172.22.1.51)
[Thu Sep 01 19:16:32.402254 2016] [core:error] [pid 10788:tid 15252] (20024)The given path is misformatted or contained invalid characters: [client 65.208.151.119:27823] AH00127: Cannot map GET /www.ambientebogota.gov.co:81/ HTTP/1.1 to file, referer: http://www.dama.gov.co/
[Thu Sep 01 19:22:14.698055 2016] [proxy:error] [pid 10788:tid 16180] (OS 10060)A connection attempt failed because the connected party did not properly respond after a period of time, or established connection failed because connected host has failed to respond.  : AH00957: HTTP: attempt to connect to 172.22.1.51:8399 (172.22.1.51) failed
[Thu Sep 01 19:22:14.698055 2016] [proxy:error] [pid 10788:tid 16180] AH00959: ap_proxy_connect_backend disabling worker for (172.22.1.51) for 60s
[Thu Sep 01 19:22:14.698055 2016] [proxy_http:error] [pid 10788:tid 16180] [client 152.61.192.232:1189] AH01114: HTTP: failed to make connection to backend: 172.22.1.51
[Thu Sep 01 19:22:14.963256 2016] [proxy:error] [pid 10788:tid 16180] AH00940: HTTP: disabled connection for (172.22.1.51)
[Thu Sep 01 19:22:15.212856 2016] [proxy:error] [pid 10788:tid 16180] AH00940: HTTP: disabled connection for (172.22.1.51)
[Thu Sep 01 20:04:07.177068 2016] [mpm_winnt:warn] [pid 10788:tid 16624] (OS 64)The specified network name is no longer available.  : AH00341: winnt_accept: Asynchronous AcceptEx failed.
[Thu Sep 01 20:04:07.192668 2016] [mpm_winnt:warn] [pid 10788:tid 16624] (OS 64)The specified network name is no longer available.  : AH00341: winnt_accept: Asynchronous AcceptEx failed.
[Thu Sep 01 20:04:07.192668 2016] [mpm_winnt:warn] [pid 10788:tid 16624] (OS 64)The specified network name is no longer available.  : AH00341: winnt_accept: Asynchronous AcceptEx failed.
[Thu Sep 01 20:04:07.192668 2016] [mpm_winnt:warn] [pid 10788:tid 16624] (OS 64)The specified network name is no longer available.  : AH00341: winnt_accept: Asynchronous AcceptEx failed.
[Thu Sep 01 20:25:38.595136 2016] [proxy_http:error] [pid 10788:tid 15828] (OS 10053)An established connection was aborted by the software in your host machine.  : [client 190.90.8.139:6893] AH01102: error reading status line from remote server 172.22.1.31:80, referer: http://190.27.245.106/isolucionsda/FrameSetGeneral.asp?Pagina1=FrameSetGeneral.asp&
[Thu Sep 01 20:25:38.595136 2016] [proxy:error] [pid 10788:tid 15828] [client 190.90.8.139:6893] AH00898: Error reading from remote server returned by /isolucionsda/BarraTitulos.asp, referer: http://190.27.245.106/isolucionsda/FrameSetGeneral.asp?Pagina1=FrameSetGeneral.asp&
[Thu Sep 01 20:51:02.047012 2016] [proxy_http:error] [pid 10788:tid 15944] (OS 10053)An established connection was aborted by the software in your host machine.  : [client 190.90.8.139:10008] AH01102: error reading status line from remote server 172.22.1.31:80, referer: http://190.27.245.106/isolucionsda/FrameSetGeneral.asp?Pagina1=FrameSetGeneral.asp&
[Thu Sep 01 20:51:02.047012 2016] [proxy:error] [pid 10788:tid 15944] [client 190.90.8.139:10008] AH00898: Error reading from remote server returned by /isolucionsda/MagazinHome.asp, referer: http://190.27.245.106/isolucionsda/FrameSetGeneral.asp?Pagina1=FrameSetGeneral.asp&
[Thu Sep 01 20:53:05.770829 2016] [proxy_http:error] [pid 10788:tid 15752] (OS 10053)An established connection was aborted by the software in your host machine.  : [client 190.90.8.139:10183] AH01102: error reading status line from remote server 172.22.1.31:80, referer: http://190.27.245.106/IsolucionSDA/Encabezado.asp?Pagina=FiltroNotaMejora.asp&EsAbierta=1&ConMenu=NO
[Thu Sep 01 20:53:05.770829 2016] [proxy:error] [pid 10788:tid 15752] [client 190.90.8.139:10183] AH00898: Error reading from remote server returned by /IsolucionSDA/g/Bot_Anterior.jpg, referer: http://190.27.245.106/IsolucionSDA/Encabezado.asp?Pagina=FiltroNotaMejora.asp&EsAbierta=1&ConMenu=NO
[Thu Sep 01 21:17:04.718357 2016] [access_compat:error] [pid 10788:tid 15976] [client 191.96.249.42:48307] AH01797: client denied by server configuration: E:/nuevo/phpMyAdmin/scripts
[Thu Sep 01 21:56:54.970155 2016] [mpm_winnt:warn] [pid 10788:tid 16624] (OS 64)The specified network name is no longer available.  : AH00341: winnt_accept: Asynchronous AcceptEx failed.
[Thu Sep 01 23:05:47.247813 2016] [mpm_winnt:warn] [pid 10788:tid 16624] (OS 64)The specified network name is no longer available.  : AH00341: winnt_accept: Asynchronous AcceptEx failed.
[Thu Sep 01 23:05:47.247813 2016] [mpm_winnt:warn] [pid 10788:tid 16624] (OS 64)The specified network name is no longer available.  : AH00341: winnt_accept: Asynchronous AcceptEx failed.

:: Command execute ::

Enter:
 
Select:
 

:: Search ::
regexp 

:: Upload ::
 
[ ok ]

:: Make Dir ::
 
[ ok ]
:: Make File ::
 
[ ok ]

:: Go Dir ::
 
:: Go File ::
 

--[ c99shell v. 1.0 pre-release build #13 powered by Captain Crunch Security Team | http://ccteam.ru | Generation time: 0.0312 ]--