!C99Shell v. 1.0 pre-release build #13!

Software: Apache. PHP/5.5.15 

uname -a: Windows NT SVR-DMZ 6.1 build 7600 (Windows Server 2008 R2 Enterprise Edition) i586 

SYSTEM 

Safe-mode: OFF (not secure)

E:\nuevo\apache\logs\   drwxrwxrwx
Free 9.41 GB of 239.26 GB (3.93%)
Detected drives: [ a ] [ c ] [ d ] [ e ] [ f ]
Home    Back    Forward    UPDIR    Refresh    Search    Buffer    Encoder    Tools    Proc.    FTP brute    Sec.    SQL    PHP-code    Update    Feedback    Self remove    Logout    


Viewing file:     error.2016.10.07.log (30.92 KB)      -rw-rw-rw-
Select action/file-type:
(+) | (+) | (+) | Code (+) | Session (+) | (+) | SDB (+) | (+) | (+) | (+) | (+) | (+) |
[Fri Oct 07 00:04:47.809810 2016] [core:error] [pid 3192:tid 16376] (20024)The given path is misformatted or contained invalid characters: [client 52.43.189.34:56982] AH00127: Cannot map GET /www.ambientebogota.gov.co:81/ HTTP/1.1 to file
[Fri Oct 07 00:31:28.497422 2016] [mpm_winnt:warn] [pid 3192:tid 16492] (OS 64)The specified network name is no longer available.  : AH00341: winnt_accept: Asynchronous AcceptEx failed.
[Fri Oct 07 01:15:50.220897 2016] [mpm_winnt:warn] [pid 3192:tid 16492] (OS 64)The specified network name is no longer available.  : AH00341: winnt_accept: Asynchronous AcceptEx failed.
[Fri Oct 07 01:33:15.313533 2016] [proxy:error] [pid 3192:tid 16120] (OS 10060)A connection attempt failed because the connected party did not properly respond after a period of time, or established connection failed because connected host has failed to respond.  : AH00957: HTTP: attempt to connect to 172.22.1.51:8399 (172.22.1.51) failed
[Fri Oct 07 01:33:15.313533 2016] [proxy:error] [pid 3192:tid 16120] AH00959: ap_proxy_connect_backend disabling worker for (172.22.1.51) for 60s
[Fri Oct 07 01:33:15.313533 2016] [proxy_http:error] [pid 3192:tid 16120] [client 152.61.128.50:42918] AH01114: HTTP: failed to make connection to backend: 172.22.1.51
[Fri Oct 07 01:33:15.500733 2016] [proxy:error] [pid 3192:tid 16120] AH00940: HTTP: disabled connection for (172.22.1.51)
[Fri Oct 07 01:37:23.525568 2016] [proxy:error] [pid 3192:tid 15632] (OS 10060)A connection attempt failed because the connected party did not properly respond after a period of time, or established connection failed because connected host has failed to respond.  : AH00957: HTTP: attempt to connect to 172.22.1.51:8399 (172.22.1.51) failed
[Fri Oct 07 01:37:23.525568 2016] [proxy:error] [pid 3192:tid 15632] AH00959: ap_proxy_connect_backend disabling worker for (172.22.1.51) for 60s
[Fri Oct 07 01:37:23.525568 2016] [proxy_http:error] [pid 3192:tid 15632] [client 152.61.128.50:53798] AH01114: HTTP: failed to make connection to backend: 172.22.1.51
[Fri Oct 07 01:37:23.697169 2016] [proxy:error] [pid 3192:tid 15632] AH00940: HTTP: disabled connection for (172.22.1.51)
[Fri Oct 07 01:37:23.884369 2016] [proxy:error] [pid 3192:tid 15632] AH00940: HTTP: disabled connection for (172.22.1.51)
[Fri Oct 07 01:54:35.046180 2016] [proxy:error] [pid 3192:tid 15776] (OS 10060)A connection attempt failed because the connected party did not properly respond after a period of time, or established connection failed because connected host has failed to respond.  : AH00957: HTTP: attempt to connect to 172.22.1.51:8399 (172.22.1.51) failed
[Fri Oct 07 01:54:35.046180 2016] [proxy:error] [pid 3192:tid 15776] AH00959: ap_proxy_connect_backend disabling worker for (172.22.1.51) for 60s
[Fri Oct 07 01:54:35.046180 2016] [proxy_http:error] [pid 3192:tid 15776] [client 152.61.192.232:47338] AH01114: HTTP: failed to make connection to backend: 172.22.1.51
[Fri Oct 07 01:54:35.295781 2016] [proxy:error] [pid 3192:tid 15776] AH00940: HTTP: disabled connection for (172.22.1.51)
[Fri Oct 07 01:54:39.632588 2016] [mpm_winnt:warn] [pid 3192:tid 16492] (OS 64)The specified network name is no longer available.  : AH00341: winnt_accept: Asynchronous AcceptEx failed.
[Fri Oct 07 01:54:58.992222 2016] [proxy:error] [pid 3192:tid 15776] AH00940: HTTP: disabled connection for (172.22.1.51)
[Fri Oct 07 01:54:59.195023 2016] [proxy:error] [pid 3192:tid 15776] AH00940: HTTP: disabled connection for (172.22.1.51)
[Fri Oct 07 01:54:59.397823 2016] [proxy:error] [pid 3192:tid 15776] AH00940: HTTP: disabled connection for (172.22.1.51)
[Fri Oct 07 03:35:31.663218 2016] [mpm_winnt:warn] [pid 3192:tid 16492] (OS 64)The specified network name is no longer available.  : AH00341: winnt_accept: Asynchronous AcceptEx failed.
[Fri Oct 07 05:11:17.652510 2016] [mpm_winnt:warn] [pid 3192:tid 16492] (OS 64)The specified network name is no longer available.  : AH00341: winnt_accept: Asynchronous AcceptEx failed.
[Fri Oct 07 06:07:54.667677 2016] [proxy_http:error] [pid 3192:tid 16024] (OS 10053)An established connection was aborted by the software in your host machine.  : [client 201.245.192.253:42294] AH01102: error reading status line from remote server 172.22.1.31:80, referer: http://190.27.245.106/isolucionsda/FrameSetGeneral.asp?Pagina1=FrameSetGeneral.asp&
[Fri Oct 07 06:07:54.667677 2016] [proxy:error] [pid 3192:tid 16024] [client 201.245.192.253:42294] AH00898: Error reading from remote server returned by /isolucionsda/MagazinHome.asp, referer: http://190.27.245.106/isolucionsda/FrameSetGeneral.asp?Pagina1=FrameSetGeneral.asp&
[Fri Oct 07 06:08:00.923288 2016] [proxy_http:error] [pid 3192:tid 15916] (OS 10053)An established connection was aborted by the software in your host machine.  : [client 201.245.192.253:42293] AH01102: error reading status line from remote server 172.22.1.31:80, referer: http://190.27.245.106/isolucionsda/FrameSetGeneral.asp?Pagina1=FrameSetGeneral.asp&
[Fri Oct 07 06:08:00.923288 2016] [proxy:error] [pid 3192:tid 15916] [client 201.245.192.253:42293] AH00898: Error reading from remote server returned by /isolucionsda/BarraTitulos.asp, referer: http://190.27.245.106/isolucionsda/FrameSetGeneral.asp?Pagina1=FrameSetGeneral.asp&
[Fri Oct 07 06:08:00.923288 2016] [proxy_http:error] [pid 3192:tid 16164] (OS 10053)An established connection was aborted by the software in your host machine.  : [client 201.245.192.253:42295] AH01102: error reading status line from remote server 172.22.1.31:80, referer: http://190.27.245.106/isolucionsda/FrameSetGeneral.asp?Pagina1=FrameSetGeneral.asp&
[Fri Oct 07 06:08:00.923288 2016] [proxy:error] [pid 3192:tid 16164] [client 201.245.192.253:42295] AH00898: Error reading from remote server returned by /isolucionsda/BarraFavoritos.asp, referer: http://190.27.245.106/isolucionsda/FrameSetGeneral.asp?Pagina1=FrameSetGeneral.asp&
[Fri Oct 07 06:20:15.668978 2016] [proxy_http:error] [pid 3192:tid 15916] (OS 10053)An established connection was aborted by the software in your host machine.  : [client 201.245.192.253:43445] AH01102: error reading status line from remote server 172.22.1.31:80, referer: http://190.27.245.106/isolucionsda/bancoconocimiento/P/Permisodeocupaciondecauce_v7/Permisodeocupaciondecauce_v7.asp?IdArticulo=9035
[Fri Oct 07 06:20:15.668978 2016] [proxy:error] [pid 3192:tid 15916] [client 201.245.192.253:43445] AH00898: Error reading from remote server returned by /isolucionsda/FrameSetArticulo.asp, referer: http://190.27.245.106/isolucionsda/bancoconocimiento/P/Permisodeocupaciondecauce_v7/Permisodeocupaciondecauce_v7.asp?IdArticulo=9035
[Fri Oct 07 06:44:54.832376 2016] [proxy:error] [pid 3192:tid 16364] (OS 10060)A connection attempt failed because the connected party did not properly respond after a period of time, or established connection failed because connected host has failed to respond.  : AH00957: HTTP: attempt to connect to 172.22.1.51:8399 (172.22.1.51) failed
[Fri Oct 07 06:44:54.832376 2016] [proxy:error] [pid 3192:tid 16364] AH00959: ap_proxy_connect_backend disabling worker for (172.22.1.51) for 60s
[Fri Oct 07 06:44:54.832376 2016] [proxy_http:error] [pid 3192:tid 16364] [client 66.249.65.54:33650] AH01114: HTTP: failed to make connection to backend: 172.22.1.51
[Fri Oct 07 07:23:58.783293 2016] [core:error] [pid 3192:tid 15752] (20024)The given path is misformatted or contained invalid characters: [client 188.165.208.29:47499] AH00127: Cannot map GET /www.ambientebogota.gov.co:81/ HTTP/1.1 to file
[Fri Oct 07 08:13:51.118149 2016] [proxy_http:error] [pid 3192:tid 15496] (OS 10053)An established connection was aborted by the software in your host machine.  : [client 201.245.192.253:41259] AH01102: error reading status line from remote server 172.22.1.31:80, referer: http://190.27.245.106/isolucionsda/FrameSetGeneral.asp?Pagina1=FrameSetGeneral.asp&
[Fri Oct 07 08:13:51.118149 2016] [proxy:error] [pid 3192:tid 15496] [client 201.245.192.253:41259] AH00898: Error reading from remote server returned by /isolucionsda/MagazinHome.asp, referer: http://190.27.245.106/isolucionsda/FrameSetGeneral.asp?Pagina1=FrameSetGeneral.asp&
[Fri Oct 07 08:19:23.866734 2016] [mpm_winnt:warn] [pid 3192:tid 16492] (OS 64)The specified network name is no longer available.  : AH00341: winnt_accept: Asynchronous AcceptEx failed.
[Fri Oct 07 08:20:08.654412 2016] [proxy_http:error] [pid 3192:tid 15916] (OS 10053)An established connection was aborted by the software in your host machine.  : [client 201.245.192.253:46900] AH01102: error reading status line from remote server 172.22.1.31:80, referer: http://190.27.245.106/isolucionsda/BarraTitulos.asp?Pagina1=FrameSetGeneral.asp&&Pagina=MagazinHome.asp
[Fri Oct 07 08:23:24.309956 2016] [mpm_winnt:warn] [pid 3192:tid 16492] (OS 64)The specified network name is no longer available.  : AH00341: winnt_accept: Asynchronous AcceptEx failed.
[Fri Oct 07 08:26:20.980266 2016] [proxy_http:error] [pid 3192:tid 15888] (OS 10053)An established connection was aborted by the software in your host machine.  : [client 201.245.192.253:50965] AH01102: error reading status line from remote server 172.22.1.31:80, referer: http://190.27.245.106/isolucionsda/FrameSetGeneral.asp?Pagina=SucursalSeleccion.asp&CargaPagina=ModuloProcesos&IdModulo=3
[Fri Oct 07 08:26:32.243486 2016] [proxy_http:error] [pid 3192:tid 16276] (OS 10053)An established connection was aborted by the software in your host machine.  : [client 201.245.192.253:51093] AH01102: error reading status line from remote server 172.22.1.31:80, referer: http://190.27.245.106/IsolucionSDA/BancoConocimiento/P/PARTICIPACIONYEDUCACIONAMBIENTAL_v8/PARTICIPACIONYEDUCACIONAMBIENTAL_v8.asp?IdArticulo=9091
[Fri Oct 07 08:39:32.354056 2016] [proxy_http:error] [pid 3192:tid 15992] (OS 10053)An established connection was aborted by the software in your host machine.  : [client 201.245.192.253:15483] AH01102: error reading status line from remote server 172.22.1.31:80, referer: http://190.27.245.106/isolucionsda/FrameSetGeneral.asp?Pagina=Menu.asp&IdModulo=7
[Fri Oct 07 08:39:32.354056 2016] [proxy:error] [pid 3192:tid 15992] [client 201.245.192.253:15483] AH00898: Error reading from remote server returned by /isolucionsda/BarraFavoritos.asp, referer: http://190.27.245.106/isolucionsda/FrameSetGeneral.asp?Pagina=Menu.asp&IdModulo=7
[Fri Oct 07 08:39:32.369656 2016] [proxy_http:error] [pid 3192:tid 16108] (OS 10053)An established connection was aborted by the software in your host machine.  : [client 201.245.192.253:15465] AH01102: error reading status line from remote server 172.22.1.31:80, referer: http://190.27.245.106/isolucionsda/Encabezado.asp?Pagina=Menu.asp&IdModulo=7
[Fri Oct 07 08:39:34.896861 2016] [proxy_http:error] [pid 3192:tid 15604] (OS 10053)An established connection was aborted by the software in your host machine.  : [client 201.245.192.253:15495] AH01102: error reading status line from remote server 172.22.1.31:80, referer: http://190.27.245.106/isolucionsda/FrameSetGeneral.asp?Pagina=FiltroAccionesPreventivas.asp&EsAbierta=1&ConMenu=NO&CodTipoAP=1
[Fri Oct 07 08:39:34.896861 2016] [proxy:error] [pid 3192:tid 15604] [client 201.245.192.253:15495] AH00898: Error reading from remote server returned by /isolucionsda/FiltroAccionesPreventivas.asp, referer: http://190.27.245.106/isolucionsda/FrameSetGeneral.asp?Pagina=FiltroAccionesPreventivas.asp&EsAbierta=1&ConMenu=NO&CodTipoAP=1
[Fri Oct 07 08:39:34.896861 2016] [proxy_http:error] [pid 3192:tid 15888] (OS 10053)An established connection was aborted by the software in your host machine.  : [client 201.245.192.253:15496] AH01102: error reading status line from remote server 172.22.1.31:80, referer: http://190.27.245.106/isolucionsda/FrameSetGeneral.asp?Pagina=FiltroAccionesPreventivas.asp&EsAbierta=1&ConMenu=NO&CodTipoAP=1
[Fri Oct 07 08:39:34.896861 2016] [proxy:error] [pid 3192:tid 15888] [client 201.245.192.253:15496] AH00898: Error reading from remote server returned by /isolucionsda/BarraFavoritos.asp, referer: http://190.27.245.106/isolucionsda/FrameSetGeneral.asp?Pagina=FiltroAccionesPreventivas.asp&EsAbierta=1&ConMenu=NO&CodTipoAP=1
[Fri Oct 07 08:39:49.966487 2016] [proxy_http:error] [pid 3192:tid 15500] (OS 10053)An established connection was aborted by the software in your host machine.  : [client 201.245.192.253:15522] AH01102: error reading status line from remote server 172.22.1.31:80, referer: http://190.27.245.106/isolucionsda/FrameSetGeneral.asp?Pagina=FiltroAccionesPreventivas.asp&EsAbierta=1&ConMenu=NO&CodTipoAP=1
[Fri Oct 07 08:55:31.116140 2016] [access_compat:error] [pid 3192:tid 15600] [client 42.200.33.71:53350] AH01797: client denied by server configuration: E:/nuevo/phpMyAdmin/index.php
[Fri Oct 07 08:59:35.256569 2016] [proxy_http:error] [pid 3192:tid 15704] (OS 10053)An established connection was aborted by the software in your host machine.  : [client 201.245.192.253:56256] AH01102: error reading status line from remote server 172.22.1.31:80, referer: http://190.27.245.106/isolucionsda/FrameSetGeneral.asp?Pagina=SucursalSeleccion.asp&CargaPagina=ModuloProcesos&IdModulo=3
[Fri Oct 07 09:13:13.852407 2016] [mpm_winnt:warn] [pid 3192:tid 16492] (OS 64)The specified network name is no longer available.  : AH00341: winnt_accept: Asynchronous AcceptEx failed.
[Fri Oct 07 09:13:29.826835 2016] [mpm_winnt:warn] [pid 3192:tid 16492] (OS 64)The specified network name is no longer available.  : AH00341: winnt_accept: Asynchronous AcceptEx failed.
[Fri Oct 07 09:13:29.936035 2016] [mpm_winnt:warn] [pid 3192:tid 16492] (OS 64)The specified network name is no longer available.  : AH00341: winnt_accept: Asynchronous AcceptEx failed.
[Fri Oct 07 09:56:05.860124 2016] [core:error] [pid 3192:tid 16328] (20024)The given path is misformatted or contained invalid characters: [client 66.249.88.7:40017] AH00127: Cannot map GET /galeria/carrusel/Carrusel/jquery-ui-%0A%0A1.8.13.custom.min.js HTTP/1.1 to file, referer: http://www.ambientebogota.gov.co/
[Fri Oct 07 12:51:45.613036 2016] [core:error] [pid 3192:tid 15752] (20024)The given path is misformatted or contained invalid characters: [client 40.77.167.87:6279] AH00127: Cannot map GET /www.ambientebogota.gov.co:81/ HTTP/1.1 to file
[Fri Oct 07 13:03:07.412234 2016] [proxy_http:error] [pid 3192:tid 16172] (OS 10053)An established connection was aborted by the software in your host machine.  : [client 190.27.191.166:21086] AH01102: error reading status line from remote server 172.22.1.31:80
[Fri Oct 07 13:03:07.412234 2016] [proxy:error] [pid 3192:tid 16172] [client 190.27.191.166:21086] AH00898: Error reading from remote server returned by /isolucionsda/Session.asp
[Fri Oct 07 13:40:54.345816 2016] [mpm_winnt:warn] [pid 3192:tid 16492] (OS 64)The specified network name is no longer available.  : AH00341: winnt_accept: Asynchronous AcceptEx failed.
[Fri Oct 07 13:42:36.120394 2016] [core:error] [pid 3192:tid 16028] (20024)The given path is misformatted or contained invalid characters: [client 157.55.39.192:14163] AH00127: Cannot map GET /www.ambientebogota.gov.co:81/ HTTP/1.1 to file
[Fri Oct 07 13:48:51.815854 2016] [proxy_http:error] [pid 3192:tid 15528] (OS 10053)An established connection was aborted by the software in your host machine.  : [client 201.245.192.253:46574] AH01102: error reading status line from remote server 172.22.1.31:80, referer: http://190.27.245.106/isolucionsda/BancoConocimiento/s/SistemadeGestionAmbiental_v0/SistemadeGestionAmbiental_v0.asp??Pagina=BancoConocimiento/s/SistemadeGestionAmbiental_v0/SistemadeGestionAmbiental_v0.asp?&IdModulo=19
[Fri Oct 07 13:48:51.815854 2016] [proxy:error] [pid 3192:tid 15528] [client 201.245.192.253:46574] AH00898: Error reading from remote server returned by /isolucionsda/g/img_flechaoscura.jpg, referer: http://190.27.245.106/isolucionsda/BancoConocimiento/s/SistemadeGestionAmbiental_v0/SistemadeGestionAmbiental_v0.asp??Pagina=BancoConocimiento/s/SistemadeGestionAmbiental_v0/SistemadeGestionAmbiental_v0.asp?&IdModulo=19
[Fri Oct 07 13:52:33.414243 2016] [proxy_http:error] [pid 3192:tid 16340] (OS 10053)An established connection was aborted by the software in your host machine.  : [client 201.245.192.253:36511] AH01102: error reading status line from remote server 172.22.1.31:80, referer: http://190.27.245.106/isolucionsda/BSC/BSC/Jerarquico.aspx?Pagina=BSC/BSC/Jerarquico.aspx&TipoGrupo=Tablero&Visualizacion=1&Grafico=2&FechaInicial=&FechaFinal=&IdElemento=&number=
[Fri Oct 07 14:58:25.088384 2016] [proxy_http:error] [pid 3192:tid 16396] (OS 10053)An established connection was aborted by the software in your host machine.  : [client 201.245.192.253:48742] AH01102: error reading status line from remote server 172.22.1.31:80, referer: http://190.27.245.106/IsolucionSDA/Encabezado.asp?Pagina1=FrameSetGeneral.asp&&Pagina=MagazinHome.asp
[Fri Oct 07 14:58:25.088384 2016] [proxy:error] [pid 3192:tid 16396] [client 201.245.192.253:48742] AH00898: Error reading from remote server returned by /IsolucionSDA/g/Bot_Anterior.jpg, referer: http://190.27.245.106/IsolucionSDA/Encabezado.asp?Pagina1=FrameSetGeneral.asp&&Pagina=MagazinHome.asp
[Fri Oct 07 14:58:27.615589 2016] [proxy_http:error] [pid 3192:tid 16304] (OS 10053)An established connection was aborted by the software in your host machine.  : [client 201.245.192.253:48743] AH01102: error reading status line from remote server 172.22.1.31:80, referer: http://190.27.245.106/IsolucionSDA/Encabezado.asp?Pagina1=FrameSetGeneral.asp&&Pagina=MagazinHome.asp
[Fri Oct 07 14:58:27.615589 2016] [proxy:error] [pid 3192:tid 16304] [client 201.245.192.253:48743] AH00898: Error reading from remote server returned by /IsolucionSDA/g/Bot_Siguiente.jpg, referer: http://190.27.245.106/IsolucionSDA/Encabezado.asp?Pagina1=FrameSetGeneral.asp&&Pagina=MagazinHome.asp
[Fri Oct 07 15:34:41.385807 2016] [proxy_http:error] [pid 3192:tid 16216] (20014)Internal error: [client 201.245.192.253:29087] AH01102: error reading status line from remote server 192.168.175.30:80, referer: http://190.27.245.106/catalogoisis/both.php
[Fri Oct 07 15:37:37.244916 2016] [mpm_winnt:warn] [pid 3192:tid 16492] (OS 64)The specified network name is no longer available.  : AH00341: winnt_accept: Asynchronous AcceptEx failed.
[Fri Oct 07 16:18:57.446472 2016] [proxy_http:error] [pid 3192:tid 15816] (OS 10053)An established connection was aborted by the software in your host machine.  : [client 201.245.192.253:15484] AH01102: error reading status line from remote server 172.22.1.31:80, referer: http://190.27.245.106/IsolucionSDA/Encabezado.asp?Pagina1=FrameSetGeneral.asp&&Pagina=MagazinHome.asp
[Fri Oct 07 16:19:00.067276 2016] [proxy_http:error] [pid 3192:tid 16328] (OS 10053)An established connection was aborted by the software in your host machine.  : [client 201.245.192.253:15516] AH01102: error reading status line from remote server 172.22.1.31:80, referer: http://190.27.245.106/IsolucionSDA/DetalleTareas.aspx?Number=53685251524954534550
[Fri Oct 07 16:19:03.296482 2016] [proxy_http:error] [pid 3192:tid 16292] (OS 10053)An established connection was aborted by the software in your host machine.  : [client 201.245.192.253:15590] AH01102: error reading status line from remote server 172.22.1.31:80, referer: http://190.27.245.106/IsolucionSDA/DetalleTareas.aspx?Number=53685251524954534550
[Fri Oct 07 16:19:03.296482 2016] [proxy:error] [pid 3192:tid 16292] [client 201.245.192.253:15590] AH00898: Error reading from remote server returned by /IsolucionSDA/infowndcore.js, referer: http://190.27.245.106/IsolucionSDA/DetalleTareas.aspx?Number=53685251524954534550
[Fri Oct 07 16:33:45.790032 2016] [proxy_http:error] [pid 3192:tid 16304] (OS 10053)An established connection was aborted by the software in your host machine.  : [client 201.245.192.253:46446] AH01102: error reading status line from remote server 172.22.1.31:80, referer: http://190.27.245.106/isolucionsda/ListadoMaestroDocumentos3.asp
[Fri Oct 07 16:33:45.790032 2016] [proxy:error] [pid 3192:tid 16304] [client 201.245.192.253:46446] AH00898: Error reading from remote server returned by /isolucionsda/ListadoMaestroDocumentos3.asp, referer: http://190.27.245.106/isolucionsda/ListadoMaestroDocumentos3.asp
[Fri Oct 07 16:33:48.208036 2016] [proxy_http:error] [pid 3192:tid 16000] (OS 10053)An established connection was aborted by the software in your host machine.  : [client 201.245.192.253:46491] AH01102: error reading status line from remote server 172.22.1.31:80, referer: http://190.27.245.106/isolucionsda/ListadoMaestroDocumentos3.asp
[Fri Oct 07 16:33:48.208036 2016] [proxy:error] [pid 3192:tid 16000] [client 201.245.192.253:46491] AH00898: Error reading from remote server returned by /isolucionsda/ListadoMaestroDocumentos3.asp, referer: http://190.27.245.106/isolucionsda/ListadoMaestroDocumentos3.asp
[Fri Oct 07 16:34:08.488072 2016] [proxy_http:error] [pid 3192:tid 15888] (OS 10053)An established connection was aborted by the software in your host machine.  : [client 201.245.192.253:46869] AH01102: error reading status line from remote server 172.22.1.31:80, referer: http://190.27.245.106/isolucionsda/FrameSetGeneral.asp?Pagina=Menu.asp&IdModulo=4
[Fri Oct 07 16:34:08.488072 2016] [proxy:error] [pid 3192:tid 15888] [client 201.245.192.253:46869] AH00898: Error reading from remote server returned by /isolucionsda/Menu.asp, referer: http://190.27.245.106/isolucionsda/FrameSetGeneral.asp?Pagina=Menu.asp&IdModulo=4
[Fri Oct 07 16:34:08.488072 2016] [proxy_http:error] [pid 3192:tid 16260] (OS 10053)An established connection was aborted by the software in your host machine.  : [client 201.245.192.253:46870] AH01102: error reading status line from remote server 172.22.1.31:80, referer: http://190.27.245.106/isolucionsda/FrameSetGeneral.asp?Pagina=Menu.asp&IdModulo=4
[Fri Oct 07 16:34:08.488072 2016] [proxy:error] [pid 3192:tid 16260] [client 201.245.192.253:46870] AH00898: Error reading from remote server returned by /isolucionsda/BarraFavoritos.asp, referer: http://190.27.245.106/isolucionsda/FrameSetGeneral.asp?Pagina=Menu.asp&IdModulo=4
[Fri Oct 07 16:34:10.016875 2016] [proxy_http:error] [pid 3192:tid 16072] (OS 10053)An established connection was aborted by the software in your host machine.  : [client 201.245.192.253:46874] AH01102: error reading status line from remote server 172.22.1.31:80, referer: http://190.27.245.106/isolucionsda/FrameSetGeneral.asp?Pagina=Menu.asp&IdModulo=4
[Fri Oct 07 16:34:10.016875 2016] [proxy:error] [pid 3192:tid 16072] [client 201.245.192.253:46874] AH00898: Error reading from remote server returned by /isolucionsda/Menu.asp, referer: http://190.27.245.106/isolucionsda/FrameSetGeneral.asp?Pagina=Menu.asp&IdModulo=4
[Fri Oct 07 16:41:34.274455 2016] [proxy_http:error] [pid 3192:tid 15456] (OS 10053)An established connection was aborted by the software in your host machine.  : [client 201.245.192.253:16433] AH01102: error reading status line from remote server 172.22.1.31:80, referer: http://190.27.245.106/IsolucionSDA/FrameSetGeneral.asp?Pagina=Menu.asp&IdModulo=32
[Fri Oct 07 16:41:34.274455 2016] [proxy:error] [pid 3192:tid 15456] [client 201.245.192.253:16433] AH00898: Error reading from remote server returned by /IsolucionSDA/Menu.asp, referer: http://190.27.245.106/IsolucionSDA/FrameSetGeneral.asp?Pagina=Menu.asp&IdModulo=32
[Fri Oct 07 16:49:38.421305 2016] [proxy_http:error] [pid 3192:tid 16260] (OS 10053)An established connection was aborted by the software in your host machine.  : [client 201.245.192.253:16307] AH01102: error reading status line from remote server 172.22.1.31:80, referer: http://190.27.245.106/isolucionsda/Encabezado.asp?Pagina1=FrameSetGeneral.asp&&Pagina=MagazinHome.asp
[Fri Oct 07 16:49:38.421305 2016] [proxy:error] [pid 3192:tid 16260] [client 201.245.192.253:16307] AH00898: Error reading from remote server returned by /isolucionsda/g/Bot_Ayuda.jpg, referer: http://190.27.245.106/isolucionsda/Encabezado.asp?Pagina1=FrameSetGeneral.asp&&Pagina=MagazinHome.asp
[Fri Oct 07 16:49:38.436905 2016] [proxy_http:error] [pid 3192:tid 16180] (OS 10053)An established connection was aborted by the software in your host machine.  : [client 201.245.192.253:16306] AH01102: error reading status line from remote server 172.22.1.31:80, referer: http://190.27.245.106/isolucionsda/Encabezado.asp?Pagina1=FrameSetGeneral.asp&&Pagina=MagazinHome.asp
[Fri Oct 07 16:49:38.436905 2016] [proxy:error] [pid 3192:tid 16180] [client 201.245.192.253:16306] AH00898: Error reading from remote server returned by /isolucionsda/g/Bot_Administrador.jpg, referer: http://190.27.245.106/isolucionsda/Encabezado.asp?Pagina1=FrameSetGeneral.asp&&Pagina=MagazinHome.asp
[Fri Oct 07 17:07:36.788799 2016] [core:error] [pid 3192:tid 16320] [client 202.129.206.199:3103] AH00126: Invalid URI in request GET: index.php HTTP/1.0 
[Fri Oct 07 18:09:59.812574 2016] [proxy_http:error] [pid 3192:tid 16320] (OS 10053)An established connection was aborted by the software in your host machine.  : [client 201.245.192.253:10763] AH01102: error reading status line from remote server 172.22.1.31:80, referer: http://190.27.245.106/IsolucionSDA/FrameSetGeneral.asp?Pagina=Menu.asp&IdModulo=7
[Fri Oct 07 18:09:59.812574 2016] [proxy:error] [pid 3192:tid 16320] [client 201.245.192.253:10763] AH00898: Error reading from remote server returned by /IsolucionSDA/Menu.asp, referer: http://190.27.245.106/IsolucionSDA/FrameSetGeneral.asp?Pagina=Menu.asp&IdModulo=7
[Fri Oct 07 18:10:01.731377 2016] [proxy_http:error] [pid 3192:tid 16000] (OS 10053)An established connection was aborted by the software in your host machine.  : [client 201.245.192.253:10759] AH01102: error reading status line from remote server 172.22.1.31:80, referer: http://190.27.245.106/IsolucionSDA/FrameSetGeneral.asp?Pagina=Menu.asp&IdModulo=7
[Fri Oct 07 18:45:52.616355 2016] [mpm_winnt:warn] [pid 3192:tid 16492] (OS 64)The specified network name is no longer available.  : AH00341: winnt_accept: Asynchronous AcceptEx failed.
[Fri Oct 07 18:59:58.449840 2016] [proxy:error] [pid 3192:tid 16256] (OS 10060)A connection attempt failed because the connected party did not properly respond after a period of time, or established connection failed because connected host has failed to respond.  : AH00957: HTTP: attempt to connect to 172.22.1.51:8399 (172.22.1.51) failed
[Fri Oct 07 18:59:58.449840 2016] [proxy:error] [pid 3192:tid 16256] AH00959: ap_proxy_connect_backend disabling worker for (172.22.1.51) for 60s
[Fri Oct 07 18:59:58.449840 2016] [proxy_http:error] [pid 3192:tid 16256] [client 68.180.230.228:33202] AH01114: HTTP: failed to make connection to backend: 172.22.1.51
[Fri Oct 07 19:01:46.012029 2016] [proxy_http:error] [pid 3192:tid 15816] (OS 10053)An established connection was aborted by the software in your host machine.  : [client 132.255.20.132:63115] AH01102: error reading status line from remote server 172.22.1.31:80, referer: http://190.27.245.106/ISOlucionSDA/Administracion/SalaEdicion/Articulo.asp?Id_Articulo=4969
[Fri Oct 07 19:01:46.012029 2016] [proxy:error] [pid 3192:tid 15816] [client 132.255.20.132:63115] AH00898: Error reading from remote server returned by /ISOlucionSDA/g/Img_TopMenu.jpg, referer: http://190.27.245.106/ISOlucionSDA/Administracion/SalaEdicion/Articulo.asp?Id_Articulo=4969
[Fri Oct 07 19:01:46.027629 2016] [proxy_http:error] [pid 3192:tid 16192] (OS 10053)An established connection was aborted by the software in your host machine.  : [client 132.255.20.132:63114] AH01102: error reading status line from remote server 172.22.1.31:80, referer: http://190.27.245.106/ISOlucionSDA/Administracion/SalaEdicion/Articulo.asp?Id_Articulo=4969
[Fri Oct 07 19:01:46.027629 2016] [proxy:error] [pid 3192:tid 16192] [client 132.255.20.132:63114] AH00898: Error reading from remote server returned by /ISOlucionSDA/javascript/ClickValidation.js, referer: http://190.27.245.106/ISOlucionSDA/Administracion/SalaEdicion/Articulo.asp?Id_Articulo=4969
[Fri Oct 07 19:33:19.465355 2016] [mpm_winnt:warn] [pid 3192:tid 16492] (OS 64)The specified network name is no longer available.  : AH00341: winnt_accept: Asynchronous AcceptEx failed.
[Fri Oct 07 19:33:19.465355 2016] [mpm_winnt:warn] [pid 3192:tid 16492] (OS 64)The specified network name is no longer available.  : AH00341: winnt_accept: Asynchronous AcceptEx failed.
[Fri Oct 07 21:06:11.997943 2016] [proxy_http:error] [pid 3192:tid 15780] (OS 10053)An established connection was aborted by the software in your host machine.  : [client 186.144.13.227:62712] AH01102: error reading status line from remote server 172.22.1.31:80, referer: http://190.27.245.106/isolucionsda/Encabezado.asp?Pagina=SucursalSeleccion.asp&CargaPagina=ModuloProcesos&IdModulo=3
[Fri Oct 07 21:06:11.997943 2016] [proxy:error] [pid 3192:tid 15780] [client 186.144.13.227:62712] AH00898: Error reading from remote server returned by /isolucionsda/g/Bot_ManualOver_ESP.jpg, referer: http://190.27.245.106/isolucionsda/Encabezado.asp?Pagina=SucursalSeleccion.asp&CargaPagina=ModuloProcesos&IdModulo=3
[Fri Oct 07 21:40:35.335567 2016] [mpm_winnt:warn] [pid 3192:tid 16492] (OS 64)The specified network name is no longer available.  : AH00341: winnt_accept: Asynchronous AcceptEx failed.
[Fri Oct 07 21:40:56.848004 2016] [proxy_http:error] [pid 3192:tid 15780] (OS 10053)An established connection was aborted by the software in your host machine.  : [client 138.204.238.10:50359] AH01102: error reading status line from remote server 172.22.1.31:80, referer: http://190.27.245.106/ISOlucionSDA/bancoconocimiento/m/mapadeprocesos__v4/mapadeprocesos__v4.asp
[Fri Oct 07 21:41:10.139228 2016] [proxy_http:error] [pid 3192:tid 15816] (OS 10053)An established connection was aborted by the software in your host machine.  : [client 138.204.238.5:4831] AH01102: error reading status line from remote server 172.22.1.31:80, referer: http://190.27.245.106/ISOlucionSDA/bancoconocimiento/m/mapadeprocesos__v4/mapadeprocesos__v4.asp
[Fri Oct 07 21:41:10.139228 2016] [proxy:error] [pid 3192:tid 15816] [client 138.204.238.5:4831] AH00898: Error reading from remote server returned by /IsolucionSDA/bancoconocimiento/G/GESTIONDOCUMENTAL_v7/GESTIONDOCUMENTAL_v7.asp, referer: http://190.27.245.106/ISOlucionSDA/bancoconocimiento/m/mapadeprocesos__v4/mapadeprocesos__v4.asp
[Fri Oct 07 21:43:33.753080 2016] [proxy_http:error] [pid 3192:tid 16396] (OS 10053)An established connection was aborted by the software in your host machine.  : [client 138.204.238.6:48491] AH01102: error reading status line from remote server 172.22.1.31:80, referer: http://190.27.245.106/isolucionsda/bancoconocimiento/M/MANUALDELSISTEMAINTEGRADODEGESTION_v12/MANUALDELSISTEMAINTEGRADODEGESTION_v12.asp?IdArticulo=9590
[Fri Oct 07 21:43:33.753080 2016] [proxy:error] [pid 3192:tid 16396] [client 138.204.238.6:48491] AH00898: Error reading from remote server returned by /isolucionsda/bancoconocimiento/M/MANUALDELSISTEMAINTEGRADODEGESTION_v12/paca01.jpg, referer: http://190.27.245.106/isolucionsda/bancoconocimiento/M/MANUALDELSISTEMAINTEGRADODEGESTION_v12/MANUALDELSISTEMAINTEGRADODEGESTION_v12.asp?IdArticulo=9590
[Fri Oct 07 22:37:35.750774 2016] [mpm_winnt:warn] [pid 3192:tid 16492] (OS 64)The specified network name is no longer available.  : AH00341: winnt_accept: Asynchronous AcceptEx failed.
[Fri Oct 07 23:58:02.992053 2016] [mpm_winnt:warn] [pid 3192:tid 16492] (OS 64)The specified network name is no longer available.  : AH00341: winnt_accept: Asynchronous AcceptEx failed.

:: Command execute ::

Enter:
 
Select:
 

:: Search ::
regexp 

:: Upload ::
 
[ ok ]

:: Make Dir ::
 
[ ok ]
:: Make File ::
 
[ ok ]

:: Go Dir ::
 
:: Go File ::
 

--[ c99shell v. 1.0 pre-release build #13 powered by Captain Crunch Security Team | http://ccteam.ru | Generation time: 0.0936 ]--