!C99Shell v. 1.0 pre-release build #13!

Software: Apache. PHP/5.5.15 

uname -a: Windows NT SVR-DMZ 6.1 build 7600 (Windows Server 2008 R2 Enterprise Edition) i586 

SYSTEM 

Safe-mode: OFF (not secure)

E:\nuevo\apache\logs\   drwxrwxrwx
Free 5.02 GB of 239.26 GB (2.1%)
Detected drives: [ a ] [ c ] [ d ] [ e ] [ f ]
Home    Back    Forward    UPDIR    Refresh    Search    Buffer    Encoder    Tools    Proc.    FTP brute    Sec.    SQL    PHP-code    Update    Feedback    Self remove    Logout    


Viewing file:     error.2016.10.18.log (109 KB)      -rw-rw-rw-
Select action/file-type:
(+) | (+) | (+) | Code (+) | Session (+) | (+) | SDB (+) | (+) | (+) | (+) | (+) | (+) |
[Tue Oct 18 00:38:45.533479 2016] [core:error] [pid 3192:tid 15896] (20024)The given path is misformatted or contained invalid characters: [client 52.67.42.43:34814] AH00127: Cannot map GET /www.ambientebogota.gov.co:81/ HTTP/1.1 to file
[Tue Oct 18 00:48:22.110492 2016] [mpm_winnt:warn] [pid 3192:tid 16492] (OS 64)The specified network name is no longer available.  : AH00341: winnt_accept: Asynchronous AcceptEx failed.
[Tue Oct 18 01:31:54.834281 2016] [proxy:error] [pid 3192:tid 16104] (OS 10060)A connection attempt failed because the connected party did not properly respond after a period of time, or established connection failed because connected host has failed to respond.  : AH00957: HTTP: attempt to connect to 172.22.1.51:8399 (172.22.1.51) failed
[Tue Oct 18 01:31:54.834281 2016] [proxy:error] [pid 3192:tid 16104] AH00959: ap_proxy_connect_backend disabling worker for (172.22.1.51) for 60s
[Tue Oct 18 01:31:54.834281 2016] [proxy_http:error] [pid 3192:tid 16104] [client 152.61.128.50:45306] AH01114: HTTP: failed to make connection to backend: 172.22.1.51
[Tue Oct 18 01:31:55.005881 2016] [proxy:error] [pid 3192:tid 16104] AH00940: HTTP: disabled connection for (172.22.1.51)
[Tue Oct 18 01:38:48.578207 2016] [proxy:error] [pid 3192:tid 15928] (OS 10060)A connection attempt failed because the connected party did not properly respond after a period of time, or established connection failed because connected host has failed to respond.  : AH00957: HTTP: attempt to connect to 172.22.1.51:8399 (172.22.1.51) failed
[Tue Oct 18 01:38:48.578207 2016] [proxy:error] [pid 3192:tid 15928] AH00959: ap_proxy_connect_backend disabling worker for (172.22.1.51) for 60s
[Tue Oct 18 01:38:48.578207 2016] [proxy_http:error] [pid 3192:tid 15928] [client 152.61.128.50:37022] AH01114: HTTP: failed to make connection to backend: 172.22.1.51
[Tue Oct 18 01:38:48.749808 2016] [proxy:error] [pid 3192:tid 15928] AH00940: HTTP: disabled connection for (172.22.1.51)
[Tue Oct 18 01:38:48.937008 2016] [proxy:error] [pid 3192:tid 15928] AH00940: HTTP: disabled connection for (172.22.1.51)
[Tue Oct 18 01:47:37.153936 2016] [core:error] [pid 3192:tid 15896] (20024)The given path is misformatted or contained invalid characters: [client 52.198.189.180:40812] AH00127: Cannot map GET /www.ambientebogota.gov.co:81/ HTTP/1.1 to file
[Tue Oct 18 04:10:22.910581 2016] [mpm_winnt:warn] [pid 3192:tid 16492] (OS 64)The specified network name is no longer available.  : AH00341: winnt_accept: Asynchronous AcceptEx failed.
[Tue Oct 18 05:05:14.313562 2016] [core:error] [pid 3192:tid 15436] [client 183.129.160.229:55071] AH00135: Invalid method in request test
[Tue Oct 18 05:48:52.918561 2016] [core:error] [pid 3192:tid 15696] (20024)The given path is misformatted or contained invalid characters: [client 188.165.196.25:48435] AH00127: Cannot map GET /www.ambientebogota.gov.co:81/ HTTP/1.1 to file
[Tue Oct 18 08:56:12.675903 2016] [mpm_winnt:warn] [pid 3192:tid 16492] (OS 64)The specified network name is no longer available.  : AH00341: winnt_accept: Asynchronous AcceptEx failed.
[Tue Oct 18 09:56:50.914293 2016] [core:error] [pid 3192:tid 16216] (20024)The given path is misformatted or contained invalid characters: [client 52.67.66.137:33448] AH00127: Cannot map GET /www.ambientebogota.gov.co:81/ HTTP/1.1 to file
[Tue Oct 18 10:33:06.868515 2016] [proxy_http:error] [pid 3192:tid 15816] (OS 10053)An established connection was aborted by the software in your host machine.  : [client 201.245.192.253:42021] AH01102: error reading status line from remote server 172.22.1.31:80, referer: http://190.27.245.106/IsolucionSDA/ReportesResultado.asp
[Tue Oct 18 10:33:06.868515 2016] [proxy:error] [pid 3192:tid 15816] [client 201.245.192.253:42021] AH00898: Error reading from remote server returned by /IsolucionSDA/Pics/Pics8223525389.jpg, referer: http://190.27.245.106/IsolucionSDA/ReportesResultado.asp
[Tue Oct 18 10:54:46.693998 2016] [negotiation:error] [pid 3192:tid 15220] [client 201.245.192.253:33527] AH00690: no acceptable variant: E:/nuevo/apache/error/HTTP_NOT_FOUND.html.var, referer: http://190.27.245.106/sia/
[Tue Oct 18 10:54:46.693998 2016] [negotiation:error] [pid 3192:tid 15868] [client 201.245.192.253:33528] AH00690: no acceptable variant: E:/nuevo/apache/error/HTTP_NOT_FOUND.html.var, referer: http://190.27.245.106/sia/
[Tue Oct 18 10:54:46.709598 2016] [negotiation:error] [pid 3192:tid 15292] [client 201.245.192.253:33530] AH00690: no acceptable variant: E:/nuevo/apache/error/HTTP_NOT_FOUND.html.var, referer: http://190.27.245.106/sia/
[Tue Oct 18 10:54:46.709598 2016] [negotiation:error] [pid 3192:tid 15724] [client 201.245.192.253:33529] AH00690: no acceptable variant: E:/nuevo/apache/error/HTTP_NOT_FOUND.html.var, referer: http://190.27.245.106/sia/
[Tue Oct 18 11:29:16.474433 2016] [mpm_winnt:warn] [pid 3192:tid 16492] (OS 64)The specified network name is no longer available.  : AH00341: winnt_accept: Asynchronous AcceptEx failed.
[Tue Oct 18 11:29:16.474433 2016] [mpm_winnt:warn] [pid 3192:tid 16492] (OS 64)The specified network name is no longer available.  : AH00341: winnt_accept: Asynchronous AcceptEx failed.
[Tue Oct 18 12:39:05.549791 2016] [proxy_http:error] [pid 3192:tid 16312] (OS 10053)An established connection was aborted by the software in your host machine.  : [client 201.245.192.253:46729] AH01102: error reading status line from remote server 172.22.1.31:80, referer: http://190.27.245.106/IsolucionSDA/FrameSetArticulo.asp?Pagina=/IsolucionSDA/bancoconocimiento/R/Resolucion2064del21deOctubrede2010/Resolucion2064del21deOctubrede2010.asp?IdArticulo=6551
[Tue Oct 18 12:39:05.549791 2016] [proxy:error] [pid 3192:tid 16312] [client 201.245.192.253:46729] AH00898: Error reading from remote server returned by /IsolucionSDA/bancoconocimiento/R/Resolucion2064del21deOctubrede2010/Resolucion2064del21deOctubrede2010.asp, referer: http://190.27.245.106/IsolucionSDA/FrameSetArticulo.asp?Pagina=/IsolucionSDA/bancoconocimiento/R/Resolucion2064del21deOctubrede2010/Resolucion2064del21deOctubrede2010.asp?IdArticulo=6551
[Tue Oct 18 13:03:28.504760 2016] [mpm_winnt:warn] [pid 3192:tid 16492] (OS 64)The specified network name is no longer available.  : AH00341: winnt_accept: Asynchronous AcceptEx failed.
[Tue Oct 18 13:41:27.216363 2016] [proxy_http:error] [pid 3192:tid 15820] (OS 10053)An established connection was aborted by the software in your host machine.  : [client 186.85.8.168:57657] AH01102: error reading status line from remote server 172.22.1.31:80, referer: http://190.27.245.106/IsolucionSDA/IdentificaUsuario.asp?Pagina1=FrameSetGeneral.asp&
[Tue Oct 18 13:41:27.216363 2016] [proxy:error] [pid 3192:tid 15820] [client 186.85.8.168:57657] AH00898: Error reading from remote server returned by /IsolucionSDA/g/Img_DivBarraSup.jpg, referer: http://190.27.245.106/IsolucionSDA/IdentificaUsuario.asp?Pagina1=FrameSetGeneral.asp&
[Tue Oct 18 14:01:25.314067 2016] [proxy_http:error] [pid 3192:tid 15076] (OS 10053)An established connection was aborted by the software in your host machine.  : [client 186.85.8.168:57726] AH01102: error reading status line from remote server 172.22.1.31:80, referer: http://190.27.245.106/IsolucionSDA/FramesetArticulo.asp?Pagina=BancoConocimiento%2FA%2FAtencionalaciudadania%5Fv5%2FAtencionalaciudadania%5Fv5%2Easp&IdArticulo=6867
[Tue Oct 18 14:01:25.314067 2016] [proxy:error] [pid 3192:tid 15076] [client 186.85.8.168:57726] AH00898: Error reading from remote server returned by /IsolucionSDA/BancoConocimiento/A/Atencionalaciudadania_v5/Atencionalaciudadania_v5.asp, referer: http://190.27.245.106/IsolucionSDA/FramesetArticulo.asp?Pagina=BancoConocimiento%2FA%2FAtencionalaciudadania%5Fv5%2FAtencionalaciudadania%5Fv5%2Easp&IdArticulo=6867
[Tue Oct 18 14:01:40.976495 2016] [proxy_http:error] [pid 3192:tid 16164] (OS 10053)An established connection was aborted by the software in your host machine.  : [client 186.85.8.168:57728] AH01102: error reading status line from remote server 172.22.1.31:80, referer: http://190.27.245.106/IsolucionSDA/FramesetArticulo.asp?Pagina=BancoConocimiento%2FC%2FComunicacionExterna%5Fv8%2FComunicacionExterna%5Fv8%2Easp&IdArticulo=7957
[Tue Oct 18 14:01:40.976495 2016] [proxy:error] [pid 3192:tid 16164] [client 186.85.8.168:57728] AH00898: Error reading from remote server returned by /IsolucionSDA/BancoConocimiento/C/ComunicacionExterna_v8/ComunicacionExterna_v8.asp, referer: http://190.27.245.106/IsolucionSDA/FramesetArticulo.asp?Pagina=BancoConocimiento%2FC%2FComunicacionExterna%5Fv8%2FComunicacionExterna%5Fv8%2Easp&IdArticulo=7957
[Tue Oct 18 14:13:42.945763 2016] [proxy_http:error] [pid 3192:tid 15960] (OS 10053)An established connection was aborted by the software in your host machine.  : [client 201.245.192.253:29310] AH01102: error reading status line from remote server 172.22.1.31:80, referer: http://190.27.245.106/isolucionsda/BarraTitulos.asp?Pagina1=FrameSetGeneral.asp&&Pagina=MagazinHome.asp
[Tue Oct 18 14:14:28.482243 2016] [proxy_http:error] [pid 3192:tid 15640] (OS 10053)An established connection was aborted by the software in your host machine.  : [client 201.245.192.253:29639] AH01102: error reading status line from remote server 172.22.1.31:80, referer: http://190.27.245.106/isolucionsda/MagazinHome.asp
[Tue Oct 18 14:20:33.398084 2016] [proxy_http:error] [pid 3192:tid 16156] (OS 10053)An established connection was aborted by the software in your host machine.  : [client 201.245.192.253:14350] AH01102: error reading status line from remote server 172.22.1.31:80, referer: http://190.27.245.106/IsolucionSDA/FrameSetGeneral.asp?Pagina1=FrameSetGeneral.asp&
[Tue Oct 18 14:20:33.398084 2016] [proxy:error] [pid 3192:tid 16156] [client 201.245.192.253:14350] AH00898: Error reading from remote server returned by /IsolucionSDA/BarraTitulos.asp, referer: http://190.27.245.106/IsolucionSDA/FrameSetGeneral.asp?Pagina1=FrameSetGeneral.asp&
[Tue Oct 18 14:36:26.466157 2016] [core:error] [pid 3192:tid 16052] (20024)The given path is misformatted or contained invalid characters: [client 52.198.189.211:53214] AH00127: Cannot map GET /www.ambientebogota.gov.co:81/ HTTP/1.1 to file
[Tue Oct 18 14:48:56.343875 2016] [mpm_winnt:warn] [pid 3192:tid 16492] (OS 64)The specified network name is no longer available.  : AH00341: winnt_accept: Asynchronous AcceptEx failed.
[Tue Oct 18 16:11:32.394579 2016] [proxy_http:error] [pid 3192:tid 16312] (OS 10053)An established connection was aborted by the software in your host machine.  : [client 201.245.192.253:53596] AH01102: error reading status line from remote server 172.22.1.31:80, referer: http://190.27.245.106/isolucionsda/Encabezado.asp?Pagina1=FrameSetGeneral.asp&&Pagina=MagazinHome.asp
[Tue Oct 18 16:22:53.164175 2016] [mpm_winnt:warn] [pid 3192:tid 16492] (OS 64)The specified network name is no longer available.  : AH00341: winnt_accept: Asynchronous AcceptEx failed.
[Tue Oct 18 16:23:08.187002 2016] [core:error] [pid 3192:tid 14908] (20024)The given path is misformatted or contained invalid characters: [client 52.67.138.136:36036] AH00127: Cannot map GET /www.ambientebogota.gov.co:81/ HTTP/1.1 to file
[Tue Oct 18 16:51:39.369607 2016] [access_compat:error] [pid 3192:tid 15984] [client 201.245.192.253:21764] AH01797: client denied by server configuration: E:/nuevo/phpMyAdmin/
[Tue Oct 18 17:48:59.706050 2016] [proxy_http:error] [pid 3192:tid 16224] (OS 10053)An established connection was aborted by the software in your host machine.  : [client 201.245.192.253:38924] AH01102: error reading status line from remote server 172.22.1.31:80, referer: http://190.27.245.106/IsolucionSDA/FrameSetGeneral.asp?Pagina1=FrameSetGeneral.asp&
[Tue Oct 18 17:48:59.737250 2016] [proxy_http:error] [pid 3192:tid 15760] (OS 10053)An established connection was aborted by the software in your host machine.  : [client 201.245.192.253:38932] AH01102: error reading status line from remote server 172.22.1.31:80, referer: http://190.27.245.106/IsolucionSDA/BarraTitulos.asp?Pagina1=FrameSetGeneral.asp&&Pagina=MagazinHome.asp
[Tue Oct 18 17:48:59.737250 2016] [proxy:error] [pid 3192:tid 15760] [client 201.245.192.253:38932] AH00898: Error reading from remote server returned by /IsolucionSDA/g/Img_BarraCurva.jpg, referer: http://190.27.245.106/IsolucionSDA/BarraTitulos.asp?Pagina1=FrameSetGeneral.asp&&Pagina=MagazinHome.asp
[Tue Oct 18 17:51:20.777097 2016] [proxy_http:error] [pid 3192:tid 15228] (OS 10053)An established connection was aborted by the software in your host machine.  : [client 201.245.192.253:52060] AH01102: error reading status line from remote server 172.22.1.31:80, referer: http://190.27.245.106/isolucionsda/FrameSetGeneral.asp?Pagina1=FrameSetGeneral.asp&
[Tue Oct 18 17:51:20.777097 2016] [proxy:error] [pid 3192:tid 15228] [client 201.245.192.253:52060] AH00898: Error reading from remote server returned by /isolucionsda/BarraFavoritos.asp, referer: http://190.27.245.106/isolucionsda/FrameSetGeneral.asp?Pagina1=FrameSetGeneral.asp&
[Tue Oct 18 17:51:33.397520 2016] [proxy_http:error] [pid 3192:tid 15340] (OS 10053)An established connection was aborted by the software in your host machine.  : [client 201.245.192.253:53717] AH01102: error reading status line from remote server 172.22.1.31:80, referer: http://190.27.245.106/isolucionsda/FrameSetGeneral.asp?Pagina=Menu.asp&IdModulo=4
[Tue Oct 18 17:53:20.320107 2016] [proxy_http:error] [pid 3192:tid 15392] (OS 10053)An established connection was aborted by the software in your host machine.  : [client 181.54.231.213:51324] AH01102: error reading status line from remote server 172.22.1.31:80, referer: http://190.27.245.106/isolucionsda/Encabezado.asp?Pagina1=FrameSetGeneral.asp&&Pagina=MagazinHome.asp
[Tue Oct 18 17:53:20.320107 2016] [proxy:error] [pid 3192:tid 15392] [client 181.54.231.213:51324] AH00898: Error reading from remote server returned by /isolucionsda/g/Bot_Glosario.jpg, referer: http://190.27.245.106/isolucionsda/Encabezado.asp?Pagina1=FrameSetGeneral.asp&&Pagina=MagazinHome.asp
[Tue Oct 18 17:53:20.320107 2016] [proxy_http:error] [pid 3192:tid 15800] (OS 10053)An established connection was aborted by the software in your host machine.  : [client 181.54.231.213:51325] AH01102: error reading status line from remote server 172.22.1.31:80, referer: http://190.27.245.106/isolucionsda/Encabezado.asp?Pagina1=FrameSetGeneral.asp&&Pagina=MagazinHome.asp
[Tue Oct 18 17:53:20.320107 2016] [proxy:error] [pid 3192:tid 15800] [client 181.54.231.213:51325] AH00898: Error reading from remote server returned by /isolucionsda/g/Bot_Administrador.jpg, referer: http://190.27.245.106/isolucionsda/Encabezado.asp?Pagina1=FrameSetGeneral.asp&&Pagina=MagazinHome.asp
[Tue Oct 18 17:53:20.335707 2016] [proxy_http:error] [pid 3192:tid 15616] (OS 10053)An established connection was aborted by the software in your host machine.  : [client 181.54.231.213:51326] AH01102: error reading status line from remote server 172.22.1.31:80, referer: http://190.27.245.106/isolucionsda/BarraFavoritos.asp
[Tue Oct 18 17:53:20.335707 2016] [proxy:error] [pid 3192:tid 15616] [client 181.54.231.213:51326] AH00898: Error reading from remote server returned by /isolucionsda/g/Img_LogoIcono.jpg, referer: http://190.27.245.106/isolucionsda/BarraFavoritos.asp
[Tue Oct 18 18:11:59.871674 2016] [mpm_winnt:warn] [pid 3192:tid 16492] (OS 64)The specified network name is no longer available.  : AH00341: winnt_accept: Asynchronous AcceptEx failed.
[Tue Oct 18 18:13:45.203059 2016] [mpm_winnt:warn] [pid 3192:tid 16492] (OS 64)The specified network name is no longer available.  : AH00341: winnt_accept: Asynchronous AcceptEx failed.
[Tue Oct 18 18:13:45.203059 2016] [mpm_winnt:warn] [pid 3192:tid 16492] (OS 64)The specified network name is no longer available.  : AH00341: winnt_accept: Asynchronous AcceptEx failed.
[Tue Oct 18 18:13:45.203059 2016] [mpm_winnt:warn] [pid 3192:tid 16492] (OS 64)The specified network name is no longer available.  : AH00341: winnt_accept: Asynchronous AcceptEx failed.
[Tue Oct 18 18:13:45.203059 2016] [mpm_winnt:warn] [pid 3192:tid 16492] (OS 64)The specified network name is no longer available.  : AH00341: winnt_accept: Asynchronous AcceptEx failed.
[Tue Oct 18 18:13:45.203059 2016] [mpm_winnt:warn] [pid 3192:tid 16492] (OS 64)The specified network name is no longer available.  : AH00341: winnt_accept: Asynchronous AcceptEx failed.
[Tue Oct 18 18:13:45.203059 2016] [mpm_winnt:warn] [pid 3192:tid 16492] (OS 64)The specified network name is no longer available.  : AH00341: winnt_accept: Asynchronous AcceptEx failed.
[Tue Oct 18 18:13:45.203059 2016] [mpm_winnt:warn] [pid 3192:tid 16492] (OS 64)The specified network name is no longer available.  : AH00341: winnt_accept: Asynchronous AcceptEx failed.
[Tue Oct 18 18:13:45.203059 2016] [mpm_winnt:warn] [pid 3192:tid 16492] (OS 64)The specified network name is no longer available.  : AH00341: winnt_accept: Asynchronous AcceptEx failed.
[Tue Oct 18 18:13:45.203059 2016] [mpm_winnt:warn] [pid 3192:tid 16492] (OS 64)The specified network name is no longer available.  : AH00341: winnt_accept: Asynchronous AcceptEx failed.
[Tue Oct 18 18:13:45.203059 2016] [mpm_winnt:warn] [pid 3192:tid 16492] (OS 64)The specified network name is no longer available.  : AH00341: winnt_accept: Asynchronous AcceptEx failed.
[Tue Oct 18 18:13:45.203059 2016] [mpm_winnt:warn] [pid 3192:tid 16492] (OS 64)The specified network name is no longer available.  : AH00341: winnt_accept: Asynchronous AcceptEx failed.
[Tue Oct 18 18:13:45.203059 2016] [mpm_winnt:warn] [pid 3192:tid 16492] (OS 64)The specified network name is no longer available.  : AH00341: winnt_accept: Asynchronous AcceptEx failed.
[Tue Oct 18 18:13:45.203059 2016] [mpm_winnt:warn] [pid 3192:tid 16492] (OS 64)The specified network name is no longer available.  : AH00341: winnt_accept: Asynchronous AcceptEx failed.
[Tue Oct 18 18:13:45.203059 2016] [mpm_winnt:warn] [pid 3192:tid 16492] (OS 64)The specified network name is no longer available.  : AH00341: winnt_accept: Asynchronous AcceptEx failed.
[Tue Oct 18 18:13:45.203059 2016] [mpm_winnt:warn] [pid 3192:tid 16492] (OS 64)The specified network name is no longer available.  : AH00341: winnt_accept: Asynchronous AcceptEx failed.
[Tue Oct 18 18:35:47.024580 2016] [core:error] [pid 3192:tid 16180] (20024)The given path is misformatted or contained invalid characters: [client 40.77.167.29:13469] AH00127: Cannot map GET /www.ambientebogota.gov.co:81/ HTTP/1.1 to file
[Tue Oct 18 19:07:58.682373 2016] [proxy_http:error] [pid 3192:tid 15576] (OS 10053)An established connection was aborted by the software in your host machine.  : [client 201.245.192.253:21519] AH01102: error reading status line from remote server 172.22.1.31:80, referer: http://190.27.245.106/IsolucionSDA/FrameSetArticulo.asp?Pagina=/IsolucionSDA/bancoconocimiento/E/EVALUACIONLEGALESALAMBIENTALES__v4/EVALUACIONLEGALESALAMBIENTALES__v4.asp?IdArticulo=8729
[Tue Oct 18 19:07:58.682373 2016] [proxy:error] [pid 3192:tid 15576] [client 201.245.192.253:21519] AH00898: Error reading from remote server returned by /IsolucionSDA/bancoconocimiento/E/EVALUACIONLEGALESALAMBIENTALES__v4/EVALUACIONLEGALESALAMBIENTALES__v4.asp, referer: http://190.27.245.106/IsolucionSDA/FrameSetArticulo.asp?Pagina=/IsolucionSDA/bancoconocimiento/E/EVALUACIONLEGALESALAMBIENTALES__v4/EVALUACIONLEGALESALAMBIENTALES__v4.asp?IdArticulo=8729
[Tue Oct 18 19:26:49.153959 2016] [core:error] [pid 3192:tid 15584] (20024)The given path is misformatted or contained invalid characters: [client 207.46.13.84:13785] AH00127: Cannot map GET /www.ambientebogota.gov.co:81/ HTTP/1.1 to file
[Tue Oct 18 19:36:50.644215 2016] [proxy_http:error] [pid 3192:tid 15284] (OS 10053)An established connection was aborted by the software in your host machine.  : [client 201.245.192.253:52362] AH01102: error reading status line from remote server 172.22.1.31:80, referer: http://190.27.245.106/isolucionsda/Encabezado.asp?Pagina1=FrameSetGeneral.asp&&Pagina=MagazinHome.asp
[Tue Oct 18 19:57:27.788788 2016] [proxy_http:error] [pid 3192:tid 15456] (OS 10053)An established connection was aborted by the software in your host machine.  : [client 201.245.192.253:11534] AH01102: error reading status line from remote server 172.22.1.31:80, referer: http://190.27.245.106/IsolucionSDA/FrameSetArticulo.asp?Pagina=/IsolucionSDA/bancoconocimiento/A/ACTADEVISITAADMINISTRATIVA_v4/ACTADEVISITAADMINISTRATIVA_v4.asp?IdArticulo=9973
[Tue Oct 18 19:57:27.788788 2016] [proxy:error] [pid 3192:tid 15456] [client 201.245.192.253:11534] AH00898: Error reading from remote server returned by /IsolucionSDA/bancoconocimiento/A/ACTADEVISITAADMINISTRATIVA_v4/ACTADEVISITAADMINISTRATIVA_v4.asp, referer: http://190.27.245.106/IsolucionSDA/FrameSetArticulo.asp?Pagina=/IsolucionSDA/bancoconocimiento/A/ACTADEVISITAADMINISTRATIVA_v4/ACTADEVISITAADMINISTRATIVA_v4.asp?IdArticulo=9973
[Tue Oct 18 20:18:22.857793 2016] [proxy_http:error] [pid 3192:tid 16216] (OS 10053)An established connection was aborted by the software in your host machine.  : [client 181.130.201.240:64234] AH01102: error reading status line from remote server 172.22.1.31:80, referer: http://190.27.245.106/IsolucionSDA/IdentificaUsuario.asp?Pagina1=FrameSetGeneral.asp&
[Tue Oct 18 20:18:22.857793 2016] [proxy:error] [pid 3192:tid 16216] [client 181.130.201.240:64234] AH00898: Error reading from remote server returned by /IsolucionSDA/g/Img_DivBarraSup.jpg, referer: http://190.27.245.106/IsolucionSDA/IdentificaUsuario.asp?Pagina1=FrameSetGeneral.asp&
[Tue Oct 18 20:27:19.748336 2016] [core:error] [pid 3192:tid 15640] (20024)The given path is misformatted or contained invalid characters: [client 52.67.162.216:36488] AH00127: Cannot map GET /www.ambientebogota.gov.co:81/ HTTP/1.1 to file
[Tue Oct 18 20:29:03.504118 2016] [core:error] [pid 3192:tid 16292] (20024)The given path is misformatted or contained invalid characters: [client 52.192.126.43:57196] AH00127: Cannot map GET /www.ambientebogota.gov.co:81/ HTTP/1.1 to file
[Tue Oct 18 20:31:05.262332 2016] [mpm_winnt:warn] [pid 3192:tid 16492] (OS 64)The specified network name is no longer available.  : AH00341: winnt_accept: Asynchronous AcceptEx failed.
[Tue Oct 18 20:33:39.702603 2016] [core:error] [pid 3192:tid 15648] (20024)The given path is misformatted or contained invalid characters: [client 52.198.178.16:37422] AH00127: Cannot map GET /www.ambientebogota.gov.co:81/ HTTP/1.1 to file
[Tue Oct 18 20:35:06.781956 2016] [core:error] [pid 3192:tid 15340] (20024)The given path is misformatted or contained invalid characters: [client 52.67.178.71:54054] AH00127: Cannot map GET /www.ambientebogota.gov.co:81/ HTTP/1.1 to file
[Tue Oct 18 20:35:48.231229 2016] [core:error] [pid 3192:tid 15820] (20024)The given path is misformatted or contained invalid characters: [client 52.198.189.62:48316] AH00127: Cannot map GET /www.ambientebogota.gov.co:81/ HTTP/1.1 to file
[Tue Oct 18 20:36:53.922944 2016] [core:error] [pid 3192:tid 16364] (20024)The given path is misformatted or contained invalid characters: [client 54.254.134.65:56642] AH00127: Cannot map GET /www.ambientebogota.gov.co:81/ HTTP/1.1 to file
[Tue Oct 18 20:37:14.156180 2016] [core:error] [pid 3192:tid 16012] (20024)The given path is misformatted or contained invalid characters: [client 54.254.193.131:33006] AH00127: Cannot map GET /www.ambientebogota.gov.co:81/ HTTP/1.1 to file
[Tue Oct 18 20:38:31.329515 2016] [core:error] [pid 3192:tid 16364] (20024)The given path is misformatted or contained invalid characters: [client 54.254.255.127:59416] AH00127: Cannot map GET /www.ambientebogota.gov.co:81/ HTTP/1.1 to file
[Tue Oct 18 20:38:32.281117 2016] [core:error] [pid 3192:tid 15172] (20024)The given path is misformatted or contained invalid characters: [client 52.198.191.69:51326] AH00127: Cannot map GET /www.ambientebogota.gov.co:81/ HTTP/1.1 to file
[Tue Oct 18 20:39:03.512372 2016] [core:error] [pid 3192:tid 16128] (20024)The given path is misformatted or contained invalid characters: [client 52.198.170.35:35408] AH00127: Cannot map GET /www.ambientebogota.gov.co:81/ HTTP/1.1 to file
[Tue Oct 18 20:39:03.699572 2016] [core:error] [pid 3192:tid 15220] (20024)The given path is misformatted or contained invalid characters: [client 52.198.185.204:57804] AH00127: Cannot map GET /www.ambientebogota.gov.co:81/ HTTP/1.1 to file
[Tue Oct 18 20:39:32.637623 2016] [core:error] [pid 3192:tid 16180] (20024)The given path is misformatted or contained invalid characters: [client 52.198.21.24:45578] AH00127: Cannot map GET /www.ambientebogota.gov.co:81/ HTTP/1.1 to file
[Tue Oct 18 20:40:31.995727 2016] [core:error] [pid 3192:tid 15896] (20024)The given path is misformatted or contained invalid characters: [client 52.197.114.160:34792] AH00127: Cannot map GET /www.ambientebogota.gov.co:81/ HTTP/1.1 to file
[Tue Oct 18 20:40:38.032938 2016] [core:error] [pid 3192:tid 15896] (20024)The given path is misformatted or contained invalid characters: [client 54.254.249.210:45990] AH00127: Cannot map GET /www.ambientebogota.gov.co:81/ HTTP/1.1 to file
[Tue Oct 18 20:40:46.051352 2016] [core:error] [pid 3192:tid 15020] (20024)The given path is misformatted or contained invalid characters: [client 52.192.176.115:41340] AH00127: Cannot map GET /www.ambientebogota.gov.co:81/ HTTP/1.1 to file
[Tue Oct 18 20:41:14.006601 2016] [core:error] [pid 3192:tid 15340] (20024)The given path is misformatted or contained invalid characters: [client 52.198.180.35:39030] AH00127: Cannot map GET /www.ambientebogota.gov.co:81/ HTTP/1.1 to file
[Tue Oct 18 20:41:29.357028 2016] [core:error] [pid 3192:tid 15760] (20024)The given path is misformatted or contained invalid characters: [client 52.198.190.26:40450] AH00127: Cannot map GET /www.ambientebogota.gov.co:81/ HTTP/1.1 to file
[Tue Oct 18 20:41:54.441872 2016] [core:error] [pid 3192:tid 15820] (20024)The given path is misformatted or contained invalid characters: [client 52.198.189.204:50522] AH00127: Cannot map GET /www.ambientebogota.gov.co:81/ HTTP/1.1 to file
[Tue Oct 18 20:43:14.392012 2016] [core:error] [pid 3192:tid 15056] (20024)The given path is misformatted or contained invalid characters: [client 54.254.218.117:53698] AH00127: Cannot map GET /www.ambientebogota.gov.co:81/ HTTP/1.1 to file
[Tue Oct 18 20:43:56.231286 2016] [core:error] [pid 3192:tid 15760] (20024)The given path is misformatted or contained invalid characters: [client 54.251.187.231:60482] AH00127: Cannot map GET /www.ambientebogota.gov.co:81/ HTTP/1.1 to file
[Tue Oct 18 20:44:03.142098 2016] [core:error] [pid 3192:tid 16292] (20024)The given path is misformatted or contained invalid characters: [client 52.198.195.29:41478] AH00127: Cannot map GET /www.ambientebogota.gov.co:81/ HTTP/1.1 to file
[Tue Oct 18 20:44:35.902156 2016] [core:error] [pid 3192:tid 15648] (20024)The given path is misformatted or contained invalid characters: [client 52.67.168.180:40712] AH00127: Cannot map GET /www.ambientebogota.gov.co:81/ HTTP/1.1 to file
[Tue Oct 18 20:44:38.803761 2016] [core:error] [pid 3192:tid 15584] (20024)The given path is misformatted or contained invalid characters: [client 54.254.214.103:58420] AH00127: Cannot map GET /www.ambientebogota.gov.co:81/ HTTP/1.1 to file
[Tue Oct 18 20:44:57.866994 2016] [core:error] [pid 3192:tid 15760] (20024)The given path is misformatted or contained invalid characters: [client 54.169.189.74:49464] AH00127: Cannot map GET /www.ambientebogota.gov.co:81/ HTTP/1.1 to file
[Tue Oct 18 20:45:16.041026 2016] [core:error] [pid 3192:tid 16180] (20024)The given path is misformatted or contained invalid characters: [client 54.254.217.19:36168] AH00127: Cannot map GET /www.ambientebogota.gov.co:81/ HTTP/1.1 to file
[Tue Oct 18 20:46:35.741566 2016] [core:error] [pid 3192:tid 15276] (20024)The given path is misformatted or contained invalid characters: [client 52.198.192.73:38340] AH00127: Cannot map GET /www.ambientebogota.gov.co:81/ HTTP/1.1 to file
[Tue Oct 18 20:46:58.205605 2016] [core:error] [pid 3192:tid 15820] (20024)The given path is misformatted or contained invalid characters: [client 54.169.188.90:53508] AH00127: Cannot map GET /www.ambientebogota.gov.co:81/ HTTP/1.1 to file
[Tue Oct 18 20:47:06.380020 2016] [core:error] [pid 3192:tid 15800] (20024)The given path is misformatted or contained invalid characters: [client 52.198.187.85:34448] AH00127: Cannot map GET /www.ambientebogota.gov.co:81/ HTTP/1.1 to file
[Tue Oct 18 20:47:13.275232 2016] [core:error] [pid 3192:tid 16364] (20024)The given path is misformatted or contained invalid characters: [client 52.221.249.82:42140] AH00127: Cannot map GET /www.ambientebogota.gov.co:81/ HTTP/1.1 to file
[Tue Oct 18 20:47:22.432448 2016] [core:error] [pid 3192:tid 15648] (20024)The given path is misformatted or contained invalid characters: [client 52.198.78.161:49794] AH00127: Cannot map GET /www.ambientebogota.gov.co:81/ HTTP/1.1 to file
[Tue Oct 18 20:48:18.140146 2016] [core:error] [pid 3192:tid 15584] (20024)The given path is misformatted or contained invalid characters: [client 54.254.206.198:48154] AH00127: Cannot map GET /www.ambientebogota.gov.co:81/ HTTP/1.1 to file
[Tue Oct 18 20:48:21.306951 2016] [core:error] [pid 3192:tid 15584] (20024)The given path is misformatted or contained invalid characters: [client 54.254.205.88:37012] AH00127: Cannot map GET /www.ambientebogota.gov.co:81/ HTTP/1.1 to file
[Tue Oct 18 20:48:38.170581 2016] [core:error] [pid 3192:tid 15456] (20024)The given path is misformatted or contained invalid characters: [client 52.198.187.39:50100] AH00127: Cannot map GET /www.ambientebogota.gov.co:81/ HTTP/1.1 to file
[Tue Oct 18 20:49:33.004677 2016] [core:error] [pid 3192:tid 16132] (20024)The given path is misformatted or contained invalid characters: [client 52.67.95.42:50812] AH00127: Cannot map GET /www.ambientebogota.gov.co:81/ HTTP/1.1 to file
[Tue Oct 18 20:49:38.761087 2016] [core:error] [pid 3192:tid 15056] (20024)The given path is misformatted or contained invalid characters: [client 54.169.179.126:43706] AH00127: Cannot map GET /www.ambientebogota.gov.co:81/ HTTP/1.1 to file
[Tue Oct 18 20:50:11.973546 2016] [core:error] [pid 3192:tid 15832] (20024)The given path is misformatted or contained invalid characters: [client 52.67.179.234:53210] AH00127: Cannot map GET /www.ambientebogota.gov.co:81/ HTTP/1.1 to file
[Tue Oct 18 20:50:31.379980 2016] [core:error] [pid 3192:tid 15516] (20024)The given path is misformatted or contained invalid characters: [client 54.254.239.236:33654] AH00127: Cannot map GET /www.ambientebogota.gov.co:81/ HTTP/1.1 to file
[Tue Oct 18 20:50:59.803230 2016] [core:error] [pid 3192:tid 15172] (20024)The given path is misformatted or contained invalid characters: [client 52.67.34.229:37642] AH00127: Cannot map GET /www.ambientebogota.gov.co:81/ HTTP/1.1 to file
[Tue Oct 18 20:52:20.018571 2016] [core:error] [pid 3192:tid 16128] (20024)The given path is misformatted or contained invalid characters: [client 52.197.232.153:32884] AH00127: Cannot map GET /www.ambientebogota.gov.co:81/ HTTP/1.1 to file
[Tue Oct 18 20:52:26.164982 2016] [core:error] [pid 3192:tid 16012] (20024)The given path is misformatted or contained invalid characters: [client 54.254.198.251:54684] AH00127: Cannot map GET /www.ambientebogota.gov.co:81/ HTTP/1.1 to file
[Tue Oct 18 20:52:42.326610 2016] [core:error] [pid 3192:tid 15588] (20024)The given path is misformatted or contained invalid characters: [client 52.67.73.133:57892] AH00127: Cannot map GET /www.ambientebogota.gov.co:81/ HTTP/1.1 to file
[Tue Oct 18 20:53:21.701079 2016] [core:error] [pid 3192:tid 15852] (20024)The given path is misformatted or contained invalid characters: [client 52.198.176.205:47370] AH00127: Cannot map GET /www.ambientebogota.gov.co:81/ HTTP/1.1 to file
[Tue Oct 18 20:53:39.266710 2016] [core:error] [pid 3192:tid 15952] (20024)The given path is misformatted or contained invalid characters: [client 54.254.209.139:39872] AH00127: Cannot map GET /www.ambientebogota.gov.co:81/ HTTP/1.1 to file
[Tue Oct 18 20:53:56.130340 2016] [core:error] [pid 3192:tid 15832] (20024)The given path is misformatted or contained invalid characters: [client 52.67.173.242:53418] AH00127: Cannot map GET /www.ambientebogota.gov.co:81/ HTTP/1.1 to file
[Tue Oct 18 20:54:12.744369 2016] [core:error] [pid 3192:tid 15448] (20024)The given path is misformatted or contained invalid characters: [client 54.254.239.58:42010] AH00127: Cannot map GET /www.ambientebogota.gov.co:81/ HTTP/1.1 to file
[Tue Oct 18 20:54:29.717199 2016] [core:error] [pid 3192:tid 14956] (20024)The given path is misformatted or contained invalid characters: [client 54.169.185.249:41700] AH00127: Cannot map GET /www.ambientebogota.gov.co:81/ HTTP/1.1 to file
[Tue Oct 18 20:54:35.879209 2016] [core:error] [pid 3192:tid 16004] (20024)The given path is misformatted or contained invalid characters: [client 52.67.76.72:34644] AH00127: Cannot map GET /www.ambientebogota.gov.co:81/ HTTP/1.1 to file
[Tue Oct 18 20:55:19.387686 2016] [core:error] [pid 3192:tid 15392] (20024)The given path is misformatted or contained invalid characters: [client 52.67.42.43:35282] AH00127: Cannot map GET /www.ambientebogota.gov.co:81/ HTTP/1.1 to file
[Tue Oct 18 20:55:50.774941 2016] [core:error] [pid 3192:tid 15832] (20024)The given path is misformatted or contained invalid characters: [client 54.254.198.246:57624] AH00127: Cannot map GET /www.ambientebogota.gov.co:81/ HTTP/1.1 to file
[Tue Oct 18 20:56:17.029787 2016] [core:error] [pid 3192:tid 15860] (20024)The given path is misformatted or contained invalid characters: [client 54.254.138.228:41178] AH00127: Cannot map GET /www.ambientebogota.gov.co:81/ HTTP/1.1 to file
[Tue Oct 18 20:56:27.232205 2016] [core:error] [pid 3192:tid 15860] (20024)The given path is misformatted or contained invalid characters: [client 52.67.160.86:36612] AH00127: Cannot map GET /www.ambientebogota.gov.co:81/ HTTP/1.1 to file
[Tue Oct 18 20:56:27.903006 2016] [core:error] [pid 3192:tid 15584] (20024)The given path is misformatted or contained invalid characters: [client 54.254.232.71:60028] AH00127: Cannot map GET /www.ambientebogota.gov.co:81/ HTTP/1.1 to file
[Tue Oct 18 20:56:32.286614 2016] [core:error] [pid 3192:tid 16336] (20024)The given path is misformatted or contained invalid characters: [client 54.254.210.58:52828] AH00127: Cannot map GET /www.ambientebogota.gov.co:81/ HTTP/1.1 to file
[Tue Oct 18 20:57:04.453870 2016] [core:error] [pid 3192:tid 15648] (20024)The given path is misformatted or contained invalid characters: [client 52.198.191.67:46212] AH00127: Cannot map GET /www.ambientebogota.gov.co:81/ HTTP/1.1 to file
[Tue Oct 18 20:57:46.792345 2016] [core:error] [pid 3192:tid 15212] (20024)The given path is misformatted or contained invalid characters: [client 52.196.61.186:51768] AH00127: Cannot map GET /www.ambientebogota.gov.co:81/ HTTP/1.1 to file
[Tue Oct 18 20:57:46.995145 2016] [core:error] [pid 3192:tid 16224] (20024)The given path is misformatted or contained invalid characters: [client 54.254.182.152:36198] AH00127: Cannot map GET /www.ambientebogota.gov.co:81/ HTTP/1.1 to file
[Tue Oct 18 20:59:02.858078 2016] [core:error] [pid 3192:tid 15496] (20024)The given path is misformatted or contained invalid characters: [client 52.67.49.207:54464] AH00127: Cannot map GET /www.ambientebogota.gov.co:81/ HTTP/1.1 to file
[Tue Oct 18 20:59:16.133702 2016] [core:error] [pid 3192:tid 15624] (20024)The given path is misformatted or contained invalid characters: [client 52.67.179.204:49604] AH00127: Cannot map GET /www.ambientebogota.gov.co:81/ HTTP/1.1 to file
[Tue Oct 18 21:00:14.150203 2016] [core:error] [pid 3192:tid 15832] (20024)The given path is misformatted or contained invalid characters: [client 54.254.166.116:59150] AH00127: Cannot map GET /www.ambientebogota.gov.co:81/ HTTP/1.1 to file
[Tue Oct 18 21:01:45.628764 2016] [core:error] [pid 3192:tid 15400] (20024)The given path is misformatted or contained invalid characters: [client 52.67.178.144:37154] AH00127: Cannot map GET /www.ambientebogota.gov.co:81/ HTTP/1.1 to file
[Tue Oct 18 21:01:59.684389 2016] [core:error] [pid 3192:tid 16096] (20024)The given path is misformatted or contained invalid characters: [client 52.67.113.35:46868] AH00127: Cannot map GET /www.ambientebogota.gov.co:81/ HTTP/1.1 to file
[Tue Oct 18 21:02:36.422453 2016] [core:error] [pid 3192:tid 15496] (20024)The given path is misformatted or contained invalid characters: [client 52.67.181.243:34448] AH00127: Cannot map GET /www.ambientebogota.gov.co:81/ HTTP/1.1 to file
[Tue Oct 18 21:02:59.635294 2016] [core:error] [pid 3192:tid 14924] (20024)The given path is misformatted or contained invalid characters: [client 54.254.228.106:46708] AH00127: Cannot map GET /www.ambientebogota.gov.co:81/ HTTP/1.1 to file
[Tue Oct 18 21:03:10.976514 2016] [proxy_http:error] [pid 3192:tid 16096] (OS 10053)An established connection was aborted by the software in your host machine.  : [client 181.130.201.240:64392] AH01102: error reading status line from remote server 172.22.1.31:80, referer: http://190.27.245.106/IsolucionSDA/FrameSetArticulo.asp?Pagina=/IsolucionSDA/BancoConocimiento/I/InscripcionProyectosdelaRed_v8_0/InscripcionProyectosdelaRed_v8_0.asp?IdArticulo=7334
[Tue Oct 18 21:03:10.976514 2016] [proxy:error] [pid 3192:tid 16096] [client 181.130.201.240:64392] AH00898: Error reading from remote server returned by /IsolucionSDA/BancoConocimiento/I/InscripcionProyectosdelaRed_v8_0/InscripcionProyectosdelaRed_v8_0.asp, referer: http://190.27.245.106/IsolucionSDA/FrameSetArticulo.asp?Pagina=/IsolucionSDA/BancoConocimiento/I/InscripcionProyectosdelaRed_v8_0/InscripcionProyectosdelaRed_v8_0.asp?IdArticulo=7334
[Tue Oct 18 21:03:31.350150 2016] [core:error] [pid 3192:tid 15588] (20024)The given path is misformatted or contained invalid characters: [client 54.169.158.21:56552] AH00127: Cannot map GET /www.ambientebogota.gov.co:81/ HTTP/1.1 to file
[Tue Oct 18 21:03:33.939754 2016] [core:error] [pid 3192:tid 15576] (20024)The given path is misformatted or contained invalid characters: [client 52.198.183.149:60470] AH00127: Cannot map GET /www.ambientebogota.gov.co:81/ HTTP/1.1 to file
[Tue Oct 18 21:03:34.360955 2016] [proxy_http:error] [pid 3192:tid 16012] (OS 10053)An established connection was aborted by the software in your host machine.  : [client 181.130.201.240:64399] AH01102: error reading status line from remote server 172.22.1.31:80, referer: http://190.27.245.106/IsolucionSDA/BancoConocimiento/s/SistemadeGestionAmbiental_v0/SistemadeGestionAmbiental_v0.asp??Pagina=BancoConocimiento/s/SistemadeGestionAmbiental_v0/SistemadeGestionAmbiental_v0.asp?&IdModulo=19
[Tue Oct 18 21:03:46.029776 2016] [core:error] [pid 3192:tid 15832] (20024)The given path is misformatted or contained invalid characters: [client 52.198.172.188:32944] AH00127: Cannot map GET /www.ambientebogota.gov.co:81/ HTTP/1.1 to file
[Tue Oct 18 21:04:41.987074 2016] [core:error] [pid 3192:tid 14924] (20024)The given path is misformatted or contained invalid characters: [client 52.69.216.189:46650] AH00127: Cannot map GET /www.ambientebogota.gov.co:81/ HTTP/1.1 to file
[Tue Oct 18 21:05:00.348306 2016] [core:error] [pid 3192:tid 15832] (20024)The given path is misformatted or contained invalid characters: [client 52.67.113.35:47432] AH00127: Cannot map GET /www.ambientebogota.gov.co:81/ HTTP/1.1 to file
[Tue Oct 18 21:06:05.275620 2016] [core:error] [pid 3192:tid 16012] (20024)The given path is misformatted or contained invalid characters: [client 54.169.188.90:56386] AH00127: Cannot map GET /www.ambientebogota.gov.co:81/ HTTP/1.1 to file
[Tue Oct 18 21:06:05.572021 2016] [core:error] [pid 3192:tid 15584] (20024)The given path is misformatted or contained invalid characters: [client 52.198.182.129:33572] AH00127: Cannot map GET /www.ambientebogota.gov.co:81/ HTTP/1.1 to file
[Tue Oct 18 21:06:09.487628 2016] [core:error] [pid 3192:tid 14928] (20024)The given path is misformatted or contained invalid characters: [client 52.198.183.149:60814] AH00127: Cannot map GET /www.ambientebogota.gov.co:81/ HTTP/1.1 to file
[Tue Oct 18 21:06:51.794902 2016] [core:error] [pid 3192:tid 16292] (20024)The given path is misformatted or contained invalid characters: [client 52.198.187.17:58924] AH00127: Cannot map GET /www.ambientebogota.gov.co:81/ HTTP/1.1 to file
[Tue Oct 18 21:06:52.465703 2016] [core:error] [pid 3192:tid 16224] (20024)The given path is misformatted or contained invalid characters: [client 52.67.181.125:37830] AH00127: Cannot map GET /www.ambientebogota.gov.co:81/ HTTP/1.1 to file
[Tue Oct 18 21:07:12.433738 2016] [core:error] [pid 3192:tid 15640] (20024)The given path is misformatted or contained invalid characters: [client 54.254.192.109:53858] AH00127: Cannot map GET /www.ambientebogota.gov.co:81/ HTTP/1.1 to file
[Tue Oct 18 21:07:17.706547 2016] [core:error] [pid 3192:tid 16292] (20024)The given path is misformatted or contained invalid characters: [client 52.67.172.171:42120] AH00127: Cannot map GET /www.ambientebogota.gov.co:81/ HTTP/1.1 to file
[Tue Oct 18 21:07:38.392184 2016] [core:error] [pid 3192:tid 15820] (20024)The given path is misformatted or contained invalid characters: [client 52.67.73.128:48720] AH00127: Cannot map GET /www.ambientebogota.gov.co:81/ HTTP/1.1 to file
[Tue Oct 18 21:08:34.318282 2016] [core:error] [pid 3192:tid 15456] (20024)The given path is misformatted or contained invalid characters: [client 54.254.215.46:48214] AH00127: Cannot map GET /www.ambientebogota.gov.co:81/ HTTP/1.1 to file
[Tue Oct 18 21:10:38.759701 2016] [core:error] [pid 3192:tid 15820] (20024)The given path is misformatted or contained invalid characters: [client 52.67.179.177:46526] AH00127: Cannot map GET /www.ambientebogota.gov.co:81/ HTTP/1.1 to file
[Tue Oct 18 21:10:39.648902 2016] [core:error] [pid 3192:tid 14956] (20024)The given path is misformatted or contained invalid characters: [client 52.192.128.127:52956] AH00127: Cannot map GET /www.ambientebogota.gov.co:81/ HTTP/1.1 to file
[Tue Oct 18 21:10:56.356531 2016] [core:error] [pid 3192:tid 15456] (20024)The given path is misformatted or contained invalid characters: [client 52.221.249.166:37068] AH00127: Cannot map GET /www.ambientebogota.gov.co:81/ HTTP/1.1 to file
[Tue Oct 18 21:11:06.231349 2016] [core:error] [pid 3192:tid 15456] (20024)The given path is misformatted or contained invalid characters: [client 52.67.120.103:56410] AH00127: Cannot map GET /www.ambientebogota.gov.co:81/ HTTP/1.1 to file
[Tue Oct 18 21:11:11.192158 2016] [core:error] [pid 3192:tid 15020] (20024)The given path is misformatted or contained invalid characters: [client 54.254.214.103:34198] AH00127: Cannot map GET /www.ambientebogota.gov.co:81/ HTTP/1.1 to file
[Tue Oct 18 21:11:20.817374 2016] [core:error] [pid 3192:tid 15020] (20024)The given path is misformatted or contained invalid characters: [client 54.255.129.54:47016] AH00127: Cannot map GET /www.ambientebogota.gov.co:81/ HTTP/1.1 to file
[Tue Oct 18 21:12:26.415490 2016] [core:error] [pid 3192:tid 16364] (20024)The given path is misformatted or contained invalid characters: [client 52.67.180.129:54882] AH00127: Cannot map GET /www.ambientebogota.gov.co:81/ HTTP/1.1 to file
[Tue Oct 18 21:12:59.019547 2016] [core:error] [pid 3192:tid 16052] (20024)The given path is misformatted or contained invalid characters: [client 52.196.46.139:48302] AH00127: Cannot map GET /www.ambientebogota.gov.co:81/ HTTP/1.1 to file
[Tue Oct 18 21:13:54.758445 2016] [core:error] [pid 3192:tid 16004] (20024)The given path is misformatted or contained invalid characters: [client 54.254.228.239:48858] AH00127: Cannot map GET /www.ambientebogota.gov.co:81/ HTTP/1.1 to file
[Tue Oct 18 21:14:13.837278 2016] [core:error] [pid 3192:tid 16216] (20024)The given path is misformatted or contained invalid characters: [client 54.254.164.27:45036] AH00127: Cannot map GET /www.ambientebogota.gov.co:81/ HTTP/1.1 to file
[Tue Oct 18 21:15:18.015791 2016] [core:error] [pid 3192:tid 15832] (20024)The given path is misformatted or contained invalid characters: [client 52.198.188.165:48600] AH00127: Cannot map GET /www.ambientebogota.gov.co:81/ HTTP/1.1 to file
[Tue Oct 18 21:15:49.574646 2016] [core:error] [pid 3192:tid 16364] (20024)The given path is misformatted or contained invalid characters: [client 52.67.146.18:59486] AH00127: Cannot map GET /www.ambientebogota.gov.co:81/ HTTP/1.1 to file
[Tue Oct 18 21:16:04.628673 2016] [core:error] [pid 3192:tid 15232] (20024)The given path is misformatted or contained invalid characters: [client 52.198.1.152:56678] AH00127: Cannot map GET /www.ambientebogota.gov.co:81/ HTTP/1.1 to file
[Tue Oct 18 21:16:08.388280 2016] [core:error] [pid 3192:tid 15292] (20024)The given path is misformatted or contained invalid characters: [client 52.198.184.92:41092] AH00127: Cannot map GET /www.ambientebogota.gov.co:81/ HTTP/1.1 to file
[Tue Oct 18 21:16:12.007486 2016] [core:error] [pid 3192:tid 15496] (20024)The given path is misformatted or contained invalid characters: [client 52.198.185.10:34772] AH00127: Cannot map GET /www.ambientebogota.gov.co:81/ HTTP/1.1 to file
[Tue Oct 18 21:18:42.204550 2016] [core:error] [pid 3192:tid 15832] (20024)The given path is misformatted or contained invalid characters: [client 54.254.208.254:36948] AH00127: Cannot map GET /www.ambientebogota.gov.co:81/ HTTP/1.1 to file
[Tue Oct 18 21:19:22.187420 2016] [core:error] [pid 3192:tid 15212] (20024)The given path is misformatted or contained invalid characters: [client 54.254.208.68:34096] AH00127: Cannot map GET /www.ambientebogota.gov.co:81/ HTTP/1.1 to file
[Tue Oct 18 21:19:46.133462 2016] [core:error] [pid 3192:tid 15888] (20024)The given path is misformatted or contained invalid characters: [client 52.198.183.216:44016] AH00127: Cannot map GET /www.ambientebogota.gov.co:81/ HTTP/1.1 to file
[Tue Oct 18 21:19:51.999072 2016] [core:error] [pid 3192:tid 14928] (20024)The given path is misformatted or contained invalid characters: [client 52.67.179.144:45546] AH00127: Cannot map GET /www.ambientebogota.gov.co:81/ HTTP/1.1 to file
[Tue Oct 18 21:20:20.983923 2016] [core:error] [pid 3192:tid 15952] (20024)The given path is misformatted or contained invalid characters: [client 54.254.245.30:52150] AH00127: Cannot map GET /www.ambientebogota.gov.co:81/ HTTP/1.1 to file
[Tue Oct 18 21:20:27.442335 2016] [core:error] [pid 3192:tid 15172] (20024)The given path is misformatted or contained invalid characters: [client 54.169.192.208:45690] AH00127: Cannot map GET /www.ambientebogota.gov.co:81/ HTTP/1.1 to file
[Tue Oct 18 21:21:26.348038 2016] [core:error] [pid 3192:tid 15556] (20024)The given path is misformatted or contained invalid characters: [client 52.67.112.23:58870] AH00127: Cannot map GET /www.ambientebogota.gov.co:81/ HTTP/1.1 to file
[Tue Oct 18 21:22:36.813362 2016] [core:error] [pid 3192:tid 15448] (20024)The given path is misformatted or contained invalid characters: [client 52.67.156.112:46874] AH00127: Cannot map GET /www.ambientebogota.gov.co:81/ HTTP/1.1 to file
[Tue Oct 18 21:22:55.268194 2016] [core:error] [pid 3192:tid 15220] (20024)The given path is misformatted or contained invalid characters: [client 52.67.174.84:41544] AH00127: Cannot map GET /www.ambientebogota.gov.co:81/ HTTP/1.1 to file
[Tue Oct 18 21:23:49.946290 2016] [core:error] [pid 3192:tid 15424] (20024)The given path is misformatted or contained invalid characters: [client 52.196.61.186:55940] AH00127: Cannot map GET /www.ambientebogota.gov.co:81/ HTTP/1.1 to file
[Tue Oct 18 21:24:03.034713 2016] [core:error] [pid 3192:tid 15640] (20024)The given path is misformatted or contained invalid characters: [client 52.198.172.117:58524] AH00127: Cannot map GET /www.ambientebogota.gov.co:81/ HTTP/1.1 to file
[Tue Oct 18 21:24:51.207598 2016] [proxy_http:error] [pid 3192:tid 15232] (OS 10053)An established connection was aborted by the software in your host machine.  : [client 186.29.247.159:38606] AH01102: error reading status line from remote server 172.22.1.31:80, referer: http://190.27.245.106/isolucionsda/BancoConocimiento/s/SistemadeGestionAmbiental_v0/SistemadeGestionAmbiental_v0.asp??Pagina=BancoConocimiento/s/SistemadeGestionAmbiental_v0/SistemadeGestionAmbiental_v0.asp?&IdModulo=19
[Tue Oct 18 21:25:35.620876 2016] [core:error] [pid 3192:tid 15640] (20024)The given path is misformatted or contained invalid characters: [client 54.254.250.72:38468] AH00127: Cannot map GET /www.ambientebogota.gov.co:81/ HTTP/1.1 to file
[Tue Oct 18 21:25:53.950908 2016] [core:error] [pid 3192:tid 16216] (20024)The given path is misformatted or contained invalid characters: [client 52.67.172.171:45900] AH00127: Cannot map GET /www.ambientebogota.gov.co:81/ HTTP/1.1 to file
[Tue Oct 18 21:26:12.421340 2016] [core:error] [pid 3192:tid 16364] (20024)The given path is misformatted or contained invalid characters: [client 52.67.20.205:53046] AH00127: Cannot map GET /www.ambientebogota.gov.co:81/ HTTP/1.1 to file
