!C99Shell v. 1.0 pre-release build #13!

Software: Apache. PHP/5.5.15 

uname -a: Windows NT SVR-DMZ 6.1 build 7600 (Windows Server 2008 R2 Enterprise Edition) i586 

SYSTEM 

Safe-mode: OFF (not secure)

E:\nuevo\apache\logs\   drwxrwxrwx
Free 8.02 GB of 239.26 GB (3.35%)
Detected drives: [ a ] [ c ] [ d ] [ e ] [ f ]
Home    Back    Forward    UPDIR    Refresh    Search    Buffer    Encoder    Tools    Proc.    FTP brute    Sec.    SQL    PHP-code    Update    Feedback    Self remove    Logout    


Viewing file:     error.2016.10.23.log (45.17 KB)      -rw-rw-rw-
Select action/file-type:
(+) | (+) | (+) | Code (+) | Session (+) | (+) | SDB (+) | (+) | (+) | (+) | (+) | (+) |
[Sun Oct 23 00:15:25.812345 2016] [mpm_winnt:warn] [pid 3192:tid 16492] (OS 64)The specified network name is no longer available.  : AH00341: winnt_accept: Asynchronous AcceptEx failed.
[Sun Oct 23 00:23:04.468751 2016] [access_compat:error] [pid 3192:tid 15192] [client 35.160.16.120:60765] AH01797: client denied by server configuration: E:/nuevo/phpMyAdmin/
[Sun Oct 23 00:23:04.640351 2016] [access_compat:error] [pid 3192:tid 15192] [client 35.160.16.120:60765] AH01797: client denied by server configuration: E:/nuevo/htdocs/phpMyadmin
[Sun Oct 23 00:23:04.811951 2016] [access_compat:error] [pid 3192:tid 15192] [client 35.160.16.120:60765] AH01797: client denied by server configuration: E:/nuevo/htdocs/phpMyAdmin
[Sun Oct 23 00:23:04.983552 2016] [access_compat:error] [pid 3192:tid 15192] [client 35.160.16.120:60765] AH01797: client denied by server configuration: E:/nuevo/htdocs/phpmyAdmin
[Sun Oct 23 00:23:05.155152 2016] [access_compat:error] [pid 3192:tid 15192] [client 35.160.16.120:60765] AH01797: client denied by server configuration: E:/nuevo/htdocs/phpmyadmin2
[Sun Oct 23 00:23:05.326752 2016] [access_compat:error] [pid 3192:tid 15192] [client 35.160.16.120:60765] AH01797: client denied by server configuration: E:/nuevo/htdocs/phpmyadmin3
[Sun Oct 23 00:23:05.498353 2016] [access_compat:error] [pid 3192:tid 15192] [client 35.160.16.120:60765] AH01797: client denied by server configuration: E:/nuevo/htdocs/phpmyadmin4
[Sun Oct 23 00:23:16.589972 2016] [access_compat:error] [pid 3192:tid 15192] [client 35.160.16.120:60765] AH01797: client denied by server configuration: E:/nuevo/htdocs/phpMyAdmin2
[Sun Oct 23 00:23:16.761572 2016] [access_compat:error] [pid 3192:tid 15192] [client 35.160.16.120:60765] AH01797: client denied by server configuration: E:/nuevo/htdocs/phpMyAdmin3
[Sun Oct 23 00:23:16.933173 2016] [access_compat:error] [pid 3192:tid 15192] [client 35.160.16.120:60765] AH01797: client denied by server configuration: E:/nuevo/htdocs/phpMyAdmin4
[Sun Oct 23 00:23:17.104773 2016] [access_compat:error] [pid 3192:tid 15192] [client 35.160.16.120:60765] AH01797: client denied by server configuration: E:/nuevo/htdocs/phpMyAdmin-3
[Sun Oct 23 00:45:55.461559 2016] [proxy:error] [pid 3192:tid 16216] (OS 10060)A connection attempt failed because the connected party did not properly respond after a period of time, or established connection failed because connected host has failed to respond.  : AH00957: HTTP: attempt to connect to 172.22.1.51:8399 (172.22.1.51) failed
[Sun Oct 23 00:45:55.461559 2016] [proxy:error] [pid 3192:tid 16216] AH00959: ap_proxy_connect_backend disabling worker for (172.22.1.51) for 60s
[Sun Oct 23 00:45:55.461559 2016] [proxy_http:error] [pid 3192:tid 16216] [client 152.61.128.50:58412] AH01114: HTTP: failed to make connection to backend: 172.22.1.51
[Sun Oct 23 00:45:55.633159 2016] [proxy:error] [pid 3192:tid 16216] AH00940: HTTP: disabled connection for (172.22.1.51)
[Sun Oct 23 01:00:45.396322 2016] [mpm_winnt:warn] [pid 3192:tid 16492] (OS 64)The specified network name is no longer available.  : AH00341: winnt_accept: Asynchronous AcceptEx failed.
[Sun Oct 23 01:00:45.396322 2016] [mpm_winnt:warn] [pid 3192:tid 16492] (OS 64)The specified network name is no longer available.  : AH00341: winnt_accept: Asynchronous AcceptEx failed.
[Sun Oct 23 01:00:45.396322 2016] [mpm_winnt:warn] [pid 3192:tid 16492] (OS 64)The specified network name is no longer available.  : AH00341: winnt_accept: Asynchronous AcceptEx failed.
[Sun Oct 23 01:00:45.396322 2016] [mpm_winnt:warn] [pid 3192:tid 16492] (OS 64)The specified network name is no longer available.  : AH00341: winnt_accept: Asynchronous AcceptEx failed.
[Sun Oct 23 01:00:45.396322 2016] [mpm_winnt:warn] [pid 3192:tid 16492] (OS 64)The specified network name is no longer available.  : AH00341: winnt_accept: Asynchronous AcceptEx failed.
[Sun Oct 23 01:00:45.396322 2016] [mpm_winnt:warn] [pid 3192:tid 16492] (OS 64)The specified network name is no longer available.  : AH00341: winnt_accept: Asynchronous AcceptEx failed.
[Sun Oct 23 01:00:45.396322 2016] [mpm_winnt:warn] [pid 3192:tid 16492] (OS 64)The specified network name is no longer available.  : AH00341: winnt_accept: Asynchronous AcceptEx failed.
[Sun Oct 23 01:00:45.396322 2016] [mpm_winnt:warn] [pid 3192:tid 16492] (OS 64)The specified network name is no longer available.  : AH00341: winnt_accept: Asynchronous AcceptEx failed.
[Sun Oct 23 01:00:45.396322 2016] [mpm_winnt:warn] [pid 3192:tid 16492] (OS 64)The specified network name is no longer available.  : AH00341: winnt_accept: Asynchronous AcceptEx failed.
[Sun Oct 23 01:00:45.396322 2016] [mpm_winnt:warn] [pid 3192:tid 16492] (OS 64)The specified network name is no longer available.  : AH00341: winnt_accept: Asynchronous AcceptEx failed.
[Sun Oct 23 01:00:45.396322 2016] [mpm_winnt:warn] [pid 3192:tid 16492] (OS 64)The specified network name is no longer available.  : AH00341: winnt_accept: Asynchronous AcceptEx failed.
[Sun Oct 23 01:00:45.396322 2016] [mpm_winnt:warn] [pid 3192:tid 16492] (OS 64)The specified network name is no longer available.  : AH00341: winnt_accept: Asynchronous AcceptEx failed.
[Sun Oct 23 01:00:45.396322 2016] [mpm_winnt:warn] [pid 3192:tid 16492] (OS 64)The specified network name is no longer available.  : AH00341: winnt_accept: Asynchronous AcceptEx failed.
[Sun Oct 23 01:00:45.396322 2016] [mpm_winnt:warn] [pid 3192:tid 16492] (OS 64)The specified network name is no longer available.  : AH00341: winnt_accept: Asynchronous AcceptEx failed.
[Sun Oct 23 01:00:45.396322 2016] [mpm_winnt:warn] [pid 3192:tid 16492] (OS 64)The specified network name is no longer available.  : AH00341: winnt_accept: Asynchronous AcceptEx failed.
[Sun Oct 23 01:00:45.396322 2016] [mpm_winnt:warn] [pid 3192:tid 16492] (OS 64)The specified network name is no longer available.  : AH00341: winnt_accept: Asynchronous AcceptEx failed.
[Sun Oct 23 01:00:45.396322 2016] [mpm_winnt:warn] [pid 3192:tid 16492] (OS 64)The specified network name is no longer available.  : AH00341: winnt_accept: Asynchronous AcceptEx failed.
[Sun Oct 23 01:00:45.396322 2016] [mpm_winnt:warn] [pid 3192:tid 16492] (OS 64)The specified network name is no longer available.  : AH00341: winnt_accept: Asynchronous AcceptEx failed.
[Sun Oct 23 01:00:45.396322 2016] [mpm_winnt:warn] [pid 3192:tid 16492] (OS 64)The specified network name is no longer available.  : AH00341: winnt_accept: Asynchronous AcceptEx failed.
[Sun Oct 23 01:00:45.396322 2016] [mpm_winnt:warn] [pid 3192:tid 16492] (OS 64)The specified network name is no longer available.  : AH00341: winnt_accept: Asynchronous AcceptEx failed.
[Sun Oct 23 01:00:45.396322 2016] [mpm_winnt:warn] [pid 3192:tid 16492] (OS 64)The specified network name is no longer available.  : AH00341: winnt_accept: Asynchronous AcceptEx failed.
[Sun Oct 23 01:00:45.396322 2016] [mpm_winnt:warn] [pid 3192:tid 16492] (OS 64)The specified network name is no longer available.  : AH00341: winnt_accept: Asynchronous AcceptEx failed.
[Sun Oct 23 01:00:45.396322 2016] [mpm_winnt:warn] [pid 3192:tid 16492] (OS 64)The specified network name is no longer available.  : AH00341: winnt_accept: Asynchronous AcceptEx failed.
[Sun Oct 23 01:00:45.396322 2016] [mpm_winnt:warn] [pid 3192:tid 16492] (OS 64)The specified network name is no longer available.  : AH00341: winnt_accept: Asynchronous AcceptEx failed.
[Sun Oct 23 01:00:45.396322 2016] [mpm_winnt:warn] [pid 3192:tid 16492] (OS 64)The specified network name is no longer available.  : AH00341: winnt_accept: Asynchronous AcceptEx failed.
[Sun Oct 23 01:00:45.396322 2016] [mpm_winnt:warn] [pid 3192:tid 16492] (OS 64)The specified network name is no longer available.  : AH00341: winnt_accept: Asynchronous AcceptEx failed.
[Sun Oct 23 01:00:45.396322 2016] [mpm_winnt:warn] [pid 3192:tid 16492] (OS 64)The specified network name is no longer available.  : AH00341: winnt_accept: Asynchronous AcceptEx failed.
[Sun Oct 23 01:00:45.396322 2016] [mpm_winnt:warn] [pid 3192:tid 16492] (OS 64)The specified network name is no longer available.  : AH00341: winnt_accept: Asynchronous AcceptEx failed.
[Sun Oct 23 01:00:45.396322 2016] [mpm_winnt:warn] [pid 3192:tid 16492] (OS 64)The specified network name is no longer available.  : AH00341: winnt_accept: Asynchronous AcceptEx failed.
[Sun Oct 23 01:00:45.396322 2016] [mpm_winnt:warn] [pid 3192:tid 16492] (OS 64)The specified network name is no longer available.  : AH00341: winnt_accept: Asynchronous AcceptEx failed.
[Sun Oct 23 01:00:45.396322 2016] [mpm_winnt:warn] [pid 3192:tid 16492] (OS 64)The specified network name is no longer available.  : AH00341: winnt_accept: Asynchronous AcceptEx failed.
[Sun Oct 23 01:00:45.396322 2016] [mpm_winnt:warn] [pid 3192:tid 16492] (OS 64)The specified network name is no longer available.  : AH00341: winnt_accept: Asynchronous AcceptEx failed.
[Sun Oct 23 01:00:45.396322 2016] [mpm_winnt:warn] [pid 3192:tid 16492] (OS 64)The specified network name is no longer available.  : AH00341: winnt_accept: Asynchronous AcceptEx failed.
[Sun Oct 23 01:00:45.396322 2016] [mpm_winnt:warn] [pid 3192:tid 16492] (OS 64)The specified network name is no longer available.  : AH00341: winnt_accept: Asynchronous AcceptEx failed.
[Sun Oct 23 01:00:45.396322 2016] [mpm_winnt:warn] [pid 3192:tid 16492] (OS 64)The specified network name is no longer available.  : AH00341: winnt_accept: Asynchronous AcceptEx failed.
[Sun Oct 23 01:00:45.396322 2016] [mpm_winnt:warn] [pid 3192:tid 16492] (OS 64)The specified network name is no longer available.  : AH00341: winnt_accept: Asynchronous AcceptEx failed.
[Sun Oct 23 01:00:45.396322 2016] [mpm_winnt:warn] [pid 3192:tid 16492] (OS 64)The specified network name is no longer available.  : AH00341: winnt_accept: Asynchronous AcceptEx failed.
[Sun Oct 23 01:00:45.396322 2016] [mpm_winnt:warn] [pid 3192:tid 16492] (OS 64)The specified network name is no longer available.  : AH00341: winnt_accept: Asynchronous AcceptEx failed.
[Sun Oct 23 01:00:45.396322 2016] [mpm_winnt:warn] [pid 3192:tid 16492] (OS 64)The specified network name is no longer available.  : AH00341: winnt_accept: Asynchronous AcceptEx failed.
[Sun Oct 23 01:00:45.396322 2016] [mpm_winnt:warn] [pid 3192:tid 16492] (OS 64)The specified network name is no longer available.  : AH00341: winnt_accept: Asynchronous AcceptEx failed.
[Sun Oct 23 01:00:45.396322 2016] [mpm_winnt:warn] [pid 3192:tid 16492] (OS 64)The specified network name is no longer available.  : AH00341: winnt_accept: Asynchronous AcceptEx failed.
[Sun Oct 23 01:00:45.411922 2016] [mpm_winnt:warn] [pid 3192:tid 16492] (OS 64)The specified network name is no longer available.  : AH00341: winnt_accept: Asynchronous AcceptEx failed.
[Sun Oct 23 01:30:30.897458 2016] [proxy:error] [pid 3192:tid 15192] (OS 10060)A connection attempt failed because the connected party did not properly respond after a period of time, or established connection failed because connected host has failed to respond.  : AH00957: HTTP: attempt to connect to 172.22.1.51:8399 (172.22.1.51) failed
[Sun Oct 23 01:30:30.897458 2016] [proxy:error] [pid 3192:tid 15192] AH00959: ap_proxy_connect_backend disabling worker for (172.22.1.51) for 60s
[Sun Oct 23 01:30:30.897458 2016] [proxy_http:error] [pid 3192:tid 15192] [client 152.61.128.50:46862] AH01114: HTTP: failed to make connection to backend: 172.22.1.51
[Sun Oct 23 01:30:31.069058 2016] [proxy:error] [pid 3192:tid 15192] AH00940: HTTP: disabled connection for (172.22.1.51)
[Sun Oct 23 01:30:31.256259 2016] [proxy:error] [pid 3192:tid 15192] AH00940: HTTP: disabled connection for (172.22.1.51)
[Sun Oct 23 01:45:25.824230 2016] [proxy_http:error] [pid 3192:tid 14924] (OS 10053)An established connection was aborted by the software in your host machine.  : [client 190.157.17.64:50703] AH01102: error reading status line from remote server 172.22.1.31:80, referer: http://190.27.245.106/isolucionsda/Encabezado.asp?Pagina1=FrameSetGeneral.asp&&Pagina=MagazinHome.asp
[Sun Oct 23 01:45:25.824230 2016] [proxy:error] [pid 3192:tid 14924] [client 190.157.17.64:50703] AH00898: Error reading from remote server returned by /isolucionsda/g/Bot_Siguiente.jpg, referer: http://190.27.245.106/isolucionsda/Encabezado.asp?Pagina1=FrameSetGeneral.asp&&Pagina=MagazinHome.asp
[Sun Oct 23 04:10:02.044669 2016] [mpm_winnt:warn] [pid 3192:tid 16492] (OS 64)The specified network name is no longer available.  : AH00341: winnt_accept: Asynchronous AcceptEx failed.
[Sun Oct 23 04:33:17.997521 2016] [mpm_winnt:warn] [pid 3192:tid 16492] (OS 64)The specified network name is no longer available.  : AH00341: winnt_accept: Asynchronous AcceptEx failed.
[Sun Oct 23 04:59:47.031912 2016] [proxy_http:error] [pid 3192:tid 16164] (OS 10053)An established connection was aborted by the software in your host machine.  : [client 186.84.196.182:50431] AH01102: error reading status line from remote server 172.22.1.31:80, referer: http://190.27.245.106/isolucionsda/Administracion/CatalogoGlosario.asp?Pagina=Administracion/CatalogoGlosario.asp
[Sun Oct 23 05:20:22.725682 2016] [mpm_winnt:warn] [pid 3192:tid 16492] (OS 64)The specified network name is no longer available.  : AH00341: winnt_accept: Asynchronous AcceptEx failed.
[Sun Oct 23 05:20:22.725682 2016] [mpm_winnt:warn] [pid 3192:tid 16492] (OS 64)The specified network name is no longer available.  : AH00341: winnt_accept: Asynchronous AcceptEx failed.
[Sun Oct 23 05:47:33.443346 2016] [proxy_http:error] [pid 3192:tid 15584] (OS 10053)An established connection was aborted by the software in your host machine.  : [client 186.84.196.182:51829] AH01102: error reading status line from remote server 172.22.1.31:80, referer: http://190.27.245.106/IsolucionSDA/IdentificaUsuario.asp?Pagina1=FrameSetGeneral.asp&
[Sun Oct 23 05:47:33.443346 2016] [proxy:error] [pid 3192:tid 15584] [client 186.84.196.182:51829] AH00898: Error reading from remote server returned by /IsolucionSDA/g/Img_LogoIsoCabezote.jpg, referer: http://190.27.245.106/IsolucionSDA/IdentificaUsuario.asp?Pagina1=FrameSetGeneral.asp&
[Sun Oct 23 06:34:40.261911 2016] [mpm_winnt:warn] [pid 3192:tid 16492] (OS 64)The specified network name is no longer available.  : AH00341: winnt_accept: Asynchronous AcceptEx failed.
[Sun Oct 23 06:34:51.306731 2016] [mpm_winnt:warn] [pid 3192:tid 16492] (OS 64)The specified network name is no longer available.  : AH00341: winnt_accept: Asynchronous AcceptEx failed.
[Sun Oct 23 06:34:51.415931 2016] [mpm_winnt:warn] [pid 3192:tid 16492] (OS 64)The specified network name is no longer available.  : AH00341: winnt_accept: Asynchronous AcceptEx failed.
[Sun Oct 23 07:04:32.471059 2016] [proxy_http:error] [pid 3192:tid 15140] (OS 10053)An established connection was aborted by the software in your host machine.  : [client 190.156.38.113:56792] AH01102: error reading status line from remote server 172.22.1.31:80, referer: http://190.27.245.106/ISOlucionSDA/bancoconocimiento/m/mapadeprocesos__v4/mapadeprocesos__v4.asp
[Sun Oct 23 07:04:40.817074 2016] [proxy_http:error] [pid 3192:tid 16192] (OS 10053)An established connection was aborted by the software in your host machine.  : [client 190.156.38.113:56790] AH01102: error reading status line from remote server 172.22.1.31:80, referer: http://190.27.245.106/IsolucionSDA/bancoconocimiento/G/GESTIONDERECURSOSFINANCIEROS_v7/GESTIONDERECURSOSFINANCIEROS_v7.asp?Id_Articulo=9108
[Sun Oct 23 08:08:55.271844 2016] [proxy_http:error] [pid 3192:tid 15192] (OS 10053)An established connection was aborted by the software in your host machine.  : [client 190.156.38.113:57306] AH01102: error reading status line from remote server 172.22.1.31:80, referer: http://190.27.245.106/IsolucionSDA/Encabezado.asp?Pagina1=FrameSetGeneral.asp&&Pagina=MagazinHome.asp
[Sun Oct 23 08:08:55.271844 2016] [proxy:error] [pid 3192:tid 15192] [client 190.156.38.113:57306] AH00898: Error reading from remote server returned by /IsolucionSDA/g/Bot_Home.jpg, referer: http://190.27.245.106/IsolucionSDA/Encabezado.asp?Pagina1=FrameSetGeneral.asp&&Pagina=MagazinHome.asp
[Sun Oct 23 09:45:24.660412 2016] [proxy_http:error] [pid 3192:tid 16164] (OS 10053)An established connection was aborted by the software in your host machine.  : [client 190.156.38.113:57783] AH01102: error reading status line from remote server 172.22.1.31:80, referer: http://190.27.245.106/IsolucionSDA/FrameSetGeneral.asp?Pagina1=FrameSetGeneral.asp&
[Sun Oct 23 09:45:24.660412 2016] [proxy:error] [pid 3192:tid 16164] [client 190.156.38.113:57783] AH00898: Error reading from remote server returned by /IsolucionSDA/BarraFavoritos.asp, referer: http://190.27.245.106/IsolucionSDA/FrameSetGeneral.asp?Pagina1=FrameSetGeneral.asp&
[Sun Oct 23 09:45:24.707212 2016] [proxy_http:error] [pid 3192:tid 15888] (OS 10053)An established connection was aborted by the software in your host machine.  : [client 190.156.38.113:57781] AH01102: error reading status line from remote server 172.22.1.31:80, referer: http://190.27.245.106/IsolucionSDA/Encabezado.asp?Pagina1=FrameSetGeneral.asp&&Pagina=MagazinHome.asp
[Sun Oct 23 10:36:35.713006 2016] [mpm_winnt:warn] [pid 3192:tid 16492] (OS 64)The specified network name is no longer available.  : AH00341: winnt_accept: Asynchronous AcceptEx failed.
[Sun Oct 23 10:36:35.713006 2016] [mpm_winnt:warn] [pid 3192:tid 16492] (OS 64)The specified network name is no longer available.  : AH00341: winnt_accept: Asynchronous AcceptEx failed.
[Sun Oct 23 10:36:35.713006 2016] [mpm_winnt:warn] [pid 3192:tid 16492] (OS 64)The specified network name is no longer available.  : AH00341: winnt_accept: Asynchronous AcceptEx failed.
[Sun Oct 23 10:36:35.713006 2016] [mpm_winnt:warn] [pid 3192:tid 16492] (OS 64)The specified network name is no longer available.  : AH00341: winnt_accept: Asynchronous AcceptEx failed.
[Sun Oct 23 10:36:35.713006 2016] [mpm_winnt:warn] [pid 3192:tid 16492] (OS 64)The specified network name is no longer available.  : AH00341: winnt_accept: Asynchronous AcceptEx failed.
[Sun Oct 23 10:36:35.713006 2016] [mpm_winnt:warn] [pid 3192:tid 16492] (OS 64)The specified network name is no longer available.  : AH00341: winnt_accept: Asynchronous AcceptEx failed.
[Sun Oct 23 10:36:35.713006 2016] [mpm_winnt:warn] [pid 3192:tid 16492] (OS 64)The specified network name is no longer available.  : AH00341: winnt_accept: Asynchronous AcceptEx failed.
[Sun Oct 23 10:36:35.713006 2016] [mpm_winnt:warn] [pid 3192:tid 16492] (OS 64)The specified network name is no longer available.  : AH00341: winnt_accept: Asynchronous AcceptEx failed.
[Sun Oct 23 10:38:12.729577 2016] [mpm_winnt:warn] [pid 3192:tid 16492] (OS 64)The specified network name is no longer available.  : AH00341: winnt_accept: Asynchronous AcceptEx failed.
[Sun Oct 23 10:58:10.905281 2016] [core:error] [pid 3192:tid 15684] (20024)The given path is misformatted or contained invalid characters: [client 1.237.177.12:28550] AH00127: Cannot map GET /galeria/carrusel/Carrusel/jquery-ui-%0A%0A1.8.13.custom.min.js HTTP/1.1 to file, referer: http://ambientebogota.gov.co
[Sun Oct 23 11:43:00.194005 2016] [proxy_http:error] [pid 3192:tid 15952] (OS 10053)An established connection was aborted by the software in your host machine.  : [client 190.156.38.113:57604] AH01102: error reading status line from remote server 172.22.1.31:80, referer: http://190.27.245.106/IsolucionSDA/FrameSetGeneral.asp?Pagina1=FrameSetGeneral.asp&
[Sun Oct 23 11:43:00.194005 2016] [proxy:error] [pid 3192:tid 15952] [client 190.156.38.113:57604] AH00898: Error reading from remote server returned by /IsolucionSDA/BarraFavoritos.asp, referer: http://190.27.245.106/IsolucionSDA/FrameSetGeneral.asp?Pagina1=FrameSetGeneral.asp&
[Sun Oct 23 11:43:02.814809 2016] [proxy_http:error] [pid 3192:tid 15684] (OS 10053)An established connection was aborted by the software in your host machine.  : [client 190.156.38.113:57607] AH01102: error reading status line from remote server 172.22.1.31:80, referer: http://190.27.245.106/IsolucionSDA/FrameSetGeneral.asp?Pagina=SucursalSeleccion.asp&CargaPagina=ModuloProcesos&IdModulo=3
[Sun Oct 23 11:43:02.814809 2016] [proxy:error] [pid 3192:tid 15684] [client 190.156.38.113:57607] AH00898: Error reading from remote server returned by /IsolucionSDA/BarraTitulos.asp, referer: http://190.27.245.106/IsolucionSDA/FrameSetGeneral.asp?Pagina=SucursalSeleccion.asp&CargaPagina=ModuloProcesos&IdModulo=3
[Sun Oct 23 12:06:53.150121 2016] [core:error] [pid 3192:tid 15704] (20024)The given path is misformatted or contained invalid characters: [client 207.46.13.2:12203] AH00127: Cannot map GET /www.ambientebogota.gov.co:81/ HTTP/1.1 to file
[Sun Oct 23 12:41:38.140584 2016] [proxy_http:error] [pid 3192:tid 16192] (OS 10053)An established connection was aborted by the software in your host machine.  : [client 190.156.38.113:60117] AH01102: error reading status line from remote server 172.22.1.31:80, referer: http://190.27.245.106/IsolucionSDA/FrameSetGeneral.asp?Pagina1=FrameSetGeneral.asp&
[Sun Oct 23 12:41:38.140584 2016] [proxy:error] [pid 3192:tid 16192] [client 190.156.38.113:60117] AH00898: Error reading from remote server returned by /IsolucionSDA/BarraFavoritos.asp, referer: http://190.27.245.106/IsolucionSDA/FrameSetGeneral.asp?Pagina1=FrameSetGeneral.asp&
[Sun Oct 23 13:00:21.326956 2016] [mpm_winnt:warn] [pid 3192:tid 16492] (OS 64)The specified network name is no longer available.  : AH00341: winnt_accept: Asynchronous AcceptEx failed.
[Sun Oct 23 13:06:18.583184 2016] [mpm_winnt:warn] [pid 3192:tid 16492] (OS 64)The specified network name is no longer available.  : AH00341: winnt_accept: Asynchronous AcceptEx failed.
[Sun Oct 23 13:23:51.319833 2016] [access_compat:error] [pid 3192:tid 15668] [client 200.44.170.61:58632] AH01797: client denied by server configuration: E:/nuevo/phpMyAdmin/
[Sun Oct 23 13:23:51.413433 2016] [access_compat:error] [pid 3192:tid 15668] [client 200.44.170.61:58632] AH01797: client denied by server configuration: E:/nuevo/htdocs/phpMyadmin
[Sun Oct 23 13:23:51.538233 2016] [access_compat:error] [pid 3192:tid 15668] [client 200.44.170.61:58632] AH01797: client denied by server configuration: E:/nuevo/htdocs/phpMyAdmin
[Sun Oct 23 13:23:51.631833 2016] [access_compat:error] [pid 3192:tid 15668] [client 200.44.170.61:58632] AH01797: client denied by server configuration: E:/nuevo/htdocs/phpmyAdmin
[Sun Oct 23 13:23:51.725434 2016] [access_compat:error] [pid 3192:tid 15668] [client 200.44.170.61:58632] AH01797: client denied by server configuration: E:/nuevo/htdocs/phpmyadmin2
[Sun Oct 23 13:23:51.834634 2016] [access_compat:error] [pid 3192:tid 15668] [client 200.44.170.61:58632] AH01797: client denied by server configuration: E:/nuevo/htdocs/phpmyadmin3
[Sun Oct 23 13:23:51.928234 2016] [access_compat:error] [pid 3192:tid 15668] [client 200.44.170.61:58632] AH01797: client denied by server configuration: E:/nuevo/htdocs/phpmyadmin4
[Sun Oct 23 13:23:59.166647 2016] [access_compat:error] [pid 3192:tid 15668] [client 200.44.170.61:58632] AH01797: client denied by server configuration: E:/nuevo/htdocs/phpMyAdmin2
[Sun Oct 23 13:23:59.275847 2016] [access_compat:error] [pid 3192:tid 15668] [client 200.44.170.61:58632] AH01797: client denied by server configuration: E:/nuevo/htdocs/phpMyAdmin3
[Sun Oct 23 13:23:59.416247 2016] [access_compat:error] [pid 3192:tid 15668] [client 200.44.170.61:58632] AH01797: client denied by server configuration: E:/nuevo/htdocs/phpMyAdmin4
[Sun Oct 23 13:23:59.541047 2016] [access_compat:error] [pid 3192:tid 15668] [client 200.44.170.61:58632] AH01797: client denied by server configuration: E:/nuevo/htdocs/phpMyAdmin-3
[Sun Oct 23 13:43:36.734715 2016] [core:error] [pid 3192:tid 15804] (20024)The given path is misformatted or contained invalid characters: [client 207.46.13.130:23082] AH00127: Cannot map GET /www.ambientebogota.gov.co:81/ HTTP/1.1 to file
[Sun Oct 23 14:08:13.324108 2016] [proxy_http:error] [pid 3192:tid 15340] (OS 10053)An established connection was aborted by the software in your host machine.  : [client 201.245.192.253:55282] AH01102: error reading status line from remote server 172.22.1.31:80, referer: http://190.27.245.106/isolucionsda/FrameSetGeneral.asp?Pagina1=FrameSetGeneral.asp&
[Sun Oct 23 14:08:13.324108 2016] [proxy:error] [pid 3192:tid 15340] [client 201.245.192.253:55282] AH00898: Error reading from remote server returned by /isolucionsda/BarraFavoritos.asp, referer: http://190.27.245.106/isolucionsda/FrameSetGeneral.asp?Pagina1=FrameSetGeneral.asp&
[Sun Oct 23 14:33:12.003141 2016] [mpm_winnt:warn] [pid 3192:tid 16492] (OS 64)The specified network name is no longer available.  : AH00341: winnt_accept: Asynchronous AcceptEx failed.
[Sun Oct 23 14:36:35.396298 2016] [proxy_http:error] [pid 3192:tid 15656] (OS 10053)An established connection was aborted by the software in your host machine.  : [client 201.245.192.253:56395] AH01102: error reading status line from remote server 172.22.1.31:80
[Sun Oct 23 14:56:05.507553 2016] [proxy_http:error] [pid 3192:tid 16156] (OS 10053)An established connection was aborted by the software in your host machine.  : [client 201.245.192.253:57164] AH01102: error reading status line from remote server 172.22.1.31:80, referer: http://190.27.245.106/isolucionsda/Administracion/SalaEdicion/Articulo.asp
[Sun Oct 23 14:56:05.507553 2016] [proxy:error] [pid 3192:tid 16156] [client 201.245.192.253:57164] AH00898: Error reading from remote server returned by /isolucionsda/Administracion/SalaEdicion/g/GifTransparente.gif, referer: http://190.27.245.106/isolucionsda/Administracion/SalaEdicion/Articulo.asp
[Sun Oct 23 15:03:09.641098 2016] [proxy_http:error] [pid 3192:tid 16216] (OS 10053)An established connection was aborted by the software in your host machine.  : [client 201.245.192.253:57402] AH01102: error reading status line from remote server 172.22.1.31:80, referer: http://190.27.245.106/isolucionsda/Administracion/SalaEdicion/Articulo.asp
[Sun Oct 23 15:03:09.641098 2016] [proxy:error] [pid 3192:tid 16216] [client 201.245.192.253:57402] AH00898: Error reading from remote server returned by /isolucionsda/javascript/ClickValidation.js, referer: http://190.27.245.106/isolucionsda/Administracion/SalaEdicion/Articulo.asp
[Sun Oct 23 15:13:30.397388 2016] [proxy_http:error] [pid 3192:tid 15340] (OS 10053)An established connection was aborted by the software in your host machine.  : [client 201.245.192.253:57737] AH01102: error reading status line from remote server 172.22.1.31:80, referer: http://190.27.245.106/isolucionsda/Administracion/SalaEdicion/Articulo.asp
[Sun Oct 23 15:13:30.397388 2016] [proxy:error] [pid 3192:tid 15340] [client 201.245.192.253:57737] AH00898: Error reading from remote server returned by /isolucionsda/Administracion/SalaEdicion/g/GifTransparente.gif, referer: http://190.27.245.106/isolucionsda/Administracion/SalaEdicion/Articulo.asp
[Sun Oct 23 15:54:12.191677 2016] [mpm_winnt:warn] [pid 3192:tid 16492] (OS 64)The specified network name is no longer available.  : AH00341: winnt_accept: Asynchronous AcceptEx failed.
[Sun Oct 23 16:24:47.597301 2016] [proxy_http:error] [pid 3192:tid 15212] (OS 10053)An established connection was aborted by the software in your host machine.  : [client 201.245.192.253:47525] AH01102: error reading status line from remote server 172.22.1.31:80, referer: http://190.27.245.106/isolucionsda/Administracion/SalaEdicion/Articulo.asp?Id_Articulo=10242
[Sun Oct 23 16:24:47.597301 2016] [proxy:error] [pid 3192:tid 15212] [client 201.245.192.253:47525] AH00898: Error reading from remote server returned by /isolucionsda/javascript/ClickValidation.js, referer: http://190.27.245.106/isolucionsda/Administracion/SalaEdicion/Articulo.asp?Id_Articulo=10242
[Sun Oct 23 16:53:15.316700 2016] [mpm_winnt:warn] [pid 3192:tid 16492] (OS 64)The specified network name is no longer available.  : AH00341: winnt_accept: Asynchronous AcceptEx failed.
[Sun Oct 23 16:53:15.316700 2016] [mpm_winnt:warn] [pid 3192:tid 16492] (OS 64)The specified network name is no longer available.  : AH00341: winnt_accept: Asynchronous AcceptEx failed.
[Sun Oct 23 17:26:20.404587 2016] [proxy_http:error] [pid 3192:tid 15408] (OS 10053)An established connection was aborted by the software in your host machine.  : [client 201.245.192.253:49485] AH01102: error reading status line from remote server 172.22.1.31:80, referer: http://190.27.245.106/isolucionsda/FrameSetGeneral.asp?Pagina1=FrameSetGeneral.asp&
[Sun Oct 23 17:26:20.404587 2016] [proxy:error] [pid 3192:tid 15408] [client 201.245.192.253:49485] AH00898: Error reading from remote server returned by /isolucionsda/MagazinHome.asp, referer: http://190.27.245.106/isolucionsda/FrameSetGeneral.asp?Pagina1=FrameSetGeneral.asp&
[Sun Oct 23 17:26:20.404587 2016] [proxy_http:error] [pid 3192:tid 14928] (OS 10053)An established connection was aborted by the software in your host machine.  : [client 201.245.192.253:49484] AH01102: error reading status line from remote server 172.22.1.31:80, referer: http://190.27.245.106/isolucionsda/FrameSetGeneral.asp?Pagina1=FrameSetGeneral.asp&
[Sun Oct 23 17:26:20.404587 2016] [proxy:error] [pid 3192:tid 14928] [client 201.245.192.253:49484] AH00898: Error reading from remote server returned by /isolucionsda/BarraTitulos.asp, referer: http://190.27.245.106/isolucionsda/FrameSetGeneral.asp?Pagina1=FrameSetGeneral.asp&
[Sun Oct 23 17:26:20.420187 2016] [proxy_http:error] [pid 3192:tid 15140] (OS 10053)An established connection was aborted by the software in your host machine.  : [client 201.245.192.253:49486] AH01102: error reading status line from remote server 172.22.1.31:80, referer: http://190.27.245.106/isolucionsda/FrameSetGeneral.asp?Pagina1=FrameSetGeneral.asp&
[Sun Oct 23 17:26:20.420187 2016] [proxy:error] [pid 3192:tid 15140] [client 201.245.192.253:49486] AH00898: Error reading from remote server returned by /isolucionsda/BarraFavoritos.asp, referer: http://190.27.245.106/isolucionsda/FrameSetGeneral.asp?Pagina1=FrameSetGeneral.asp&
[Sun Oct 23 17:41:01.104134 2016] [proxy_http:error] [pid 3192:tid 15284] (OS 10053)An established connection was aborted by the software in your host machine.  : [client 201.245.192.253:50009] AH01102: error reading status line from remote server 172.22.1.31:80, referer: http://190.27.245.106/isolucionsda/FrameSetGeneral.asp?Pagina=Menu.asp&IdModulo=7
[Sun Oct 23 17:41:01.104134 2016] [proxy:error] [pid 3192:tid 15284] [client 201.245.192.253:50009] AH00898: Error reading from remote server returned by /isolucionsda/BarraTitulos.asp, referer: http://190.27.245.106/isolucionsda/FrameSetGeneral.asp?Pagina=Menu.asp&IdModulo=7
[Sun Oct 23 17:41:13.693356 2016] [proxy_http:error] [pid 3192:tid 15140] (OS 10053)An established connection was aborted by the software in your host machine.  : [client 201.245.192.253:50011] AH01102: error reading status line from remote server 172.22.1.31:80, referer: http://190.27.245.106/isolucionsda/FrameSetGeneral.asp?Pagina=Menu.asp&IdModulo=7
[Sun Oct 23 17:41:13.693356 2016] [proxy:error] [pid 3192:tid 15140] [client 201.245.192.253:50011] AH00898: Error reading from remote server returned by /isolucionsda/BarraFavoritos.asp, referer: http://190.27.245.106/isolucionsda/FrameSetGeneral.asp?Pagina=Menu.asp&IdModulo=7
[Sun Oct 23 18:23:58.712261 2016] [proxy_http:error] [pid 3192:tid 15340] (OS 10053)An established connection was aborted by the software in your host machine.  : [client 201.245.192.253:51315] AH01102: error reading status line from remote server 172.22.1.31:80, referer: http://190.27.245.106/isolucionsda/FrameSetGeneral.asp?Pagina1=FrameSetGeneral.asp&
[Sun Oct 23 18:23:58.712261 2016] [proxy:error] [pid 3192:tid 15340] [client 201.245.192.253:51315] AH00898: Error reading from remote server returned by /isolucionsda/BarraTitulos.asp, referer: http://190.27.245.106/isolucionsda/FrameSetGeneral.asp?Pagina1=FrameSetGeneral.asp&
[Sun Oct 23 18:24:05.014672 2016] [proxy_http:error] [pid 3192:tid 15300] (OS 10053)An established connection was aborted by the software in your host machine.  : [client 201.245.192.253:51313] AH01102: error reading status line from remote server 172.22.1.31:80, referer: http://190.27.245.106/isolucionsda/Encabezado.asp?Pagina1=FrameSetGeneral.asp&&Pagina=MagazinHome.asp
[Sun Oct 23 18:30:59.117400 2016] [proxy_http:error] [pid 3192:tid 15904] (OS 10053)An established connection was aborted by the software in your host machine.  : [client 186.84.196.182:58088] AH01102: error reading status line from remote server 172.22.1.31:80, referer: http://190.27.245.106/IsolucionSDA/Administracion/SalaEdicion/Articulo.asp?Id_Articulo=10227
[Sun Oct 23 18:30:59.117400 2016] [proxy:error] [pid 3192:tid 15904] [client 186.84.196.182:58088] AH00898: Error reading from remote server returned by /IsolucionSDA/javascript/ClickValidation.js, referer: http://190.27.245.106/IsolucionSDA/Administracion/SalaEdicion/Articulo.asp?Id_Articulo=10227
[Sun Oct 23 18:30:59.585400 2016] [proxy_http:error] [pid 3192:tid 15140] (OS 10053)An established connection was aborted by the software in your host machine.  : [client 186.84.196.182:58090] AH01102: error reading status line from remote server 172.22.1.31:80, referer: http://190.27.245.106/IsolucionSDA/Administracion/SalaEdicion/Articulo.asp?Id_Articulo=10227
[Sun Oct 23 18:30:59.585400 2016] [proxy:error] [pid 3192:tid 15140] [client 186.84.196.182:58090] AH00898: Error reading from remote server returned by /IsolucionSDA/g/Img_Lado01H.gif, referer: http://190.27.245.106/IsolucionSDA/Administracion/SalaEdicion/Articulo.asp?Id_Articulo=10227
[Sun Oct 23 18:30:59.585400 2016] [proxy_http:error] [pid 3192:tid 15576] (OS 10053)An established connection was aborted by the software in your host machine.  : [client 186.84.196.182:58089] AH01102: error reading status line from remote server 172.22.1.31:80, referer: http://190.27.245.106/IsolucionSDA/Administracion/SalaEdicion/Articulo.asp?Id_Articulo=10227
[Sun Oct 23 18:30:59.585400 2016] [proxy:error] [pid 3192:tid 15576] [client 186.84.196.182:58089] AH00898: Error reading from remote server returned by /IsolucionSDA/g/Img_TopMenu.jpg, referer: http://190.27.245.106/IsolucionSDA/Administracion/SalaEdicion/Articulo.asp?Id_Articulo=10227
[Sun Oct 23 18:38:16.604568 2016] [proxy_http:error] [pid 3192:tid 15300] (OS 10053)An established connection was aborted by the software in your host machine.  : [client 186.145.174.63:57114] AH01102: error reading status line from remote server 172.22.1.31:80, referer: http://190.27.245.106/isolucionsda/FrameSetGeneral.asp?Pagina=Menu.asp&IdModulo=4
[Sun Oct 23 18:38:16.604568 2016] [proxy:error] [pid 3192:tid 15300] [client 186.145.174.63:57114] AH00898: Error reading from remote server returned by /isolucionsda/Menu.asp, referer: http://190.27.245.106/isolucionsda/FrameSetGeneral.asp?Pagina=Menu.asp&IdModulo=4
[Sun Oct 23 19:10:32.661569 2016] [proxy_http:error] [pid 3192:tid 15340] (OS 10053)An established connection was aborted by the software in your host machine.  : [client 186.145.174.63:57350] AH01102: error reading status line from remote server 172.22.1.31:80, referer: http://190.27.245.106/isolucionsda/Session.asp
[Sun Oct 23 19:10:32.661569 2016] [proxy:error] [pid 3192:tid 15340] [client 186.145.174.63:57350] AH00898: Error reading from remote server returned by /isolucionsda/Session.asp, referer: http://190.27.245.106/isolucionsda/Session.asp
[Sun Oct 23 19:12:42.422596 2016] [proxy_http:error] [pid 3192:tid 16164] (OS 10053)An established connection was aborted by the software in your host machine.  : [client 181.50.63.19:50176] AH01102: error reading status line from remote server 172.22.1.31:80, referer: http://190.27.245.106/isolucionsda/FrameSetGeneral.asp?Pagina1=FrameSetGeneral.asp&
[Sun Oct 23 19:12:47.508205 2016] [proxy_http:error] [pid 3192:tid 15424] (OS 10053)An established connection was aborted by the software in your host machine.  : [client 181.50.63.19:50179] AH01102: error reading status line from remote server 172.22.1.31:80, referer: http://190.27.245.106/isolucionsda/MagazinHome.asp
[Sun Oct 23 19:41:08.971994 2016] [proxy_http:error] [pid 3192:tid 15020] (OS 10053)An established connection was aborted by the software in your host machine.  : [client 186.145.174.63:57518] AH01102: error reading status line from remote server 172.22.1.31:80, referer: http://190.27.245.106/IsolucionSDA/FrameSetGeneral.asp?Pagina=Menu.asp&IdModulo=4
[Sun Oct 23 19:41:08.971994 2016] [proxy:error] [pid 3192:tid 15020] [client 186.145.174.63:57518] AH00898: Error reading from remote server returned by /IsolucionSDA/BarraTitulos.asp, referer: http://190.27.245.106/IsolucionSDA/FrameSetGeneral.asp?Pagina=Menu.asp&IdModulo=4
[Sun Oct 23 20:09:43.727006 2016] [proxy_http:error] [pid 3192:tid 15832] (OS 10053)An established connection was aborted by the software in your host machine.  : [client 186.145.174.63:57737] AH01102: error reading status line from remote server 172.22.1.31:80, referer: http://190.27.245.106/IsolucionSDA/FrameSetArticulo.asp?Pagina=/IsolucionSDA/BancoConocimiento/F/Flujogramadelprocedimiento126PM04-PR116_v1/Flujogramadelprocedimiento126PM04-PR116_v1.asp?IdArticulo=9579
[Sun Oct 23 20:09:43.727006 2016] [proxy:error] [pid 3192:tid 15832] [client 186.145.174.63:57737] AH00898: Error reading from remote server returned by /IsolucionSDA/BancoConocimiento/F/Flujogramadelprocedimiento126PM04-PR116_v1/Flujogramadelprocedimiento126PM04-PR116_v1.asp, referer: http://190.27.245.106/IsolucionSDA/FrameSetArticulo.asp?Pagina=/IsolucionSDA/BancoConocimiento/F/Flujogramadelprocedimiento126PM04-PR116_v1/Flujogramadelprocedimiento126PM04-PR116_v1.asp?IdArticulo=9579
[Sun Oct 23 20:13:23.546992 2016] [proxy_http:error] [pid 3192:tid 15332] (OS 10053)An established connection was aborted by the software in your host machine.  : [client 186.28.141.146:26011] AH01102: error reading status line from remote server 172.22.1.31:80, referer: http://190.27.245.106/IsolucionSDA/bancoconocimiento/G/GESTIONAMBIENTALYDESARROLLORURAL_v6/GESTIONAMBIENTALYDESARROLLORURAL_v6.asp?IdArticulo=6829
[Sun Oct 23 20:13:23.562592 2016] [proxy_http:error] [pid 3192:tid 15232] (OS 10053)An established connection was aborted by the software in your host machine.  : [client 186.28.141.146:26017] AH01102: error reading status line from remote server 172.22.1.31:80, referer: http://190.27.245.106/IsolucionSDA/bancoconocimiento/G/GESTIONAMBIENTALYDESARROLLORURAL_v6/GESTIONAMBIENTALYDESARROLLORURAL_v6.asp?IdArticulo=6829
[Sun Oct 23 20:13:56.868650 2016] [proxy_http:error] [pid 3192:tid 15536] (OS 10053)An established connection was aborted by the software in your host machine.  : [client 186.28.141.146:26176] AH01102: error reading status line from remote server 172.22.1.31:80, referer: http://190.27.245.106/IsolucionSDA/Arriba.asp?Pagina=/IsolucionSDA/bancoconocimiento/S/Seguimientoacontratosdeareasprotegidasodeinteresambiental_v8/Seguimientoacontratosdeareasprotegidasodeinteresambiental_v8.asp?IdArticulo=9444
[Sun Oct 23 20:13:56.868650 2016] [proxy:error] [pid 3192:tid 15536] [client 186.28.141.146:26176] AH00898: Error reading from remote server returned by /IsolucionSDA/g/icono_noconformidad.jpg, referer: http://190.27.245.106/IsolucionSDA/Arriba.asp?Pagina=/IsolucionSDA/bancoconocimiento/S/Seguimientoacontratosdeareasprotegidasodeinteresambiental_v8/Seguimientoacontratosdeareasprotegidasodeinteresambiental_v8.asp?IdArticulo=9444
[Sun Oct 23 20:29:44.008714 2016] [proxy_http:error] [pid 3192:tid 16104] (OS 10053)An established connection was aborted by the software in your host machine.  : [client 186.28.141.146:27618] AH01102: error reading status line from remote server 172.22.1.31:80, referer: http://190.27.245.106/isolucionsda/FrameSetGeneral.asp?Pagina=BancoConocimiento/M/MECINuevo/MECINuevo.asp&IdModulo=16
[Sun Oct 23 20:29:44.008714 2016] [proxy:error] [pid 3192:tid 16104] [client 186.28.141.146:27618] AH00898: Error reading from remote server returned by /isolucionsda/BarraFavoritos.asp, referer: http://190.27.245.106/isolucionsda/FrameSetGeneral.asp?Pagina=BancoConocimiento/M/MECINuevo/MECINuevo.asp&IdModulo=16
[Sun Oct 23 20:29:46.036717 2016] [proxy_http:error] [pid 3192:tid 16164] (OS 10053)An established connection was aborted by the software in your host machine.  : [client 186.28.141.146:27616] AH01102: error reading status line from remote server 172.22.1.31:80, referer: http://190.27.245.106/isolucionsda/modulomeci.asp?codmodulo=3
[Sun Oct 23 20:29:46.145918 2016] [proxy_http:error] [pid 3192:tid 15284] (OS 10053)An established connection was aborted by the software in your host machine.  : [client 186.28.141.146:27617] AH01102: error reading status line from remote server 172.22.1.31:80, referer: http://190.27.245.106/isolucionsda/modulomeci.asp?codmodulo=3
[Sun Oct 23 21:33:11.133001 2016] [mpm_winnt:warn] [pid 3192:tid 16492] (OS 64)The specified network name is no longer available.  : AH00341: winnt_accept: Asynchronous AcceptEx failed.
[Sun Oct 23 21:49:29.597919 2016] [mpm_winnt:warn] [pid 3192:tid 16492] (OS 64)The specified network name is no longer available.  : AH00341: winnt_accept: Asynchronous AcceptEx failed.
[Sun Oct 23 21:52:33.522242 2016] [proxy_http:error] [pid 3192:tid 15392] (OS 10053)An established connection was aborted by the software in your host machine.  : [client 186.84.104.148:58777] AH01102: error reading status line from remote server 172.22.1.31:80, referer: http://190.27.245.106/IsolucionSDA/IdentificaUsuario.asp?Pagina1=FrameSetGeneral.asp&
[Sun Oct 23 21:52:33.522242 2016] [proxy:error] [pid 3192:tid 15392] [client 186.84.104.148:58777] AH00898: Error reading from remote server returned by /IsolucionSDA/g/shim.gif, referer: http://190.27.245.106/IsolucionSDA/IdentificaUsuario.asp?Pagina1=FrameSetGeneral.asp&
[Sun Oct 23 21:52:35.441046 2016] [proxy_http:error] [pid 3192:tid 15852] (OS 10053)An established connection was aborted by the software in your host machine.  : [client 186.84.104.148:58781] AH01102: error reading status line from remote server 172.22.1.31:80, referer: http://190.27.245.106/IsolucionSDA/BarraTitulos.asp?Pagina1=FrameSetGeneral.asp&&Pagina=MagazinHome.asp
[Sun Oct 23 21:52:35.441046 2016] [proxy:error] [pid 3192:tid 15852] [client 186.84.104.148:58781] AH00898: Error reading from remote server returned by /IsolucionSDA/g/Img_BarraCurva.jpg, referer: http://190.27.245.106/IsolucionSDA/BarraTitulos.asp?Pagina1=FrameSetGeneral.asp&&Pagina=MagazinHome.asp
[Sun Oct 23 22:30:58.129890 2016] [proxy_http:error] [pid 3192:tid 15960] (OS 10053)An established connection was aborted by the software in your host machine.  : [client 190.9.200.234:38694] AH01102: error reading status line from remote server 172.22.1.31:80, referer: http://190.27.245.106/isolucionsda/FrameSetGeneral.asp?Pagina=Menu.asp&IdModulo=4
[Sun Oct 23 22:30:58.129890 2016] [proxy:error] [pid 3192:tid 15960] [client 190.9.200.234:38694] AH00898: Error reading from remote server returned by /isolucionsda/Menu.asp, referer: http://190.27.245.106/isolucionsda/FrameSetGeneral.asp?Pagina=Menu.asp&IdModulo=4
[Sun Oct 23 23:04:19.597806 2016] [core:error] [pid 3192:tid 16128] (20024)The given path is misformatted or contained invalid characters: [client 65.208.151.115:36825] AH00127: Cannot map GET /www.ambientebogota.gov.co:81/ HTTP/1.1 to file, referer: http://190.27.245.106/
[Sun Oct 23 23:05:41.919150 2016] [core:error] [pid 3192:tid 15392] [client 183.129.160.229:53712] AH00135: Invalid method in request test
[Sun Oct 23 23:32:06.086333 2016] [proxy_http:error] [pid 3192:tid 15576] (OS 10053)An established connection was aborted by the software in your host machine.  : [client 186.84.104.148:59385] AH01102: error reading status line from remote server 172.22.1.31:80, referer: http://190.27.245.106/IsolucionSDA/FrameSetGeneral.asp?Pagina1=FrameSetGeneral.asp&
[Sun Oct 23 23:32:06.086333 2016] [proxy:error] [pid 3192:tid 15576] [client 186.84.104.148:59385] AH00898: Error reading from remote server returned by /IsolucionSDA/BarraTitulos.asp, referer: http://190.27.245.106/IsolucionSDA/FrameSetGeneral.asp?Pagina1=FrameSetGeneral.asp&
[Sun Oct 23 23:32:06.148733 2016] [proxy_http:error] [pid 3192:tid 14928] (OS 10053)An established connection was aborted by the software in your host machine.  : [client 186.84.104.148:59381] AH01102: error reading status line from remote server 172.22.1.31:80, referer: http://190.27.245.106/IsolucionSDA/Encabezado.asp?Pagina1=FrameSetGeneral.asp&&Pagina=MagazinHome.asp
[Sun Oct 23 23:32:08.239136 2016] [proxy_http:error] [pid 3192:tid 15848] (OS 10053)An established connection was aborted by the software in your host machine.  : [client 186.84.104.148:59389] AH01102: error reading status line from remote server 172.22.1.31:80, referer: http://190.27.245.106/IsolucionSDA/FrameSetGeneral.asp?Pagina=SucursalSeleccion.asp&CargaPagina=ModuloProcesos&IdModulo=3
[Sun Oct 23 23:32:08.239136 2016] [proxy:error] [pid 3192:tid 15848] [client 186.84.104.148:59389] AH00898: Error reading from remote server returned by /IsolucionSDA/BarraFavoritos.asp, referer: http://190.27.245.106/IsolucionSDA/FrameSetGeneral.asp?Pagina=SucursalSeleccion.asp&CargaPagina=ModuloProcesos&IdModulo=3
[Sun Oct 23 23:32:10.126740 2016] [proxy_http:error] [pid 3192:tid 15392] (OS 10053)An established connection was aborted by the software in your host machine.  : [client 186.84.104.148:59388] AH01102: error reading status line from remote server 172.22.1.31:80, referer: http://190.27.245.106/IsolucionSDA/FrameSetGeneral.asp?Pagina=SucursalSeleccion.asp&CargaPagina=ModuloProcesos&IdModulo=3
[Sun Oct 23 23:32:10.126740 2016] [proxy:error] [pid 3192:tid 15392] [client 186.84.104.148:59388] AH00898: Error reading from remote server returned by /IsolucionSDA/BarraTitulos.asp, referer: http://190.27.245.106/IsolucionSDA/FrameSetGeneral.asp?Pagina=SucursalSeleccion.asp&CargaPagina=ModuloProcesos&IdModulo=3

:: Command execute ::

Enter:
 
Select:
 

:: Search ::
regexp 

:: Upload ::
 
[ ok ]

:: Make Dir ::
 
[ ok ]
:: Make File ::
 
[ ok ]

:: Go Dir ::
 
:: Go File ::
 

--[ c99shell v. 1.0 pre-release build #13 powered by Captain Crunch Security Team | http://ccteam.ru | Generation time: 0.0624 ]--