!C99Shell v. 1.0 pre-release build #13!

Software: Apache. PHP/5.5.15 

uname -a: Windows NT SVR-DMZ 6.1 build 7600 (Windows Server 2008 R2 Enterprise Edition) i586 

SYSTEM 

Safe-mode: OFF (not secure)

E:\nuevo\apache\logs\   drwxrwxrwx
Free 8.02 GB of 239.26 GB (3.35%)
Detected drives: [ a ] [ c ] [ d ] [ e ] [ f ]
Home    Back    Forward    UPDIR    Refresh    Search    Buffer    Encoder    Tools    Proc.    FTP brute    Sec.    SQL    PHP-code    Update    Feedback    Self remove    Logout    


Viewing file:     error.2016.10.24.log (23.2 KB)      -rw-rw-rw-
Select action/file-type:
(+) | (+) | (+) | Code (+) | Session (+) | (+) | SDB (+) | (+) | (+) | (+) | (+) | (+) |
[Mon Oct 24 01:24:40.102595 2016] [proxy:error] [pid 3192:tid 15232] (OS 10060)A connection attempt failed because the connected party did not properly respond after a period of time, or established connection failed because connected host has failed to respond.  : AH00957: HTTP: attempt to connect to 172.22.1.51:8399 (172.22.1.51) failed
[Mon Oct 24 01:24:40.102595 2016] [proxy:error] [pid 3192:tid 15232] AH00959: ap_proxy_connect_backend disabling worker for (172.22.1.51) for 60s
[Mon Oct 24 01:24:40.102595 2016] [proxy_http:error] [pid 3192:tid 15232] [client 152.61.128.50:51948] AH01114: HTTP: failed to make connection to backend: 172.22.1.51
[Mon Oct 24 01:24:40.289796 2016] [proxy:error] [pid 3192:tid 15232] AH00940: HTTP: disabled connection for (172.22.1.51)
[Mon Oct 24 01:26:18.913169 2016] [proxy:error] [pid 3192:tid 15848] (OS 10060)A connection attempt failed because the connected party did not properly respond after a period of time, or established connection failed because connected host has failed to respond.  : AH00957: HTTP: attempt to connect to 172.22.1.51:8399 (172.22.1.51) failed
[Mon Oct 24 01:26:18.913169 2016] [proxy:error] [pid 3192:tid 15848] AH00959: ap_proxy_connect_backend disabling worker for (172.22.1.51) for 60s
[Mon Oct 24 01:26:18.913169 2016] [proxy_http:error] [pid 3192:tid 15848] [client 152.61.128.50:56276] AH01114: HTTP: failed to make connection to backend: 172.22.1.51
[Mon Oct 24 01:26:19.084769 2016] [proxy:error] [pid 3192:tid 15848] AH00940: HTTP: disabled connection for (172.22.1.51)
[Mon Oct 24 01:26:19.271970 2016] [proxy:error] [pid 3192:tid 15848] AH00940: HTTP: disabled connection for (172.22.1.51)
[Mon Oct 24 02:17:46.439392 2016] [mpm_winnt:warn] [pid 3192:tid 16492] (OS 64)The specified network name is no longer available.  : AH00341: winnt_accept: Asynchronous AcceptEx failed.
[Mon Oct 24 02:21:45.946613 2016] [core:error] [pid 3192:tid 15456] (20024)The given path is misformatted or contained invalid characters: [client 14.20.101.94:12774] AH00127: Cannot map HEAD /www.ambientebogota.gov.co:81/ HTTP/1.1 to file
[Mon Oct 24 02:21:56.320631 2016] [core:error] [pid 3192:tid 15456] (20024)The given path is misformatted or contained invalid characters: [client 14.20.101.94:12774] AH00127: Cannot map GET /www.ambientebogota.gov.co:81/ HTTP/1.1 to file
[Mon Oct 24 02:21:58.988235 2016] [core:error] [pid 3192:tid 15456] (20024)The given path is misformatted or contained invalid characters: [client 14.20.101.94:14174] AH00127: Cannot map HEAD /www.ambientebogota.gov.co:81 HTTP/1.1 to file
[Mon Oct 24 02:22:09.409054 2016] [core:error] [pid 3192:tid 15456] (20024)The given path is misformatted or contained invalid characters: [client 14.20.101.94:14174] AH00127: Cannot map GET /www.ambientebogota.gov.co:81 HTTP/1.1 to file
[Mon Oct 24 02:51:30.402547 2016] [core:error] [pid 3192:tid 15212] (20024)The given path is misformatted or contained invalid characters: [client 58.20.108.146:49146] AH00127: Cannot map GET /www.ambientebogota.gov.co:81/ HTTP/1.1 to file
[Mon Oct 24 04:06:30.636051 2016] [mpm_winnt:warn] [pid 3192:tid 16492] (OS 64)The specified network name is no longer available.  : AH00341: winnt_accept: Asynchronous AcceptEx failed.
[Mon Oct 24 04:59:26.162029 2016] [core:error] [pid 3192:tid 15052] (20024)The given path is misformatted or contained invalid characters: [client 68.180.230.228:55921] AH00127: Cannot map GET /www.ambientebogota.gov.co:81/ HTTP/1.1 to file
[Mon Oct 24 07:33:22.610651 2016] [mpm_winnt:warn] [pid 3192:tid 16492] (OS 64)The specified network name is no longer available.  : AH00341: winnt_accept: Asynchronous AcceptEx failed.
[Mon Oct 24 07:53:44.560798 2016] [proxy_http:error] [pid 3192:tid 14996] (OS 10053)An established connection was aborted by the software in your host machine.  : [client 132.255.20.132:59794] AH01102: error reading status line from remote server 172.22.1.31:80, referer: http://190.27.245.106/isolucionsda/Encabezado.asp?Pagina1=FrameSetGeneral.asp&&Pagina=MagazinHome.asp
[Mon Oct 24 07:53:44.560798 2016] [proxy:error] [pid 3192:tid 14996] [client 132.255.20.132:59794] AH00898: Error reading from remote server returned by /isolucionsda/g/Bot_Administrador.jpg, referer: http://190.27.245.106/isolucionsda/Encabezado.asp?Pagina1=FrameSetGeneral.asp&&Pagina=MagazinHome.asp
[Mon Oct 24 08:35:07.913560 2016] [proxy_http:error] [pid 3192:tid 16132] (OS 10053)An established connection was aborted by the software in your host machine.  : [client 201.245.192.253:58825] AH01102: error reading status line from remote server 172.22.1.31:80, referer: http://190.27.245.106/isolucionsda/Encabezado.asp?Pagina1=FrameSetGeneral.asp&&Pagina=MagazinHome.asp
[Mon Oct 24 08:35:07.913560 2016] [proxy:error] [pid 3192:tid 16132] [client 201.245.192.253:58825] AH00898: Error reading from remote server returned by /isolucionsda/g/Bot_Cerrar.jpg, referer: http://190.27.245.106/isolucionsda/Encabezado.asp?Pagina1=FrameSetGeneral.asp&&Pagina=MagazinHome.asp
[Mon Oct 24 08:56:51.389449 2016] [mpm_winnt:warn] [pid 3192:tid 16492] (OS 64)The specified network name is no longer available.  : AH00341: winnt_accept: Asynchronous AcceptEx failed.
[Mon Oct 24 08:58:48.639255 2016] [proxy_http:error] [pid 3192:tid 16000] (OS 10053)An established connection was aborted by the software in your host machine.  : [client 201.245.192.253:47515] AH01102: error reading status line from remote server 172.22.1.31:80, referer: http://190.27.245.106/IsolucionSDA/BarraTitulos.asp?Pagina1=FrameSetGeneral.asp&&Pagina=MagazinHome.asp
[Mon Oct 24 08:58:48.639255 2016] [proxy:error] [pid 3192:tid 16000] [client 201.245.192.253:47515] AH00898: Error reading from remote server returned by /IsolucionSDA/g/Bgr_BarraCurva.jpg, referer: http://190.27.245.106/IsolucionSDA/BarraTitulos.asp?Pagina1=FrameSetGeneral.asp&&Pagina=MagazinHome.asp
[Mon Oct 24 09:03:44.634175 2016] [mpm_winnt:warn] [pid 3192:tid 16492] (OS 64)The specified network name is no longer available.  : AH00341: winnt_accept: Asynchronous AcceptEx failed.
[Mon Oct 24 09:05:47.765191 2016] [proxy_http:error] [pid 3192:tid 15020] (OS 10053)An established connection was aborted by the software in your host machine.  : [client 201.245.192.253:51371] AH01102: error reading status line from remote server 172.22.1.31:80, referer: http://190.27.245.106/isolucionsda/Encabezado.asp?Pagina1=FrameSetGeneral.asp&&Pagina=MagazinHome.asp
[Mon Oct 24 09:05:47.765191 2016] [proxy:error] [pid 3192:tid 15020] [client 201.245.192.253:51371] AH00898: Error reading from remote server returned by /isolucionsda/g/Bot_Home.jpg, referer: http://190.27.245.106/isolucionsda/Encabezado.asp?Pagina1=FrameSetGeneral.asp&&Pagina=MagazinHome.asp
[Mon Oct 24 10:10:29.566809 2016] [proxy_http:error] [pid 3192:tid 16180] (OS 10053)An established connection was aborted by the software in your host machine.  : [client 201.245.192.253:53078] AH01102: error reading status line from remote server 172.22.1.31:80, referer: http://190.27.245.106/IsolucionSDA/IdentificaUsuario.asp?Pagina1=FrameSetGeneral.asp&
[Mon Oct 24 10:10:29.566809 2016] [proxy:error] [pid 3192:tid 16180] [client 201.245.192.253:53078] AH00898: Error reading from remote server returned by /IsolucionSDA/g/Img_LogoIsoCabezote.jpg, referer: http://190.27.245.106/IsolucionSDA/IdentificaUsuario.asp?Pagina1=FrameSetGeneral.asp&
[Mon Oct 24 10:39:25.491058 2016] [mpm_winnt:warn] [pid 3192:tid 16492] (OS 64)The specified network name is no longer available.  : AH00341: winnt_accept: Asynchronous AcceptEx failed.
[Mon Oct 24 10:39:52.494705 2016] [proxy_http:error] [pid 3192:tid 15148] (OS 10053)An established connection was aborted by the software in your host machine.  : [client 201.245.192.253:17019] AH01102: error reading status line from remote server 172.22.1.31:80, referer: http://190.27.245.106/isolucionsda/Session.asp
[Mon Oct 24 10:39:52.494705 2016] [proxy:error] [pid 3192:tid 15148] [client 201.245.192.253:17019] AH00898: Error reading from remote server returned by /isolucionsda/SesionNeutra.asp, referer: http://190.27.245.106/isolucionsda/Session.asp
[Mon Oct 24 11:51:08.758616 2016] [core:error] [pid 3192:tid 15540] (20024)The given path is misformatted or contained invalid characters: [client 66.249.88.4:58433] AH00127: Cannot map GET /galeria/carrusel/Carrusel/jquery-ui-%0A%0A1.8.13.custom.min.js HTTP/1.1 to file, referer: http://www.ambientebogota.gov.co/
[Mon Oct 24 12:38:04.126761 2016] [core:error] [pid 3192:tid 15556] (20024)The given path is misformatted or contained invalid characters: [client 66.249.88.1:57271] AH00127: Cannot map GET /galeria/carrusel/Carrusel/jquery-ui-%0A%0A1.8.13.custom.min.js HTTP/1.1 to file, referer: http://www.ambientebogota.gov.co/
[Mon Oct 24 12:46:35.542460 2016] [core:error] [pid 3192:tid 15624] (20024)The given path is misformatted or contained invalid characters: [client 207.46.13.10:11026] AH00127: Cannot map GET /www.ambientebogota.gov.co:81/ HTTP/1.1 to file
[Mon Oct 24 13:23:52.991989 2016] [proxy_http:error] [pid 3192:tid 16244] (OS 10053)An established connection was aborted by the software in your host machine.  : [client 186.154.35.121:36169] AH01102: error reading status line from remote server 172.22.1.31:80, referer: http://190.27.245.106/isolucionsda/IdentificaUsuario.asp?Pagina1=FrameSetGeneral.asp&
[Mon Oct 24 13:23:53.179190 2016] [proxy_http:error] [pid 3192:tid 15300] (OS 10053)An established connection was aborted by the software in your host machine.  : [client 186.154.35.121:36178] AH01102: error reading status line from remote server 172.22.1.31:80, referer: http://190.27.245.106/isolucionsda/IdentificaUsuario.asp?Pagina1=FrameSetGeneral.asp&
[Mon Oct 24 13:23:53.179190 2016] [proxy:error] [pid 3192:tid 15300] [client 186.154.35.121:36178] AH00898: Error reading from remote server returned by /isolucionsda/g/shim.gif, referer: http://190.27.245.106/isolucionsda/IdentificaUsuario.asp?Pagina1=FrameSetGeneral.asp&
[Mon Oct 24 13:47:22.953666 2016] [proxy_http:error] [pid 3192:tid 15300] (OS 10053)An established connection was aborted by the software in your host machine.  : [client 201.245.192.253:17710] AH01102: error reading status line from remote server 172.22.1.31:80, referer: http://190.27.245.106/IsolucionSDA/FrameSetGeneral.asp?Pagina1=FrameSetGeneral.asp&
[Mon Oct 24 13:47:22.953666 2016] [proxy:error] [pid 3192:tid 15300] [client 201.245.192.253:17710] AH00898: Error reading from remote server returned by /IsolucionSDA/BarraTitulos.asp, referer: http://190.27.245.106/IsolucionSDA/FrameSetGeneral.asp?Pagina1=FrameSetGeneral.asp&
[Mon Oct 24 15:10:12.623195 2016] [ssl:error] [pid 3192:tid 15960] AH02032: Hostname 190.27.245.106 provided via SNI and hostname dama.gov.co provided via HTTP are different
[Mon Oct 24 15:53:18.546137 2016] [proxy_http:error] [pid 3192:tid 15804] (OS 10053)An established connection was aborted by the software in your host machine.  : [client 200.91.203.146:35707] AH01102: error reading status line from remote server 172.22.1.31:80, referer: http://190.27.245.106/isolucionsda/FrameSetGeneral.asp?Pagina=Magazin.asp&Sigla=MAC&IdModulo=2
[Mon Oct 24 16:08:43.144161 2016] [proxy_http:error] [pid 3192:tid 15556] (OS 10053)An established connection was aborted by the software in your host machine.  : [client 201.245.192.253:11224] AH01102: error reading status line from remote server 172.22.1.31:80, referer: http://190.27.245.106/IsolucionSDA/FrameSetGeneral.asp?Pagina=Menu.asp&IdModulo=7
[Mon Oct 24 16:08:43.144161 2016] [proxy:error] [pid 3192:tid 15556] [client 201.245.192.253:11224] AH00898: Error reading from remote server returned by /IsolucionSDA/Menu.asp, referer: http://190.27.245.106/IsolucionSDA/FrameSetGeneral.asp?Pagina=Menu.asp&IdModulo=7
[Mon Oct 24 16:29:04.251905 2016] [core:error] [pid 3192:tid 16216] [client 37.220.16.18:58058] AH00126: Invalid URI in request GET HTTP/1.1 HTTP/1.1
[Mon Oct 24 16:29:34.781159 2016] [proxy_http:error] [pid 3192:tid 16028] (20014)Internal error: [client 201.245.192.253:31833] AH01102: error reading status line from remote server 192.168.175.30:80, referer: http://190.27.245.106/catalogoisis/index.php
[Mon Oct 24 16:47:30.543448 2016] [proxy_http:error] [pid 3192:tid 15140] (OS 10053)An established connection was aborted by the software in your host machine.  : [client 201.245.192.253:44359] AH01102: error reading status line from remote server 172.22.1.31:80, referer: http://190.27.245.106/IsolucionSDA/FrameSetGeneral.asp?Pagina=SucursalSeleccion.asp&CargaPagina=ModuloProcesos&IdModulo=3
[Mon Oct 24 16:48:13.162723 2016] [proxy_http:error] [pid 3192:tid 16156] (OS 10053)An established connection was aborted by the software in your host machine.  : [client 201.245.192.253:28081] AH01102: error reading status line from remote server 172.22.1.31:80, referer: http://190.27.245.106/isolucionsda/Session.asp
[Mon Oct 24 16:48:13.162723 2016] [proxy:error] [pid 3192:tid 16156] [client 201.245.192.253:28081] AH00898: Error reading from remote server returned by /isolucionsda/Session.asp, referer: http://190.27.245.106/isolucionsda/Session.asp
[Mon Oct 24 16:59:36.053923 2016] [proxy_http:error] [pid 3192:tid 15228] (OS 10053)An established connection was aborted by the software in your host machine.  : [client 186.84.104.148:52826] AH01102: error reading status line from remote server 172.22.1.31:80, referer: http://190.27.245.106/isolucionsda/FrameSetGeneral.asp?Pagina1=FrameSetGeneral.asp&
[Mon Oct 24 16:59:36.053923 2016] [proxy:error] [pid 3192:tid 15228] [client 186.84.104.148:52826] AH00898: Error reading from remote server returned by /isolucionsda/BarraTitulos.asp, referer: http://190.27.245.106/isolucionsda/FrameSetGeneral.asp?Pagina1=FrameSetGeneral.asp&
[Mon Oct 24 17:11:45.074403 2016] [proxy_http:error] [pid 3192:tid 15156] (OS 10053)An established connection was aborted by the software in your host machine.  : [client 201.245.192.253:13050] AH01102: error reading status line from remote server 172.22.1.31:80, referer: http://190.27.245.106/IsolucionSDA/FrameSetGeneral.asp?Pagina1=FrameSetGeneral.asp&
[Mon Oct 24 17:11:45.074403 2016] [proxy:error] [pid 3192:tid 15156] [client 201.245.192.253:13050] AH00898: Error reading from remote server returned by /IsolucionSDA/BarraFavoritos.asp, referer: http://190.27.245.106/IsolucionSDA/FrameSetGeneral.asp?Pagina1=FrameSetGeneral.asp&
[Mon Oct 24 17:17:36.418220 2016] [proxy_http:error] [pid 3192:tid 15148] (OS 10053)An established connection was aborted by the software in your host machine.  : [client 201.245.192.253:14695] AH01102: error reading status line from remote server 172.22.1.31:80, referer: http://190.27.245.106/IsolucionSDA/DetalleTareas.aspx?Number=54505453495365574553
[Mon Oct 24 17:27:46.660092 2016] [proxy_http:error] [pid 3192:tid 16312] (OS 10053)An established connection was aborted by the software in your host machine.  : [client 201.245.192.253:17493] AH01102: error reading status line from remote server 172.22.1.31:80, referer: http://190.27.245.106/IsolucionSDA/Session.asp?Continue=1
[Mon Oct 24 17:27:46.660092 2016] [proxy:error] [pid 3192:tid 16312] [client 201.245.192.253:17493] AH00898: Error reading from remote server returned by /IsolucionSDA/Session.asp, referer: http://190.27.245.106/IsolucionSDA/Session.asp?Continue=1
[Mon Oct 24 17:28:41.306988 2016] [proxy_http:error] [pid 3192:tid 15432] (OS 10053)An established connection was aborted by the software in your host machine.  : [client 201.245.192.253:17787] AH01102: error reading status line from remote server 172.22.1.31:80, referer: http://190.27.245.106/IsolucionSDA/FrameSetGeneral.asp?Pagina=BancoConocimiento/M/MECINuevo/MECINuevo.asp&IdModulo=16
[Mon Oct 24 17:28:41.306988 2016] [proxy:error] [pid 3192:tid 15432] [client 201.245.192.253:17787] AH00898: Error reading from remote server returned by /IsolucionSDA/BarraTitulos.asp, referer: http://190.27.245.106/IsolucionSDA/FrameSetGeneral.asp?Pagina=BancoConocimiento/M/MECINuevo/MECINuevo.asp&IdModulo=16
[Mon Oct 24 17:28:41.338188 2016] [proxy_http:error] [pid 3192:tid 14948] (OS 10053)An established connection was aborted by the software in your host machine.  : [client 201.245.192.253:17788] AH01102: error reading status line from remote server 172.22.1.31:80, referer: http://190.27.245.106/IsolucionSDA/FrameSetGeneral.asp?Pagina=BancoConocimiento/M/MECINuevo/MECINuevo.asp&IdModulo=16
[Mon Oct 24 17:28:41.338188 2016] [proxy:error] [pid 3192:tid 14948] [client 201.245.192.253:17788] AH00898: Error reading from remote server returned by /IsolucionSDA/BancoConocimiento/M/MECINuevo/MECINuevo.asp, referer: http://190.27.245.106/IsolucionSDA/FrameSetGeneral.asp?Pagina=BancoConocimiento/M/MECINuevo/MECINuevo.asp&IdModulo=16
[Mon Oct 24 17:55:03.524167 2016] [proxy_http:error] [pid 3192:tid 15172] (OS 10053)An established connection was aborted by the software in your host machine.  : [client 201.245.192.253:46137] AH01102: error reading status line from remote server 172.22.1.31:80
[Mon Oct 24 19:06:32.954501 2016] [core:error] [pid 3192:tid 15500] (20024)The given path is misformatted or contained invalid characters: [client 157.55.39.228:14352] AH00127: Cannot map GET /www.ambientebogota.gov.co:81/ HTTP/1.1 to file
[Mon Oct 24 19:07:29.426600 2016] [mpm_winnt:warn] [pid 3192:tid 16492] (OS 64)The specified network name is no longer available.  : AH00341: winnt_accept: Asynchronous AcceptEx failed.
[Mon Oct 24 19:30:10.076590 2016] [proxy_http:error] [pid 3192:tid 16256] (OS 10053)An established connection was aborted by the software in your host machine.  : [client 201.245.192.253:50272] AH01102: error reading status line from remote server 172.22.1.31:80, referer: http://190.27.245.106/isolucionsda/Session.asp?Continue=1
[Mon Oct 24 19:30:10.076590 2016] [proxy:error] [pid 3192:tid 16256] [client 201.245.192.253:50272] AH00898: Error reading from remote server returned by /isolucionsda/Session.asp, referer: http://190.27.245.106/isolucionsda/Session.asp?Continue=1
[Mon Oct 24 19:36:30.483258 2016] [proxy_http:error] [pid 3192:tid 16256] (OS 10053)An established connection was aborted by the software in your host machine.  : [client 201.245.192.253:51675] AH01102: error reading status line from remote server 172.22.1.31:80, referer: http://190.27.245.106/IsolucionSDA/Administracion/SalaEdicion/FrameSetVistaPrevia.asp?Articulo=F/FormatoRecepciondeQuejas_v6/FormatoRecepciondeQuejas_v6.asp&Id_Articulo=9863
[Mon Oct 24 19:42:59.064341 2016] [mpm_winnt:warn] [pid 3192:tid 16492] (OS 64)The specified network name is no longer available.  : AH00341: winnt_accept: Asynchronous AcceptEx failed.
[Mon Oct 24 19:42:59.064341 2016] [mpm_winnt:warn] [pid 3192:tid 16492] (OS 64)The specified network name is no longer available.  : AH00341: winnt_accept: Asynchronous AcceptEx failed.
[Mon Oct 24 19:42:59.064341 2016] [mpm_winnt:warn] [pid 3192:tid 16492] (OS 64)The specified network name is no longer available.  : AH00341: winnt_accept: Asynchronous AcceptEx failed.
[Mon Oct 24 19:42:59.064341 2016] [mpm_winnt:warn] [pid 3192:tid 16492] (OS 64)The specified network name is no longer available.  : AH00341: winnt_accept: Asynchronous AcceptEx failed.
[Mon Oct 24 19:42:59.064341 2016] [mpm_winnt:warn] [pid 3192:tid 16492] (OS 64)The specified network name is no longer available.  : AH00341: winnt_accept: Asynchronous AcceptEx failed.
[Mon Oct 24 19:42:59.157941 2016] [mpm_winnt:warn] [pid 3192:tid 16492] (OS 64)The specified network name is no longer available.  : AH00341: winnt_accept: Asynchronous AcceptEx failed.
[Mon Oct 24 20:01:05.450249 2016] [proxy_http:error] [pid 3192:tid 14936] (OS 10053)An established connection was aborted by the software in your host machine.  : [client 190.157.17.64:49592] AH01102: error reading status line from remote server 172.22.1.31:80, referer: http://190.27.245.106/isolucionsda/IdentificaUsuario.asp?Pagina1=FrameSetGeneral.asp&
[Mon Oct 24 20:01:05.450249 2016] [proxy:error] [pid 3192:tid 14936] [client 190.157.17.64:49592] AH00898: Error reading from remote server returned by /isolucionsda/g/shim.gif, referer: http://190.27.245.106/isolucionsda/IdentificaUsuario.asp?Pagina1=FrameSetGeneral.asp&
[Mon Oct 24 20:12:38.294266 2016] [proxy_http:error] [pid 3192:tid 15400] (OS 10053)An established connection was aborted by the software in your host machine.  : [client 201.245.192.253:57411] AH01102: error reading status line from remote server 172.22.1.31:80, referer: http://190.27.245.106/isolucionsda/ActualizarActividad.aspx?number=26598,QwBBAFAAQwA=
[Mon Oct 24 20:21:33.515606 2016] [proxy_http:error] [pid 3192:tid 15556] (OS 10053)An established connection was aborted by the software in your host machine.  : [client 190.157.17.64:49784] AH01102: error reading status line from remote server 172.22.1.31:80, referer: http://190.27.245.106/isolucionsda/FrameSetGeneral.asp?Pagina1=FrameSetGeneral.asp&
[Mon Oct 24 20:21:33.515606 2016] [proxy:error] [pid 3192:tid 15556] [client 190.157.17.64:49784] AH00898: Error reading from remote server returned by /isolucionsda/BarraFavoritos.asp, referer: http://190.27.245.106/isolucionsda/FrameSetGeneral.asp?Pagina1=FrameSetGeneral.asp&
[Mon Oct 24 20:26:23.114515 2016] [mpm_winnt:warn] [pid 3192:tid 16492] (OS 64)The specified network name is no longer available.  : AH00341: winnt_accept: Asynchronous AcceptEx failed.
[Mon Oct 24 20:28:32.579142 2016] [proxy_http:error] [pid 3192:tid 15556] (OS 10053)An established connection was aborted by the software in your host machine.  : [client 190.157.17.64:49859] AH01102: error reading status line from remote server 172.22.1.31:80, referer: http://190.27.245.106/isolucionsda/FrameSetGeneral.asp?Pagina1=FrameSetGeneral.asp&
[Mon Oct 24 20:28:32.579142 2016] [proxy:error] [pid 3192:tid 15556] [client 190.157.17.64:49859] AH00898: Error reading from remote server returned by /isolucionsda/BarraTitulos.asp, referer: http://190.27.245.106/isolucionsda/FrameSetGeneral.asp?Pagina1=FrameSetGeneral.asp&
[Mon Oct 24 21:00:23.457698 2016] [mpm_winnt:warn] [pid 3192:tid 16492] (OS 64)The specified network name is no longer available.  : AH00341: winnt_accept: Asynchronous AcceptEx failed.
[Mon Oct 24 22:27:47.531709 2016] [proxy_http:error] [pid 3192:tid 16104] (OS 10053)An established connection was aborted by the software in your host machine.  : [client 190.27.124.103:21550] AH01102: error reading status line from remote server 172.22.1.31:80, referer: http://190.27.245.106/isolucionsda/IdentificaUsuario.asp?Pagina1=FrameSetGeneral.asp&
[Mon Oct 24 22:27:47.531709 2016] [proxy:error] [pid 3192:tid 16104] [client 190.27.124.103:21550] AH00898: Error reading from remote server returned by /isolucionsda/g/Img_LogoIsoCabezote.jpg, referer: http://190.27.245.106/isolucionsda/IdentificaUsuario.asp?Pagina1=FrameSetGeneral.asp&
[Mon Oct 24 22:30:11.254761 2016] [mpm_winnt:warn] [pid 3192:tid 16492] (OS 64)The specified network name is no longer available.  : AH00341: winnt_accept: Asynchronous AcceptEx failed.
[Mon Oct 24 22:36:43.205450 2016] [mpm_winnt:warn] [pid 3192:tid 16492] (OS 64)The specified network name is no longer available.  : AH00341: winnt_accept: Asynchronous AcceptEx failed.
[Mon Oct 24 23:07:30.872695 2016] [proxy_http:error] [pid 3192:tid 15400] (OS 10053)An established connection was aborted by the software in your host machine.  : [client 190.157.17.64:50055] AH01102: error reading status line from remote server 172.22.1.31:80, referer: http://190.27.245.106/isolucionsda/FrameSetGeneral.asp?Pagina=SucursalSeleccion.asp&CargaPagina=ModuloProcesos&IdModulo=3

:: Command execute ::

Enter:
 
Select:
 

:: Search ::
regexp 

:: Upload ::
 
[ ok ]

:: Make Dir ::
 
[ ok ]
:: Make File ::
 
[ ok ]

:: Go Dir ::
 
:: Go File ::
 

--[ c99shell v. 1.0 pre-release build #13 powered by Captain Crunch Security Team | http://ccteam.ru | Generation time: 0.0312 ]--