!C99Shell v. 1.0 pre-release build #13!

Software: Apache. PHP/5.5.15 

uname -a: Windows NT SVR-DMZ 6.1 build 7600 (Windows Server 2008 R2 Enterprise Edition) i586 

SYSTEM 

Safe-mode: OFF (not secure)

E:\nuevo\apache\logs\   drwxrwxrwx
Free 9.41 GB of 239.26 GB (3.93%)
Detected drives: [ a ] [ c ] [ d ] [ e ] [ f ]
Home    Back    Forward    UPDIR    Refresh    Search    Buffer    Encoder    Tools    Proc.    FTP brute    Sec.    SQL    PHP-code    Update    Feedback    Self remove    Logout    


Viewing file:     error.2016.11.09.log (25.74 KB)      -rw-rw-rw-
Select action/file-type:
(+) | (+) | (+) | Code (+) | Session (+) | (+) | SDB (+) | (+) | (+) | (+) | (+) | (+) |
[Wed Nov 09 02:38:55.364745 2016] [proxy:error] [pid 3192:tid 16320] (OS 10060)A connection attempt failed because the connected party did not properly respond after a period of time, or established connection failed because connected host has failed to respond.  : AH00957: HTTP: attempt to connect to 172.22.1.51:8399 (172.22.1.51) failed
[Wed Nov 09 02:38:55.364745 2016] [proxy:error] [pid 3192:tid 16320] AH00959: ap_proxy_connect_backend disabling worker for (172.22.1.51) for 60s
[Wed Nov 09 02:38:55.364745 2016] [proxy_http:error] [pid 3192:tid 16320] [client 152.61.128.50:44736] AH01114: HTTP: failed to make connection to backend: 172.22.1.51
[Wed Nov 09 02:38:55.551946 2016] [proxy:error] [pid 3192:tid 16320] AH00940: HTTP: disabled connection for (172.22.1.51)
[Wed Nov 09 02:38:55.739146 2016] [proxy:error] [pid 3192:tid 16320] AH00940: HTTP: disabled connection for (172.22.1.51)
[Wed Nov 09 02:45:15.147412 2016] [proxy:error] [pid 3192:tid 14508] (OS 10060)A connection attempt failed because the connected party did not properly respond after a period of time, or established connection failed because connected host has failed to respond.  : AH00957: HTTP: attempt to connect to 172.22.1.51:8399 (172.22.1.51) failed
[Wed Nov 09 02:45:15.147412 2016] [proxy:error] [pid 3192:tid 14508] AH00959: ap_proxy_connect_backend disabling worker for (172.22.1.51) for 60s
[Wed Nov 09 02:45:15.147412 2016] [proxy_http:error] [pid 3192:tid 14508] [client 152.61.128.50:60478] AH01114: HTTP: failed to make connection to backend: 172.22.1.51
[Wed Nov 09 02:45:15.319013 2016] [proxy:error] [pid 3192:tid 14508] AH00940: HTTP: disabled connection for (172.22.1.51)
[Wed Nov 09 04:58:05.078611 2016] [access_compat:error] [pid 3192:tid 16060] [client 89.248.160.154:60817] AH01797: client denied by server configuration: E:/nuevo/htdocs/phpMyAdmin2
[Wed Nov 09 04:58:05.421812 2016] [access_compat:error] [pid 3192:tid 15752] [client 89.248.160.154:32885] AH01797: client denied by server configuration: E:/nuevo/htdocs/phpMyAdmin3
[Wed Nov 09 05:18:54.423405 2016] [proxy_http:error] [pid 3192:tid 15648] (OS 10053)An established connection was aborted by the software in your host machine.  : [client 177.252.137.4:62180] AH01102: error reading status line from remote server 172.22.1.31:80, referer: http://190.27.245.106/isolucionsda/BarraTitulos.asp?Pagina1=FrameSetGeneral.asp&&Pagina=MagazinHome.asp
[Wed Nov 09 05:18:54.423405 2016] [proxy_http:error] [pid 3192:tid 15172] (OS 10053)An established connection was aborted by the software in your host machine.  : [client 177.252.137.4:62240] AH01102: error reading status line from remote server 172.22.1.31:80, referer: http://190.27.245.106/isolucionsda/BarraTitulos.asp?Pagina1=FrameSetGeneral.asp&&Pagina=MagazinHome.asp
[Wed Nov 09 05:18:54.423405 2016] [proxy:error] [pid 3192:tid 15172] [client 177.252.137.4:62240] AH00898: Error reading from remote server returned by /isolucionsda/g/Bgr_BarraCurva.jpg, referer: http://190.27.245.106/isolucionsda/BarraTitulos.asp?Pagina1=FrameSetGeneral.asp&&Pagina=MagazinHome.asp
[Wed Nov 09 05:18:54.439005 2016] [proxy_http:error] [pid 3192:tid 16320] (OS 10053)An established connection was aborted by the software in your host machine.  : [client 177.252.137.4:62110] AH01102: error reading status line from remote server 172.22.1.31:80, referer: http://190.27.245.106/isolucionsda/BarraTitulos.asp?Pagina1=FrameSetGeneral.asp&&Pagina=MagazinHome.asp
[Wed Nov 09 05:18:54.439005 2016] [proxy:error] [pid 3192:tid 16320] [client 177.252.137.4:62110] AH00898: Error reading from remote server returned by /isolucionsda/g/Bgr_BarraCurva2.jpg, referer: http://190.27.245.106/isolucionsda/BarraTitulos.asp?Pagina1=FrameSetGeneral.asp&&Pagina=MagazinHome.asp
[Wed Nov 09 05:18:58.885013 2016] [proxy_http:error] [pid 3192:tid 16060] (OS 10053)An established connection was aborted by the software in your host machine.  : [client 177.252.137.4:62395] AH01102: error reading status line from remote server 172.22.1.31:80, referer: http://190.27.245.106/isolucionsda/BancoConocimiento/s/SistemadeGestionAmbiental_v0/SistemadeGestionAmbiental_v0.asp??Pagina=BancoConocimiento/s/SistemadeGestionAmbiental_v0/SistemadeGestionAmbiental_v0.asp?&IdModulo=19
[Wed Nov 09 05:22:15.788559 2016] [mpm_winnt:warn] [pid 3192:tid 16492] (OS 64)The specified network name is no longer available.  : AH00341: winnt_accept: Asynchronous AcceptEx failed.
[Wed Nov 09 05:56:42.121388 2016] [mpm_winnt:warn] [pid 3192:tid 16492] (OS 64)The specified network name is no longer available.  : AH00341: winnt_accept: Asynchronous AcceptEx failed.
[Wed Nov 09 06:02:27.740996 2016] [proxy:error] [pid 3192:tid 15448] (OS 10060)A connection attempt failed because the connected party did not properly respond after a period of time, or established connection failed because connected host has failed to respond.  : AH00957: HTTP: attempt to connect to 172.22.1.51:8399 (172.22.1.51) failed
[Wed Nov 09 06:02:27.740996 2016] [proxy:error] [pid 3192:tid 15448] AH00959: ap_proxy_connect_backend disabling worker for (172.22.1.51) for 60s
[Wed Nov 09 06:02:27.740996 2016] [proxy_http:error] [pid 3192:tid 15448] [client 81.43.64.180:62161] AH01114: HTTP: failed to make connection to backend: 172.22.1.51
[Wed Nov 09 06:02:32.951405 2016] [proxy:error] [pid 3192:tid 15972] AH00940: HTTP: disabled connection for (172.22.1.51)
[Wed Nov 09 06:02:38.115014 2016] [proxy:error] [pid 3192:tid 15972] AH00940: HTTP: disabled connection for (172.22.1.51)
[Wed Nov 09 06:33:42.521088 2016] [mpm_winnt:warn] [pid 3192:tid 16492] (OS 64)The specified network name is no longer available.  : AH00341: winnt_accept: Asynchronous AcceptEx failed.
[Wed Nov 09 06:54:26.749074 2016] [proxy_http:error] [pid 3192:tid 15648] (OS 10053)An established connection was aborted by the software in your host machine.  : [client 167.0.234.136:51675] AH01102: error reading status line from remote server 172.22.1.31:80, referer: http://190.27.245.106/isolucionsda/FrameSetGeneral.asp?Pagina1=FrameSetGeneral.asp&
[Wed Nov 09 06:54:26.749074 2016] [proxy:error] [pid 3192:tid 15648] [client 167.0.234.136:51675] AH00898: Error reading from remote server returned by /isolucionsda/BarraTitulos.asp, referer: http://190.27.245.106/isolucionsda/FrameSetGeneral.asp?Pagina1=FrameSetGeneral.asp&
[Wed Nov 09 07:59:21.187714 2016] [proxy_http:error] [pid 3192:tid 15084] (OS 10053)An established connection was aborted by the software in your host machine.  : [client 201.245.192.253:26896] AH01102: error reading status line from remote server 172.22.1.31:80, referer: http://190.27.245.106/isolucionsda/BarraTitulos.asp?Pagina1=FrameSetGeneral.asp&&Pagina=MagazinHome.asp
[Wed Nov 09 07:59:21.187714 2016] [proxy:error] [pid 3192:tid 15084] [client 201.245.192.253:26896] AH00898: Error reading from remote server returned by /isolucionsda/g/Bgr_BarraCurva.jpg, referer: http://190.27.245.106/isolucionsda/BarraTitulos.asp?Pagina1=FrameSetGeneral.asp&&Pagina=MagazinHome.asp
[Wed Nov 09 07:59:21.671315 2016] [proxy_http:error] [pid 3192:tid 14560] (OS 10053)An established connection was aborted by the software in your host machine.  : [client 201.245.192.253:26895] AH01102: error reading status line from remote server 172.22.1.31:80, referer: http://190.27.245.106/isolucionsda/Encabezado.asp?Pagina1=FrameSetGeneral.asp&&Pagina=MagazinHome.asp
[Wed Nov 09 07:59:21.671315 2016] [proxy_http:error] [pid 3192:tid 15300] (OS 10053)An established connection was aborted by the software in your host machine.  : [client 201.245.192.253:26968] AH01102: error reading status line from remote server 172.22.1.31:80, referer: http://190.27.245.106/isolucionsda/Encabezado.asp?Pagina1=FrameSetGeneral.asp&&Pagina=MagazinHome.asp
[Wed Nov 09 07:59:21.671315 2016] [proxy:error] [pid 3192:tid 15300] [client 201.245.192.253:26968] AH00898: Error reading from remote server returned by /isolucionsda/g/Bot_Ayuda.jpg, referer: http://190.27.245.106/isolucionsda/Encabezado.asp?Pagina1=FrameSetGeneral.asp&&Pagina=MagazinHome.asp
[Wed Nov 09 08:13:53.073246 2016] [proxy_http:error] [pid 3192:tid 15076] (OS 10053)An established connection was aborted by the software in your host machine.  : [client 201.245.192.253:16956] AH01102: error reading status line from remote server 172.22.1.31:80, referer: http://190.27.245.106/IsolucionSDA/DetalleTareas.aspx?Number=56656551656849524569
[Wed Nov 09 08:14:05.241267 2016] [mpm_winnt:warn] [pid 3192:tid 16492] (OS 64)The specified network name is no longer available.  : AH00341: winnt_accept: Asynchronous AcceptEx failed.
[Wed Nov 09 08:21:23.071636 2016] [proxy_http:error] [pid 3192:tid 15972] (OS 10053)An established connection was aborted by the software in your host machine.  : [client 201.245.192.253:25668] AH01102: error reading status line from remote server 172.22.1.31:80, referer: http://190.27.245.106/isolucionsda/Encabezado.asp?Pagina1=FrameSetGeneral.asp&&Pagina=MagazinHome.asp
[Wed Nov 09 08:21:24.678439 2016] [proxy_http:error] [pid 3192:tid 15448] (OS 10053)An established connection was aborted by the software in your host machine.  : [client 201.245.192.253:25735] AH01102: error reading status line from remote server 172.22.1.31:80, referer: http://190.27.245.106/isolucionsda/FrameSetGeneral.asp?Pagina=Menu.asp&IdModulo=4
[Wed Nov 09 08:21:24.678439 2016] [proxy:error] [pid 3192:tid 15448] [client 201.245.192.253:25735] AH00898: Error reading from remote server returned by /isolucionsda/BarraFavoritos.asp, referer: http://190.27.245.106/isolucionsda/FrameSetGeneral.asp?Pagina=Menu.asp&IdModulo=4
[Wed Nov 09 08:21:24.709639 2016] [proxy_http:error] [pid 3192:tid 15888] (OS 10053)An established connection was aborted by the software in your host machine.  : [client 201.245.192.253:25734] AH01102: error reading status line from remote server 172.22.1.31:80, referer: http://190.27.245.106/isolucionsda/FrameSetGeneral.asp?Pagina=Menu.asp&IdModulo=4
[Wed Nov 09 08:21:24.709639 2016] [proxy:error] [pid 3192:tid 15888] [client 201.245.192.253:25734] AH00898: Error reading from remote server returned by /isolucionsda/Menu.asp, referer: http://190.27.245.106/isolucionsda/FrameSetGeneral.asp?Pagina=Menu.asp&IdModulo=4
[Wed Nov 09 08:30:10.118562 2016] [mpm_winnt:warn] [pid 3192:tid 16492] (OS 64)The specified network name is no longer available.  : AH00341: winnt_accept: Asynchronous AcceptEx failed.
[Wed Nov 09 08:30:10.134162 2016] [mpm_winnt:warn] [pid 3192:tid 16492] (OS 64)The specified network name is no longer available.  : AH00341: winnt_accept: Asynchronous AcceptEx failed.
[Wed Nov 09 08:46:22.921670 2016] [proxy_http:error] [pid 3192:tid 14492] (OS 10053)An established connection was aborted by the software in your host machine.  : [client 201.245.192.253:32096] AH01102: error reading status line from remote server 172.22.1.31:80, referer: http://190.27.245.106/IsolucionSDA/bancoconocimiento/m/mapadeprocesos__v4/mapadeprocesos__v4.asp?IdArticulo=8811
[Wed Nov 09 08:46:22.921670 2016] [proxy:error] [pid 3192:tid 14492] [client 201.245.192.253:32096] AH00898: Error reading from remote server returned by /IsolucionSDA/g/Plantillas/ModeloMP2/CajaEstrategicoInf.png, referer: http://190.27.245.106/IsolucionSDA/bancoconocimiento/m/mapadeprocesos__v4/mapadeprocesos__v4.asp?IdArticulo=8811
[Wed Nov 09 08:46:22.921670 2016] [proxy_http:error] [pid 3192:tid 14756] (OS 10053)An established connection was aborted by the software in your host machine.  : [client 201.245.192.253:32099] AH01102: error reading status line from remote server 172.22.1.31:80, referer: http://190.27.245.106/IsolucionSDA/bancoconocimiento/m/mapadeprocesos__v4/mapadeprocesos__v4.asp?IdArticulo=8811
[Wed Nov 09 08:46:22.921670 2016] [proxy:error] [pid 3192:tid 14756] [client 201.245.192.253:32099] AH00898: Error reading from remote server returned by /IsolucionSDA/g/Plantillas/ModeloMP2/img_interAzul_r1_c1.png, referer: http://190.27.245.106/IsolucionSDA/bancoconocimiento/m/mapadeprocesos__v4/mapadeprocesos__v4.asp?IdArticulo=8811
[Wed Nov 09 08:46:22.921670 2016] [proxy_http:error] [pid 3192:tid 14936] (OS 10053)An established connection was aborted by the software in your host machine.  : [client 201.245.192.253:32088] AH01102: error reading status line from remote server 172.22.1.31:80, referer: http://190.27.245.106/IsolucionSDA/bancoconocimiento/m/mapadeprocesos__v4/mapadeprocesos__v4.asp?IdArticulo=8811
[Wed Nov 09 10:27:43.516950 2016] [mpm_winnt:warn] [pid 3192:tid 16492] (OS 64)The specified network name is no longer available.  : AH00341: winnt_accept: Asynchronous AcceptEx failed.
[Wed Nov 09 10:32:04.021808 2016] [proxy_http:error] [pid 3192:tid 15332] (OS 10053)An established connection was aborted by the software in your host machine.  : [client 201.245.192.253:32540] AH01102: error reading status line from remote server 172.22.1.31:80, referer: http://190.27.245.106/isolucionsda/FrameSetGeneral.asp?Pagina=Magazin.asp&Sigla=MAC&IdModulo=2
[Wed Nov 09 10:32:17.063431 2016] [mpm_winnt:warn] [pid 3192:tid 16492] (OS 64)The specified network name is no longer available.  : AH00341: winnt_accept: Asynchronous AcceptEx failed.
[Wed Nov 09 10:53:16.236242 2016] [mpm_winnt:warn] [pid 3192:tid 16492] (OS 64)The specified network name is no longer available.  : AH00341: winnt_accept: Asynchronous AcceptEx failed.
[Wed Nov 09 12:25:46.478391 2016] [mpm_winnt:warn] [pid 3192:tid 16492] (OS 64)The specified network name is no longer available.  : AH00341: winnt_accept: Asynchronous AcceptEx failed.
[Wed Nov 09 13:17:47.794273 2016] [core:error] [pid 3192:tid 15436] (20024)The given path is misformatted or contained invalid characters: [client 207.46.13.98:26423] AH00127: Cannot map GET /www.ambientebogota.gov.co:81/ HTTP/1.1 to file
[Wed Nov 09 15:18:43.510418 2016] [core:error] [pid 3192:tid 15732] (20024)The given path is misformatted or contained invalid characters: [client 157.55.39.248:14982] AH00127: Cannot map GET /www.ambientebogota.gov.co:81/ HTTP/1.1 to file
[Wed Nov 09 15:20:09.528969 2016] [proxy_http:error] [pid 3192:tid 14592] (OS 10053)An established connection was aborted by the software in your host machine.  : [client 201.245.192.253:22720] AH01102: error reading status line from remote server 172.22.1.31:80, referer: http://190.27.245.106/isolucionsda/Encabezado.asp?Pagina1=FrameSetGeneral.asp&&Pagina=MagazinHome.asp
[Wed Nov 09 15:20:09.528969 2016] [proxy_http:error] [pid 3192:tid 16216] (OS 10053)An established connection was aborted by the software in your host machine.  : [client 201.245.192.253:22960] AH01102: error reading status line from remote server 172.22.1.31:80, referer: http://190.27.245.106/isolucionsda/Encabezado.asp?Pagina1=FrameSetGeneral.asp&&Pagina=MagazinHome.asp
[Wed Nov 09 15:28:11.647815 2016] [mpm_winnt:warn] [pid 3192:tid 16492] (OS 64)The specified network name is no longer available.  : AH00341: winnt_accept: Asynchronous AcceptEx failed.
[Wed Nov 09 16:13:24.899181 2016] [proxy_http:error] [pid 3192:tid 14492] (OS 10053)An established connection was aborted by the software in your host machine.  : [client 201.245.192.253:19691] AH01102: error reading status line from remote server 172.22.1.31:80, referer: http://190.27.245.106/IsolucionSDA/FrameSetGeneral.asp?Pagina=SucursalSeleccion.asp&CargaPagina=ModuloProcesos&IdModulo=3
[Wed Nov 09 16:13:24.899181 2016] [proxy:error] [pid 3192:tid 14492] [client 201.245.192.253:19691] AH00898: Error reading from remote server returned by /IsolucionSDA/BarraTitulos.asp, referer: http://190.27.245.106/IsolucionSDA/FrameSetGeneral.asp?Pagina=SucursalSeleccion.asp&CargaPagina=ModuloProcesos&IdModulo=3
[Wed Nov 09 16:13:24.945981 2016] [proxy_http:error] [pid 3192:tid 16196] (OS 10053)An established connection was aborted by the software in your host machine.  : [client 201.245.192.253:15426] AH01102: error reading status line from remote server 172.22.1.31:80, referer: http://190.27.245.106/IsolucionSDA/FrameSetGeneral.asp?Pagina=SucursalSeleccion.asp&CargaPagina=ModuloProcesos&IdModulo=3
[Wed Nov 09 16:13:24.945981 2016] [proxy:error] [pid 3192:tid 16196] [client 201.245.192.253:15426] AH00898: Error reading from remote server returned by /IsolucionSDA/SucursalSeleccion.asp, referer: http://190.27.245.106/IsolucionSDA/FrameSetGeneral.asp?Pagina=SucursalSeleccion.asp&CargaPagina=ModuloProcesos&IdModulo=3
[Wed Nov 09 16:37:05.141276 2016] [proxy_http:error] [pid 3192:tid 14668] (OS 10053)An established connection was aborted by the software in your host machine.  : [client 201.245.192.253:12167] AH01102: error reading status line from remote server 172.22.1.31:80, referer: http://190.27.245.106/IsolucionSDA/FrameSetGeneral.asp?Pagina=SucursalSeleccion.asp&CargaPagina=ModuloProcesos&IdModulo=3
[Wed Nov 09 16:37:05.141276 2016] [proxy:error] [pid 3192:tid 14668] [client 201.245.192.253:12167] AH00898: Error reading from remote server returned by /IsolucionSDA/BarraTitulos.asp, referer: http://190.27.245.106/IsolucionSDA/FrameSetGeneral.asp?Pagina=SucursalSeleccion.asp&CargaPagina=ModuloProcesos&IdModulo=3
[Wed Nov 09 16:40:30.656037 2016] [proxy_http:error] [pid 3192:tid 15852] (OS 10053)An established connection was aborted by the software in your host machine.  : [client 201.245.192.253:16073] AH01102: error reading status line from remote server 172.22.1.31:80, referer: http://190.27.245.106/IsolucionSDA/ListaChequeo.asp?CodAuditoria=164&CodEntrevista=565
[Wed Nov 09 16:45:49.146196 2016] [mpm_winnt:warn] [pid 3192:tid 16492] (OS 64)The specified network name is no longer available.  : AH00341: winnt_accept: Asynchronous AcceptEx failed.
[Wed Nov 09 16:59:56.743485 2016] [mpm_winnt:warn] [pid 3192:tid 16492] (OS 64)The specified network name is no longer available.  : AH00341: winnt_accept: Asynchronous AcceptEx failed.
[Wed Nov 09 17:15:34.461132 2016] [proxy_http:error] [pid 3192:tid 14740] (OS 10053)An established connection was aborted by the software in your host machine.  : [client 201.245.192.253:32317] AH01102: error reading status line from remote server 172.22.1.31:80, referer: http://190.27.245.106/isolucionsda/FrameSetGeneral.asp?Pagina1=FrameSetGeneral.asp&
[Wed Nov 09 19:02:43.312424 2016] [mpm_winnt:warn] [pid 3192:tid 16492] (OS 64)The specified network name is no longer available.  : AH00341: winnt_accept: Asynchronous AcceptEx failed.
[Wed Nov 09 19:02:43.312424 2016] [mpm_winnt:warn] [pid 3192:tid 16492] (OS 64)The specified network name is no longer available.  : AH00341: winnt_accept: Asynchronous AcceptEx failed.
[Wed Nov 09 19:02:43.312424 2016] [mpm_winnt:warn] [pid 3192:tid 16492] (OS 64)The specified network name is no longer available.  : AH00341: winnt_accept: Asynchronous AcceptEx failed.
[Wed Nov 09 19:02:43.312424 2016] [mpm_winnt:warn] [pid 3192:tid 16492] (OS 64)The specified network name is no longer available.  : AH00341: winnt_accept: Asynchronous AcceptEx failed.
[Wed Nov 09 19:02:43.312424 2016] [mpm_winnt:warn] [pid 3192:tid 16492] (OS 64)The specified network name is no longer available.  : AH00341: winnt_accept: Asynchronous AcceptEx failed.
[Wed Nov 09 19:02:43.312424 2016] [mpm_winnt:warn] [pid 3192:tid 16492] (OS 64)The specified network name is no longer available.  : AH00341: winnt_accept: Asynchronous AcceptEx failed.
[Wed Nov 09 19:02:43.312424 2016] [mpm_winnt:warn] [pid 3192:tid 16492] (OS 64)The specified network name is no longer available.  : AH00341: winnt_accept: Asynchronous AcceptEx failed.
[Wed Nov 09 19:02:43.312424 2016] [mpm_winnt:warn] [pid 3192:tid 16492] (OS 64)The specified network name is no longer available.  : AH00341: winnt_accept: Asynchronous AcceptEx failed.
[Wed Nov 09 19:02:43.312424 2016] [mpm_winnt:warn] [pid 3192:tid 16492] (OS 64)The specified network name is no longer available.  : AH00341: winnt_accept: Asynchronous AcceptEx failed.
[Wed Nov 09 19:02:43.312424 2016] [mpm_winnt:warn] [pid 3192:tid 16492] (OS 64)The specified network name is no longer available.  : AH00341: winnt_accept: Asynchronous AcceptEx failed.
[Wed Nov 09 19:02:43.312424 2016] [mpm_winnt:warn] [pid 3192:tid 16492] (OS 64)The specified network name is no longer available.  : AH00341: winnt_accept: Asynchronous AcceptEx failed.
[Wed Nov 09 19:02:43.312424 2016] [mpm_winnt:warn] [pid 3192:tid 16492] (OS 64)The specified network name is no longer available.  : AH00341: winnt_accept: Asynchronous AcceptEx failed.
[Wed Nov 09 19:02:43.312424 2016] [mpm_winnt:warn] [pid 3192:tid 16492] (OS 64)The specified network name is no longer available.  : AH00341: winnt_accept: Asynchronous AcceptEx failed.
[Wed Nov 09 19:02:43.312424 2016] [mpm_winnt:warn] [pid 3192:tid 16492] (OS 64)The specified network name is no longer available.  : AH00341: winnt_accept: Asynchronous AcceptEx failed.
[Wed Nov 09 19:02:43.312424 2016] [mpm_winnt:warn] [pid 3192:tid 16492] (OS 64)The specified network name is no longer available.  : AH00341: winnt_accept: Asynchronous AcceptEx failed.
[Wed Nov 09 19:02:43.312424 2016] [mpm_winnt:warn] [pid 3192:tid 16492] (OS 64)The specified network name is no longer available.  : AH00341: winnt_accept: Asynchronous AcceptEx failed.
[Wed Nov 09 19:06:13.288792 2016] [mpm_winnt:warn] [pid 3192:tid 16492] (OS 64)The specified network name is no longer available.  : AH00341: winnt_accept: Asynchronous AcceptEx failed.
[Wed Nov 09 19:06:13.288792 2016] [mpm_winnt:warn] [pid 3192:tid 16492] (OS 64)The specified network name is no longer available.  : AH00341: winnt_accept: Asynchronous AcceptEx failed.
[Wed Nov 09 19:06:13.304392 2016] [mpm_winnt:warn] [pid 3192:tid 16492] (OS 64)The specified network name is no longer available.  : AH00341: winnt_accept: Asynchronous AcceptEx failed.
[Wed Nov 09 20:11:01.830622 2016] [mpm_winnt:warn] [pid 3192:tid 16492] (OS 64)The specified network name is no longer available.  : AH00341: winnt_accept: Asynchronous AcceptEx failed.
[Wed Nov 09 20:11:48.053503 2016] [proxy_http:error] [pid 3192:tid 15780] (OS 10053)An established connection was aborted by the software in your host machine.  : [client 201.245.192.253:21852] AH01102: error reading status line from remote server 172.22.1.31:80, referer: http://190.27.245.106/isolucionsda/FrameSetGeneral.asp?Pagina=Menu.asp&IdModulo=5
[Wed Nov 09 20:11:48.053503 2016] [proxy_http:error] [pid 3192:tid 16132] (OS 10053)An established connection was aborted by the software in your host machine.  : [client 201.245.192.253:21861] AH01102: error reading status line from remote server 172.22.1.31:80, referer: http://190.27.245.106/isolucionsda/FrameSetGeneral.asp?Pagina=Menu.asp&IdModulo=5
[Wed Nov 09 20:11:48.053503 2016] [proxy:error] [pid 3192:tid 16132] [client 201.245.192.253:21861] AH00898: Error reading from remote server returned by /isolucionsda/BarraFavoritos.asp, referer: http://190.27.245.106/isolucionsda/FrameSetGeneral.asp?Pagina=Menu.asp&IdModulo=5
[Wed Nov 09 21:43:55.940813 2016] [proxy_http:error] [pid 3192:tid 16364] (OS 10053)An established connection was aborted by the software in your host machine.  : [client 186.154.36.28:42360] AH01102: error reading status line from remote server 172.22.1.31:80, referer: http://190.27.245.106/isolucionsda/FrameSetGeneral.asp?Pagina1=FrameSetGeneral.asp&
[Wed Nov 09 21:43:55.987613 2016] [proxy_http:error] [pid 3192:tid 15448] (OS 10053)An established connection was aborted by the software in your host machine.  : [client 186.154.36.28:42356] AH01102: error reading status line from remote server 172.22.1.31:80, referer: http://190.27.245.106/isolucionsda/FrameSetGeneral.asp?Pagina1=FrameSetGeneral.asp&
[Wed Nov 09 21:43:56.845614 2016] [proxy_http:error] [pid 3192:tid 15780] (OS 10053)An established connection was aborted by the software in your host machine.  : [client 186.154.36.28:42361] AH01102: error reading status line from remote server 172.22.1.31:80, referer: http://190.27.245.106/isolucionsda/MagazinHome.asp
[Wed Nov 09 21:43:56.908014 2016] [proxy_http:error] [pid 3192:tid 14732] (OS 10053)An established connection was aborted by the software in your host machine.  : [client 186.154.36.28:42357] AH01102: error reading status line from remote server 172.22.1.31:80, referer: http://190.27.245.106/isolucionsda/MagazinHome.asp
[Wed Nov 09 21:59:30.382454 2016] [proxy_http:error] [pid 3192:tid 15036] (OS 10053)An established connection was aborted by the software in your host machine.  : [client 186.154.36.28:42315] AH01102: error reading status line from remote server 172.22.1.31:80, referer: http://190.27.245.106/ISOlucionSDA/bancoconocimiento/m/mapadeprocesos__v4/mapadeprocesos__v4.asp
[Wed Nov 09 21:59:30.444854 2016] [proxy_http:error] [pid 3192:tid 14644] (OS 10053)An established connection was aborted by the software in your host machine.  : [client 186.154.36.28:42314] AH01102: error reading status line from remote server 172.22.1.31:80, referer: http://190.27.245.106/ISOlucionSDA/bancoconocimiento/m/mapadeprocesos__v4/mapadeprocesos__v4.asp
[Wed Nov 09 21:59:30.476054 2016] [proxy_http:error] [pid 3192:tid 14972] (OS 10053)An established connection was aborted by the software in your host machine.  : [client 186.154.36.28:42367] AH01102: error reading status line from remote server 172.22.1.31:80, referer: http://190.27.245.106/ISOlucionSDA/bancoconocimiento/m/mapadeprocesos__v4/mapadeprocesos__v4.asp
[Wed Nov 09 22:02:46.505998 2016] [proxy_http:error] [pid 3192:tid 15640] (OS 10053)An established connection was aborted by the software in your host machine.  : [client 186.154.36.28:42366] AH01102: error reading status line from remote server 172.22.1.31:80, referer: http://190.27.245.106/isolucionsda/Encabezado.asp?Pagina=SucursalSeleccion.asp&CargaPagina=ModuloProcesos&IdModulo=3
[Wed Nov 09 22:02:46.505998 2016] [proxy:error] [pid 3192:tid 15640] [client 186.154.36.28:42366] AH00898: Error reading from remote server returned by /isolucionsda/g/Bot_DocumentosOver_ESP.jpg, referer: http://190.27.245.106/isolucionsda/Encabezado.asp?Pagina=SucursalSeleccion.asp&CargaPagina=ModuloProcesos&IdModulo=3
[Wed Nov 09 22:36:04.402508 2016] [ssl:error] [pid 3192:tid 14972] AH02032: Hostname 190.27.245.106 provided via SNI and hostname dama.gov.co provided via HTTP are different

:: Command execute ::

Enter:
 
Select:
 

:: Search ::
regexp 

:: Upload ::
 
[ ok ]

:: Make Dir ::
 
[ ok ]
:: Make File ::
 
[ ok ]

:: Go Dir ::
 
:: Go File ::
 

--[ c99shell v. 1.0 pre-release build #13 powered by Captain Crunch Security Team | http://ccteam.ru | Generation time: 0.0312 ]--