!C99Shell v. 1.0 pre-release build #13!

Software: Apache. PHP/5.5.15 

uname -a: Windows NT SVR-DMZ 6.1 build 7600 (Windows Server 2008 R2 Enterprise Edition) i586 

SYSTEM 

Safe-mode: OFF (not secure)

E:\nuevo\apache\logs\   drwxrwxrwx
Free 8.02 GB of 239.26 GB (3.35%)
Detected drives: [ a ] [ c ] [ d ] [ e ] [ f ]
Home    Back    Forward    UPDIR    Refresh    Search    Buffer    Encoder    Tools    Proc.    FTP brute    Sec.    SQL    PHP-code    Update    Feedback    Self remove    Logout    


Viewing file:     error.2016.11.14.log (24.96 KB)      -rw-rw-rw-
Select action/file-type:
(+) | (+) | (+) | Code (+) | Session (+) | (+) | SDB (+) | (+) | (+) | (+) | (+) | (+) |
[Mon Nov 14 01:39:28.017255 2016] [mpm_winnt:warn] [pid 8636:tid 17208] (OS 64)The specified network name is no longer available.  : AH00341: winnt_accept: Asynchronous AcceptEx failed.
[Mon Nov 14 02:00:30.511872 2016] [mpm_winnt:warn] [pid 8636:tid 17208] (OS 64)The specified network name is no longer available.  : AH00341: winnt_accept: Asynchronous AcceptEx failed.
[Mon Nov 14 02:52:45.915579 2016] [proxy:error] [pid 8636:tid 16088] (OS 10060)A connection attempt failed because the connected party did not properly respond after a period of time, or established connection failed because connected host has failed to respond.  : AH00957: HTTP: attempt to connect to 172.22.1.51:8399 (172.22.1.51) failed
[Mon Nov 14 02:52:45.915579 2016] [proxy:error] [pid 8636:tid 16088] AH00959: ap_proxy_connect_backend disabling worker for (172.22.1.51) for 60s
[Mon Nov 14 02:52:45.915579 2016] [proxy_http:error] [pid 8636:tid 16088] [client 152.61.128.50:57192] AH01114: HTTP: failed to make connection to backend: 172.22.1.51
[Mon Nov 14 02:52:46.087180 2016] [proxy:error] [pid 8636:tid 16088] AH00940: HTTP: disabled connection for (172.22.1.51)
[Mon Nov 14 02:54:38.298177 2016] [proxy:error] [pid 8636:tid 16272] (OS 10060)A connection attempt failed because the connected party did not properly respond after a period of time, or established connection failed because connected host has failed to respond.  : AH00957: HTTP: attempt to connect to 172.22.1.51:8399 (172.22.1.51) failed
[Mon Nov 14 02:54:38.298177 2016] [proxy:error] [pid 8636:tid 16272] AH00959: ap_proxy_connect_backend disabling worker for (172.22.1.51) for 60s
[Mon Nov 14 02:54:38.298177 2016] [proxy_http:error] [pid 8636:tid 16272] [client 152.61.128.50:33634] AH01114: HTTP: failed to make connection to backend: 172.22.1.51
[Mon Nov 14 02:54:38.469777 2016] [proxy:error] [pid 8636:tid 16272] AH00940: HTTP: disabled connection for (172.22.1.51)
[Mon Nov 14 02:54:38.656977 2016] [proxy:error] [pid 8636:tid 16272] AH00940: HTTP: disabled connection for (172.22.1.51)
[Mon Nov 14 03:03:25.814103 2016] [core:error] [pid 8636:tid 16292] [client 176.10.104.240:51984] AH00126: Invalid URI in request Connection: Close
[Mon Nov 14 03:57:34.037209 2016] [proxy_http:error] [pid 8636:tid 16004] (OS 10053)An established connection was aborted by the software in your host machine.  : [client 186.113.52.11:52466] AH01102: error reading status line from remote server 172.22.1.31:80, referer: http://190.27.245.106/isolucionsda/FrameSetGeneral.asp?Pagina1=FrameSetGeneral.asp&
[Mon Nov 14 03:57:34.037209 2016] [proxy:error] [pid 8636:tid 16004] [client 186.113.52.11:52466] AH00898: Error reading from remote server returned by /isolucionsda/BarraFavoritos.asp, referer: http://190.27.245.106/isolucionsda/FrameSetGeneral.asp?Pagina1=FrameSetGeneral.asp&
[Mon Nov 14 04:28:36.508880 2016] [proxy_http:error] [pid 8636:tid 16216] (OS 10053)An established connection was aborted by the software in your host machine.  : [client 186.113.52.11:53049] AH01102: error reading status line from remote server 172.22.1.31:80, referer: http://190.27.245.106/isolucionsda/Session.asp?Continue=1
[Mon Nov 14 04:28:36.508880 2016] [proxy:error] [pid 8636:tid 16216] [client 186.113.52.11:53049] AH00898: Error reading from remote server returned by /isolucionsda/Session.asp, referer: http://190.27.245.106/isolucionsda/Session.asp?Continue=1
[Mon Nov 14 04:36:51.310549 2016] [proxy_http:error] [pid 8636:tid 16276] (OS 10053)An established connection was aborted by the software in your host machine.  : [client 186.113.52.11:53100] AH01102: error reading status line from remote server 172.22.1.31:80, referer: http://190.27.245.106/isolucionsda/FrameSetGeneral.asp?Pagina=SucursalSeleccion.asp&CargaPagina=ModuloProcesos&IdModulo=3
[Mon Nov 14 04:36:51.310549 2016] [proxy:error] [pid 8636:tid 16276] [client 186.113.52.11:53100] AH00898: Error reading from remote server returned by /isolucionsda/BarraFavoritos.asp, referer: http://190.27.245.106/isolucionsda/FrameSetGeneral.asp?Pagina=SucursalSeleccion.asp&CargaPagina=ModuloProcesos&IdModulo=3
[Mon Nov 14 04:46:48.151997 2016] [core:error] [pid 8636:tid 16276] (20024)The given path is misformatted or contained invalid characters: [client 52.211.214.165:49108] AH00127: Cannot map GET /www.ambientebogota.gov.co:81 HTTP/1.1 to file
[Mon Nov 14 05:39:02.214102 2016] [mpm_winnt:warn] [pid 8636:tid 17208] (OS 64)The specified network name is no longer available.  : AH00341: winnt_accept: Asynchronous AcceptEx failed.
[Mon Nov 14 05:51:16.055991 2016] [proxy_http:error] [pid 8636:tid 16292] (OS 10053)An established connection was aborted by the software in your host machine.  : [client 186.113.52.11:53547] AH01102: error reading status line from remote server 172.22.1.31:80, referer: http://190.27.245.106/isolucionsda/FrameSetGeneral.asp?Pagina=SucursalSeleccion.asp&CargaPagina=ModuloProcesos&IdModulo=3
[Mon Nov 14 06:01:03.662223 2016] [proxy_http:error] [pid 8636:tid 16248] (OS 10053)An established connection was aborted by the software in your host machine.  : [client 190.159.243.3:56081] AH01102: error reading status line from remote server 172.22.1.31:80, referer: http://190.27.245.106/isolucionsda/FrameSetGeneral.asp?Pagina=SucursalSeleccion.asp&CargaPagina=ModuloProcesos&IdModulo=3
[Mon Nov 14 06:01:03.662223 2016] [proxy:error] [pid 8636:tid 16248] [client 190.159.243.3:56081] AH00898: Error reading from remote server returned by /isolucionsda/BarraTitulos.asp, referer: http://190.27.245.106/isolucionsda/FrameSetGeneral.asp?Pagina=SucursalSeleccion.asp&CargaPagina=ModuloProcesos&IdModulo=3
[Mon Nov 14 06:01:08.685432 2016] [proxy_http:error] [pid 8636:tid 16232] (OS 10053)An established connection was aborted by the software in your host machine.  : [client 190.159.243.3:56080] AH01102: error reading status line from remote server 172.22.1.31:80, referer: http://190.27.245.106/ISOlucionSDA/bancoconocimiento/m/mapadeprocesos__v4/mapadeprocesos__v4.asp
[Mon Nov 14 06:01:24.925060 2016] [proxy_http:error] [pid 8636:tid 16388] (OS 10053)An established connection was aborted by the software in your host machine.  : [client 190.159.243.3:56088] AH01102: error reading status line from remote server 172.22.1.31:80, referer: http://190.27.245.106/ISOlucionSDA/bancoconocimiento/m/mapadeprocesos__v4/mapadeprocesos__v4.asp
[Mon Nov 14 06:01:24.925060 2016] [proxy:error] [pid 8636:tid 16388] [client 190.159.243.3:56088] AH00898: Error reading from remote server returned by /IsolucionSDA/bancoconocimiento/G/GESTIONAMBIENTALYDESARROLLORURAL_v6/GESTIONAMBIENTALYDESARROLLORURAL_v6.asp, referer: http://190.27.245.106/ISOlucionSDA/bancoconocimiento/m/mapadeprocesos__v4/mapadeprocesos__v4.asp
[Mon Nov 14 06:11:38.598938 2016] [proxy_http:error] [pid 8636:tid 16388] (OS 10053)An established connection was aborted by the software in your host machine.  : [client 190.159.243.3:56166] AH01102: error reading status line from remote server 172.22.1.31:80, referer: http://190.27.245.106/isolucionsda/FrameSetGeneral.asp?Pagina=SucursalSeleccion.asp&CargaPagina=ModuloProcesos&IdModulo=3
[Mon Nov 14 06:11:38.598938 2016] [proxy:error] [pid 8636:tid 16388] [client 190.159.243.3:56166] AH00898: Error reading from remote server returned by /isolucionsda/BarraTitulos.asp, referer: http://190.27.245.106/isolucionsda/FrameSetGeneral.asp?Pagina=SucursalSeleccion.asp&CargaPagina=ModuloProcesos&IdModulo=3
[Mon Nov 14 06:26:13.682475 2016] [proxy_http:error] [pid 8636:tid 16136] (OS 10053)An established connection was aborted by the software in your host machine.  : [client 186.113.52.11:54182] AH01102: error reading status line from remote server 172.22.1.31:80, referer: http://190.27.245.106/IsolucionSDA/FrameSetGeneral.asp?Pagina=SucursalSeleccion.asp&CargaPagina=ModuloProcesos&IdModulo=3
[Mon Nov 14 06:36:32.504362 2016] [proxy_http:error] [pid 8636:tid 16224] (OS 10053)An established connection was aborted by the software in your host machine.  : [client 190.159.243.3:56309] AH01102: error reading status line from remote server 172.22.1.31:80, referer: http://190.27.245.106/isolucionsda/FrameSetGeneral.asp?Pagina=SucursalSeleccion.asp&CargaPagina=ModuloProcesos&IdModulo=3
[Mon Nov 14 07:11:01.380996 2016] [proxy_http:error] [pid 8636:tid 16000] (OS 10053)An established connection was aborted by the software in your host machine.  : [client 190.159.243.3:56487] AH01102: error reading status line from remote server 172.22.1.31:80, referer: http://190.27.245.106/IsolucionSDA/FrameSetGeneral.asp?Pagina=SucursalSeleccion.asp&CargaPagina=ModuloProcesos&IdModulo=3
[Mon Nov 14 09:48:22.754579 2016] [proxy_http:error] [pid 8636:tid 16320] (OS 10053)An established connection was aborted by the software in your host machine.  : [client 190.156.38.113:50012] AH01102: error reading status line from remote server 172.22.1.31:80, referer: http://190.27.245.106/isolucionsda/DetalleTareas.aspx?Number=68706550665153704556
[Mon Nov 14 09:48:24.080581 2016] [proxy_http:error] [pid 8636:tid 16024] (OS 10053)An established connection was aborted by the software in your host machine.  : [client 190.156.38.113:50014] AH01102: error reading status line from remote server 172.22.1.31:80, referer: http://190.27.245.106/isolucionsda/FrameSetGeneral.asp?Pagina1=FrameSetGeneral.asp&
[Mon Nov 14 09:48:24.080581 2016] [proxy:error] [pid 8636:tid 16024] [client 190.156.38.113:50014] AH00898: Error reading from remote server returned by /isolucionsda/BarraFavoritos.asp, referer: http://190.27.245.106/isolucionsda/FrameSetGeneral.asp?Pagina1=FrameSetGeneral.asp&
[Mon Nov 14 10:52:12.203505 2016] [mpm_winnt:warn] [pid 8636:tid 17208] (OS 64)The specified network name is no longer available.  : AH00341: winnt_accept: Asynchronous AcceptEx failed.
[Mon Nov 14 10:52:12.203505 2016] [mpm_winnt:warn] [pid 8636:tid 17208] (OS 64)The specified network name is no longer available.  : AH00341: winnt_accept: Asynchronous AcceptEx failed.
[Mon Nov 14 10:52:12.203505 2016] [mpm_winnt:warn] [pid 8636:tid 17208] (OS 64)The specified network name is no longer available.  : AH00341: winnt_accept: Asynchronous AcceptEx failed.
[Mon Nov 14 10:52:12.203505 2016] [mpm_winnt:warn] [pid 8636:tid 17208] (OS 64)The specified network name is no longer available.  : AH00341: winnt_accept: Asynchronous AcceptEx failed.
[Mon Nov 14 11:14:31.310857 2016] [mpm_winnt:warn] [pid 8636:tid 17208] (OS 64)The specified network name is no longer available.  : AH00341: winnt_accept: Asynchronous AcceptEx failed.
[Mon Nov 14 11:26:29.411319 2016] [mpm_winnt:warn] [pid 8636:tid 17208] (OS 64)The specified network name is no longer available.  : AH00341: winnt_accept: Asynchronous AcceptEx failed.
[Mon Nov 14 12:01:14.916582 2016] [proxy_http:error] [pid 8636:tid 16352] (OS 10053)An established connection was aborted by the software in your host machine.  : [client 190.9.201.3:33356] AH01102: error reading status line from remote server 172.22.1.31:80, referer: http://190.27.245.106/IsolucionSDA/Encabezado.asp?Pagina1=FrameSetGeneral.asp&&Pagina=MagazinHome.asp
[Mon Nov 14 13:46:56.423320 2016] [proxy:error] [pid 8636:tid 16088] (OS 10060)A connection attempt failed because the connected party did not properly respond after a period of time, or established connection failed because connected host has failed to respond.  : AH00957: HTTP: attempt to connect to 172.22.1.51:8399 (172.22.1.51) failed
[Mon Nov 14 13:46:56.423320 2016] [proxy:error] [pid 8636:tid 16088] AH00959: ap_proxy_connect_backend disabling worker for (172.22.1.51) for 60s
[Mon Nov 14 13:46:56.423320 2016] [proxy_http:error] [pid 8636:tid 16088] [client 152.61.128.50:51570] AH01114: HTTP: failed to make connection to backend: 172.22.1.51
[Mon Nov 14 13:46:56.610520 2016] [proxy:error] [pid 8636:tid 16088] AH00940: HTTP: disabled connection for (172.22.1.51)
[Mon Nov 14 13:46:56.813321 2016] [proxy:error] [pid 8636:tid 16136] AH00940: HTTP: disabled connection for (172.22.1.51)
[Mon Nov 14 13:52:02.293057 2016] [proxy:error] [pid 8636:tid 15968] (OS 10060)A connection attempt failed because the connected party did not properly respond after a period of time, or established connection failed because connected host has failed to respond.  : AH00957: HTTP: attempt to connect to 172.22.1.51:8399 (172.22.1.51) failed
[Mon Nov 14 13:52:02.293057 2016] [proxy:error] [pid 8636:tid 15968] AH00959: ap_proxy_connect_backend disabling worker for (172.22.1.51) for 60s
[Mon Nov 14 13:52:02.293057 2016] [proxy_http:error] [pid 8636:tid 15968] [client 152.61.128.50:36022] AH01114: HTTP: failed to make connection to backend: 172.22.1.51
[Mon Nov 14 13:52:02.495857 2016] [proxy:error] [pid 8636:tid 15968] AH00940: HTTP: disabled connection for (172.22.1.51)
[Mon Nov 14 14:18:24.589236 2016] [proxy_http:error] [pid 8636:tid 16308] (OS 10053)An established connection was aborted by the software in your host machine.  : [client 186.29.156.109:55455] AH01102: error reading status line from remote server 172.22.1.31:80, referer: http://190.27.245.106/isolucionsda/Session.asp?Continue=1
[Mon Nov 14 14:18:24.589236 2016] [proxy:error] [pid 8636:tid 16308] [client 186.29.156.109:55455] AH00898: Error reading from remote server returned by /isolucionsda/Session.asp, referer: http://190.27.245.106/isolucionsda/Session.asp?Continue=1
[Mon Nov 14 15:32:34.435652 2016] [core:error] [pid 8636:tid 15960] (20024)The given path is misformatted or contained invalid characters: [client 163.172.65.225:47814] AH00127: Cannot map GET /www.ambientebogota.gov.co:81/ HTTP/1.1 to file
[Mon Nov 14 15:47:09.910190 2016] [access_compat:error] [pid 8636:tid 16056] [client 64.16.214.100:57500] AH01797: client denied by server configuration: E:/nuevo/phpMyAdmin/scripts
[Mon Nov 14 16:23:47.876050 2016] [proxy_http:error] [pid 8636:tid 16324] (OS 10053)An established connection was aborted by the software in your host machine.  : [client 190.9.201.3:40270] AH01102: error reading status line from remote server 172.22.1.31:80, referer: http://190.27.245.106/isolucionsda/FrameSetGeneral.asp?Pagina1=FrameSetGeneral.asp&
[Mon Nov 14 16:23:47.876050 2016] [proxy:error] [pid 8636:tid 16324] [client 190.9.201.3:40270] AH00898: Error reading from remote server returned by /isolucionsda/MagazinHome.asp, referer: http://190.27.245.106/isolucionsda/FrameSetGeneral.asp?Pagina1=FrameSetGeneral.asp&
[Mon Nov 14 16:23:47.938451 2016] [proxy_http:error] [pid 8636:tid 16248] (OS 10053)An established connection was aborted by the software in your host machine.  : [client 190.9.201.3:40258] AH01102: error reading status line from remote server 172.22.1.31:80, referer: http://190.27.245.106/isolucionsda/BarraTitulos.asp?Pagina1=FrameSetGeneral.asp&&Pagina=MagazinHome.asp
[Mon Nov 14 16:23:47.938451 2016] [proxy:error] [pid 8636:tid 16248] [client 190.9.201.3:40258] AH00898: Error reading from remote server returned by /isolucionsda/g/Bgr_BarraCurva2.jpg, referer: http://190.27.245.106/isolucionsda/BarraTitulos.asp?Pagina1=FrameSetGeneral.asp&&Pagina=MagazinHome.asp
[Mon Nov 14 16:24:13.740896 2016] [proxy_http:error] [pid 8636:tid 16288] (OS 10053)An established connection was aborted by the software in your host machine.  : [client 190.9.201.3:40286] AH01102: error reading status line from remote server 172.22.1.31:80, referer: http://190.27.245.106/ISOlucionSDA/magazin.asp?sigla=mac
[Mon Nov 14 16:51:04.210725 2016] [proxy_http:error] [pid 8636:tid 16224] (OS 10053)An established connection was aborted by the software in your host machine.  : [client 186.80.87.252:56924] AH01102: error reading status line from remote server 172.22.1.31:80, referer: http://190.27.245.106/IsolucionSDA/FrameSetGeneral.asp?Pagina1=FrameSetGeneral.asp&
[Mon Nov 14 16:51:49.435204 2016] [proxy_http:error] [pid 8636:tid 16304] (OS 10053)An established connection was aborted by the software in your host machine.  : [client 186.80.87.252:56937] AH01102: error reading status line from remote server 172.22.1.31:80, referer: http://190.27.245.106/IsolucionSDA/Encabezado.asp?Pagina1=FrameSetGeneral.asp&&Pagina=MagazinHome.asp
[Mon Nov 14 16:51:49.435204 2016] [proxy:error] [pid 8636:tid 16304] [client 186.80.87.252:56937] AH00898: Error reading from remote server returned by /IsolucionSDA/g/Bot_Proveedores_ESP.jpg, referer: http://190.27.245.106/IsolucionSDA/Encabezado.asp?Pagina1=FrameSetGeneral.asp&&Pagina=MagazinHome.asp
[Mon Nov 14 16:58:02.697060 2016] [mpm_winnt:warn] [pid 8636:tid 17208] (OS 64)The specified network name is no longer available.  : AH00341: winnt_accept: Asynchronous AcceptEx failed.
[Mon Nov 14 17:20:27.388221 2016] [core:error] [pid 8636:tid 16412] (20024)The given path is misformatted or contained invalid characters: [client 157.55.39.120:4081] AH00127: Cannot map GET /www.ambientebogota.gov.co:81/ HTTP/1.1 to file
[Mon Nov 14 17:51:57.582141 2016] [proxy_http:error] [pid 8636:tid 16216] (OS 10053)An established connection was aborted by the software in your host machine.  : [client 186.28.120.203:51161] AH01102: error reading status line from remote server 172.22.1.31:80, referer: http://190.27.245.106/isolucionsda/IdentificaUsuario.asp?Pagina1=FrameSetGeneral.asp&
[Mon Nov 14 17:51:57.582141 2016] [proxy:error] [pid 8636:tid 16216] [client 186.28.120.203:51161] AH00898: Error reading from remote server returned by /isolucionsda/g/Bgr_BarraSuperior.jpg, referer: http://190.27.245.106/isolucionsda/IdentificaUsuario.asp?Pagina1=FrameSetGeneral.asp&
[Mon Nov 14 17:51:59.641345 2016] [proxy_http:error] [pid 8636:tid 16396] (OS 10053)An established connection was aborted by the software in your host machine.  : [client 186.28.120.203:51160] AH01102: error reading status line from remote server 172.22.1.31:80, referer: http://190.27.245.106/isolucionsda/FrameSetGeneral.asp?Pagina1=FrameSetGeneral.asp&
[Mon Nov 14 19:04:13.439157 2016] [proxy_http:error] [pid 8636:tid 16324] (OS 10053)An established connection was aborted by the software in your host machine.  : [client 186.80.87.252:57620] AH01102: error reading status line from remote server 172.22.1.31:80, referer: http://190.27.245.106/IsolucionSDA/FrameSetGeneral.asp?Pagina=ListadoMaestroDocumentos3.asp
[Mon Nov 14 19:07:12.168671 2016] [proxy_http:error] [pid 8636:tid 15992] (OS 10053)An established connection was aborted by the software in your host machine.  : [client 186.29.181.106:17628] AH01102: error reading status line from remote server 172.22.1.31:80, referer: http://190.27.245.106/isolucionsda/Encabezado.asp?Pagina1=FrameSetGeneral.asp&&Pagina=MagazinHome.asp
[Mon Nov 14 19:07:12.168671 2016] [proxy_http:error] [pid 8636:tid 15936] (OS 10053)An established connection was aborted by the software in your host machine.  : [client 186.29.181.106:17603] AH01102: error reading status line from remote server 172.22.1.31:80, referer: http://190.27.245.106/isolucionsda/FrameSetGeneral.asp?Pagina1=FrameSetGeneral.asp&
[Mon Nov 14 19:07:12.168671 2016] [proxy:error] [pid 8636:tid 15936] [client 186.29.181.106:17603] AH00898: Error reading from remote server returned by /isolucionsda/BarraFavoritos.asp, referer: http://190.27.245.106/isolucionsda/FrameSetGeneral.asp?Pagina1=FrameSetGeneral.asp&
[Mon Nov 14 19:07:12.199871 2016] [proxy_http:error] [pid 8636:tid 15940] (OS 10053)An established connection was aborted by the software in your host machine.  : [client 186.29.181.106:17621] AH01102: error reading status line from remote server 172.22.1.31:80, referer: http://190.27.245.106/isolucionsda/Encabezado.asp?Pagina1=FrameSetGeneral.asp&&Pagina=MagazinHome.asp
[Mon Nov 14 19:07:12.199871 2016] [proxy:error] [pid 8636:tid 15940] [client 186.29.181.106:17621] AH00898: Error reading from remote server returned by /isolucionsda/g/Bot_Siguiente.jpg, referer: http://190.27.245.106/isolucionsda/Encabezado.asp?Pagina1=FrameSetGeneral.asp&&Pagina=MagazinHome.asp
[Mon Nov 14 19:40:52.404419 2016] [proxy_http:error] [pid 8636:tid 16152] (OS 10053)An established connection was aborted by the software in your host machine.  : [client 181.54.48.45:50492] AH01102: error reading status line from remote server 172.22.1.31:80, referer: http://www.ambientebogota.gov.co/web/intranet/aplicaciones-para-acceder-fuera-de-la-sda
[Mon Nov 14 19:40:52.404419 2016] [proxy:error] [pid 8636:tid 16152] [client 181.54.48.45:50492] AH00898: Error reading from remote server returned by /isolucionsda/, referer: http://www.ambientebogota.gov.co/web/intranet/aplicaciones-para-acceder-fuera-de-la-sda
[Mon Nov 14 19:46:11.877380 2016] [core:error] [pid 8636:tid 16140] (20024)The given path is misformatted or contained invalid characters: [client 54.197.42.128:7520] AH00127: Cannot map GET /www.ambientebogota.gov.co:81/ HTTP/1.1 to file
[Mon Nov 14 19:50:49.417468 2016] [proxy_http:error] [pid 8636:tid 16004] (OS 10053)An established connection was aborted by the software in your host machine.  : [client 190.9.201.3:56907] AH01102: error reading status line from remote server 172.22.1.31:80, referer: http://190.27.245.106/ISOlucionSDA/bancoconocimiento/m/mapadeprocesos__v4/mapadeprocesos__v4.asp
[Mon Nov 14 19:50:49.433068 2016] [proxy_http:error] [pid 8636:tid 16100] (OS 10053)An established connection was aborted by the software in your host machine.  : [client 190.9.201.3:56950] AH01102: error reading status line from remote server 172.22.1.31:80, referer: http://190.27.245.106/ISOlucionSDA/bancoconocimiento/m/mapadeprocesos__v4/mapadeprocesos__v4.asp
[Mon Nov 14 19:50:49.433068 2016] [proxy:error] [pid 8636:tid 16100] [client 190.9.201.3:56950] AH00898: Error reading from remote server returned by /ISOlucionSDA/g/Plantillas/ModeloMP2/CajaEstrategicoInf.png, referer: http://190.27.245.106/ISOlucionSDA/bancoconocimiento/m/mapadeprocesos__v4/mapadeprocesos__v4.asp
[Mon Nov 14 20:34:07.634231 2016] [core:error] [pid 8636:tid 16336] (20024)The given path is misformatted or contained invalid characters: [client 157.55.39.207:7849] AH00127: Cannot map GET /www.ambientebogota.gov.co:81/ HTTP/1.1 to file
[Mon Nov 14 20:50:49.467991 2016] [core:error] [pid 8636:tid 16288] (20024)The given path is misformatted or contained invalid characters: [client 157.55.39.207:3656] AH00127: Cannot map GET /www.ambientebogota.gov.co:81/ HTTP/1.1 to file
[Mon Nov 14 20:59:19.386087 2016] [proxy_http:error] [pid 8636:tid 16304] (OS 10053)An established connection was aborted by the software in your host machine.  : [client 186.28.120.203:55858] AH01102: error reading status line from remote server 172.22.1.31:80, referer: http://190.27.245.106/IsolucionSDA/FrameSetGeneral.asp?Pagina1=FrameSetGeneral.asp&
[Mon Nov 14 20:59:19.386087 2016] [proxy:error] [pid 8636:tid 16304] [client 186.28.120.203:55858] AH00898: Error reading from remote server returned by /IsolucionSDA/BarraFavoritos.asp, referer: http://190.27.245.106/IsolucionSDA/FrameSetGeneral.asp?Pagina1=FrameSetGeneral.asp&
[Mon Nov 14 20:59:19.635687 2016] [proxy_http:error] [pid 8636:tid 16376] (OS 10053)An established connection was aborted by the software in your host machine.  : [client 186.28.120.203:55859] AH01102: error reading status line from remote server 172.22.1.31:80, referer: http://190.27.245.106/IsolucionSDA/BarraTitulos.asp?Pagina1=FrameSetGeneral.asp&&Pagina=MagazinHome.asp
[Mon Nov 14 21:34:23.643583 2016] [proxy_http:error] [pid 8636:tid 15972] (OS 10053)An established connection was aborted by the software in your host machine.  : [client 190.159.37.19:59455] AH01102: error reading status line from remote server 172.22.1.31:80, referer: http://190.27.245.106/isolucionsda/FrameSetGeneral.asp?Pagina1=FrameSetGeneral.asp&
[Mon Nov 14 21:34:23.643583 2016] [proxy:error] [pid 8636:tid 15972] [client 190.159.37.19:59455] AH00898: Error reading from remote server returned by /isolucionsda/BarraFavoritos.asp, referer: http://190.27.245.106/isolucionsda/FrameSetGeneral.asp?Pagina1=FrameSetGeneral.asp&
[Mon Nov 14 22:22:43.845677 2016] [mpm_winnt:warn] [pid 8636:tid 17208] (OS 64)The specified network name is no longer available.  : AH00341: winnt_accept: Asynchronous AcceptEx failed.
[Mon Nov 14 23:32:09.459593 2016] [proxy_http:error] [pid 8636:tid 16232] (OS 10053)An established connection was aborted by the software in your host machine.  : [client 181.54.48.45:51082] AH01102: error reading status line from remote server 172.22.1.31:80, referer: http://190.27.245.106/IsolucionSDA/Encabezado.asp?Pagina1=FrameSetGeneral.asp&&Pagina=MagazinHome.asp
[Mon Nov 14 23:32:09.459593 2016] [proxy_http:error] [pid 8636:tid 16100] (OS 10053)An established connection was aborted by the software in your host machine.  : [client 181.54.48.45:51083] AH01102: error reading status line from remote server 172.22.1.31:80, referer: http://190.27.245.106/IsolucionSDA/Encabezado.asp?Pagina1=FrameSetGeneral.asp&&Pagina=MagazinHome.asp
[Mon Nov 14 23:32:09.459593 2016] [proxy:error] [pid 8636:tid 16232] [client 181.54.48.45:51082] AH00898: Error reading from remote server returned by /IsolucionSDA/g/Bot_Administrador.jpg, referer: http://190.27.245.106/IsolucionSDA/Encabezado.asp?Pagina1=FrameSetGeneral.asp&&Pagina=MagazinHome.asp
[Mon Nov 14 23:32:09.459593 2016] [proxy:error] [pid 8636:tid 16100] [client 181.54.48.45:51083] AH00898: Error reading from remote server returned by /IsolucionSDA/Session.asp, referer: http://190.27.245.106/IsolucionSDA/Encabezado.asp?Pagina1=FrameSetGeneral.asp&&Pagina=MagazinHome.asp

:: Command execute ::

Enter:
 
Select:
 

:: Search ::
regexp 

:: Upload ::
 
[ ok ]

:: Make Dir ::
 
[ ok ]
:: Make File ::
 
[ ok ]

:: Go Dir ::
 
:: Go File ::
 

--[ c99shell v. 1.0 pre-release build #13 powered by Captain Crunch Security Team | http://ccteam.ru | Generation time: 0.0312 ]--