!C99Shell v. 1.0 pre-release build #13!

Software: Apache. PHP/5.5.15 

uname -a: Windows NT SVR-DMZ 6.1 build 7600 (Windows Server 2008 R2 Enterprise Edition) i586 

SYSTEM 

Safe-mode: OFF (not secure)

E:\nuevo\apache\logs\   drwxrwxrwx
Free 9.41 GB of 239.26 GB (3.93%)
Detected drives: [ a ] [ c ] [ d ] [ e ] [ f ]
Home    Back    Forward    UPDIR    Refresh    Search    Buffer    Encoder    Tools    Proc.    FTP brute    Sec.    SQL    PHP-code    Update    Feedback    Self remove    Logout    


Viewing file:     error.2016.12.20.log (29 KB)      -rw-rw-rw-
Select action/file-type:
(+) | (+) | (+) | Code (+) | Session (+) | (+) | SDB (+) | (+) | (+) | (+) | (+) | (+) |
[Tue Dec 20 02:46:22.173215 2016] [proxy:error] [pid 7252:tid 12580] (OS 10060)A connection attempt failed because the connected party did not properly respond after a period of time, or established connection failed because connected host has failed to respond.  : AH00957: HTTP: attempt to connect to 172.22.1.51:8399 (172.22.1.51) failed
[Tue Dec 20 02:46:22.173215 2016] [proxy:error] [pid 7252:tid 12580] AH00959: ap_proxy_connect_backend disabling worker for (172.22.1.51) for 60s
[Tue Dec 20 02:46:22.173215 2016] [proxy_http:error] [pid 7252:tid 12580] [client 152.61.128.50:39896] AH01114: HTTP: failed to make connection to backend: 172.22.1.51
[Tue Dec 20 02:46:22.376016 2016] [proxy:error] [pid 7252:tid 12580] AH00940: HTTP: disabled connection for (172.22.1.51)
[Tue Dec 20 02:46:22.578816 2016] [proxy:error] [pid 7252:tid 12580] AH00940: HTTP: disabled connection for (172.22.1.51)
[Tue Dec 20 04:20:24.455525 2016] [mpm_winnt:warn] [pid 7252:tid 17020] (OS 64)The specified network name is no longer available.  : AH00341: winnt_accept: Asynchronous AcceptEx failed.
[Tue Dec 20 04:20:24.455525 2016] [mpm_winnt:warn] [pid 7252:tid 17020] (OS 64)The specified network name is no longer available.  : AH00341: winnt_accept: Asynchronous AcceptEx failed.
[Tue Dec 20 04:38:41.184252 2016] [mpm_winnt:warn] [pid 7252:tid 17020] (OS 64)The specified network name is no longer available.  : AH00341: winnt_accept: Asynchronous AcceptEx failed.
[Tue Dec 20 04:51:43.838626 2016] [core:error] [pid 7252:tid 16000] (20024)The given path is misformatted or contained invalid characters: [client 94.23.0.221:41276] AH00127: Cannot map GET /www.ambientebogota.gov.co:81/ HTTP/1.1 to file
[Tue Dec 20 06:32:51.112483 2016] [core:error] [pid 7252:tid 15084] (20024)The given path is misformatted or contained invalid characters: [client 31.154.16.122:32980] AH00127: Cannot map GET /w00tw00t.at.blackhats.romanian.anti-sec:) HTTP/1.1 to file
[Tue Dec 20 06:32:51.596084 2016] [access_compat:error] [pid 7252:tid 16064] [client 31.154.16.122:33069] AH01797: client denied by server configuration: E:/nuevo/htdocs/phpMyAdmin
[Tue Dec 20 06:32:52.079685 2016] [access_compat:error] [pid 7252:tid 15872] [client 31.154.16.122:33236] AH01797: client denied by server configuration: E:/nuevo/phpMyAdmin/scripts
[Tue Dec 20 07:26:19.820719 2016] [mpm_winnt:warn] [pid 7252:tid 17020] (OS 64)The specified network name is no longer available.  : AH00341: winnt_accept: Asynchronous AcceptEx failed.
[Tue Dec 20 07:41:34.575126 2016] [proxy_http:error] [pid 7252:tid 15064] (OS 10053)An established connection was aborted by the software in your host machine.  : [client 201.245.192.253:11790] AH01102: error reading status line from remote server 172.22.1.31:80, referer: http://190.27.245.106/isolucionsda/FrameSetGeneral.asp?Pagina1=FrameSetGeneral.asp&
[Tue Dec 20 07:41:34.575126 2016] [proxy:error] [pid 7252:tid 15064] [client 201.245.192.253:11790] AH00898: Error reading from remote server returned by /isolucionsda/BarraFavoritos.asp, referer: http://190.27.245.106/isolucionsda/FrameSetGeneral.asp?Pagina1=FrameSetGeneral.asp&
[Tue Dec 20 08:14:58.773046 2016] [mpm_winnt:warn] [pid 7252:tid 17020] (OS 64)The specified network name is no longer available.  : AH00341: winnt_accept: Asynchronous AcceptEx failed.
[Tue Dec 20 08:23:28.645342 2016] [mpm_winnt:warn] [pid 7252:tid 17020] (OS 64)The specified network name is no longer available.  : AH00341: winnt_accept: Asynchronous AcceptEx failed.
[Tue Dec 20 09:13:42.726635 2016] [proxy_http:error] [pid 7252:tid 15616] (OS 10053)An established connection was aborted by the software in your host machine.  : [client 201.245.192.253:22109] AH01102: error reading status line from remote server 172.22.1.31:80, referer: http://190.27.245.106/isolucionsda/MagazinHome.asp?Pagina=MagazinHome.asp
[Tue Dec 20 09:13:42.726635 2016] [proxy:error] [pid 7252:tid 15616] [client 201.245.192.253:22109] AH00898: Error reading from remote server returned by /isolucionsda/BancoConocimiento/C/CARTILLACALIDAD/cartilla-calidad0.pdf, referer: http://190.27.245.106/isolucionsda/MagazinHome.asp?Pagina=MagazinHome.asp
[Tue Dec 20 09:14:33.551525 2016] [mpm_winnt:warn] [pid 7252:tid 17020] (OS 64)The specified network name is no longer available.  : AH00341: winnt_accept: Asynchronous AcceptEx failed.
[Tue Dec 20 09:17:41.907256 2016] [proxy_http:error] [pid 7252:tid 15040] (OS 10053)An established connection was aborted by the software in your host machine.  : [client 186.28.25.180:1435] AH01102: error reading status line from remote server 172.22.1.31:80, referer: http://190.27.245.106/isolucionsda/IdentificaUsuario.asp?Pagina1=FrameSetGeneral.asp&
[Tue Dec 20 09:17:41.907256 2016] [proxy:error] [pid 7252:tid 15040] [client 186.28.25.180:1435] AH00898: Error reading from remote server returned by /isolucionsda/g/shim.gif, referer: http://190.27.245.106/isolucionsda/IdentificaUsuario.asp?Pagina1=FrameSetGeneral.asp&
[Tue Dec 20 09:28:23.005982 2016] [proxy_http:error] [pid 7252:tid 15636] (OS 10053)An established connection was aborted by the software in your host machine.  : [client 201.245.192.253:27385] AH01102: error reading status line from remote server 172.22.1.31:80, referer: http://190.27.245.106/IsolucionSDA/Arriba.asp?Pagina=/IsolucionSDA/bancoconocimiento/F/Flujogramadelprocedimiento126PM04-PR30_v6/Flujogramadelprocedimiento126PM04-PR30_v6.asp?IdArticulo=10149
[Tue Dec 20 09:28:23.005982 2016] [proxy:error] [pid 7252:tid 15636] [client 201.245.192.253:27385] AH00898: Error reading from remote server returned by /IsolucionSDA/StyleSheet.css, referer: http://190.27.245.106/IsolucionSDA/Arriba.asp?Pagina=/IsolucionSDA/bancoconocimiento/F/Flujogramadelprocedimiento126PM04-PR30_v6/Flujogramadelprocedimiento126PM04-PR30_v6.asp?IdArticulo=10149
[Tue Dec 20 10:02:03.615131 2016] [proxy_http:error] [pid 7252:tid 16288] (OS 10053)An established connection was aborted by the software in your host machine.  : [client 201.245.192.253:12148] AH01102: error reading status line from remote server 172.22.1.31:80, referer: http://190.27.245.106/isolucionsda/Administracion/SalaEdicion/FrameSetVistaPrevia.asp?Articulo=F/Flujogramadelprocedimiento126PA06-PR01_v11/Flujogramadelprocedimiento126PA06-PR01_v11.asp&Id_Articulo=10487
[Tue Dec 20 10:22:16.346661 2016] [proxy_http:error] [pid 7252:tid 15408] (OS 10053)An established connection was aborted by the software in your host machine.  : [client 201.245.192.253:21041] AH01102: error reading status line from remote server 172.22.1.31:80, referer: http://190.27.245.106/isolucionsda/FrameSetGeneral.asp?Pagina1=FrameSetGeneral.asp&
[Tue Dec 20 10:29:05.129779 2016] [proxy_http:error] [pid 7252:tid 15408] (OS 10053)An established connection was aborted by the software in your host machine.  : [client 179.18.48.228:5875] AH01102: error reading status line from remote server 172.22.1.31:80, referer: http://190.27.245.106/isolucionsda/FrameSetGeneral.asp?Pagina1=FrameSetGeneral.asp&
[Tue Dec 20 10:29:05.129779 2016] [proxy:error] [pid 7252:tid 15408] [client 179.18.48.228:5875] AH00898: Error reading from remote server returned by /isolucionsda/BarraFavoritos.asp, referer: http://190.27.245.106/isolucionsda/FrameSetGeneral.asp?Pagina1=FrameSetGeneral.asp&
[Tue Dec 20 10:29:11.806590 2016] [proxy_http:error] [pid 7252:tid 15556] (OS 10053)An established connection was aborted by the software in your host machine.  : [client 179.18.48.228:1179] AH01102: error reading status line from remote server 172.22.1.31:80, referer: http://190.27.245.106/isolucionsda/MagazinHome.asp
[Tue Dec 20 10:38:36.387182 2016] [proxy_http:error] [pid 7252:tid 16184] (70008)Partial results are valid but processing is incomplete: [client 201.245.192.253:21612] AH02609: read request body failed to 172.22.1.31:80 (172.22.1.31) from 201.245.192.253 (), referer: http://190.27.245.106/ISOlucionSDA/Administracion/Upload/Upload.asp?UPLDIdObjeto=161&UPLDAtras=/isolucionsda/InformeAuditoria.asp&UPLDQuerystring=CodAuditoria=161&UPLDObjeto=AuditoriaInforme&UPLDSigla=Documentos&UPLDRuta=&UPLDTemporalArchivo=&UPLDIdSigla=
[Tue Dec 20 10:38:36.387182 2016] [proxy_http:error] [pid 7252:tid 16184] [client 201.245.192.253:21612] AH01097: pass request body failed to 172.22.1.31:80 (172.22.1.31) from 201.245.192.253 (), referer: http://190.27.245.106/ISOlucionSDA/Administracion/Upload/Upload.asp?UPLDIdObjeto=161&UPLDAtras=/isolucionsda/InformeAuditoria.asp&UPLDQuerystring=CodAuditoria=161&UPLDObjeto=AuditoriaInforme&UPLDSigla=Documentos&UPLDRuta=&UPLDTemporalArchivo=&UPLDIdSigla=
[Tue Dec 20 10:43:00.636046 2016] [proxy_http:error] [pid 7252:tid 16376] (70008)Partial results are valid but processing is incomplete: [client 201.245.192.253:20972] AH02609: read request body failed to 172.22.1.31:80 (172.22.1.31) from 201.245.192.253 (), referer: http://190.27.245.106/ISOlucionSDA/Administracion/Upload/Upload.asp?UPLDIdObjeto=161&UPLDAtras=/isolucionsda/InformeAuditoria.asp&UPLDQuerystring=CodAuditoria=161&UPLDObjeto=AuditoriaInforme&UPLDSigla=Documentos&UPLDRuta=&UPLDTemporalArchivo=&UPLDIdSigla=
[Tue Dec 20 10:43:00.636046 2016] [proxy_http:error] [pid 7252:tid 16376] [client 201.245.192.253:20972] AH01097: pass request body failed to 172.22.1.31:80 (172.22.1.31) from 201.245.192.253 (), referer: http://190.27.245.106/ISOlucionSDA/Administracion/Upload/Upload.asp?UPLDIdObjeto=161&UPLDAtras=/isolucionsda/InformeAuditoria.asp&UPLDQuerystring=CodAuditoria=161&UPLDObjeto=AuditoriaInforme&UPLDSigla=Documentos&UPLDRuta=&UPLDTemporalArchivo=&UPLDIdSigla=
[Tue Dec 20 10:43:00.667246 2016] [proxy_http:error] [pid 7252:tid 12644] (70008)Partial results are valid but processing is incomplete: [client 201.245.192.253:10400] AH02609: read request body failed to 172.22.1.31:80 (172.22.1.31) from 201.245.192.253 (), referer: http://190.27.245.106/ISOlucionSDA/Administracion/Upload/Upload.asp?UPLDIdObjeto=161&UPLDAtras=/isolucionsda/InformeAuditoria.asp&UPLDQuerystring=CodAuditoria=161&UPLDObjeto=AuditoriaInforme&UPLDSigla=Documentos&UPLDRuta=&UPLDTemporalArchivo=&UPLDIdSigla=
[Tue Dec 20 10:43:00.667246 2016] [proxy_http:error] [pid 7252:tid 12644] [client 201.245.192.253:10400] AH01097: pass request body failed to 172.22.1.31:80 (172.22.1.31) from 201.245.192.253 (), referer: http://190.27.245.106/ISOlucionSDA/Administracion/Upload/Upload.asp?UPLDIdObjeto=161&UPLDAtras=/isolucionsda/InformeAuditoria.asp&UPLDQuerystring=CodAuditoria=161&UPLDObjeto=AuditoriaInforme&UPLDSigla=Documentos&UPLDRuta=&UPLDTemporalArchivo=&UPLDIdSigla=
[Tue Dec 20 10:43:02.008849 2016] [proxy_http:error] [pid 7252:tid 15756] (70008)Partial results are valid but processing is incomplete: [client 201.245.192.253:10414] AH02609: read request body failed to 172.22.1.31:80 (172.22.1.31) from 201.245.192.253 (), referer: http://190.27.245.106/ISOlucionSDA/Administracion/Upload/Upload.asp?UPLDIdObjeto=161&UPLDAtras=/isolucionsda/InformeAuditoria.asp&UPLDQuerystring=CodAuditoria=161&UPLDObjeto=AuditoriaInforme&UPLDSigla=Documentos&UPLDRuta=&UPLDTemporalArchivo=&UPLDIdSigla=
[Tue Dec 20 10:43:02.008849 2016] [proxy_http:error] [pid 7252:tid 15756] [client 201.245.192.253:10414] AH01097: pass request body failed to 172.22.1.31:80 (172.22.1.31) from 201.245.192.253 (), referer: http://190.27.245.106/ISOlucionSDA/Administracion/Upload/Upload.asp?UPLDIdObjeto=161&UPLDAtras=/isolucionsda/InformeAuditoria.asp&UPLDQuerystring=CodAuditoria=161&UPLDObjeto=AuditoriaInforme&UPLDSigla=Documentos&UPLDRuta=&UPLDTemporalArchivo=&UPLDIdSigla=
[Tue Dec 20 10:43:10.838464 2016] [proxy_http:error] [pid 7252:tid 16176] (70008)Partial results are valid but processing is incomplete: [client 201.245.192.253:12392] AH02609: read request body failed to 172.22.1.31:80 (172.22.1.31) from 201.245.192.253 (), referer: http://190.27.245.106/ISOlucionSDA/Administracion/Upload/Upload.asp?UPLDIdObjeto=161&UPLDAtras=/isolucionsda/InformeAuditoria.asp&UPLDQuerystring=CodAuditoria=161&UPLDObjeto=AuditoriaInforme&UPLDSigla=Documentos&UPLDRuta=&UPLDTemporalArchivo=&UPLDIdSigla=
[Tue Dec 20 10:43:10.838464 2016] [proxy_http:error] [pid 7252:tid 16176] [client 201.245.192.253:12392] AH01097: pass request body failed to 172.22.1.31:80 (172.22.1.31) from 201.245.192.253 (), referer: http://190.27.245.106/ISOlucionSDA/Administracion/Upload/Upload.asp?UPLDIdObjeto=161&UPLDAtras=/isolucionsda/InformeAuditoria.asp&UPLDQuerystring=CodAuditoria=161&UPLDObjeto=AuditoriaInforme&UPLDSigla=Documentos&UPLDRuta=&UPLDTemporalArchivo=&UPLDIdSigla=
[Tue Dec 20 10:43:11.306465 2016] [proxy_http:error] [pid 7252:tid 15260] (70008)Partial results are valid but processing is incomplete: [client 201.245.192.253:12736] AH02609: read request body failed to 172.22.1.31:80 (172.22.1.31) from 201.245.192.253 (), referer: http://190.27.245.106/ISOlucionSDA/Administracion/Upload/Upload.asp?UPLDIdObjeto=161&UPLDAtras=/isolucionsda/InformeAuditoria.asp&UPLDQuerystring=CodAuditoria=161&UPLDObjeto=AuditoriaInforme&UPLDSigla=Documentos&UPLDRuta=&UPLDTemporalArchivo=&UPLDIdSigla=
[Tue Dec 20 10:43:11.306465 2016] [proxy_http:error] [pid 7252:tid 15260] [client 201.245.192.253:12736] AH01097: pass request body failed to 172.22.1.31:80 (172.22.1.31) from 201.245.192.253 (), referer: http://190.27.245.106/ISOlucionSDA/Administracion/Upload/Upload.asp?UPLDIdObjeto=161&UPLDAtras=/isolucionsda/InformeAuditoria.asp&UPLDQuerystring=CodAuditoria=161&UPLDObjeto=AuditoriaInforme&UPLDSigla=Documentos&UPLDRuta=&UPLDTemporalArchivo=&UPLDIdSigla=
[Tue Dec 20 10:44:01.366953 2016] [proxy_http:error] [pid 7252:tid 16184] (70008)Partial results are valid but processing is incomplete: [client 201.245.192.253:16755] AH02609: read request body failed to 172.22.1.31:80 (172.22.1.31) from 201.245.192.253 (), referer: http://190.27.245.106/ISOlucionSDA/Administracion/Upload/Upload.asp?UPLDIdObjeto=161&UPLDAtras=/isolucionsda/InformeAuditoria.asp&UPLDQuerystring=CodAuditoria=161&UPLDObjeto=AuditoriaInforme&UPLDSigla=Documentos&UPLDRuta=&UPLDTemporalArchivo=&UPLDIdSigla=
[Tue Dec 20 10:44:01.366953 2016] [proxy_http:error] [pid 7252:tid 16184] [client 201.245.192.253:16755] AH01097: pass request body failed to 172.22.1.31:80 (172.22.1.31) from 201.245.192.253 (), referer: http://190.27.245.106/ISOlucionSDA/Administracion/Upload/Upload.asp?UPLDIdObjeto=161&UPLDAtras=/isolucionsda/InformeAuditoria.asp&UPLDQuerystring=CodAuditoria=161&UPLDObjeto=AuditoriaInforme&UPLDSigla=Documentos&UPLDRuta=&UPLDTemporalArchivo=&UPLDIdSigla=
[Tue Dec 20 10:44:01.444953 2016] [proxy_http:error] [pid 7252:tid 15680] (70008)Partial results are valid but processing is incomplete: [client 201.245.192.253:16762] AH02609: read request body failed to 172.22.1.31:80 (172.22.1.31) from 201.245.192.253 (), referer: http://190.27.245.106/ISOlucionSDA/Administracion/Upload/Upload.asp?UPLDIdObjeto=161&UPLDAtras=/isolucionsda/InformeAuditoria.asp&UPLDQuerystring=CodAuditoria=161&UPLDObjeto=AuditoriaInforme&UPLDSigla=Documentos&UPLDRuta=&UPLDTemporalArchivo=&UPLDIdSigla=
[Tue Dec 20 10:44:01.444953 2016] [proxy_http:error] [pid 7252:tid 15680] [client 201.245.192.253:16762] AH01097: pass request body failed to 172.22.1.31:80 (172.22.1.31) from 201.245.192.253 (), referer: http://190.27.245.106/ISOlucionSDA/Administracion/Upload/Upload.asp?UPLDIdObjeto=161&UPLDAtras=/isolucionsda/InformeAuditoria.asp&UPLDQuerystring=CodAuditoria=161&UPLDObjeto=AuditoriaInforme&UPLDSigla=Documentos&UPLDRuta=&UPLDTemporalArchivo=&UPLDIdSigla=
[Tue Dec 20 10:44:13.020173 2016] [proxy_http:error] [pid 7252:tid 15316] (70008)Partial results are valid but processing is incomplete: [client 201.245.192.253:16771] AH02609: read request body failed to 172.22.1.31:80 (172.22.1.31) from 201.245.192.253 (), referer: http://190.27.245.106/ISOlucionSDA/Administracion/Upload/Upload.asp?UPLDIdObjeto=161&UPLDAtras=/isolucionsda/InformeAuditoria.asp&UPLDQuerystring=CodAuditoria=161&UPLDObjeto=AuditoriaInforme&UPLDSigla=Documentos&UPLDRuta=&UPLDTemporalArchivo=&UPLDIdSigla=
[Tue Dec 20 10:44:13.020173 2016] [proxy_http:error] [pid 7252:tid 15316] [client 201.245.192.253:16771] AH01097: pass request body failed to 172.22.1.31:80 (172.22.1.31) from 201.245.192.253 (), referer: http://190.27.245.106/ISOlucionSDA/Administracion/Upload/Upload.asp?UPLDIdObjeto=161&UPLDAtras=/isolucionsda/InformeAuditoria.asp&UPLDQuerystring=CodAuditoria=161&UPLDObjeto=AuditoriaInforme&UPLDSigla=Documentos&UPLDRuta=&UPLDTemporalArchivo=&UPLDIdSigla=
[Tue Dec 20 10:44:14.314976 2016] [proxy_http:error] [pid 7252:tid 14428] (70008)Partial results are valid but processing is incomplete: [client 201.245.192.253:19563] AH02609: read request body failed to 172.22.1.31:80 (172.22.1.31) from 201.245.192.253 (), referer: http://190.27.245.106/ISOlucionSDA/Administracion/Upload/Upload.asp?UPLDIdObjeto=161&UPLDAtras=/isolucionsda/InformeAuditoria.asp&UPLDQuerystring=CodAuditoria=161&UPLDObjeto=AuditoriaInforme&UPLDSigla=Documentos&UPLDRuta=&UPLDTemporalArchivo=&UPLDIdSigla=
[Tue Dec 20 10:44:14.314976 2016] [proxy_http:error] [pid 7252:tid 14428] [client 201.245.192.253:19563] AH01097: pass request body failed to 172.22.1.31:80 (172.22.1.31) from 201.245.192.253 (), referer: http://190.27.245.106/ISOlucionSDA/Administracion/Upload/Upload.asp?UPLDIdObjeto=161&UPLDAtras=/isolucionsda/InformeAuditoria.asp&UPLDQuerystring=CodAuditoria=161&UPLDObjeto=AuditoriaInforme&UPLDSigla=Documentos&UPLDRuta=&UPLDTemporalArchivo=&UPLDIdSigla=
[Tue Dec 20 10:44:18.948184 2016] [proxy_http:error] [pid 7252:tid 15316] (70008)Partial results are valid but processing is incomplete: [client 201.245.192.253:19618] AH02609: read request body failed to 172.22.1.31:80 (172.22.1.31) from 201.245.192.253 (), referer: http://190.27.245.106/ISOlucionSDA/Administracion/Upload/Upload.asp?UPLDIdObjeto=161&UPLDAtras=/isolucionsda/InformeAuditoria.asp&UPLDQuerystring=CodAuditoria=161&UPLDObjeto=AuditoriaInforme&UPLDSigla=Documentos&UPLDRuta=&UPLDTemporalArchivo=&UPLDIdSigla=
[Tue Dec 20 10:44:18.948184 2016] [proxy_http:error] [pid 7252:tid 15316] [client 201.245.192.253:19618] AH01097: pass request body failed to 172.22.1.31:80 (172.22.1.31) from 201.245.192.253 (), referer: http://190.27.245.106/ISOlucionSDA/Administracion/Upload/Upload.asp?UPLDIdObjeto=161&UPLDAtras=/isolucionsda/InformeAuditoria.asp&UPLDQuerystring=CodAuditoria=161&UPLDObjeto=AuditoriaInforme&UPLDSigla=Documentos&UPLDRuta=&UPLDTemporalArchivo=&UPLDIdSigla=
[Tue Dec 20 10:45:29.195107 2016] [proxy_http:error] [pid 7252:tid 16072] (70008)Partial results are valid but processing is incomplete: [client 201.245.192.253:14328] AH02609: read request body failed to 172.22.1.31:80 (172.22.1.31) from 201.245.192.253 (), referer: http://190.27.245.106/ISOlucionSDA/Administracion/Upload/Upload.asp?UPLDIdObjeto=161&UPLDAtras=/isolucionsda/InformeAuditoria.asp&UPLDQuerystring=CodAuditoria=161&UPLDObjeto=AuditoriaInforme&UPLDSigla=Documentos&UPLDRuta=&UPLDTemporalArchivo=&UPLDIdSigla=
[Tue Dec 20 10:45:29.195107 2016] [proxy_http:error] [pid 7252:tid 16072] [client 201.245.192.253:14328] AH01097: pass request body failed to 172.22.1.31:80 (172.22.1.31) from 201.245.192.253 (), referer: http://190.27.245.106/ISOlucionSDA/Administracion/Upload/Upload.asp?UPLDIdObjeto=161&UPLDAtras=/isolucionsda/InformeAuditoria.asp&UPLDQuerystring=CodAuditoria=161&UPLDObjeto=AuditoriaInforme&UPLDSigla=Documentos&UPLDRuta=&UPLDTemporalArchivo=&UPLDIdSigla=
[Tue Dec 20 10:45:29.366707 2016] [proxy_http:error] [pid 7252:tid 15680] (70008)Partial results are valid but processing is incomplete: [client 201.245.192.253:14339] AH02609: read request body failed to 172.22.1.31:80 (172.22.1.31) from 201.245.192.253 (), referer: http://190.27.245.106/ISOlucionSDA/Administracion/Upload/Upload.asp?UPLDIdObjeto=161&UPLDAtras=/isolucionsda/InformeAuditoria.asp&UPLDQuerystring=CodAuditoria=161&UPLDObjeto=AuditoriaInforme&UPLDSigla=Documentos&UPLDRuta=&UPLDTemporalArchivo=&UPLDIdSigla=
[Tue Dec 20 10:45:29.366707 2016] [proxy_http:error] [pid 7252:tid 15680] [client 201.245.192.253:14339] AH01097: pass request body failed to 172.22.1.31:80 (172.22.1.31) from 201.245.192.253 (), referer: http://190.27.245.106/ISOlucionSDA/Administracion/Upload/Upload.asp?UPLDIdObjeto=161&UPLDAtras=/isolucionsda/InformeAuditoria.asp&UPLDQuerystring=CodAuditoria=161&UPLDObjeto=AuditoriaInforme&UPLDSigla=Documentos&UPLDRuta=&UPLDTemporalArchivo=&UPLDIdSigla=
[Tue Dec 20 11:00:41.094709 2016] [mpm_winnt:warn] [pid 7252:tid 17020] (OS 64)The specified network name is no longer available.  : AH00341: winnt_accept: Asynchronous AcceptEx failed.
[Tue Dec 20 11:19:47.338922 2016] [mpm_winnt:warn] [pid 7252:tid 17020] (OS 64)The specified network name is no longer available.  : AH00341: winnt_accept: Asynchronous AcceptEx failed.
[Tue Dec 20 11:26:57.868478 2016] [mpm_winnt:warn] [pid 7252:tid 17020] (OS 64)The specified network name is no longer available.  : AH00341: winnt_accept: Asynchronous AcceptEx failed.
[Tue Dec 20 11:41:20.113193 2016] [mpm_winnt:warn] [pid 7252:tid 17020] (OS 64)The specified network name is no longer available.  : AH00341: winnt_accept: Asynchronous AcceptEx failed.
[Tue Dec 20 12:19:15.190989 2016] [mpm_winnt:warn] [pid 7252:tid 17020] (OS 64)The specified network name is no longer available.  : AH00341: winnt_accept: Asynchronous AcceptEx failed.
[Tue Dec 20 13:59:02.171505 2016] [core:error] [pid 7252:tid 15040] (22)Invalid argument: [client 186.28.76.17:10680] AH00127: Cannot map GET /galeria/nivo-slider/demo/images/bannerwebcampa\xf1amusgo3.jpg HTTP/1.1 to file, referer: http://190.27.245.106/galeria/nivo-slider/demo/demo.html
[Tue Dec 20 13:59:02.171505 2016] [core:error] [pid 7252:tid 15340] (22)Invalid argument: [client 186.28.76.17:10679] AH00127: Cannot map GET /galeria/nivo-slider/demo/images/bannerinvitaci\xf3nacaminatasecologicas2.jpg HTTP/1.1 to file, referer: http://190.27.245.106/galeria/nivo-slider/demo/demo.html
[Tue Dec 20 14:07:16.832773 2016] [proxy_http:error] [pid 7252:tid 15040] (OS 10053)An established connection was aborted by the software in your host machine.  : [client 201.245.192.253:21612] AH01102: error reading status line from remote server 172.22.1.31:80, referer: http://190.27.245.106/isolucionsda/FrameSetGeneral.asp?Pagina=Menu.asp&IdModulo=7
[Tue Dec 20 14:07:16.832773 2016] [proxy:error] [pid 7252:tid 15040] [client 201.245.192.253:21612] AH00898: Error reading from remote server returned by /isolucionsda/BarraTitulos.asp, referer: http://190.27.245.106/isolucionsda/FrameSetGeneral.asp?Pagina=Menu.asp&IdModulo=7
[Tue Dec 20 14:07:16.848373 2016] [proxy_http:error] [pid 7252:tid 15340] (OS 10053)An established connection was aborted by the software in your host machine.  : [client 201.245.192.253:21614] AH01102: error reading status line from remote server 172.22.1.31:80, referer: http://190.27.245.106/isolucionsda/FrameSetGeneral.asp?Pagina=Menu.asp&IdModulo=7
[Tue Dec 20 14:07:16.848373 2016] [proxy:error] [pid 7252:tid 15340] [client 201.245.192.253:21614] AH00898: Error reading from remote server returned by /isolucionsda/BarraFavoritos.asp, referer: http://190.27.245.106/isolucionsda/FrameSetGeneral.asp?Pagina=Menu.asp&IdModulo=7
[Tue Dec 20 14:07:19.484778 2016] [proxy_http:error] [pid 7252:tid 15584] (OS 10053)An established connection was aborted by the software in your host machine.  : [client 201.245.192.253:22456] AH01102: error reading status line from remote server 172.22.1.31:80, referer: http://190.27.245.106/isolucionsda/FrameSetGeneral.asp?Pagina=FrameSetAuditoria.asp
[Tue Dec 20 14:07:19.484778 2016] [proxy:error] [pid 7252:tid 15584] [client 201.245.192.253:22456] AH00898: Error reading from remote server returned by /isolucionsda/FrameSetAuditoria.asp, referer: http://190.27.245.106/isolucionsda/FrameSetGeneral.asp?Pagina=FrameSetAuditoria.asp
[Tue Dec 20 14:26:06.040757 2016] [access_compat:error] [pid 7252:tid 15340] [client 89.248.168.213:55041] AH01797: client denied by server configuration: E:/nuevo/htdocs/phpMyAdmin
[Tue Dec 20 14:26:06.368357 2016] [access_compat:error] [pid 7252:tid 15120] [client 89.248.168.213:55274] AH01797: client denied by server configuration: E:/nuevo/phpMyAdmin/scripts
[Tue Dec 20 14:34:48.704075 2016] [proxy_http:error] [pid 7252:tid 16184] (OS 10053)An established connection was aborted by the software in your host machine.  : [client 201.245.192.253:12273] AH01102: error reading status line from remote server 172.22.1.31:80, referer: http://190.27.245.106/isolucionsda/FrameSetGeneral.asp?Pagina=SucursalSeleccion.asp&CargaPagina=ModuloProcesos&IdModulo=3
[Tue Dec 20 14:44:52.067334 2016] [proxy_http:error] [pid 7252:tid 14620] (OS 10053)An established connection was aborted by the software in your host machine.  : [client 201.245.192.253:24605] AH01102: error reading status line from remote server 172.22.1.31:80, referer: http://190.27.245.106/isolucionsda/FrameSetGeneral.asp?Pagina=SucursalSeleccion.asp&CargaPagina=ModuloProcesos&IdModulo=3
[Tue Dec 20 14:48:32.511322 2016] [mpm_winnt:warn] [pid 7252:tid 17020] (OS 64)The specified network name is no longer available.  : AH00341: winnt_accept: Asynchronous AcceptEx failed.
[Tue Dec 20 15:58:42.897317 2016] [mpm_winnt:warn] [pid 7252:tid 17020] (OS 64)The specified network name is no longer available.  : AH00341: winnt_accept: Asynchronous AcceptEx failed.
[Tue Dec 20 16:24:55.738879 2016] [core:error] [pid 7252:tid 15840] (22)Invalid argument: [client 186.28.76.17:14511] AH00127: Cannot map GET /galeria/nivo-slider/demo/images/bannerwebcampa\xf1amusgo3.jpg HTTP/1.1 to file, referer: http://190.27.245.106/galeria/nivo-slider/demo/demo.html
[Tue Dec 20 16:24:55.879280 2016] [core:error] [pid 7252:tid 15220] (22)Invalid argument: [client 186.28.76.17:14537] AH00127: Cannot map GET /galeria/nivo-slider/demo/images/bannerinvitaci\xf3nacaminatasecologicas2.jpg HTTP/1.1 to file, referer: http://190.27.245.106/galeria/nivo-slider/demo/demo.html
[Tue Dec 20 16:32:49.808112 2016] [mpm_winnt:warn] [pid 7252:tid 17020] (OS 64)The specified network name is no longer available.  : AH00341: winnt_accept: Asynchronous AcceptEx failed.
[Tue Dec 20 19:11:29.530033 2016] [core:error] [pid 7252:tid 15636] (20024)The given path is misformatted or contained invalid characters: [client 207.46.13.1:4330] AH00127: Cannot map GET /... HTTP/1.1 to file
[Tue Dec 20 19:47:00.432376 2016] [proxy_http:error] [pid 7252:tid 15616] (OS 10053)An established connection was aborted by the software in your host machine.  : [client 135.19.198.185:49946] AH01102: error reading status line from remote server 172.22.1.31:80, referer: http://190.27.245.106/IsolucionSDA/FrameSetGeneral.asp?Pagina1=FrameSetGeneral.asp&
[Tue Dec 20 19:47:00.432376 2016] [proxy:error] [pid 7252:tid 15616] [client 135.19.198.185:49946] AH00898: Error reading from remote server returned by /IsolucionSDA/BarraFavoritos.asp, referer: http://190.27.245.106/IsolucionSDA/FrameSetGeneral.asp?Pagina1=FrameSetGeneral.asp&
[Tue Dec 20 19:47:00.510376 2016] [proxy_http:error] [pid 7252:tid 14900] (OS 10053)An established connection was aborted by the software in your host machine.  : [client 135.19.198.185:49943] AH01102: error reading status line from remote server 172.22.1.31:80, referer: http://190.27.245.106/IsolucionSDA/Encabezado.asp?Pagina1=FrameSetGeneral.asp&&Pagina=MagazinHome.asp
[Tue Dec 20 19:47:00.603976 2016] [proxy_http:error] [pid 7252:tid 15020] (OS 10053)An established connection was aborted by the software in your host machine.  : [client 135.19.198.185:49947] AH01102: error reading status line from remote server 172.22.1.31:80, referer: http://190.27.245.106/IsolucionSDA/Encabezado.asp?Pagina1=FrameSetGeneral.asp&&Pagina=MagazinHome.asp
[Tue Dec 20 19:47:00.603976 2016] [proxy:error] [pid 7252:tid 15020] [client 135.19.198.185:49947] AH00898: Error reading from remote server returned by /IsolucionSDA/Session.asp, referer: http://190.27.245.106/IsolucionSDA/Encabezado.asp?Pagina1=FrameSetGeneral.asp&&Pagina=MagazinHome.asp
[Tue Dec 20 21:01:38.764442 2016] [core:error] [pid 7252:tid 12644] (20024)The given path is misformatted or contained invalid characters: [client 207.46.13.1:8785] AH00127: Cannot map GET /www.ambientebogota.gov.co:81/ HTTP/1.1 to file
[Tue Dec 20 21:09:59.930922 2016] [ssl:error] [pid 7252:tid 15152] AH02032: Hostname 190.27.245.106 provided via SNI and hostname dama.gov.co provided via HTTP are different
[Tue Dec 20 22:58:51.383594 2016] [proxy_http:error] [pid 7252:tid 14428] (OS 10053)An established connection was aborted by the software in your host machine.  : [client 186.31.3.184:17341] AH01102: error reading status line from remote server 172.22.1.31:80, referer: http://190.27.245.106/isolucionsda/FrameSetGeneral.asp?Pagina=Menu.asp&IdModulo=4
[Tue Dec 20 23:07:53.016545 2016] [core:error] [pid 7252:tid 15432] (20024)The given path is misformatted or contained invalid characters: [client 157.55.39.254:5640] AH00127: Cannot map GET /www.ambientebogota.gov.co:81/ HTTP/1.1 to file
[Tue Dec 20 23:09:09.753080 2016] [mpm_winnt:warn] [pid 7252:tid 17020] (OS 64)The specified network name is no longer available.  : AH00341: winnt_accept: Asynchronous AcceptEx failed.
[Tue Dec 20 23:09:09.753080 2016] [mpm_winnt:warn] [pid 7252:tid 17020] (OS 64)The specified network name is no longer available.  : AH00341: winnt_accept: Asynchronous AcceptEx failed.
[Tue Dec 20 23:57:31.889577 2016] [mpm_winnt:warn] [pid 7252:tid 17020] (OS 64)The specified network name is no longer available.  : AH00341: winnt_accept: Asynchronous AcceptEx failed.

:: Command execute ::

Enter:
 
Select:
 

:: Search ::
regexp 

:: Upload ::
 
[ ok ]

:: Make Dir ::
 
[ ok ]
:: Make File ::
 
[ ok ]

:: Go Dir ::
 
:: Go File ::
 

--[ c99shell v. 1.0 pre-release build #13 powered by Captain Crunch Security Team | http://ccteam.ru | Generation time: 0.0312 ]--