!C99Shell v. 1.0 pre-release build #13!

Software: Apache. PHP/5.5.15 

uname -a: Windows NT SVR-DMZ 6.1 build 7600 (Windows Server 2008 R2 Enterprise Edition) i586 

SYSTEM 

Safe-mode: OFF (not secure)

E:\nuevo\apache\logs\   drwxrwxrwx
Free 8.02 GB of 239.26 GB (3.35%)
Detected drives: [ a ] [ c ] [ d ] [ e ] [ f ]
Home    Back    Forward    UPDIR    Refresh    Search    Buffer    Encoder    Tools    Proc.    FTP brute    Sec.    SQL    PHP-code    Update    Feedback    Self remove    Logout    


Viewing file:     error.2017.01.13.log (22.29 KB)      -rw-rw-rw-
Select action/file-type:
(+) | (+) | (+) | Code (+) | Session (+) | (+) | SDB (+) | (+) | (+) | (+) | (+) | (+) |
[Fri Jan 13 02:33:27.272462 2017] [proxy:error] [pid 7252:tid 12660] (OS 10060)A connection attempt failed because the connected party did not properly respond after a period of time, or established connection failed because connected host has failed to respond.  : AH00957: HTTP: attempt to connect to 172.22.1.51:8399 (172.22.1.51) failed
[Fri Jan 13 02:33:27.272462 2017] [proxy:error] [pid 7252:tid 12660] AH00959: ap_proxy_connect_backend disabling worker for (172.22.1.51) for 60s
[Fri Jan 13 02:33:27.272462 2017] [proxy_http:error] [pid 7252:tid 12660] [client 152.61.128.50:39540] AH01114: HTTP: failed to make connection to backend: 172.22.1.51
[Fri Jan 13 02:33:27.459663 2017] [proxy:error] [pid 7252:tid 12660] AH00940: HTTP: disabled connection for (172.22.1.51)
[Fri Jan 13 02:33:27.646863 2017] [proxy:error] [pid 7252:tid 12660] AH00940: HTTP: disabled connection for (172.22.1.51)
[Fri Jan 13 03:17:32.553508 2017] [mpm_winnt:warn] [pid 7252:tid 17020] (OS 64)The specified network name is no longer available.  : AH00341: winnt_accept: Asynchronous AcceptEx failed.
[Fri Jan 13 04:42:25.106453 2017] [mpm_winnt:warn] [pid 7252:tid 17020] (OS 64)The specified network name is no longer available.  : AH00341: winnt_accept: Asynchronous AcceptEx failed.
[Fri Jan 13 05:21:13.286742 2017] [core:error] [pid 7252:tid 12420] (20024)The given path is misformatted or contained invalid characters: [client 37.187.56.66:59099] AH00127: Cannot map GET /www.ambientebogota.gov.co:81/ HTTP/1.1 to file
[Fri Jan 13 07:16:56.954539 2017] [core:error] [pid 7252:tid 14972] (20024)The given path is misformatted or contained invalid characters: [client 52.23.169.223:47046] AH00127: Cannot map GET /www.ambientebogota.gov.co:81/ HTTP/1.1 to file
[Fri Jan 13 07:59:50.913259 2017] [proxy_http:error] [pid 7252:tid 13268] (OS 10053)An established connection was aborted by the software in your host machine.  : [client 201.245.192.253:18638] AH01102: error reading status line from remote server 172.22.1.31:80, referer: http://190.27.245.106/isolucionsda/FrameSetGeneral.asp?Pagina1=FrameSetGeneral.asp&
[Fri Jan 13 07:59:50.913259 2017] [proxy:error] [pid 7252:tid 13268] [client 201.245.192.253:18638] AH00898: Error reading from remote server returned by /isolucionsda/BarraTitulos.asp, referer: http://190.27.245.106/isolucionsda/FrameSetGeneral.asp?Pagina1=FrameSetGeneral.asp&
[Fri Jan 13 07:59:50.913259 2017] [proxy_http:error] [pid 7252:tid 15680] (OS 10053)An established connection was aborted by the software in your host machine.  : [client 201.245.192.253:18640] AH01102: error reading status line from remote server 172.22.1.31:80, referer: http://190.27.245.106/isolucionsda/FrameSetGeneral.asp?Pagina1=FrameSetGeneral.asp&
[Fri Jan 13 07:59:50.913259 2017] [proxy:error] [pid 7252:tid 15680] [client 201.245.192.253:18640] AH00898: Error reading from remote server returned by /isolucionsda/BarraFavoritos.asp, referer: http://190.27.245.106/isolucionsda/FrameSetGeneral.asp?Pagina1=FrameSetGeneral.asp&
[Fri Jan 13 07:59:57.855272 2017] [proxy_http:error] [pid 7252:tid 16032] (OS 10053)An established connection was aborted by the software in your host machine.  : [client 201.245.192.253:18639] AH01102: error reading status line from remote server 172.22.1.31:80, referer: http://190.27.245.106/isolucionsda/FrameSetGeneral.asp?Pagina1=FrameSetGeneral.asp&
[Fri Jan 13 07:59:57.855272 2017] [proxy:error] [pid 7252:tid 16032] [client 201.245.192.253:18639] AH00898: Error reading from remote server returned by /isolucionsda/MagazinHome.asp, referer: http://190.27.245.106/isolucionsda/FrameSetGeneral.asp?Pagina1=FrameSetGeneral.asp&
[Fri Jan 13 08:14:56.557250 2017] [proxy_http:error] [pid 7252:tid 14536] (OS 10053)An established connection was aborted by the software in your host machine.  : [client 201.245.192.253:32911] AH01102: error reading status line from remote server 172.22.1.31:80, referer: http://190.27.245.106/isolucionsda/FrameSetGeneral.asp?Pagina=Menu.asp&IdModulo=4
[Fri Jan 13 08:14:56.557250 2017] [proxy:error] [pid 7252:tid 14536] [client 201.245.192.253:32911] AH00898: Error reading from remote server returned by /isolucionsda/BarraFavoritos.asp, referer: http://190.27.245.106/isolucionsda/FrameSetGeneral.asp?Pagina=Menu.asp&IdModulo=4
[Fri Jan 13 08:30:08.628452 2017] [proxy_http:error] [pid 7252:tid 14940] (OS 10053)An established connection was aborted by the software in your host machine.  : [client 201.245.192.253:25269] AH01102: error reading status line from remote server 172.22.1.31:80, referer: http://190.27.245.106/isolucionsda/FrameSetGeneral.asp?Pagina1=FrameSetGeneral.asp&
[Fri Jan 13 08:30:08.628452 2017] [proxy:error] [pid 7252:tid 14940] [client 201.245.192.253:25269] AH00898: Error reading from remote server returned by /isolucionsda/BarraTitulos.asp, referer: http://190.27.245.106/isolucionsda/FrameSetGeneral.asp?Pagina1=FrameSetGeneral.asp&
[Fri Jan 13 08:30:08.753252 2017] [proxy_http:error] [pid 7252:tid 14844] (OS 10053)An established connection was aborted by the software in your host machine.  : [client 201.245.192.253:25243] AH01102: error reading status line from remote server 172.22.1.31:80, referer: http://190.27.245.106/isolucionsda/Encabezado.asp?Pagina1=FrameSetGeneral.asp&&Pagina=MagazinHome.asp
[Fri Jan 13 08:30:09.595654 2017] [proxy_http:error] [pid 7252:tid 14636] (OS 10053)An established connection was aborted by the software in your host machine.  : [client 201.245.192.253:25271] AH01102: error reading status line from remote server 172.22.1.31:80, referer: http://190.27.245.106/isolucionsda/Encabezado.asp?Pagina1=FrameSetGeneral.asp&&Pagina=MagazinHome.asp
[Fri Jan 13 08:39:53.489079 2017] [mpm_winnt:warn] [pid 7252:tid 17020] (OS 64)The specified network name is no longer available.  : AH00341: winnt_accept: Asynchronous AcceptEx failed.
[Fri Jan 13 08:47:09.650245 2017] [proxy_http:error] [pid 7252:tid 14644] (OS 10053)An established connection was aborted by the software in your host machine.  : [client 201.245.192.253:33796] AH01102: error reading status line from remote server 172.22.1.31:80, referer: http://190.27.245.106/isolucionsda/BarraTitulos.asp?Pagina1=FrameSetGeneral.asp&&Pagina=MagazinHome.asp
[Fri Jan 13 09:11:00.594959 2017] [proxy_http:error] [pid 7252:tid 12404] (OS 10053)An established connection was aborted by the software in your host machine.  : [client 201.245.192.253:29943] AH01102: error reading status line from remote server 172.22.1.31:80, referer: http://190.27.245.106/isolucionsda/FrameSetGeneral.asp?Pagina=SucursalSeleccion.asp&CargaPagina=ModuloProcesos&IdModulo=3
[Fri Jan 13 09:16:38.881553 2017] [proxy_http:error] [pid 7252:tid 14636] (OS 10053)An established connection was aborted by the software in your host machine.  : [client 201.245.192.253:12100] AH01102: error reading status line from remote server 172.22.1.31:80, referer: http://190.27.245.106/IsolucionSDA/Encabezado.asp?Pagina1=FrameSetGeneral.asp&&Pagina=MagazinHome.asp
[Fri Jan 13 09:25:48.470518 2017] [proxy_http:error] [pid 7252:tid 14460] (OS 10053)An established connection was aborted by the software in your host machine.  : [client 201.245.192.253:16011] AH01102: error reading status line from remote server 172.22.1.31:80, referer: http://190.27.245.106/IsolucionSDA/FrameSetGeneral.asp?Pagina=Menu.asp&IdModulo=4
[Fri Jan 13 09:25:48.470518 2017] [proxy:error] [pid 7252:tid 14460] [client 201.245.192.253:16011] AH00898: Error reading from remote server returned by /IsolucionSDA/Encabezado.asp, referer: http://190.27.245.106/IsolucionSDA/FrameSetGeneral.asp?Pagina=Menu.asp&IdModulo=4
[Fri Jan 13 09:45:06.320152 2017] [core:error] [pid 7252:tid 14940] (20024)The given path is misformatted or contained invalid characters: [client 181.49.167.44:50802] AH00127: Cannot map GET /transparencia/financiera/General%20Asignado/file:///D:/USUARIOS/JVELASQUEZ/Documents/AU/2016%20-%20Secretaria%20Distrital%20de%20Ambiente_files/saved_resource(3).html HTTP/1.1 to file
[Fri Jan 13 10:50:54.189886 2017] [proxy_http:error] [pid 7252:tid 12440] (OS 10053)An established connection was aborted by the software in your host machine.  : [client 201.245.192.253:18609] AH01102: error reading status line from remote server 172.22.1.31:80, referer: http://190.27.245.106/isolucionsda/FrameSetGeneral.asp?Pagina=Menu.asp&IdModulo=7
[Fri Jan 13 10:50:54.189886 2017] [proxy:error] [pid 7252:tid 12440] [client 201.245.192.253:18609] AH00898: Error reading from remote server returned by /isolucionsda/BarraFavoritos.asp, referer: http://190.27.245.106/isolucionsda/FrameSetGeneral.asp?Pagina=Menu.asp&IdModulo=7
[Fri Jan 13 10:50:54.189886 2017] [proxy_http:error] [pid 7252:tid 15064] (OS 10053)An established connection was aborted by the software in your host machine.  : [client 201.245.192.253:18608] AH01102: error reading status line from remote server 172.22.1.31:80, referer: http://190.27.245.106/isolucionsda/FrameSetGeneral.asp?Pagina=Menu.asp&IdModulo=7
[Fri Jan 13 10:50:54.189886 2017] [proxy:error] [pid 7252:tid 15064] [client 201.245.192.253:18608] AH00898: Error reading from remote server returned by /isolucionsda/Menu.asp, referer: http://190.27.245.106/isolucionsda/FrameSetGeneral.asp?Pagina=Menu.asp&IdModulo=7
[Fri Jan 13 11:00:03.435651 2017] [mpm_winnt:warn] [pid 7252:tid 17020] (OS 64)The specified network name is no longer available.  : AH00341: winnt_accept: Asynchronous AcceptEx failed.
[Fri Jan 13 11:23:19.872104 2017] [mpm_winnt:warn] [pid 7252:tid 17020] (OS 64)The specified network name is no longer available.  : AH00341: winnt_accept: Asynchronous AcceptEx failed.
[Fri Jan 13 12:32:58.652443 2017] [proxy_http:error] [pid 7252:tid 16032] (OS 10053)An established connection was aborted by the software in your host machine.  : [client 201.245.192.253:15881] AH01102: error reading status line from remote server 172.22.1.31:80, referer: http://190.27.245.106/isolucionsda/FrameSetGeneral.asp?Pagina=FiltroNoConformidades.asp&Estado=Abiertas&PintarAuditorias=SI&EsAbierta=1&ConMenu=NO
[Fri Jan 13 12:39:20.479714 2017] [proxy_http:error] [pid 7252:tid 16316] (OS 10053)An established connection was aborted by the software in your host machine.  : [client 201.245.192.253:17142] AH01102: error reading status line from remote server 172.22.1.31:80, referer: http://190.27.245.106/isolucionsda/FrameSetGeneral.asp?Pagina1=FrameSetGeneral.asp&
[Fri Jan 13 12:39:20.479714 2017] [proxy:error] [pid 7252:tid 16316] [client 201.245.192.253:17142] AH00898: Error reading from remote server returned by /isolucionsda/MagazinHome.asp, referer: http://190.27.245.106/isolucionsda/FrameSetGeneral.asp?Pagina1=FrameSetGeneral.asp&
[Fri Jan 13 13:04:34.789974 2017] [proxy_http:error] [pid 7252:tid 15712] (OS 10053)An established connection was aborted by the software in your host machine.  : [client 201.245.192.253:20174] AH01102: error reading status line from remote server 172.22.1.31:80, referer: http://190.27.245.106/isolucionsda/Session.asp?Continue=1
[Fri Jan 13 13:04:34.789974 2017] [proxy:error] [pid 7252:tid 15712] [client 201.245.192.253:20174] AH00898: Error reading from remote server returned by /isolucionsda/Session.asp, referer: http://190.27.245.106/isolucionsda/Session.asp?Continue=1
[Fri Jan 13 14:08:23.100098 2017] [mpm_winnt:warn] [pid 7252:tid 17020] (OS 64)The specified network name is no longer available.  : AH00341: winnt_accept: Asynchronous AcceptEx failed.
[Fri Jan 13 14:13:57.954686 2017] [proxy_http:error] [pid 7252:tid 14656] (OS 10053)An established connection was aborted by the software in your host machine.  : [client 201.245.192.253:17050] AH01102: error reading status line from remote server 172.22.1.31:80, referer: http://190.27.245.106/isolucionsda/FrameSetGeneral.asp?Pagina1=FrameSetGeneral.asp&
[Fri Jan 13 14:24:49.381630 2017] [core:error] [pid 7252:tid 14536] (20024)The given path is misformatted or contained invalid characters: [client 170.75.153.73:38672] AH00127: Cannot map GET /galeria/carrusel/Carrusel/jquery-ui-%0A%0A1.8.13.custom.min.js HTTP/1.1 to file, referer: http://ambientebogota.gov.co/
[Fri Jan 13 14:24:50.536032 2017] [core:error] [pid 7252:tid 16312] (20024)The given path is misformatted or contained invalid characters: [client 157.55.39.226:1777] AH00127: Cannot map GET /www.ambientebogota.gov.co:81/ HTTP/1.1 to file
[Fri Jan 13 14:33:58.939395 2017] [mpm_winnt:warn] [pid 7252:tid 17020] (OS 64)The specified network name is no longer available.  : AH00341: winnt_accept: Asynchronous AcceptEx failed.
[Fri Jan 13 14:38:04.702227 2017] [proxy_http:error] [pid 7252:tid 14976] (OS 10053)An established connection was aborted by the software in your host machine.  : [client 201.245.192.253:22275] AH01102: error reading status line from remote server 172.22.1.31:80, referer: http://190.27.245.106/isolucionsda/FrameSetGeneral.asp?Pagina1=FrameSetGeneral.asp&
[Fri Jan 13 14:38:04.702227 2017] [proxy:error] [pid 7252:tid 14976] [client 201.245.192.253:22275] AH00898: Error reading from remote server returned by /isolucionsda/BarraFavoritos.asp, referer: http://190.27.245.106/isolucionsda/FrameSetGeneral.asp?Pagina1=FrameSetGeneral.asp&
[Fri Jan 13 14:38:04.733427 2017] [proxy_http:error] [pid 7252:tid 16032] (OS 10053)An established connection was aborted by the software in your host machine.  : [client 201.245.192.253:21588] AH01102: error reading status line from remote server 172.22.1.31:80, referer: http://190.27.245.106/isolucionsda/Encabezado.asp?Pagina1=FrameSetGeneral.asp&&Pagina=MagazinHome.asp
[Fri Jan 13 14:51:53.469283 2017] [proxy_http:error] [pid 7252:tid 14460] (20014)Internal error: [client 201.245.192.253:17756] AH01102: error reading status line from remote server 172.22.1.43:80, referer: http://190.27.245.106/desprendiblespago/controlador
[Fri Jan 13 15:00:10.829356 2017] [proxy_http:error] [pid 7252:tid 12316] (OS 10053)An established connection was aborted by the software in your host machine.  : [client 201.245.192.253:12639] AH01102: error reading status line from remote server 172.22.1.31:80, referer: http://190.27.245.106/isolucionsda/FrameSetGeneral.asp?Pagina=Magazin.asp&Sigla=MAC&IdModulo=2
[Fri Jan 13 15:00:10.829356 2017] [proxy:error] [pid 7252:tid 12316] [client 201.245.192.253:12639] AH00898: Error reading from remote server returned by /isolucionsda/BarraFavoritos.asp, referer: http://190.27.245.106/isolucionsda/FrameSetGeneral.asp?Pagina=Magazin.asp&Sigla=MAC&IdModulo=2
[Fri Jan 13 15:22:59.171160 2017] [proxy_http:error] [pid 7252:tid 12596] (OS 10053)An established connection was aborted by the software in your host machine.  : [client 201.245.192.253:16070] AH01102: error reading status line from remote server 172.22.1.31:80, referer: http://190.27.245.106/IsolucionSDA/FrameSetGeneral.asp?Pagina1=FrameSetGeneral.asp&
[Fri Jan 13 15:22:59.171160 2017] [proxy:error] [pid 7252:tid 12596] [client 201.245.192.253:16070] AH00898: Error reading from remote server returned by /IsolucionSDA/MagazinHome.asp, referer: http://190.27.245.106/IsolucionSDA/FrameSetGeneral.asp?Pagina1=FrameSetGeneral.asp&
[Fri Jan 13 15:47:26.104136 2017] [mpm_winnt:warn] [pid 7252:tid 17020] (OS 64)The specified network name is no longer available.  : AH00341: winnt_accept: Asynchronous AcceptEx failed.
[Fri Jan 13 16:04:09.388698 2017] [proxy_http:error] [pid 7252:tid 15584] (OS 10053)An established connection was aborted by the software in your host machine.  : [client 201.245.192.253:30184] AH01102: error reading status line from remote server 172.22.1.31:80, referer: http://190.27.245.106/isolucionsda/FrameSetGeneral.asp?Pagina1=FrameSetGeneral.asp&
[Fri Jan 13 16:04:09.388698 2017] [proxy_http:error] [pid 7252:tid 15024] (OS 10053)An established connection was aborted by the software in your host machine.  : [client 201.245.192.253:30182] AH01102: error reading status line from remote server 172.22.1.31:80, referer: http://190.27.245.106/isolucionsda/FrameSetGeneral.asp?Pagina1=FrameSetGeneral.asp&
[Fri Jan 13 16:04:09.388698 2017] [proxy:error] [pid 7252:tid 15584] [client 201.245.192.253:30184] AH00898: Error reading from remote server returned by /isolucionsda/MagazinHome.asp, referer: http://190.27.245.106/isolucionsda/FrameSetGeneral.asp?Pagina1=FrameSetGeneral.asp&
[Fri Jan 13 16:04:09.388698 2017] [proxy:error] [pid 7252:tid 15024] [client 201.245.192.253:30182] AH00898: Error reading from remote server returned by /isolucionsda/BarraTitulos.asp, referer: http://190.27.245.106/isolucionsda/FrameSetGeneral.asp?Pagina1=FrameSetGeneral.asp&
[Fri Jan 13 16:04:16.736311 2017] [proxy_http:error] [pid 7252:tid 15392] (OS 10053)An established connection was aborted by the software in your host machine.  : [client 201.245.192.253:30212] AH01102: error reading status line from remote server 172.22.1.31:80, referer: http://190.27.245.106/isolucionsda/FrameSetGeneral.asp?Pagina=SucursalSeleccion.asp&CargaPagina=ModuloProcesos&IdModulo=3
[Fri Jan 13 16:05:18.294019 2017] [core:error] [pid 7252:tid 15572] (20024)The given path is misformatted or contained invalid characters: [client 40.77.167.44:3664] AH00127: Cannot map GET /www.ambientebogota.gov.co:81/ HTTP/1.1 to file
[Fri Jan 13 17:16:24.092312 2017] [access_compat:error] [pid 7252:tid 16316] [client 120.26.98.146:53589] AH01797: client denied by server configuration: E:/nuevo/htdocs/phpMyAdmin
[Fri Jan 13 17:55:39.790050 2017] [proxy_http:error] [pid 7252:tid 12736] (OS 10053)An established connection was aborted by the software in your host machine.  : [client 201.245.192.253:16202] AH01102: error reading status line from remote server 172.22.1.31:80, referer: http://190.27.245.106/IsolucionSDA/FrameSetGeneral.asp?Pagina1=FrameSetGeneral.asp&
[Fri Jan 13 17:55:39.790050 2017] [proxy:error] [pid 7252:tid 12736] [client 201.245.192.253:16202] AH00898: Error reading from remote server returned by /IsolucionSDA/MagazinHome.asp, referer: http://190.27.245.106/IsolucionSDA/FrameSetGeneral.asp?Pagina1=FrameSetGeneral.asp&
[Fri Jan 13 17:55:39.790050 2017] [proxy_http:error] [pid 7252:tid 14940] (OS 10053)An established connection was aborted by the software in your host machine.  : [client 201.245.192.253:16201] AH01102: error reading status line from remote server 172.22.1.31:80, referer: http://190.27.245.106/IsolucionSDA/FrameSetGeneral.asp?Pagina1=FrameSetGeneral.asp&
[Fri Jan 13 17:55:39.790050 2017] [proxy:error] [pid 7252:tid 14940] [client 201.245.192.253:16201] AH00898: Error reading from remote server returned by /IsolucionSDA/BarraTitulos.asp, referer: http://190.27.245.106/IsolucionSDA/FrameSetGeneral.asp?Pagina1=FrameSetGeneral.asp&
[Fri Jan 13 17:55:46.903662 2017] [proxy_http:error] [pid 7252:tid 14932] (OS 10053)An established connection was aborted by the software in your host machine.  : [client 201.245.192.253:16203] AH01102: error reading status line from remote server 172.22.1.31:80, referer: http://190.27.245.106/IsolucionSDA/FrameSetGeneral.asp?Pagina=Menu.asp&IdModulo=4
[Fri Jan 13 18:05:59.938939 2017] [proxy_http:error] [pid 7252:tid 15968] (OS 10053)An established connection was aborted by the software in your host machine.  : [client 201.245.192.253:27065] AH01102: error reading status line from remote server 172.22.1.31:80, referer: http://190.27.245.106/isolucionsda/Encabezado.asp?Pagina=ListadoActas.asp&Cuallistado=ACTAS
[Fri Jan 13 18:05:59.938939 2017] [proxy:error] [pid 7252:tid 15968] [client 201.245.192.253:27065] AH00898: Error reading from remote server returned by /isolucionsda/g/Bot_IndicadoresOver_ESP.jpg, referer: http://190.27.245.106/isolucionsda/Encabezado.asp?Pagina=ListadoActas.asp&Cuallistado=ACTAS
[Fri Jan 13 18:05:59.985739 2017] [proxy_http:error] [pid 7252:tid 15712] (OS 10053)An established connection was aborted by the software in your host machine.  : [client 201.245.192.253:27080] AH01102: error reading status line from remote server 172.22.1.31:80, referer: http://190.27.245.106/isolucionsda/Encabezado.asp?Pagina=ListadoActas.asp&Cuallistado=ACTAS
[Fri Jan 13 18:05:59.985739 2017] [proxy:error] [pid 7252:tid 15712] [client 201.245.192.253:27080] AH00898: Error reading from remote server returned by /isolucionsda/g/Bot_AyudaOver.jpg, referer: http://190.27.245.106/isolucionsda/Encabezado.asp?Pagina=ListadoActas.asp&Cuallistado=ACTAS
[Fri Jan 13 18:48:20.387801 2017] [proxy_http:error] [pid 7252:tid 12708] (OS 10053)An established connection was aborted by the software in your host machine.  : [client 201.245.192.253:20615] AH01102: error reading status line from remote server 172.22.1.31:80, referer: http://190.27.245.106/IsolucionSDA/FrameSetGeneral.asp?Pagina1=FrameSetGeneral.asp&
[Fri Jan 13 18:48:20.387801 2017] [proxy:error] [pid 7252:tid 12708] [client 201.245.192.253:20615] AH00898: Error reading from remote server returned by /IsolucionSDA/BarraTitulos.asp, referer: http://190.27.245.106/IsolucionSDA/FrameSetGeneral.asp?Pagina1=FrameSetGeneral.asp&
[Fri Jan 13 18:48:22.681005 2017] [proxy_http:error] [pid 7252:tid 14976] (OS 10053)An established connection was aborted by the software in your host machine.  : [client 201.245.192.253:20617] AH01102: error reading status line from remote server 172.22.1.31:80, referer: http://190.27.245.106/IsolucionSDA/FrameSetGeneral.asp?Pagina=SucursalSeleccion.asp&CargaPagina=ModuloProcesos&IdModulo=3
[Fri Jan 13 18:48:23.117806 2017] [proxy_http:error] [pid 7252:tid 12440] (OS 10053)An established connection was aborted by the software in your host machine.  : [client 201.245.192.253:20632] AH01102: error reading status line from remote server 172.22.1.31:80, referer: http://190.27.245.106/IsolucionSDA/FrameSetGeneral.asp?Pagina=SucursalSeleccion.asp&CargaPagina=ModuloProcesos&IdModulo=3
[Fri Jan 13 19:19:34.170492 2017] [proxy_http:error] [pid 7252:tid 12500] (OS 10053)An established connection was aborted by the software in your host machine.  : [client 201.245.192.253:13382] AH01102: error reading status line from remote server 172.22.1.31:80, referer: http://190.27.245.106/IsolucionSDA/FrameSetGeneral.asp?Pagina=Menu.asp&IdModulo=7
[Fri Jan 13 19:19:34.170492 2017] [proxy:error] [pid 7252:tid 12500] [client 201.245.192.253:13382] AH00898: Error reading from remote server returned by /IsolucionSDA/Menu.asp, referer: http://190.27.245.106/IsolucionSDA/FrameSetGeneral.asp?Pagina=Menu.asp&IdModulo=7
[Fri Jan 13 19:19:40.535303 2017] [proxy_http:error] [pid 7252:tid 12660] (OS 10053)An established connection was aborted by the software in your host machine.  : [client 201.245.192.253:13383] AH01102: error reading status line from remote server 172.22.1.31:80, referer: http://190.27.245.106/IsolucionSDA/FrameSetGeneral.asp?Pagina=Menu.asp&IdModulo=7

:: Command execute ::

Enter:
 
Select:
 

:: Search ::
regexp 

:: Upload ::
 
[ ok ]

:: Make Dir ::
 
[ ok ]
:: Make File ::
 
[ ok ]

:: Go Dir ::
 
:: Go File ::
 

--[ c99shell v. 1.0 pre-release build #13 powered by Captain Crunch Security Team | http://ccteam.ru | Generation time: 0.0312 ]--