!C99Shell v. 1.0 pre-release build #13!

Software: Apache. PHP/5.5.15 

uname -a: Windows NT SVR-DMZ 6.1 build 7600 (Windows Server 2008 R2 Enterprise Edition) i586 

SYSTEM 

Safe-mode: OFF (not secure)

E:\nuevo\apache\logs\   drwxrwxrwx
Free 8.02 GB of 239.26 GB (3.35%)
Detected drives: [ a ] [ c ] [ d ] [ e ] [ f ]
Home    Back    Forward    UPDIR    Refresh    Search    Buffer    Encoder    Tools    Proc.    FTP brute    Sec.    SQL    PHP-code    Update    Feedback    Self remove    Logout    


Viewing file:     error.2017.02.11.log (18.87 KB)      -rw-rw-rw-
Select action/file-type:
(+) | (+) | (+) | Code (+) | Session (+) | (+) | SDB (+) | (+) | (+) | (+) | (+) | (+) |
[Sat Feb 11 00:15:53.389257 2017] [core:error] [pid 7252:tid 14844] (20024)The given path is misformatted or contained invalid characters: [client 93.180.64.220:61938] AH00127: Cannot map GET /www.ambientebogota.gov.co:81/ HTTP/1.1 to file
[Sat Feb 11 03:10:36.673070 2017] [core:error] [pid 7252:tid 14884] (20024)The given path is misformatted or contained invalid characters: [client 52.3.105.23:34380] AH00127: Cannot map GET /galeria/carrusel/Carrusel/jquery-ui-%0A%0A1.8.13.custom.min.js HTTP/1.1 to file
[Sat Feb 11 03:15:23.526374 2017] [core:error] [pid 7252:tid 14884] (20024)The given path is misformatted or contained invalid characters: [client 52.3.105.23:49427] AH00127: Cannot map GET /galeria/carrusel/Carrusel/jquery-ui-%0A%0A1.8.13.custom.min.js HTTP/1.1 to file
[Sat Feb 11 03:32:28.854775 2017] [access_compat:error] [pid 7252:tid 14868] [client 59.110.4.175:60026] AH01797: client denied by server configuration: E:/nuevo/phpMyAdmin/index.php, referer: http://190.27.245.106/phpmyadmin/index.php
[Sat Feb 11 04:26:26.251461 2017] [mpm_winnt:warn] [pid 7252:tid 17020] (OS 64)The specified network name is no longer available.  : AH00341: winnt_accept: Asynchronous AcceptEx failed.
[Sat Feb 11 04:52:48.780641 2017] [mpm_winnt:warn] [pid 7252:tid 17020] (OS 64)The specified network name is no longer available.  : AH00341: winnt_accept: Asynchronous AcceptEx failed.
[Sat Feb 11 05:31:38.193332 2017] [mpm_winnt:warn] [pid 7252:tid 17020] (OS 64)The specified network name is no longer available.  : AH00341: winnt_accept: Asynchronous AcceptEx failed.
[Sat Feb 11 06:05:06.478460 2017] [proxy:error] [pid 7252:tid 15568] (OS 10060)A connection attempt failed because the connected party did not properly respond after a period of time, or established connection failed because connected host has failed to respond.  : AH00957: HTTP: attempt to connect to 172.22.1.32:80 (172.22.1.32) failed
[Sat Feb 11 06:05:06.478460 2017] [proxy:error] [pid 7252:tid 15568] AH00959: ap_proxy_connect_backend disabling worker for (172.22.1.32) for 60s
[Sat Feb 11 06:05:06.478460 2017] [proxy_http:error] [pid 7252:tid 15568] [client 66.249.64.51:42819] AH01114: HTTP: failed to make connection to backend: 172.22.1.32
[Sat Feb 11 06:06:47.410637 2017] [mpm_winnt:warn] [pid 7252:tid 17020] (OS 64)The specified network name is no longer available.  : AH00341: winnt_accept: Asynchronous AcceptEx failed.
[Sat Feb 11 06:12:44.558664 2017] [mpm_winnt:warn] [pid 7252:tid 17020] (OS 64)The specified network name is no longer available.  : AH00341: winnt_accept: Asynchronous AcceptEx failed.
[Sat Feb 11 06:55:43.321194 2017] [core:error] [pid 7252:tid 12356] (20025)The given path contained wildcard characters: [client 163.172.65.33:40568] AH00036: access to /Autoliquidacion/index.php?dir=Solicitud+de+Clasificaci%F3n+de+Impacto+Ambiental%2F failed (filesystem path 'E:/nuevo/htdocs/Autoliquidacion/index.php?dir=Solicitud+de+Clasificaci%F3n+de+Impacto+Ambiental%2F')
[Sat Feb 11 09:02:52.455194 2017] [proxy_http:error] [pid 7252:tid 12932] (OS 10053)An established connection was aborted by the software in your host machine.  : [client 190.24.58.112:62075] AH01102: error reading status line from remote server 172.22.1.31:80, referer: http://190.27.245.106/isolucionsda/FrameSetGeneral.asp?Pagina1=FrameSetGeneral.asp&
[Sat Feb 11 09:02:56.885601 2017] [proxy_http:error] [pid 7252:tid 14884] (OS 10053)An established connection was aborted by the software in your host machine.  : [client 190.24.58.112:62034] AH01102: error reading status line from remote server 172.22.1.31:80, referer: http://190.27.245.106/ISOlucionSDA/bancoconocimiento/m/mapadeprocesos__v4/mapadeprocesos__v4.asp
[Sat Feb 11 12:32:07.236445 2017] [mpm_winnt:warn] [pid 7252:tid 17020] (OS 64)The specified network name is no longer available.  : AH00341: winnt_accept: Asynchronous AcceptEx failed.
[Sat Feb 11 12:44:07.583310 2017] [mpm_winnt:warn] [pid 7252:tid 17020] (OS 64)The specified network name is no longer available.  : AH00341: winnt_accept: Asynchronous AcceptEx failed.
[Sat Feb 11 13:02:37.057259 2017] [proxy_http:error] [pid 7252:tid 14844] (OS 10053)An established connection was aborted by the software in your host machine.  : [client 186.81.215.221:49629] AH01102: error reading status line from remote server 172.22.1.31:80, referer: http://190.27.245.106/isolucionsda/IdentificaUsuario.asp?Pagina1=FrameSetGeneral.asp&
[Sat Feb 11 13:18:28.440530 2017] [mpm_winnt:warn] [pid 7252:tid 17020] (OS 64)The specified network name is no longer available.  : AH00341: winnt_accept: Asynchronous AcceptEx failed.
[Sat Feb 11 13:18:38.206147 2017] [core:error] [pid 7252:tid 15544] [client 198.20.87.98:39842] AH00135: Invalid method in request quit
[Sat Feb 11 14:29:38.216830 2017] [proxy:error] [pid 7252:tid 15740] (OS 10060)A connection attempt failed because the connected party did not properly respond after a period of time, or established connection failed because connected host has failed to respond.  : AH00957: HTTP: attempt to connect to 172.22.1.51:8399 (172.22.1.51) failed
[Sat Feb 11 14:29:38.216830 2017] [proxy:error] [pid 7252:tid 15740] AH00959: ap_proxy_connect_backend disabling worker for (172.22.1.51) for 60s
[Sat Feb 11 14:29:38.216830 2017] [proxy_http:error] [pid 7252:tid 15740] [client 152.61.128.50:54346] AH01114: HTTP: failed to make connection to backend: 172.22.1.51
[Sat Feb 11 14:29:38.404030 2017] [proxy:error] [pid 7252:tid 15740] AH00940: HTTP: disabled connection for (172.22.1.51)
[Sat Feb 11 14:29:38.591230 2017] [proxy:error] [pid 7252:tid 15740] AH00940: HTTP: disabled connection for (172.22.1.51)
[Sat Feb 11 14:31:52.501866 2017] [mpm_winnt:warn] [pid 7252:tid 17020] (OS 64)The specified network name is no longer available.  : AH00341: winnt_accept: Asynchronous AcceptEx failed.
[Sat Feb 11 14:57:07.826127 2017] [proxy:error] [pid 7252:tid 14884] (OS 10053)An established connection was aborted by the software in your host machine.  : [client 201.245.192.253:17997] AH01084: pass request body failed to 172.22.1.31:80 (172.22.1.31), referer: http://190.27.245.106/ISOlucionSDA//Administracion/Upload/Upload.asp?Id_Articulo=10733&UPLDQuerystring=Id_Articulo=10733&UPLDMODO=SubirArchivoADocumento&UPLDRuta=E:\\Isolucion\\Web\\BancoConocimiento\\C\\CARTILLAGESTIONDOCUMENTAL\\&UPLDAtras=http://190.27.245.106/ISOlucionSDA/Administracion/SalaEdicion/Articulo.asp&UPLDAdelante=http://190.27.245.106/ISOlucionSDA/Administracion/SalaEdicion/Articulo.asp
[Sat Feb 11 14:57:07.826127 2017] [proxy_http:error] [pid 7252:tid 14884] [client 201.245.192.253:17997] AH01097: pass request body failed to 172.22.1.31:80 (172.22.1.31) from 201.245.192.253 (), referer: http://190.27.245.106/ISOlucionSDA//Administracion/Upload/Upload.asp?Id_Articulo=10733&UPLDQuerystring=Id_Articulo=10733&UPLDMODO=SubirArchivoADocumento&UPLDRuta=E:\\Isolucion\\Web\\BancoConocimiento\\C\\CARTILLAGESTIONDOCUMENTAL\\&UPLDAtras=http://190.27.245.106/ISOlucionSDA/Administracion/SalaEdicion/Articulo.asp&UPLDAdelante=http://190.27.245.106/ISOlucionSDA/Administracion/SalaEdicion/Articulo.asp
[Sat Feb 11 14:59:53.248818 2017] [proxy:error] [pid 7252:tid 14884] (OS 10053)An established connection was aborted by the software in your host machine.  : [client 201.245.192.253:17997] AH01084: pass request body failed to 172.22.1.31:80 (172.22.1.31), referer: http://190.27.245.106/ISOlucionSDA//Administracion/Upload/Upload.asp?Id_Articulo=10733&UPLDQuerystring=Id_Articulo=10733&UPLDMODO=SubirArchivoADocumento&UPLDRuta=E:\\Isolucion\\Web\\BancoConocimiento\\C\\CARTILLAGESTIONDOCUMENTAL\\&UPLDAtras=http://190.27.245.106/ISOlucionSDA/Administracion/SalaEdicion/Articulo.asp&UPLDAdelante=http://190.27.245.106/ISOlucionSDA/Administracion/SalaEdicion/Articulo.asp
[Sat Feb 11 14:59:53.248818 2017] [proxy_http:error] [pid 7252:tid 14884] [client 201.245.192.253:17997] AH01097: pass request body failed to 172.22.1.31:80 (172.22.1.31) from 201.245.192.253 (), referer: http://190.27.245.106/ISOlucionSDA//Administracion/Upload/Upload.asp?Id_Articulo=10733&UPLDQuerystring=Id_Articulo=10733&UPLDMODO=SubirArchivoADocumento&UPLDRuta=E:\\Isolucion\\Web\\BancoConocimiento\\C\\CARTILLAGESTIONDOCUMENTAL\\&UPLDAtras=http://190.27.245.106/ISOlucionSDA/Administracion/SalaEdicion/Articulo.asp&UPLDAdelante=http://190.27.245.106/ISOlucionSDA/Administracion/SalaEdicion/Articulo.asp
[Sat Feb 11 15:01:36.021798 2017] [proxy_http:error] [pid 7252:tid 13268] (OS 10053)An established connection was aborted by the software in your host machine.  : [client 201.245.192.253:18342] AH01102: error reading status line from remote server 172.22.1.31:80, referer: http://190.27.245.106/ISOlucionSDA/Administracion/SalaEdicion/Articulo.asp
[Sat Feb 11 15:04:53.518145 2017] [proxy:error] [pid 7252:tid 14464] (OS 10053)An established connection was aborted by the software in your host machine.  : [client 201.245.192.253:18356] AH01084: pass request body failed to 172.22.1.31:80 (172.22.1.31), referer: http://190.27.245.106/ISOlucionSDA//Administracion/Upload/Upload.asp?Id_Articulo=10733&UPLDQuerystring=Id_Articulo=10733&UPLDMODO=SubirArchivoADocumento&UPLDRuta=E:\\Isolucion\\Web\\BancoConocimiento\\C\\CARTILLAGESTIONDOCUMENTAL\\&UPLDAtras=http://190.27.245.106/ISOlucionSDA/Administracion/SalaEdicion/Articulo.asp&UPLDAdelante=http://190.27.245.106/ISOlucionSDA/Administracion/SalaEdicion/Articulo.asp
[Sat Feb 11 15:04:53.518145 2017] [proxy_http:error] [pid 7252:tid 14464] [client 201.245.192.253:18356] AH01097: pass request body failed to 172.22.1.31:80 (172.22.1.31) from 201.245.192.253 (), referer: http://190.27.245.106/ISOlucionSDA//Administracion/Upload/Upload.asp?Id_Articulo=10733&UPLDQuerystring=Id_Articulo=10733&UPLDMODO=SubirArchivoADocumento&UPLDRuta=E:\\Isolucion\\Web\\BancoConocimiento\\C\\CARTILLAGESTIONDOCUMENTAL\\&UPLDAtras=http://190.27.245.106/ISOlucionSDA/Administracion/SalaEdicion/Articulo.asp&UPLDAdelante=http://190.27.245.106/ISOlucionSDA/Administracion/SalaEdicion/Articulo.asp
[Sat Feb 11 15:07:42.326041 2017] [proxy_http:error] [pid 7252:tid 14464] (70008)Partial results are valid but processing is incomplete: [client 201.245.192.253:18861] AH02609: read request body failed to 172.22.1.31:80 (172.22.1.31) from 201.245.192.253 (), referer: http://190.27.245.106/ISOlucionSDA//Administracion/Upload/Upload.asp?Id_Articulo=10733&UPLDQuerystring=Id_Articulo=10733&UPLDMODO=SubirArchivoADocumento&UPLDRuta=E:\\Isolucion\\Web\\BancoConocimiento\\C\\CARTILLAGESTIONDOCUMENTAL\\&UPLDAtras=http://190.27.245.106/ISOlucionSDA/Administracion/SalaEdicion/Articulo.asp&UPLDAdelante=http://190.27.245.106/ISOlucionSDA/Administracion/SalaEdicion/Articulo.asp
[Sat Feb 11 15:07:42.326041 2017] [proxy_http:error] [pid 7252:tid 14464] [client 201.245.192.253:18861] AH01097: pass request body failed to 172.22.1.31:80 (172.22.1.31) from 201.245.192.253 (), referer: http://190.27.245.106/ISOlucionSDA//Administracion/Upload/Upload.asp?Id_Articulo=10733&UPLDQuerystring=Id_Articulo=10733&UPLDMODO=SubirArchivoADocumento&UPLDRuta=E:\\Isolucion\\Web\\BancoConocimiento\\C\\CARTILLAGESTIONDOCUMENTAL\\&UPLDAtras=http://190.27.245.106/ISOlucionSDA/Administracion/SalaEdicion/Articulo.asp&UPLDAdelante=http://190.27.245.106/ISOlucionSDA/Administracion/SalaEdicion/Articulo.asp
[Sat Feb 11 16:05:01.649482 2017] [proxy_http:error] [pid 7252:tid 14924] (OS 10053)An established connection was aborted by the software in your host machine.  : [client 201.245.192.253:10340] AH01102: error reading status line from remote server 172.22.1.31:80, referer: http://190.27.245.106/isolucionsda/Administracion/SalaEdicion/Articulo.asp
[Sat Feb 11 16:05:01.649482 2017] [proxy:error] [pid 7252:tid 14924] [client 201.245.192.253:10340] AH00898: Error reading from remote server returned by /isolucionsda/Administracion/Graficas/vacio1x1.gif, referer: http://190.27.245.106/isolucionsda/Administracion/SalaEdicion/Articulo.asp
[Sat Feb 11 16:05:01.665082 2017] [proxy_http:error] [pid 7252:tid 14536] (OS 10053)An established connection was aborted by the software in your host machine.  : [client 201.245.192.253:10339] AH01102: error reading status line from remote server 172.22.1.31:80, referer: http://190.27.245.106/isolucionsda/Administracion/SalaEdicion/Articulo.asp
[Sat Feb 11 16:05:01.665082 2017] [proxy:error] [pid 7252:tid 14536] [client 201.245.192.253:10339] AH00898: Error reading from remote server returned by /isolucionsda/Administracion/SalaEdicion/g/GifTransparente.gif, referer: http://190.27.245.106/isolucionsda/Administracion/SalaEdicion/Articulo.asp
[Sat Feb 11 16:06:54.422080 2017] [mpm_winnt:warn] [pid 7252:tid 17020] (OS 64)The specified network name is no longer available.  : AH00341: winnt_accept: Asynchronous AcceptEx failed.
[Sat Feb 11 16:06:54.422080 2017] [mpm_winnt:warn] [pid 7252:tid 17020] (OS 64)The specified network name is no longer available.  : AH00341: winnt_accept: Asynchronous AcceptEx failed.
[Sat Feb 11 16:06:54.422080 2017] [mpm_winnt:warn] [pid 7252:tid 17020] (OS 64)The specified network name is no longer available.  : AH00341: winnt_accept: Asynchronous AcceptEx failed.
[Sat Feb 11 16:06:54.422080 2017] [mpm_winnt:warn] [pid 7252:tid 17020] (OS 64)The specified network name is no longer available.  : AH00341: winnt_accept: Asynchronous AcceptEx failed.
[Sat Feb 11 16:06:54.422080 2017] [mpm_winnt:warn] [pid 7252:tid 17020] (OS 64)The specified network name is no longer available.  : AH00341: winnt_accept: Asynchronous AcceptEx failed.
[Sat Feb 11 16:06:54.422080 2017] [mpm_winnt:warn] [pid 7252:tid 17020] (OS 64)The specified network name is no longer available.  : AH00341: winnt_accept: Asynchronous AcceptEx failed.
[Sat Feb 11 16:06:54.422080 2017] [mpm_winnt:warn] [pid 7252:tid 17020] (OS 64)The specified network name is no longer available.  : AH00341: winnt_accept: Asynchronous AcceptEx failed.
[Sat Feb 11 16:13:20.352158 2017] [proxy_http:error] [pid 7252:tid 15952] (OS 10053)An established connection was aborted by the software in your host machine.  : [client 201.245.192.253:10864] AH01102: error reading status line from remote server 172.22.1.31:80, referer: http://190.27.245.106/isolucionsda/Administracion/SalaEdicion/Articulo.asp
[Sat Feb 11 16:13:20.352158 2017] [proxy:error] [pid 7252:tid 15952] [client 201.245.192.253:10864] AH00898: Error reading from remote server returned by /isolucionsda/Administracion/SalaEdicion/g/GifTransparente.gif, referer: http://190.27.245.106/isolucionsda/Administracion/SalaEdicion/Articulo.asp
[Sat Feb 11 16:13:20.352158 2017] [proxy_http:error] [pid 7252:tid 16388] (OS 10053)An established connection was aborted by the software in your host machine.  : [client 201.245.192.253:10863] AH01102: error reading status line from remote server 172.22.1.31:80, referer: http://190.27.245.106/isolucionsda/Administracion/SalaEdicion/Articulo.asp
[Sat Feb 11 16:13:20.352158 2017] [proxy:error] [pid 7252:tid 16388] [client 201.245.192.253:10863] AH00898: Error reading from remote server returned by /isolucionsda/javascript/ClickValidation.js, referer: http://190.27.245.106/isolucionsda/Administracion/SalaEdicion/Articulo.asp
[Sat Feb 11 16:19:17.998387 2017] [mpm_winnt:warn] [pid 7252:tid 17020] (OS 64)The specified network name is no longer available.  : AH00341: winnt_accept: Asynchronous AcceptEx failed.
[Sat Feb 11 16:38:37.423623 2017] [proxy_http:error] [pid 7252:tid 14884] (OS 10053)An established connection was aborted by the software in your host machine.  : [client 201.245.192.253:12562] AH01102: error reading status line from remote server 172.22.1.31:80, referer: http://190.27.245.106/IsolucionSDA/FrameSetGeneral.asp?Pagina1=FrameSetGeneral.asp&
[Sat Feb 11 16:38:37.423623 2017] [proxy:error] [pid 7252:tid 14884] [client 201.245.192.253:12562] AH00898: Error reading from remote server returned by /IsolucionSDA/BarraFavoritos.asp, referer: http://190.27.245.106/IsolucionSDA/FrameSetGeneral.asp?Pagina1=FrameSetGeneral.asp&
[Sat Feb 11 16:38:37.423623 2017] [proxy_http:error] [pid 7252:tid 15756] (OS 10053)An established connection was aborted by the software in your host machine.  : [client 201.245.192.253:12560] AH01102: error reading status line from remote server 172.22.1.31:80, referer: http://190.27.245.106/IsolucionSDA/FrameSetGeneral.asp?Pagina1=FrameSetGeneral.asp&
[Sat Feb 11 16:38:37.423623 2017] [proxy:error] [pid 7252:tid 15756] [client 201.245.192.253:12560] AH00898: Error reading from remote server returned by /IsolucionSDA/BarraTitulos.asp, referer: http://190.27.245.106/IsolucionSDA/FrameSetGeneral.asp?Pagina1=FrameSetGeneral.asp&
[Sat Feb 11 16:39:19.231696 2017] [proxy_http:error] [pid 7252:tid 15120] (OS 10053)An established connection was aborted by the software in your host machine.  : [client 201.245.192.253:12564] AH01102: error reading status line from remote server 172.22.1.31:80, referer: http://190.27.245.106/ISOlucionSDA/Administracion/SalaEdicion/Articulo.asp
[Sat Feb 11 16:39:19.247296 2017] [proxy_http:error] [pid 7252:tid 15756] (OS 10053)An established connection was aborted by the software in your host machine.  : [client 201.245.192.253:12601] AH01102: error reading status line from remote server 172.22.1.31:80, referer: http://190.27.245.106/ISOlucionSDA/Administracion/SalaEdicion/Articulo.asp
[Sat Feb 11 17:03:03.295798 2017] [mpm_winnt:warn] [pid 7252:tid 17020] (OS 64)The specified network name is no longer available.  : AH00341: winnt_accept: Asynchronous AcceptEx failed.
[Sat Feb 11 17:13:12.337467 2017] [core:error] [pid 7252:tid 14868] (20024)The given path is misformatted or contained invalid characters: [client 207.46.13.70:11470] AH00127: Cannot map GET /www.ambientebogota.gov.co:81/ HTTP/1.1 to file
[Sat Feb 11 18:32:04.216779 2017] [mpm_winnt:warn] [pid 7252:tid 17020] (OS 64)The specified network name is no longer available.  : AH00341: winnt_accept: Asynchronous AcceptEx failed.
[Sat Feb 11 18:32:24.028813 2017] [ssl:error] [pid 7252:tid 12700] [client 207.244.75.115:37513] AH02042: rejecting client initiated renegotiation
[Sat Feb 11 21:53:41.886027 2017] [mpm_winnt:warn] [pid 7252:tid 17020] (OS 64)The specified network name is no longer available.  : AH00341: winnt_accept: Asynchronous AcceptEx failed.
[Sat Feb 11 21:53:51.448844 2017] [core:error] [pid 7252:tid 16360] [client 71.6.158.166:46045] AH00135: Invalid method in request quit
[Sat Feb 11 22:02:08.075716 2017] [mpm_winnt:warn] [pid 7252:tid 17020] (OS 64)The specified network name is no longer available.  : AH00341: winnt_accept: Asynchronous AcceptEx failed.
[Sat Feb 11 22:13:31.778117 2017] [proxy:error] [pid 7252:tid 15880] (OS 10060)A connection attempt failed because the connected party did not properly respond after a period of time, or established connection failed because connected host has failed to respond.  : AH00957: HTTP: attempt to connect to 172.22.1.32:80 (172.22.1.32) failed
[Sat Feb 11 22:13:31.778117 2017] [proxy:error] [pid 7252:tid 15880] AH00959: ap_proxy_connect_backend disabling worker for (172.22.1.32) for 60s
[Sat Feb 11 22:13:31.778117 2017] [proxy_http:error] [pid 7252:tid 15880] [client 66.249.64.53:52525] AH01114: HTTP: failed to make connection to backend: 172.22.1.32

:: Command execute ::

Enter:
 
Select:
 

:: Search ::
regexp 

:: Upload ::
 
[ ok ]

:: Make Dir ::
 
[ ok ]
:: Make File ::
 
[ ok ]

:: Go Dir ::
 
:: Go File ::
 

--[ c99shell v. 1.0 pre-release build #13 powered by Captain Crunch Security Team | http://ccteam.ru | Generation time: 0.0312 ]--