!C99Shell v. 1.0 pre-release build #13!

Software: Apache. PHP/5.5.15 

uname -a: Windows NT SVR-DMZ 6.1 build 7600 (Windows Server 2008 R2 Enterprise Edition) i586 

SYSTEM 

Safe-mode: OFF (not secure)

E:\nuevo\apache\logs\   drwxrwxrwx
Free 9.41 GB of 239.26 GB (3.93%)
Detected drives: [ a ] [ c ] [ d ] [ e ] [ f ]
Home    Back    Forward    UPDIR    Refresh    Search    Buffer    Encoder    Tools    Proc.    FTP brute    Sec.    SQL    PHP-code    Update    Feedback    Self remove    Logout    


Viewing file:     error.2017.02.17.log (35.84 KB)      -rw-rw-rw-
Select action/file-type:
(+) | (+) | (+) | Code (+) | Session (+) | (+) | SDB (+) | (+) | (+) | (+) | (+) | (+) |
[Fri Feb 17 01:38:04.921849 2017] [proxy_http:error] [pid 7252:tid 15792] (OS 10060)A connection attempt failed because the connected party did not properly respond after a period of time, or established connection failed because connected host has failed to respond.  : [client 190.159.194.171:64237] AH02609: read request body failed to 172.22.1.61:8080 (172.22.1.61) from 190.159.194.171 (), referer: http://190.27.245.106/sipse/faces/presentacion/financiero/solicitudProceso/consultarSolicitudProceso.xhtml
[Fri Feb 17 01:38:04.921849 2017] [proxy_http:error] [pid 7252:tid 15792] [client 190.159.194.171:64237] AH01097: pass request body failed to 172.22.1.61:8080 (172.22.1.61) from 190.159.194.171 (), referer: http://190.27.245.106/sipse/faces/presentacion/financiero/solicitudProceso/consultarSolicitudProceso.xhtml
[Fri Feb 17 01:38:14.765466 2017] [proxy_http:error] [pid 7252:tid 15060] (OS 10060)A connection attempt failed because the connected party did not properly respond after a period of time, or established connection failed because connected host has failed to respond.  : [client 190.159.194.171:64240] AH02609: read request body failed to 172.22.1.61:8080 (172.22.1.61) from 190.159.194.171 (), referer: http://190.27.245.106/sipse/faces/presentacion/financiero/solicitudProceso/consultarSolicitudProceso.xhtml
[Fri Feb 17 01:38:14.765466 2017] [proxy_http:error] [pid 7252:tid 15060] [client 190.159.194.171:64240] AH01097: pass request body failed to 172.22.1.61:8080 (172.22.1.61) from 190.159.194.171 (), referer: http://190.27.245.106/sipse/faces/presentacion/financiero/solicitudProceso/consultarSolicitudProceso.xhtml
[Fri Feb 17 01:38:24.187883 2017] [proxy_http:error] [pid 7252:tid 15120] (OS 10060)A connection attempt failed because the connected party did not properly respond after a period of time, or established connection failed because connected host has failed to respond.  : [client 190.159.194.171:64244] AH02609: read request body failed to 172.22.1.61:8080 (172.22.1.61) from 190.159.194.171 (), referer: http://190.27.245.106/sipse/faces/presentacion/financiero/solicitudProceso/consultarSolicitudProceso.xhtml
[Fri Feb 17 01:38:24.187883 2017] [proxy_http:error] [pid 7252:tid 15120] [client 190.159.194.171:64244] AH01097: pass request body failed to 172.22.1.61:8080 (172.22.1.61) from 190.159.194.171 (), referer: http://190.27.245.106/sipse/faces/presentacion/financiero/solicitudProceso/consultarSolicitudProceso.xhtml
[Fri Feb 17 01:38:27.385889 2017] [proxy_http:error] [pid 7252:tid 15716] (OS 10060)A connection attempt failed because the connected party did not properly respond after a period of time, or established connection failed because connected host has failed to respond.  : [client 190.159.194.171:64243] AH02609: read request body failed to 172.22.1.61:8080 (172.22.1.61) from 190.159.194.171 (), referer: http://190.27.245.106/sipse/faces/presentacion/financiero/solicitudProceso/consultarSolicitudProceso.xhtml
[Fri Feb 17 01:38:27.385889 2017] [proxy_http:error] [pid 7252:tid 15716] [client 190.159.194.171:64243] AH01097: pass request body failed to 172.22.1.61:8080 (172.22.1.61) from 190.159.194.171 (), referer: http://190.27.245.106/sipse/faces/presentacion/financiero/solicitudProceso/consultarSolicitudProceso.xhtml
[Fri Feb 17 01:38:27.885090 2017] [proxy_http:error] [pid 7252:tid 14924] (OS 10060)A connection attempt failed because the connected party did not properly respond after a period of time, or established connection failed because connected host has failed to respond.  : [client 190.159.194.171:64242] AH02609: read request body failed to 172.22.1.61:8080 (172.22.1.61) from 190.159.194.171 (), referer: http://190.27.245.106/sipse/faces/presentacion/financiero/solicitudProceso/consultarSolicitudProceso.xhtml
[Fri Feb 17 01:38:27.885090 2017] [proxy_http:error] [pid 7252:tid 14924] [client 190.159.194.171:64242] AH01097: pass request body failed to 172.22.1.61:8080 (172.22.1.61) from 190.159.194.171 (), referer: http://190.27.245.106/sipse/faces/presentacion/financiero/solicitudProceso/consultarSolicitudProceso.xhtml
[Fri Feb 17 01:38:32.518298 2017] [proxy_http:error] [pid 7252:tid 15340] (OS 10060)A connection attempt failed because the connected party did not properly respond after a period of time, or established connection failed because connected host has failed to respond.  : [client 190.159.194.171:64241] AH02609: read request body failed to 172.22.1.61:8080 (172.22.1.61) from 190.159.194.171 (), referer: http://190.27.245.106/sipse/faces/presentacion/financiero/solicitudProceso/consultarSolicitudProceso.xhtml
[Fri Feb 17 01:38:32.518298 2017] [proxy_http:error] [pid 7252:tid 15340] [client 190.159.194.171:64241] AH01097: pass request body failed to 172.22.1.61:8080 (172.22.1.61) from 190.159.194.171 (), referer: http://190.27.245.106/sipse/faces/presentacion/financiero/solicitudProceso/consultarSolicitudProceso.xhtml
[Fri Feb 17 01:58:38.010415 2017] [proxy_http:error] [pid 7252:tid 15716] (OS 10053)An established connection was aborted by the software in your host machine.  : [client 186.85.52.85:51589] AH01102: error reading status line from remote server 172.22.1.31:80, referer: http://190.27.245.106/isolucionsda/IdentificaUsuario.asp?Pagina1=FrameSetGeneral.asp&
[Fri Feb 17 01:58:46.918031 2017] [proxy_http:error] [pid 7252:tid 15120] (OS 10053)An established connection was aborted by the software in your host machine.  : [client 186.85.52.85:51593] AH01102: error reading status line from remote server 172.22.1.31:80, referer: http://190.27.245.106/isolucionsda/FrameSetGeneral.asp?Pagina1=FrameSetGeneral.asp&
[Fri Feb 17 01:58:46.918031 2017] [proxy:error] [pid 7252:tid 15120] [client 186.85.52.85:51593] AH00898: Error reading from remote server returned by /isolucionsda/BarraTitulos.asp, referer: http://190.27.245.106/isolucionsda/FrameSetGeneral.asp?Pagina1=FrameSetGeneral.asp&
[Fri Feb 17 01:58:47.276831 2017] [proxy_http:error] [pid 7252:tid 14884] (OS 10053)An established connection was aborted by the software in your host machine.  : [client 186.85.52.85:51596] AH01102: error reading status line from remote server 172.22.1.31:80, referer: http://190.27.245.106/isolucionsda/Encabezado.asp?Pagina1=FrameSetGeneral.asp&&Pagina=MagazinHome.asp
[Fri Feb 17 01:58:47.276831 2017] [proxy:error] [pid 7252:tid 14884] [client 186.85.52.85:51596] AH00898: Error reading from remote server returned by /isolucionsda/g/Bot_Cerrar.jpg, referer: http://190.27.245.106/isolucionsda/Encabezado.asp?Pagina1=FrameSetGeneral.asp&&Pagina=MagazinHome.asp
[Fri Feb 17 01:58:50.069236 2017] [proxy_http:error] [pid 7252:tid 15588] (OS 10053)An established connection was aborted by the software in your host machine.  : [client 186.85.52.85:51598] AH01102: error reading status line from remote server 172.22.1.31:80, referer: http://190.27.245.106/isolucionsda/FrameSetGeneral.asp?Pagina=Menu.asp&IdModulo=4
[Fri Feb 17 01:58:50.069236 2017] [proxy:error] [pid 7252:tid 15588] [client 186.85.52.85:51598] AH00898: Error reading from remote server returned by /isolucionsda/BarraFavoritos.asp, referer: http://190.27.245.106/isolucionsda/FrameSetGeneral.asp?Pagina=Menu.asp&IdModulo=4
[Fri Feb 17 03:43:22.592653 2017] [mpm_winnt:warn] [pid 7252:tid 17020] (OS 64)The specified network name is no longer available.  : AH00341: winnt_accept: Asynchronous AcceptEx failed.
[Fri Feb 17 04:06:14.522463 2017] [mpm_winnt:warn] [pid 7252:tid 17020] (OS 64)The specified network name is no longer available.  : AH00341: winnt_accept: Asynchronous AcceptEx failed.
[Fri Feb 17 04:06:26.331684 2017] [proxy:error] [pid 7252:tid 15588] (OS 10060)A connection attempt failed because the connected party did not properly respond after a period of time, or established connection failed because connected host has failed to respond.  : AH00957: HTTP: attempt to connect to 172.22.1.51:8399 (172.22.1.51) failed
[Fri Feb 17 04:06:26.331684 2017] [proxy:error] [pid 7252:tid 15588] AH00959: ap_proxy_connect_backend disabling worker for (172.22.1.51) for 60s
[Fri Feb 17 04:06:26.331684 2017] [proxy_http:error] [pid 7252:tid 15588] [client 208.30.41.59:16210] AH01114: HTTP: failed to make connection to backend: 172.22.1.51
[Fri Feb 17 04:06:26.331684 2017] [proxy:error] [pid 7252:tid 15588] AH00940: HTTP: disabled connection for (172.22.1.51)
[Fri Feb 17 04:06:26.331684 2017] [proxy:error] [pid 7252:tid 14884] AH00940: HTTP: disabled connection for (172.22.1.51)
[Fri Feb 17 04:06:26.331684 2017] [proxy:error] [pid 7252:tid 15340] AH00940: HTTP: disabled connection for (172.22.1.51)
[Fri Feb 17 04:06:26.347284 2017] [proxy:error] [pid 7252:tid 12452] AH00940: HTTP: disabled connection for (172.22.1.51)
[Fri Feb 17 05:12:42.514468 2017] [mpm_winnt:warn] [pid 7252:tid 17020] (OS 64)The specified network name is no longer available.  : AH00341: winnt_accept: Asynchronous AcceptEx failed.
[Fri Feb 17 05:33:30.657060 2017] [proxy:error] [pid 7252:tid 14884] (OS 10060)A connection attempt failed because the connected party did not properly respond after a period of time, or established connection failed because connected host has failed to respond.  : AH00957: HTTP: attempt to connect to 172.22.1.51:8399 (172.22.1.51) failed
[Fri Feb 17 05:33:30.657060 2017] [proxy:error] [pid 7252:tid 14884] AH00959: ap_proxy_connect_backend disabling worker for (172.22.1.51) for 60s
[Fri Feb 17 05:33:30.657060 2017] [proxy_http:error] [pid 7252:tid 14884] [client 208.30.41.59:61919] AH01114: HTTP: failed to make connection to backend: 172.22.1.51
[Fri Feb 17 05:33:30.657060 2017] [proxy:error] [pid 7252:tid 14884] AH00940: HTTP: disabled connection for (172.22.1.51)
[Fri Feb 17 05:33:30.657060 2017] [proxy:error] [pid 7252:tid 16016] AH00940: HTTP: disabled connection for (172.22.1.51)
[Fri Feb 17 05:33:30.657060 2017] [proxy:error] [pid 7252:tid 12516] AH00940: HTTP: disabled connection for (172.22.1.51)
[Fri Feb 17 05:33:30.672660 2017] [proxy:error] [pid 7252:tid 14924] AH00940: HTTP: disabled connection for (172.22.1.51)
[Fri Feb 17 06:22:19.578804 2017] [proxy:error] [pid 7252:tid 16248] (OS 10061)No connection could be made because the target machine actively refused it.  : AH00957: HTTP: attempt to connect to 172.22.1.61:8080 (172.22.1.61) failed
[Fri Feb 17 06:22:19.578804 2017] [proxy:error] [pid 7252:tid 16248] AH00959: ap_proxy_connect_backend disabling worker for (172.22.1.61) for 60s
[Fri Feb 17 06:22:19.578804 2017] [proxy_http:error] [pid 7252:tid 16248] [client 181.49.79.119:18325] AH01114: HTTP: failed to make connection to backend: 172.22.1.61
[Fri Feb 17 06:22:22.995210 2017] [proxy:error] [pid 7252:tid 16248] AH00940: HTTP: disabled connection for (172.22.1.61)
[Fri Feb 17 07:43:16.009734 2017] [core:error] [pid 7252:tid 15740] (20024)The given path is misformatted or contained invalid characters: [client 1.237.177.12:27309] AH00127: Cannot map GET /galeria/carrusel/Carrusel/jquery-ui-%0A%0A1.8.13.custom.min.js HTTP/1.1 to file, referer: http://ambientebogota.gov.co
[Fri Feb 17 07:57:45.352461 2017] [proxy_http:error] [pid 7252:tid 15588] (OS 10053)An established connection was aborted by the software in your host machine.  : [client 201.245.192.253:15359] AH01102: error reading status line from remote server 172.22.1.31:80, referer: http://190.27.245.106/isolucionsda/FrameSetGeneral.asp?Pagina1=FrameSetGeneral.asp&
[Fri Feb 17 07:57:45.352461 2017] [proxy:error] [pid 7252:tid 15588] [client 201.245.192.253:15359] AH00898: Error reading from remote server returned by /isolucionsda/BarraFavoritos.asp, referer: http://190.27.245.106/isolucionsda/FrameSetGeneral.asp?Pagina1=FrameSetGeneral.asp&
[Fri Feb 17 07:57:45.414861 2017] [proxy_http:error] [pid 7252:tid 15048] (OS 10053)An established connection was aborted by the software in your host machine.  : [client 201.245.192.253:15360] AH01102: error reading status line from remote server 172.22.1.31:80, referer: http://190.27.245.106/isolucionsda/Encabezado.asp?Pagina1=FrameSetGeneral.asp&&Pagina=MagazinHome.asp
[Fri Feb 17 07:57:45.414861 2017] [proxy:error] [pid 7252:tid 15048] [client 201.245.192.253:15360] AH00898: Error reading from remote server returned by /isolucionsda/Session.asp, referer: http://190.27.245.106/isolucionsda/Encabezado.asp?Pagina1=FrameSetGeneral.asp&&Pagina=MagazinHome.asp
[Fri Feb 17 08:01:40.850475 2017] [mpm_winnt:warn] [pid 7252:tid 17020] (OS 64)The specified network name is no longer available.  : AH00341: winnt_accept: Asynchronous AcceptEx failed.
[Fri Feb 17 08:05:06.911237 2017] [mpm_winnt:warn] [pid 7252:tid 17020] (OS 64)The specified network name is no longer available.  : AH00341: winnt_accept: Asynchronous AcceptEx failed.
[Fri Feb 17 08:39:57.815109 2017] [proxy_http:error] [pid 7252:tid 15584] (OS 10053)An established connection was aborted by the software in your host machine.  : [client 201.245.192.253:21102] AH01102: error reading status line from remote server 172.22.1.31:80, referer: http://190.27.245.106/isolucionsda/FrameSetGeneral.asp?Pagina1=FrameSetGeneral.asp&
[Fri Feb 17 08:39:57.815109 2017] [proxy:error] [pid 7252:tid 15584] [client 201.245.192.253:21102] AH00898: Error reading from remote server returned by /isolucionsda/MagazinHome.asp, referer: http://190.27.245.106/isolucionsda/FrameSetGeneral.asp?Pagina1=FrameSetGeneral.asp&
[Fri Feb 17 08:48:27.514805 2017] [proxy_http:error] [pid 7252:tid 16096] (OS 10053)An established connection was aborted by the software in your host machine.  : [client 201.245.192.253:20201] AH01102: error reading status line from remote server 172.22.1.31:80, referer: http://190.27.245.106/isolucionsda/FrameSetGeneral.asp?Pagina=SucursalSeleccion.asp&CargaPagina=ModuloProcesos&IdModulo=3
[Fri Feb 17 09:11:44.512858 2017] [proxy_http:error] [pid 7252:tid 16288] (OS 10053)An established connection was aborted by the software in your host machine.  : [client 201.245.192.253:30132] AH01102: error reading status line from remote server 172.22.1.31:80, referer: http://190.27.245.106/isolucionsda/FrameSetGeneral.asp?Pagina1=FrameSetGeneral.asp&
[Fri Feb 17 09:11:44.512858 2017] [proxy:error] [pid 7252:tid 16288] [client 201.245.192.253:30132] AH00898: Error reading from remote server returned by /isolucionsda/Encabezado.asp, referer: http://190.27.245.106/isolucionsda/FrameSetGeneral.asp?Pagina1=FrameSetGeneral.asp&
[Fri Feb 17 09:11:50.628069 2017] [proxy_http:error] [pid 7252:tid 14428] (OS 10053)An established connection was aborted by the software in your host machine.  : [client 201.245.192.253:30425] AH01102: error reading status line from remote server 172.22.1.31:80, referer: http://190.27.245.106/isolucionsda/FrameSetGeneral.asp?Pagina1=FrameSetGeneral.asp&
[Fri Feb 17 09:11:50.628069 2017] [proxy:error] [pid 7252:tid 14428] [client 201.245.192.253:30425] AH00898: Error reading from remote server returned by /isolucionsda/MagazinHome.asp, referer: http://190.27.245.106/isolucionsda/FrameSetGeneral.asp?Pagina1=FrameSetGeneral.asp&
[Fri Feb 17 09:33:09.488115 2017] [mpm_winnt:warn] [pid 7252:tid 17020] (OS 64)The specified network name is no longer available.  : AH00341: winnt_accept: Asynchronous AcceptEx failed.
[Fri Feb 17 10:21:47.474241 2017] [mpm_winnt:warn] [pid 7252:tid 17020] (OS 64)The specified network name is no longer available.  : AH00341: winnt_accept: Asynchronous AcceptEx failed.
[Fri Feb 17 10:21:47.474241 2017] [mpm_winnt:warn] [pid 7252:tid 17020] (OS 64)The specified network name is no longer available.  : AH00341: winnt_accept: Asynchronous AcceptEx failed.
[Fri Feb 17 10:21:47.474241 2017] [mpm_winnt:warn] [pid 7252:tid 17020] (OS 64)The specified network name is no longer available.  : AH00341: winnt_accept: Asynchronous AcceptEx failed.
[Fri Feb 17 11:04:25.629134 2017] [mpm_winnt:warn] [pid 7252:tid 17020] (OS 64)The specified network name is no longer available.  : AH00341: winnt_accept: Asynchronous AcceptEx failed.
[Fri Feb 17 12:02:46.416683 2017] [proxy_http:error] [pid 7252:tid 14428] (OS 10053)An established connection was aborted by the software in your host machine.  : [client 201.245.192.253:12826] AH01102: error reading status line from remote server 172.22.1.31:80, referer: http://190.27.245.106/isolucionsda/IdentificaUsuario.asp?Pagina1=FrameSetGeneral.asp&
[Fri Feb 17 12:02:46.416683 2017] [proxy:error] [pid 7252:tid 14428] [client 201.245.192.253:12826] AH00898: Error reading from remote server returned by /isolucionsda/g/Img_LogoIsoCabezote.jpg, referer: http://190.27.245.106/isolucionsda/IdentificaUsuario.asp?Pagina1=FrameSetGeneral.asp&
[Fri Feb 17 12:02:46.510283 2017] [proxy_http:error] [pid 7252:tid 15480] (OS 10053)An established connection was aborted by the software in your host machine.  : [client 201.245.192.253:12831] AH01102: error reading status line from remote server 172.22.1.31:80, referer: http://190.27.245.106/isolucionsda/IdentificaUsuario.asp?Pagina1=FrameSetGeneral.asp&
[Fri Feb 17 12:02:46.510283 2017] [proxy:error] [pid 7252:tid 15480] [client 201.245.192.253:12831] AH00898: Error reading from remote server returned by /isolucionsda/g/shim.gif, referer: http://190.27.245.106/isolucionsda/IdentificaUsuario.asp?Pagina1=FrameSetGeneral.asp&
[Fri Feb 17 12:10:40.206115 2017] [proxy_http:error] [pid 7252:tid 15432] (OS 10053)An established connection was aborted by the software in your host machine.  : [client 201.245.192.253:10420] AH01102: error reading status line from remote server 172.22.1.31:80, referer: http://190.27.245.106/isolucionsda/FrameSetGeneral.asp?Pagina=Menu.asp&IdModulo=7
[Fri Feb 17 12:10:40.206115 2017] [proxy:error] [pid 7252:tid 15432] [client 201.245.192.253:10420] AH00898: Error reading from remote server returned by /isolucionsda/Menu.asp, referer: http://190.27.245.106/isolucionsda/FrameSetGeneral.asp?Pagina=Menu.asp&IdModulo=7
[Fri Feb 17 13:06:55.054642 2017] [proxy:error] [pid 7252:tid 14740] (OS 10060)A connection attempt failed because the connected party did not properly respond after a period of time, or established connection failed because connected host has failed to respond.  : AH00957: HTTP: attempt to connect to 172.22.1.32:80 (172.22.1.32) failed
[Fri Feb 17 13:06:55.054642 2017] [proxy:error] [pid 7252:tid 14740] AH00959: ap_proxy_connect_backend disabling worker for (172.22.1.32) for 60s
[Fri Feb 17 13:06:55.054642 2017] [proxy_http:error] [pid 7252:tid 14740] [client 66.249.64.51:44165] AH01114: HTTP: failed to make connection to backend: 172.22.1.32
[Fri Feb 17 13:08:28.795207 2017] [proxy:error] [pid 7252:tid 14688] (OS 10060)A connection attempt failed because the connected party did not properly respond after a period of time, or established connection failed because connected host has failed to respond.  : AH00957: HTTP: attempt to connect to 172.22.1.51:8399 (172.22.1.51) failed
[Fri Feb 17 13:08:28.795207 2017] [proxy:error] [pid 7252:tid 14688] AH00959: ap_proxy_connect_backend disabling worker for (172.22.1.51) for 60s
[Fri Feb 17 13:08:28.795207 2017] [proxy_http:error] [pid 7252:tid 14688] [client 152.61.128.50:46910] AH01114: HTTP: failed to make connection to backend: 172.22.1.51
[Fri Feb 17 13:08:28.982407 2017] [proxy:error] [pid 7252:tid 14688] AH00940: HTTP: disabled connection for (172.22.1.51)
[Fri Feb 17 13:08:29.169608 2017] [proxy:error] [pid 7252:tid 14688] AH00940: HTTP: disabled connection for (172.22.1.51)
[Fri Feb 17 13:16:30.477253 2017] [mpm_winnt:warn] [pid 7252:tid 17020] (OS 64)The specified network name is no longer available.  : AH00341: winnt_accept: Asynchronous AcceptEx failed.
[Fri Feb 17 13:20:42.807696 2017] [mpm_winnt:warn] [pid 7252:tid 17020] (OS 64)The specified network name is no longer available.  : AH00341: winnt_accept: Asynchronous AcceptEx failed.
[Fri Feb 17 13:58:42.331500 2017] [core:error] [pid 7252:tid 14688] (20024)The given path is misformatted or contained invalid characters: [client 40.77.167.50:8241] AH00127: Cannot map GET /www.ambientebogota.gov.co:81/ HTTP/1.1 to file
[Fri Feb 17 14:19:33.157297 2017] [mpm_winnt:warn] [pid 7252:tid 17020] (OS 64)The specified network name is no longer available.  : AH00341: winnt_accept: Asynchronous AcceptEx failed.
[Fri Feb 17 14:24:43.036241 2017] [proxy_http:error] [pid 7252:tid 16112] (OS 10053)An established connection was aborted by the software in your host machine.  : [client 201.245.192.253:16213] AH01102: error reading status line from remote server 172.22.1.31:80, referer: http://190.27.245.106/isolucionsda/FrameSetGeneral.asp?Pagina1=FrameSetGeneral.asp&
[Fri Feb 17 14:24:43.036241 2017] [proxy:error] [pid 7252:tid 16112] [client 201.245.192.253:16213] AH00898: Error reading from remote server returned by /isolucionsda/BarraTitulos.asp, referer: http://190.27.245.106/isolucionsda/FrameSetGeneral.asp?Pagina1=FrameSetGeneral.asp&
[Fri Feb 17 14:24:43.098641 2017] [proxy_http:error] [pid 7252:tid 14700] (OS 10053)An established connection was aborted by the software in your host machine.  : [client 201.245.192.253:15793] AH01102: error reading status line from remote server 172.22.1.31:80, referer: http://190.27.245.106/isolucionsda/Encabezado.asp?Pagina1=FrameSetGeneral.asp&&Pagina=MagazinHome.asp
[Fri Feb 17 14:33:16.526743 2017] [mpm_winnt:warn] [pid 7252:tid 17020] (OS 64)The specified network name is no longer available.  : AH00341: winnt_accept: Asynchronous AcceptEx failed.
[Fri Feb 17 14:34:09.878837 2017] [core:error] [pid 7252:tid 16388] (20024)The given path is misformatted or contained invalid characters: [client 40.77.167.20:6322] AH00127: Cannot map GET /www.ambientebogota.gov.co:81/ HTTP/1.1 to file
[Fri Feb 17 14:40:42.313126 2017] [proxy_http:error] [pid 7252:tid 15912] (OS 10053)An established connection was aborted by the software in your host machine.  : [client 201.245.192.253:31454] AH01102: error reading status line from remote server 172.22.1.31:80, referer: http://190.27.245.106/isolucionsda/Encabezado.asp?Pagina1=FrameSetGeneral.asp&&Pagina=MagazinHome.asp
[Fri Feb 17 14:40:42.313126 2017] [proxy:error] [pid 7252:tid 15912] [client 201.245.192.253:31454] AH00898: Error reading from remote server returned by /isolucionsda/Session.asp, referer: http://190.27.245.106/isolucionsda/Encabezado.asp?Pagina1=FrameSetGeneral.asp&&Pagina=MagazinHome.asp
[Fri Feb 17 14:40:42.313126 2017] [proxy_http:error] [pid 7252:tid 12644] (OS 10053)An established connection was aborted by the software in your host machine.  : [client 201.245.192.253:29507] AH01102: error reading status line from remote server 172.22.1.31:80, referer: http://190.27.245.106/isolucionsda/Encabezado.asp?Pagina1=FrameSetGeneral.asp&&Pagina=MagazinHome.asp
[Fri Feb 17 14:40:42.313126 2017] [proxy_http:error] [pid 7252:tid 12408] (OS 10053)An established connection was aborted by the software in your host machine.  : [client 201.245.192.253:31455] AH01102: error reading status line from remote server 172.22.1.31:80, referer: http://190.27.245.106/isolucionsda/Encabezado.asp?Pagina1=FrameSetGeneral.asp&&Pagina=MagazinHome.asp
[Fri Feb 17 14:40:42.313126 2017] [proxy:error] [pid 7252:tid 12408] [client 201.245.192.253:31455] AH00898: Error reading from remote server returned by /isolucionsda/g/Bot_Cerrar.jpg, referer: http://190.27.245.106/isolucionsda/Encabezado.asp?Pagina1=FrameSetGeneral.asp&&Pagina=MagazinHome.asp
[Fri Feb 17 16:47:22.680676 2017] [access_compat:error] [pid 7252:tid 16296] [client 112.161.87.162:26511] AH01797: client denied by server configuration: E:/nuevo/phpMyAdmin/
[Fri Feb 17 16:47:24.053478 2017] [access_compat:error] [pid 7252:tid 16296] [client 112.161.87.162:26511] AH01797: client denied by server configuration: E:/nuevo/htdocs/phpMyadmin
[Fri Feb 17 16:47:25.051880 2017] [access_compat:error] [pid 7252:tid 16296] [client 112.161.87.162:26511] AH01797: client denied by server configuration: E:/nuevo/htdocs/phpMyAdmin
[Fri Feb 17 16:47:27.048683 2017] [access_compat:error] [pid 7252:tid 16296] [client 112.161.87.162:26511] AH01797: client denied by server configuration: E:/nuevo/htdocs/phpmyAdmin
[Fri Feb 17 16:47:29.045487 2017] [access_compat:error] [pid 7252:tid 16296] [client 112.161.87.162:26511] AH01797: client denied by server configuration: E:/nuevo/htdocs/phpmyadmin2
[Fri Feb 17 16:47:29.341887 2017] [access_compat:error] [pid 7252:tid 16296] [client 112.161.87.162:26511] AH01797: client denied by server configuration: E:/nuevo/htdocs/phpmyadmin3
[Fri Feb 17 16:47:29.638288 2017] [access_compat:error] [pid 7252:tid 16296] [client 112.161.87.162:26511] AH01797: client denied by server configuration: E:/nuevo/htdocs/phpmyadmin4
[Fri Feb 17 16:48:03.646348 2017] [access_compat:error] [pid 7252:tid 16296] [client 112.161.87.162:26511] AH01797: client denied by server configuration: E:/nuevo/htdocs/phpMyAdmin2
[Fri Feb 17 16:48:03.942748 2017] [access_compat:error] [pid 7252:tid 16296] [client 112.161.87.162:26511] AH01797: client denied by server configuration: E:/nuevo/htdocs/phpMyAdmin3
[Fri Feb 17 16:48:04.239149 2017] [access_compat:error] [pid 7252:tid 16296] [client 112.161.87.162:26511] AH01797: client denied by server configuration: E:/nuevo/htdocs/phpMyAdmin4
[Fri Feb 17 16:48:04.535549 2017] [access_compat:error] [pid 7252:tid 16296] [client 112.161.87.162:26511] AH01797: client denied by server configuration: E:/nuevo/htdocs/phpMyAdmin-3
[Fri Feb 17 16:48:41.632414 2017] [core:error] [pid 7252:tid 14812] (20024)The given path is misformatted or contained invalid characters: [client 150.70.173.8:40967] AH00127: Cannot map GET /http://190.27.245.106:80/phpmyadmin/ HTTP/1.1 to file
[Fri Feb 17 16:49:08.448862 2017] [core:error] [pid 7252:tid 15952] (20024)The given path is misformatted or contained invalid characters: [client 50.112.194.65:43818] AH00127: Cannot map GET /http://190.27.245.106:80/db/db-admin/ HTTP/1.1 to file
[Fri Feb 17 16:49:10.305265 2017] [core:error] [pid 7252:tid 12748] (20024)The given path is misformatted or contained invalid characters: [client 50.112.194.65:14529] AH00127: Cannot map GET /http://190.27.245.106:80/mysql/pma/ HTTP/1.1 to file
[Fri Feb 17 16:49:10.461265 2017] [core:error] [pid 7252:tid 14476] (20024)The given path is misformatted or contained invalid characters: [client 50.112.194.65:59579] AH00127: Cannot map GET /http://190.27.245.106:80/sql/sqladmin/ HTTP/1.1 to file
[Fri Feb 17 16:49:29.898899 2017] [core:error] [pid 7252:tid 15840] (20024)The given path is misformatted or contained invalid characters: [client 150.70.188.168:36512] AH00127: Cannot map GET /http://190.27.245.106:80/mysql/dbadmin/ HTTP/1.1 to file
[Fri Feb 17 16:49:30.710101 2017] [core:error] [pid 7252:tid 12748] (20024)The given path is misformatted or contained invalid characters: [client 150.70.173.46:39535] AH00127: Cannot map GET /http://190.27.245.106:80/phpMyAdmin/ HTTP/1.1 to file
[Fri Feb 17 16:49:32.332503 2017] [core:error] [pid 7252:tid 15008] (20024)The given path is misformatted or contained invalid characters: [client 150.70.188.170:60696] AH00127: Cannot map GET /http://190.27.245.106:80/sql/phpmanager/ HTTP/1.1 to file
[Fri Feb 17 16:49:41.208919 2017] [core:error] [pid 7252:tid 15340] (20024)The given path is misformatted or contained invalid characters: [client 150.70.188.179:36336] AH00127: Cannot map GET /http://190.27.245.106:80/phpmy/ HTTP/1.1 to file
[Fri Feb 17 16:49:42.612922 2017] [core:error] [pid 7252:tid 15952] (20024)The given path is misformatted or contained invalid characters: [client 150.70.188.175:52405] AH00127: Cannot map GET /http://190.27.245.106:80/admin/ HTTP/1.1 to file
[Fri Feb 17 16:49:45.030926 2017] [core:error] [pid 7252:tid 15304] (20024)The given path is misformatted or contained invalid characters: [client 150.70.173.5:33667] AH00127: Cannot map GET /http://190.27.245.106:80/db/webadmin/ HTTP/1.1 to file
[Fri Feb 17 16:49:47.854531 2017] [core:error] [pid 7252:tid 14700] (20024)The given path is misformatted or contained invalid characters: [client 150.70.173.10:37006] AH00127: Cannot map GET /http://190.27.245.106:80/phpmyAdmin/ HTTP/1.1 to file
[Fri Feb 17 16:49:50.210135 2017] [core:error] [pid 7252:tid 16000] (20024)The given path is misformatted or contained invalid characters: [client 150.70.173.48:41527] AH00127: Cannot map GET /http://190.27.245.106:80/sql/phpMyAdmin2/ HTTP/1.1 to file
[Fri Feb 17 16:49:57.089747 2017] [core:error] [pid 7252:tid 14700] (20024)The given path is misformatted or contained invalid characters: [client 150.70.173.47:53648] AH00127: Cannot map GET /http://190.27.245.106:80/administrator/pma/ HTTP/1.1 to file
[Fri Feb 17 16:55:06.188690 2017] [core:error] [pid 7252:tid 16296] (20024)The given path is misformatted or contained invalid characters: [client 5.188.211.22:52297] AH00127: Cannot map GET /www.ambientebogota.gov.co:81/ HTTP/1.1 to file
[Fri Feb 17 17:37:27.480953 2017] [proxy_http:error] [pid 7252:tid 15228] (OS 10053)An established connection was aborted by the software in your host machine.  : [client 201.245.192.253:27968] AH01102: error reading status line from remote server 172.22.1.31:80, referer: http://190.27.245.106/isolucionsda/Encabezado.asp?Pagina1=FrameSetGeneral.asp&&Pagina=MagazinHome.asp
[Fri Feb 17 17:37:27.480953 2017] [proxy:error] [pid 7252:tid 15228] [client 201.245.192.253:27968] AH00898: Error reading from remote server returned by /isolucionsda/g/Bot_Administrador.jpg, referer: http://190.27.245.106/isolucionsda/Encabezado.asp?Pagina1=FrameSetGeneral.asp&&Pagina=MagazinHome.asp
[Fri Feb 17 17:37:27.512154 2017] [proxy_http:error] [pid 7252:tid 12904] (OS 10053)An established connection was aborted by the software in your host machine.  : [client 201.245.192.253:27963] AH01102: error reading status line from remote server 172.22.1.31:80, referer: http://190.27.245.106/isolucionsda/Encabezado.asp?Pagina1=FrameSetGeneral.asp&&Pagina=MagazinHome.asp
[Fri Feb 17 18:14:42.403279 2017] [proxy:error] [pid 7252:tid 16304] (OS 10053)An established connection was aborted by the software in your host machine.  : [client 201.245.192.253:12198] AH01084: pass request body failed to 172.22.1.31:80 (172.22.1.31), referer: http://190.27.245.106/IsolucionSDA/Administracion/SalaEdicion/Articulo.asp
[Fri Feb 17 18:14:42.403279 2017] [proxy_http:error] [pid 7252:tid 16304] [client 201.245.192.253:12198] AH01097: pass request body failed to 172.22.1.31:80 (172.22.1.31) from 201.245.192.253 (), referer: http://190.27.245.106/IsolucionSDA/Administracion/SalaEdicion/Articulo.asp
[Fri Feb 17 18:15:09.297726 2017] [proxy_http:error] [pid 7252:tid 13192] (OS 10053)An established connection was aborted by the software in your host machine.  : [client 201.245.192.253:12435] AH01102: error reading status line from remote server 172.22.1.31:80, referer: http://190.27.245.106/IsolucionSDA/Administracion/SalaEdicion/Articulo.asp?Id_Articulo=10769&Ancla=ContenidoNormatividad
[Fri Feb 17 18:15:09.297726 2017] [proxy:error] [pid 7252:tid 13192] [client 201.245.192.253:12435] AH00898: Error reading from remote server returned by /IsolucionSDA/Administracion/SalaEdicion/g/GifTransparente.gif, referer: http://190.27.245.106/IsolucionSDA/Administracion/SalaEdicion/Articulo.asp?Id_Articulo=10769&Ancla=ContenidoNormatividad
[Fri Feb 17 18:15:09.313326 2017] [proxy_http:error] [pid 7252:tid 15944] (OS 10053)An established connection was aborted by the software in your host machine.  : [client 201.245.192.253:12436] AH01102: error reading status line from remote server 172.22.1.31:80, referer: http://190.27.245.106/IsolucionSDA/Administracion/SalaEdicion/Articulo.asp?Id_Articulo=10769&Ancla=ContenidoNormatividad
[Fri Feb 17 18:15:09.313326 2017] [proxy:error] [pid 7252:tid 15944] [client 201.245.192.253:12436] AH00898: Error reading from remote server returned by /IsolucionSDA/Administracion/Graficas/vacio1x1.gif, referer: http://190.27.245.106/IsolucionSDA/Administracion/SalaEdicion/Articulo.asp?Id_Articulo=10769&Ancla=ContenidoNormatividad
[Fri Feb 17 18:16:59.792720 2017] [proxy_http:error] [pid 7252:tid 13192] (OS 10053)An established connection was aborted by the software in your host machine.  : [client 201.245.192.253:31730] AH01102: error reading status line from remote server 172.22.1.31:80, referer: http://190.27.245.106/isolucionsda/FrameSetGeneral.asp?Pagina1=FrameSetGeneral.asp&
[Fri Feb 17 18:16:59.792720 2017] [proxy:error] [pid 7252:tid 13192] [client 201.245.192.253:31730] AH00898: Error reading from remote server returned by /isolucionsda/Encabezado.asp, referer: http://190.27.245.106/isolucionsda/FrameSetGeneral.asp?Pagina1=FrameSetGeneral.asp&
[Fri Feb 17 18:39:28.088488 2017] [proxy_http:error] [pid 7252:tid 15944] (OS 10053)An established connection was aborted by the software in your host machine.  : [client 201.245.192.253:10314] AH01102: error reading status line from remote server 172.22.1.31:80, referer: http://190.27.245.106/IsolucionSDA/Administracion/SalaEdicion/Articulo.asp?Id_Articulo=10769&Ancla=ContenidoNormatividad
[Fri Feb 17 18:39:28.088488 2017] [proxy:error] [pid 7252:tid 15944] [client 201.245.192.253:10314] AH00898: Error reading from remote server returned by /IsolucionSDA/javascript/ClickValidation.js, referer: http://190.27.245.106/IsolucionSDA/Administracion/SalaEdicion/Articulo.asp?Id_Articulo=10769&Ancla=ContenidoNormatividad
[Fri Feb 17 18:39:28.119688 2017] [proxy_http:error] [pid 7252:tid 15928] (OS 10053)An established connection was aborted by the software in your host machine.  : [client 201.245.192.253:10315] AH01102: error reading status line from remote server 172.22.1.31:80, referer: http://190.27.245.106/IsolucionSDA/Administracion/SalaEdicion/Articulo.asp?Id_Articulo=10769&Ancla=ContenidoNormatividad
[Fri Feb 17 18:39:28.119688 2017] [proxy:error] [pid 7252:tid 15928] [client 201.245.192.253:10315] AH00898: Error reading from remote server returned by /IsolucionSDA/Administracion/SalaEdicion/g/GifTransparente.gif, referer: http://190.27.245.106/IsolucionSDA/Administracion/SalaEdicion/Articulo.asp?Id_Articulo=10769&Ancla=ContenidoNormatividad
[Fri Feb 17 19:06:29.477336 2017] [mpm_winnt:warn] [pid 7252:tid 17020] (OS 64)The specified network name is no longer available.  : AH00341: winnt_accept: Asynchronous AcceptEx failed.
[Fri Feb 17 19:10:00.452107 2017] [proxy_http:error] [pid 7252:tid 14700] (OS 10053)An established connection was aborted by the software in your host machine.  : [client 201.245.192.253:19597] AH01102: error reading status line from remote server 172.22.1.31:80, referer: http://190.27.245.106/IsolucionSDA/FrameSetGeneral.asp?Pagina=MagazinHome.asp
[Fri Feb 17 19:10:00.452107 2017] [proxy:error] [pid 7252:tid 14700] [client 201.245.192.253:19597] AH00898: Error reading from remote server returned by /IsolucionSDA/MagazinHome.asp, referer: http://190.27.245.106/IsolucionSDA/FrameSetGeneral.asp?Pagina=MagazinHome.asp
[Fri Feb 17 19:10:00.467707 2017] [proxy_http:error] [pid 7252:tid 14940] (OS 10053)An established connection was aborted by the software in your host machine.  : [client 201.245.192.253:19598] AH01102: error reading status line from remote server 172.22.1.31:80, referer: http://190.27.245.106/IsolucionSDA/FrameSetGeneral.asp?Pagina=MagazinHome.asp
[Fri Feb 17 19:10:00.467707 2017] [proxy:error] [pid 7252:tid 14940] [client 201.245.192.253:19598] AH00898: Error reading from remote server returned by /IsolucionSDA/BarraFavoritos.asp, referer: http://190.27.245.106/IsolucionSDA/FrameSetGeneral.asp?Pagina=MagazinHome.asp
[Fri Feb 17 20:50:47.149527 2017] [mpm_winnt:warn] [pid 7252:tid 17020] (OS 64)The specified network name is no longer available.  : AH00341: winnt_accept: Asynchronous AcceptEx failed.
[Fri Feb 17 21:39:06.509220 2017] [proxy_http:error] [pid 7252:tid 15840] (70008)Partial results are valid but processing is incomplete: [client 186.29.182.65:31553] AH02609: read request body failed to 172.22.1.61:8080 (172.22.1.61) from 186.29.182.65 (), referer: http://190.27.245.106/sipse/faces/presentacion/financiero/solicitudProceso/consultarSolicitudProceso.xhtml
[Fri Feb 17 21:39:06.509220 2017] [proxy_http:error] [pid 7252:tid 15840] [client 186.29.182.65:31553] AH01097: pass request body failed to 172.22.1.61:8080 (172.22.1.61) from 186.29.182.65 (), referer: http://190.27.245.106/sipse/faces/presentacion/financiero/solicitudProceso/consultarSolicitudProceso.xhtml
[Fri Feb 17 22:38:37.356492 2017] [mpm_winnt:warn] [pid 7252:tid 17020] (OS 64)The specified network name is no longer available.  : AH00341: winnt_accept: Asynchronous AcceptEx failed.

:: Command execute ::

Enter:
 
Select:
 

:: Search ::
regexp 

:: Upload ::
 
[ ok ]

:: Make Dir ::
 
[ ok ]
:: Make File ::
 
[ ok ]

:: Go Dir ::
 
:: Go File ::
 

--[ c99shell v. 1.0 pre-release build #13 powered by Captain Crunch Security Team | http://ccteam.ru | Generation time: 0.0312 ]--