!C99Shell v. 1.0 pre-release build #13!

Software: Apache. PHP/5.5.15 

uname -a: Windows NT SVR-DMZ 6.1 build 7600 (Windows Server 2008 R2 Enterprise Edition) i586 

SYSTEM 

Safe-mode: OFF (not secure)

E:\nuevo\apache\logs\   drwxrwxrwx
Free 9.41 GB of 239.26 GB (3.93%)
Detected drives: [ a ] [ c ] [ d ] [ e ] [ f ]
Home    Back    Forward    UPDIR    Refresh    Search    Buffer    Encoder    Tools    Proc.    FTP brute    Sec.    SQL    PHP-code    Update    Feedback    Self remove    Logout    


Viewing file:     error.2017.02.20.log (24.07 KB)      -rw-rw-rw-
Select action/file-type:
(+) | (+) | (+) | Code (+) | Session (+) | (+) | SDB (+) | (+) | (+) | (+) | (+) | (+) |
[Mon Feb 20 01:08:08.476123 2017] [mpm_winnt:warn] [pid 7252:tid 17020] (OS 64)The specified network name is no longer available.  : AH00341: winnt_accept: Asynchronous AcceptEx failed.
[Mon Feb 20 01:46:00.916515 2017] [proxy_http:error] [pid 7252:tid 15800] (OS 10053)An established connection was aborted by the software in your host machine.  : [client 181.128.214.227:63636] AH01102: error reading status line from remote server 172.22.1.31:80, referer: http://190.27.245.106/isolucionsda/IdentificaUsuario.asp?Pagina1=FrameSetGeneral.asp&
[Mon Feb 20 01:46:07.983327 2017] [proxy_http:error] [pid 7252:tid 15572] (OS 10053)An established connection was aborted by the software in your host machine.  : [client 181.128.214.227:25459] AH01102: error reading status line from remote server 172.22.1.31:80, referer: http://190.27.245.106/isolucionsda/Encabezado.asp?Pagina1=FrameSetGeneral.asp&&Pagina=MagazinHome.asp
[Mon Feb 20 01:46:07.983327 2017] [proxy:error] [pid 7252:tid 15572] [client 181.128.214.227:25459] AH00898: Error reading from remote server returned by /isolucionsda/g/Bot_Administrador.jpg, referer: http://190.27.245.106/isolucionsda/Encabezado.asp?Pagina1=FrameSetGeneral.asp&&Pagina=MagazinHome.asp
[Mon Feb 20 01:55:57.757963 2017] [mpm_winnt:warn] [pid 7252:tid 17020] (OS 64)The specified network name is no longer available.  : AH00341: winnt_accept: Asynchronous AcceptEx failed.
[Mon Feb 20 02:03:57.756206 2017] [mpm_winnt:warn] [pid 7252:tid 17020] (OS 64)The specified network name is no longer available.  : AH00341: winnt_accept: Asynchronous AcceptEx failed.
[Mon Feb 20 04:17:40.961498 2017] [core:error] [pid 7252:tid 12932] (20024)The given path is misformatted or contained invalid characters: [client 52.3.127.144:63787] AH00127: Cannot map GET /galeria/carrusel/Carrusel/jquery-ui-%0A%0A1.8.13.custom.min.js HTTP/1.1 to file
[Mon Feb 20 04:19:36.994502 2017] [mpm_winnt:warn] [pid 7252:tid 17020] (OS 64)The specified network name is no longer available.  : AH00341: winnt_accept: Asynchronous AcceptEx failed.
[Mon Feb 20 04:19:39.334506 2017] [mpm_winnt:warn] [pid 7252:tid 17020] (OS 64)The specified network name is no longer available.  : AH00341: winnt_accept: Asynchronous AcceptEx failed.
[Mon Feb 20 06:24:27.536858 2017] [mpm_winnt:warn] [pid 7252:tid 17020] (OS 64)The specified network name is no longer available.  : AH00341: winnt_accept: Asynchronous AcceptEx failed.
[Mon Feb 20 07:29:07.296873 2017] [access_compat:error] [pid 7252:tid 15572] [client 191.96.249.42:35962] AH01797: client denied by server configuration: E:/nuevo/phpMyAdmin/scripts
[Mon Feb 20 07:30:10.788984 2017] [proxy_http:error] [pid 7252:tid 12932] (OS 10053)An established connection was aborted by the software in your host machine.  : [client 201.245.192.253:11113] AH01102: error reading status line from remote server 172.22.1.31:80, referer: http://190.27.245.106/isolucionsda/FrameSetGeneral.asp?Pagina1=FrameSetGeneral.asp&
[Mon Feb 20 07:30:10.788984 2017] [proxy:error] [pid 7252:tid 12932] [client 201.245.192.253:11113] AH00898: Error reading from remote server returned by /isolucionsda/BarraFavoritos.asp, referer: http://190.27.245.106/isolucionsda/FrameSetGeneral.asp?Pagina1=FrameSetGeneral.asp&
[Mon Feb 20 08:52:29.618259 2017] [proxy_http:error] [pid 7252:tid 15928] (OS 10053)An established connection was aborted by the software in your host machine.  : [client 201.245.192.253:18072] AH01102: error reading status line from remote server 172.22.1.31:80, referer: http://190.27.245.106/isolucionsda/FrameSetGeneral.asp?Pagina=Menu.asp&IdModulo=7
[Mon Feb 20 08:52:29.618259 2017] [proxy:error] [pid 7252:tid 15928] [client 201.245.192.253:18072] AH00898: Error reading from remote server returned by /isolucionsda/Menu.asp, referer: http://190.27.245.106/isolucionsda/FrameSetGeneral.asp?Pagina=Menu.asp&IdModulo=7
[Mon Feb 20 09:07:55.355085 2017] [proxy_http:error] [pid 7252:tid 12748] (OS 10053)An established connection was aborted by the software in your host machine.  : [client 201.245.192.253:15718] AH01102: error reading status line from remote server 172.22.1.31:80, referer: http://190.27.245.106/IsolucionSDA/FrameSetGeneral.asp?Pagina1=FrameSetGeneral.asp&
[Mon Feb 20 09:12:29.837567 2017] [proxy_http:error] [pid 7252:tid 14740] (OS 10053)An established connection was aborted by the software in your host machine.  : [client 201.245.192.253:30363] AH01102: error reading status line from remote server 172.22.1.31:80, referer: http://190.27.245.106/isolucionsda/Encabezado.asp?Pagina1=FrameSetGeneral.asp&&Pagina=MagazinHome.asp
[Mon Feb 20 10:06:10.199024 2017] [proxy_http:error] [pid 7252:tid 12356] (OS 10053)An established connection was aborted by the software in your host machine.  : [client 201.245.192.253:10736] AH01102: error reading status line from remote server 172.22.1.31:80, referer: http://190.27.245.106/IsolucionSDA/Encabezado.asp?Pagina=Menu.asp&IdModulo=4
[Mon Feb 20 10:06:10.199024 2017] [proxy:error] [pid 7252:tid 12356] [client 201.245.192.253:10736] AH00898: Error reading from remote server returned by /IsolucionSDA/g/Bot_MeciOver_ESP.jpg, referer: http://190.27.245.106/IsolucionSDA/Encabezado.asp?Pagina=Menu.asp&IdModulo=4
[Mon Feb 20 10:06:16.267434 2017] [proxy_http:error] [pid 7252:tid 14128] (OS 10053)An established connection was aborted by the software in your host machine.  : [client 201.245.192.253:10902] AH01102: error reading status line from remote server 172.22.1.31:80, referer: http://190.27.245.106/IsolucionSDA/Encabezado.asp?Pagina=Menu.asp&IdModulo=4
[Mon Feb 20 10:06:16.267434 2017] [proxy:error] [pid 7252:tid 14128] [client 201.245.192.253:10902] AH00898: Error reading from remote server returned by /IsolucionSDA/FrameSetGeneral.asp, referer: http://190.27.245.106/IsolucionSDA/Encabezado.asp?Pagina=Menu.asp&IdModulo=4
[Mon Feb 20 10:06:21.961444 2017] [proxy_http:error] [pid 7252:tid 12904] (OS 10053)An established connection was aborted by the software in your host machine.  : [client 201.245.192.253:10982] AH01102: error reading status line from remote server 172.22.1.31:80, referer: http://190.27.245.106/IsolucionSDA/FrameSetGeneral.asp?Pagina=Menu.asp&IdModulo=15
[Mon Feb 20 10:06:21.961444 2017] [proxy:error] [pid 7252:tid 12904] [client 201.245.192.253:10982] AH00898: Error reading from remote server returned by /IsolucionSDA/BarraFavoritos.asp, referer: http://190.27.245.106/IsolucionSDA/FrameSetGeneral.asp?Pagina=Menu.asp&IdModulo=15
[Mon Feb 20 12:01:51.074415 2017] [proxy:error] [pid 7252:tid 15376] (OS 10060)A connection attempt failed because the connected party did not properly respond after a period of time, or established connection failed because connected host has failed to respond.  : AH00957: HTTP: attempt to connect to 172.22.1.51:8399 (172.22.1.51) failed
[Mon Feb 20 12:01:51.074415 2017] [proxy:error] [pid 7252:tid 15376] AH00959: ap_proxy_connect_backend disabling worker for (172.22.1.51) for 60s
[Mon Feb 20 12:01:51.074415 2017] [proxy_http:error] [pid 7252:tid 15376] [client 181.143.94.154:65360] AH01114: HTTP: failed to make connection to backend: 172.22.1.51, referer: http://geoportal.esri.co/ServiciosSIGCo/Gobierno.html
[Mon Feb 20 12:03:40.416007 2017] [proxy_http:error] [pid 7252:tid 15756] (OS 10054)An existing connection was forcibly closed by the remote host.  : [client 201.245.192.253:15969] AH01110: error reading response, referer: http://190.27.245.106/isolucionsda/MagazinHome.asp
[Mon Feb 20 12:48:36.521942 2017] [mpm_winnt:warn] [pid 7252:tid 17020] (OS 64)The specified network name is no longer available.  : AH00341: winnt_accept: Asynchronous AcceptEx failed.
[Mon Feb 20 12:57:35.034888 2017] [proxy:error] [pid 7252:tid 15300] (OS 10060)A connection attempt failed because the connected party did not properly respond after a period of time, or established connection failed because connected host has failed to respond.  : AH00957: HTTP: attempt to connect to 172.22.1.51:8399 (172.22.1.51) failed
[Mon Feb 20 12:57:35.034888 2017] [proxy:error] [pid 7252:tid 15300] AH00959: ap_proxy_connect_backend disabling worker for (172.22.1.51) for 60s
[Mon Feb 20 12:57:35.034888 2017] [proxy_http:error] [pid 7252:tid 15300] [client 152.61.128.50:52602] AH01114: HTTP: failed to make connection to backend: 172.22.1.51
[Mon Feb 20 12:57:35.222088 2017] [proxy:error] [pid 7252:tid 15300] AH00940: HTTP: disabled connection for (172.22.1.51)
[Mon Feb 20 12:57:35.409289 2017] [proxy:error] [pid 7252:tid 15300] AH00940: HTTP: disabled connection for (172.22.1.51)
[Mon Feb 20 13:46:35.765853 2017] [core:error] [pid 7252:tid 15376] (20024)The given path is misformatted or contained invalid characters: [client 40.77.167.116:7046] AH00127: Cannot map GET /www.ambientebogota.gov.co:81/ HTTP/1.1 to file
[Mon Feb 20 14:11:37.191490 2017] [core:error] [pid 7252:tid 14520] (20024)The given path is misformatted or contained invalid characters: [client 157.55.39.168:3163] AH00127: Cannot map GET /www.ambientebogota.gov.co:81/ HTTP/1.1 to file
[Mon Feb 20 15:17:30.972635 2017] [proxy_http:error] [pid 7252:tid 16112] (20014)Internal error: [client 201.245.192.253:31022] AH01102: error reading status line from remote server 172.22.1.61:8080, referer: http://190.27.245.106/sipse/faces/presentacion/financiero/solicitudProceso/consultarSolicitudProceso.xhtml
[Mon Feb 20 15:17:30.972635 2017] [proxy:error] [pid 7252:tid 16112] [client 201.245.192.253:31022] AH00898: Error reading from remote server returned by /sipse/faces/presentacion/financiero/solicitudProceso/consultarSolicitudProceso.xhtml, referer: http://190.27.245.106/sipse/faces/presentacion/financiero/solicitudProceso/consultarSolicitudProceso.xhtml
[Mon Feb 20 16:06:55.493642 2017] [proxy:error] [pid 7252:tid 14128] (OS 10060)A connection attempt failed because the connected party did not properly respond after a period of time, or established connection failed because connected host has failed to respond.  : AH00957: HTTP: attempt to connect to 172.22.1.32:80 (172.22.1.32) failed
[Mon Feb 20 16:06:55.493642 2017] [proxy:error] [pid 7252:tid 14128] AH00959: ap_proxy_connect_backend disabling worker for (172.22.1.32) for 60s
[Mon Feb 20 16:06:55.493642 2017] [proxy_http:error] [pid 7252:tid 14128] [client 201.245.192.253:24297] AH01114: HTTP: failed to make connection to backend: 172.22.1.32, referer: http://ambientebogota.gov.co/web/intranet/aplicaciones-para-acceder-fuera-de-la-sda
[Mon Feb 20 16:09:21.447498 2017] [core:error] [pid 7252:tid 16104] (20024)The given path is misformatted or contained invalid characters: [client 104.223.109.219:35494] AH00127: Cannot map GET /galeria/carrusel/Carrusel/jquery-ui-%0A%0A1.8.13.custom.min.js HTTP/1.1 to file, referer: http://ambientebogota.gov.co/
[Mon Feb 20 16:58:16.094453 2017] [core:error] [pid 7252:tid 16000] (20024)The given path is misformatted or contained invalid characters: [client 200.0.187.2:11274] AH00127: Cannot map GET /www.ambientebogota.gov.co:81/ HTTP/1.1 to file, referer: https://www.dama.gov.co/
[Mon Feb 20 17:04:29.418708 2017] [proxy_http:error] [pid 7252:tid 16192] (OS 10053)An established connection was aborted by the software in your host machine.  : [client 201.245.192.253:25613] AH01102: error reading status line from remote server 172.22.1.31:80, referer: http://190.27.245.106/IsolucionSDA/FrameSetGeneral.asp?Pagina=ListadoMaestroDocumentos3.asp
[Mon Feb 20 17:04:32.850714 2017] [proxy_http:error] [pid 7252:tid 12356] (OS 10053)An established connection was aborted by the software in your host machine.  : [client 201.245.192.253:25620] AH01102: error reading status line from remote server 172.22.1.31:80, referer: http://190.27.245.106/IsolucionSDA/FrameSetGeneral.asp?Pagina=Menu.asp&IdModulo=4
[Mon Feb 20 17:04:32.850714 2017] [proxy:error] [pid 7252:tid 12356] [client 201.245.192.253:25620] AH00898: Error reading from remote server returned by /IsolucionSDA/BarraFavoritos.asp, referer: http://190.27.245.106/IsolucionSDA/FrameSetGeneral.asp?Pagina=Menu.asp&IdModulo=4
[Mon Feb 20 17:18:21.960971 2017] [mpm_winnt:warn] [pid 7252:tid 17020] (OS 64)The specified network name is no longer available.  : AH00341: winnt_accept: Asynchronous AcceptEx failed.
[Mon Feb 20 17:44:44.272750 2017] [proxy_http:error] [pid 7252:tid 15736] (OS 10053)An established connection was aborted by the software in your host machine.  : [client 201.245.192.253:28811] AH01102: error reading status line from remote server 172.22.1.31:80, referer: http://190.27.245.106/isolucionsda/Administracion/SalaEdicion/Articulo.asp
[Mon Feb 20 17:44:44.272750 2017] [proxy:error] [pid 7252:tid 15736] [client 201.245.192.253:28811] AH00898: Error reading from remote server returned by /isolucionsda/Administracion/SalaEdicion/g/GifTransparente.gif, referer: http://190.27.245.106/isolucionsda/Administracion/SalaEdicion/Articulo.asp
[Mon Feb 20 17:45:28.748428 2017] [proxy_http:error] [pid 7252:tid 12748] (OS 10053)An established connection was aborted by the software in your host machine.  : [client 201.245.192.253:13393] AH01102: error reading status line from remote server 172.22.1.31:80, referer: http://190.27.245.106/isolucionsda/FrameSetGeneral.asp?Pagina=SucursalSeleccion.asp&CargaPagina=ModuloProcesos&IdModulo=3
[Mon Feb 20 19:29:35.469400 2017] [proxy_http:error] [pid 7252:tid 12668] (OS 10053)An established connection was aborted by the software in your host machine.  : [client 201.245.192.253:27109] AH01102: error reading status line from remote server 172.22.1.31:80, referer: http://190.27.245.106/isolucionsda/FrameSetGeneral.asp?Pagina=Menu.asp&IdModulo=7
[Mon Feb 20 19:29:35.469400 2017] [proxy:error] [pid 7252:tid 12668] [client 201.245.192.253:27109] AH00898: Error reading from remote server returned by /isolucionsda/BarraFavoritos.asp, referer: http://190.27.245.106/isolucionsda/FrameSetGeneral.asp?Pagina=Menu.asp&IdModulo=7
[Mon Feb 20 19:35:52.927663 2017] [proxy_http:error] [pid 7252:tid 15792] (OS 10053)An established connection was aborted by the software in your host machine.  : [client 201.245.192.253:31541] AH01102: error reading status line from remote server 172.22.1.31:80, referer: http://190.27.245.106/isolucionsda/FrameSetGeneral.asp?Pagina=Menu.asp&IdModulo=7
[Mon Feb 20 19:35:52.927663 2017] [proxy:error] [pid 7252:tid 15792] [client 201.245.192.253:31541] AH00898: Error reading from remote server returned by /isolucionsda/BarraTitulos.asp, referer: http://190.27.245.106/isolucionsda/FrameSetGeneral.asp?Pagina=Menu.asp&IdModulo=7
[Mon Feb 20 19:35:54.862066 2017] [proxy_http:error] [pid 7252:tid 14520] (OS 10053)An established connection was aborted by the software in your host machine.  : [client 201.245.192.253:31560] AH01102: error reading status line from remote server 172.22.1.31:80, referer: http://190.27.245.106/isolucionsda/FrameSetGeneral.asp?Pagina=FiltroNoConformidades.asp&Estado=Abiertas&PintarAuditorias=SI&EsAbierta=1&ConMenu=NO
[Mon Feb 20 19:35:54.862066 2017] [proxy:error] [pid 7252:tid 14520] [client 201.245.192.253:31560] AH00898: Error reading from remote server returned by /isolucionsda/BarraFavoritos.asp, referer: http://190.27.245.106/isolucionsda/FrameSetGeneral.asp?Pagina=FiltroNoConformidades.asp&Estado=Abiertas&PintarAuditorias=SI&EsAbierta=1&ConMenu=NO
[Mon Feb 20 19:35:56.546869 2017] [core:error] [pid 7252:tid 12668] (20024)The given path is misformatted or contained invalid characters: [client 174.129.66.66:58510] AH00127: Cannot map GET /www.ambientebogota.gov.co:81/ HTTP/1.0 to file
[Mon Feb 20 19:48:22.586980 2017] [proxy_http:error] [pid 7252:tid 16104] (OS 10053)An established connection was aborted by the software in your host machine.  : [client 201.245.192.253:24621] AH01102: error reading status line from remote server 172.22.1.31:80, referer: http://190.27.245.106/isolucionsda/Encabezado.asp?Pagina=SucursalSeleccion.asp&CargaPagina=ModuloProcesos&IdModulo=3
[Mon Feb 20 19:48:22.586980 2017] [proxy:error] [pid 7252:tid 16104] [client 201.245.192.253:24621] AH00898: Error reading from remote server returned by /isolucionsda/g/Bot_IndicadoresOver_ESP.jpg, referer: http://190.27.245.106/isolucionsda/Encabezado.asp?Pagina=SucursalSeleccion.asp&CargaPagina=ModuloProcesos&IdModulo=3
[Mon Feb 20 19:56:56.373882 2017] [proxy_http:error] [pid 7252:tid 16016] (OS 10053)An established connection was aborted by the software in your host machine.  : [client 201.245.192.253:26638] AH01102: error reading status line from remote server 172.22.1.31:80, referer: http://190.27.245.106/isolucionsda/FrameSetGeneral.asp?Pagina=SucursalSeleccion.asp&CargaPagina=ModuloProcesos&IdModulo=3
[Mon Feb 20 19:56:56.373882 2017] [proxy:error] [pid 7252:tid 16016] [client 201.245.192.253:26638] AH00898: Error reading from remote server returned by /isolucionsda/SucursalSeleccion.asp, referer: http://190.27.245.106/isolucionsda/FrameSetGeneral.asp?Pagina=SucursalSeleccion.asp&CargaPagina=ModuloProcesos&IdModulo=3
[Mon Feb 20 19:56:56.373882 2017] [proxy_http:error] [pid 7252:tid 16176] (OS 10053)An established connection was aborted by the software in your host machine.  : [client 201.245.192.253:26620] AH01102: error reading status line from remote server 172.22.1.31:80, referer: http://190.27.245.106/isolucionsda/FrameSetGeneral.asp?Pagina=SucursalSeleccion.asp&CargaPagina=ModuloProcesos&IdModulo=3
[Mon Feb 20 19:56:56.373882 2017] [proxy:error] [pid 7252:tid 16176] [client 201.245.192.253:26620] AH00898: Error reading from remote server returned by /isolucionsda/BarraTitulos.asp, referer: http://190.27.245.106/isolucionsda/FrameSetGeneral.asp?Pagina=SucursalSeleccion.asp&CargaPagina=ModuloProcesos&IdModulo=3
[Mon Feb 20 19:56:56.373882 2017] [proxy_http:error] [pid 7252:tid 14464] (OS 10053)An established connection was aborted by the software in your host machine.  : [client 201.245.192.253:26639] AH01102: error reading status line from remote server 172.22.1.31:80, referer: http://190.27.245.106/isolucionsda/FrameSetGeneral.asp?Pagina=SucursalSeleccion.asp&CargaPagina=ModuloProcesos&IdModulo=3
[Mon Feb 20 19:56:56.373882 2017] [proxy:error] [pid 7252:tid 14464] [client 201.245.192.253:26639] AH00898: Error reading from remote server returned by /isolucionsda/BarraFavoritos.asp, referer: http://190.27.245.106/isolucionsda/FrameSetGeneral.asp?Pagina=SucursalSeleccion.asp&CargaPagina=ModuloProcesos&IdModulo=3
[Mon Feb 20 19:59:43.075775 2017] [proxy_http:error] [pid 7252:tid 14684] (OS 10053)An established connection was aborted by the software in your host machine.  : [client 201.245.192.253:27226] AH01102: error reading status line from remote server 172.22.1.31:80, referer: http://190.27.245.106/isolucionsda/FrameSetGeneral.asp?Pagina=SucursalSeleccion.asp&CargaPagina=ModuloProcesos&IdModulo=3
[Mon Feb 20 19:59:50.844589 2017] [proxy_http:error] [pid 7252:tid 15952] (OS 10053)An established connection was aborted by the software in your host machine.  : [client 201.245.192.253:27242] AH01102: error reading status line from remote server 172.22.1.31:80, referer: http://190.27.245.106/isolucionsda/FrameSetGeneral.asp?Pagina=SucursalSeleccion.asp&CargaPagina=ModuloProcesos&IdModulo=3
[Mon Feb 20 19:59:50.844589 2017] [proxy:error] [pid 7252:tid 15952] [client 201.245.192.253:27242] AH00898: Error reading from remote server returned by /isolucionsda/BarraTitulos.asp, referer: http://190.27.245.106/isolucionsda/FrameSetGeneral.asp?Pagina=SucursalSeleccion.asp&CargaPagina=ModuloProcesos&IdModulo=3
[Mon Feb 20 20:07:13.542166 2017] [proxy_http:error] [pid 7252:tid 15480] (OS 10053)An established connection was aborted by the software in your host machine.  : [client 201.245.192.253:28563] AH01102: error reading status line from remote server 172.22.1.31:80, referer: http://190.27.245.106/isolucionsda/FrameSetGeneral.asp?Pagina=SucursalSeleccion.asp&CargaPagina=ModuloProcesos&IdModulo=3
[Mon Feb 20 20:07:13.542166 2017] [proxy:error] [pid 7252:tid 15480] [client 201.245.192.253:28563] AH00898: Error reading from remote server returned by /isolucionsda/BarraTitulos.asp, referer: http://190.27.245.106/isolucionsda/FrameSetGeneral.asp?Pagina=SucursalSeleccion.asp&CargaPagina=ModuloProcesos&IdModulo=3
[Mon Feb 20 20:07:13.542166 2017] [proxy_http:error] [pid 7252:tid 16176] (OS 10053)An established connection was aborted by the software in your host machine.  : [client 201.245.192.253:28564] AH01102: error reading status line from remote server 172.22.1.31:80, referer: http://190.27.245.106/isolucionsda/FrameSetGeneral.asp?Pagina=SucursalSeleccion.asp&CargaPagina=ModuloProcesos&IdModulo=3
[Mon Feb 20 20:07:13.542166 2017] [proxy:error] [pid 7252:tid 16176] [client 201.245.192.253:28564] AH00898: Error reading from remote server returned by /isolucionsda/SucursalSeleccion.asp, referer: http://190.27.245.106/isolucionsda/FrameSetGeneral.asp?Pagina=SucursalSeleccion.asp&CargaPagina=ModuloProcesos&IdModulo=3
[Mon Feb 20 20:07:17.941374 2017] [proxy_http:error] [pid 7252:tid 16392] (OS 10053)An established connection was aborted by the software in your host machine.  : [client 201.245.192.253:28618] AH01102: error reading status line from remote server 172.22.1.31:80, referer: http://190.27.245.106/isolucionsda/FrameSetGeneral.asp?Pagina=SucursalSeleccion.asp&CargaPagina=ModuloProcesos&IdModulo=3
[Mon Feb 20 20:07:17.941374 2017] [proxy_http:error] [pid 7252:tid 14536] (OS 10053)An established connection was aborted by the software in your host machine.  : [client 201.245.192.253:28617] AH01102: error reading status line from remote server 172.22.1.31:80, referer: http://190.27.245.106/isolucionsda/FrameSetGeneral.asp?Pagina=SucursalSeleccion.asp&CargaPagina=ModuloProcesos&IdModulo=3
[Mon Feb 20 20:07:17.941374 2017] [proxy:error] [pid 7252:tid 16392] [client 201.245.192.253:28618] AH00898: Error reading from remote server returned by /isolucionsda/SucursalSeleccion.asp, referer: http://190.27.245.106/isolucionsda/FrameSetGeneral.asp?Pagina=SucursalSeleccion.asp&CargaPagina=ModuloProcesos&IdModulo=3
[Mon Feb 20 20:07:17.941374 2017] [proxy:error] [pid 7252:tid 14536] [client 201.245.192.253:28617] AH00898: Error reading from remote server returned by /isolucionsda/BarraTitulos.asp, referer: http://190.27.245.106/isolucionsda/FrameSetGeneral.asp?Pagina=SucursalSeleccion.asp&CargaPagina=ModuloProcesos&IdModulo=3
[Mon Feb 20 20:07:26.989390 2017] [proxy_http:error] [pid 7252:tid 15872] (OS 10053)An established connection was aborted by the software in your host machine.  : [client 201.245.192.253:28649] AH01102: error reading status line from remote server 172.22.1.31:80, referer: http://190.27.245.106/isolucionsda/FrameSetGeneral.asp?Pagina=SucursalSeleccion.asp&CargaPagina=ModuloProcesos&IdModulo=3
[Mon Feb 20 20:07:26.989390 2017] [proxy:error] [pid 7252:tid 15872] [client 201.245.192.253:28649] AH00898: Error reading from remote server returned by /isolucionsda/BarraTitulos.asp, referer: http://190.27.245.106/isolucionsda/FrameSetGeneral.asp?Pagina=SucursalSeleccion.asp&CargaPagina=ModuloProcesos&IdModulo=3
[Mon Feb 20 20:11:31.301419 2017] [proxy_http:error] [pid 7252:tid 12428] (OS 10053)An established connection was aborted by the software in your host machine.  : [client 186.145.80.65:55509] AH01102: error reading status line from remote server 172.22.1.31:80, referer: http://190.27.245.106/isolucionsda/Encabezado.asp?Pagina1=FrameSetGeneral.asp&&Pagina=MagazinHome.asp
[Mon Feb 20 20:47:12.047379 2017] [mpm_winnt:warn] [pid 7252:tid 17020] (OS 64)The specified network name is no longer available.  : AH00341: winnt_accept: Asynchronous AcceptEx failed.
[Mon Feb 20 21:18:18.373257 2017] [core:error] [pid 7252:tid 12724] (20024)The given path is misformatted or contained invalid characters: [client 167.114.224.218:40362] AH00127: Cannot map GET /www.ambientebogota.gov.co:81 HTTP/1.1 to file
[Mon Feb 20 21:50:51.715088 2017] [proxy_http:error] [pid 7252:tid 14732] (OS 10053)An established connection was aborted by the software in your host machine.  : [client 186.81.215.221:58226] AH01102: error reading status line from remote server 172.22.1.31:80, referer: http://190.27.245.106/isolucionsda/Encabezado.asp?Pagina1=FrameSetGeneral.asp&&Pagina=MagazinHome.asp
[Mon Feb 20 21:50:51.715088 2017] [proxy:error] [pid 7252:tid 14732] [client 186.81.215.221:58226] AH00898: Error reading from remote server returned by /isolucionsda/g/Bot_Glosario.jpg, referer: http://190.27.245.106/isolucionsda/Encabezado.asp?Pagina1=FrameSetGeneral.asp&&Pagina=MagazinHome.asp

:: Command execute ::

Enter:
 
Select:
 

:: Search ::
regexp 

:: Upload ::
 
[ ok ]

:: Make Dir ::
 
[ ok ]
:: Make File ::
 
[ ok ]

:: Go Dir ::
 
:: Go File ::
 

--[ c99shell v. 1.0 pre-release build #13 powered by Captain Crunch Security Team | http://ccteam.ru | Generation time: 0.0312 ]--