!C99Shell v. 1.0 pre-release build #13!

Software: Apache. PHP/5.5.15 

uname -a: Windows NT SVR-DMZ 6.1 build 7600 (Windows Server 2008 R2 Enterprise Edition) i586 

SYSTEM 

Safe-mode: OFF (not secure)

E:\nuevo\apache\logs\   drwxrwxrwx
Free 9.41 GB of 239.26 GB (3.93%)
Detected drives: [ a ] [ c ] [ d ] [ e ] [ f ]
Home    Back    Forward    UPDIR    Refresh    Search    Buffer    Encoder    Tools    Proc.    FTP brute    Sec.    SQL    PHP-code    Update    Feedback    Self remove    Logout    


Viewing file:     error.2017.02.27.log (34.47 KB)      -rw-rw-rw-
Select action/file-type:
(+) | (+) | (+) | Code (+) | Session (+) | (+) | SDB (+) | (+) | (+) | (+) | (+) | (+) |
[Mon Feb 27 00:14:02.251901 2017] [core:error] [pid 5032:tid 16120] (20025)The given path contained wildcard characters: [client 51.255.65.97:38420] AH00036: access to /Autoliquidacion/index.php?dir=Solicitud+de+Clasificaci%F3n+de+Impacto+Ambiental%2F failed (filesystem path 'E:/nuevo/htdocs/Autoliquidacion/index.php?dir=Solicitud+de+Clasificaci%F3n+de+Impacto+Ambiental%2F')
[Mon Feb 27 00:26:00.165162 2017] [proxy_http:error] [pid 5032:tid 15740] (OS 10060)A connection attempt failed because the connected party did not properly respond after a period of time, or established connection failed because connected host has failed to respond.  : [client 186.28.33.152:52240] AH01110: error reading response, referer: http://190.27.245.106/sipse/faces/presentacion/financiero/solicitudProceso/consultarSolicitudProceso.xhtml
[Mon Feb 27 02:15:02.691853 2017] [mpm_winnt:warn] [pid 5032:tid 17792] (OS 64)The specified network name is no longer available.  : AH00341: winnt_accept: Asynchronous AcceptEx failed.
[Mon Feb 27 03:09:08.698754 2017] [core:error] [pid 5032:tid 15848] (20024)The given path is misformatted or contained invalid characters: [client 40.77.167.116:8750] AH00127: Cannot map GET /... HTTP/1.1 to file
[Mon Feb 27 06:13:09.540146 2017] [mpm_winnt:warn] [pid 5032:tid 17792] (OS 64)The specified network name is no longer available.  : AH00341: winnt_accept: Asynchronous AcceptEx failed.
[Mon Feb 27 06:15:56.678840 2017] [proxy_http:error] [pid 5032:tid 16080] (OS 10053)An established connection was aborted by the software in your host machine.  : [client 201.245.192.253:13291] AH01102: error reading status line from remote server 172.22.1.31:80, referer: http://190.27.245.106/isolucionsda/FrameSetGeneral.asp?Pagina1=FrameSetGeneral.asp&
[Mon Feb 27 06:15:56.678840 2017] [proxy:error] [pid 5032:tid 16080] [client 201.245.192.253:13291] AH00898: Error reading from remote server returned by /isolucionsda/BarraTitulos.asp, referer: http://190.27.245.106/isolucionsda/FrameSetGeneral.asp?Pagina1=FrameSetGeneral.asp&
[Mon Feb 27 06:27:53.749700 2017] [mpm_winnt:warn] [pid 5032:tid 17792] (OS 64)The specified network name is no longer available.  : AH00341: winnt_accept: Asynchronous AcceptEx failed.
[Mon Feb 27 06:28:33.857370 2017] [proxy_http:error] [pid 5032:tid 15244] (OS 10053)An established connection was aborted by the software in your host machine.  : [client 201.245.192.253:14823] AH01102: error reading status line from remote server 172.22.1.31:80, referer: http://190.27.245.106/isolucionsda/Administracion/SalaEdicion/FrameSetVistaPrevia.asp?Articulo=R/Registrodelapublicidadexteriorvisual_v3/Registrodelapublicidadexteriorvisual_v3.asp&Id_Articulo=106
[Mon Feb 27 06:28:33.857370 2017] [proxy:error] [pid 5032:tid 15244] [client 201.245.192.253:14823] AH00898: Error reading from remote server returned by /ISOlucionSDA/BancoConocimiento/R/Registrodelapublicidadexteriorvisual_v3/Registrodelapublicidadexteriorvisual_v3.asp, referer: http://190.27.245.106/isolucionsda/Administracion/SalaEdicion/FrameSetVistaPrevia.asp?Articulo=R/Registrodelapublicidadexteriorvisual_v3/Registrodelapublicidadexteriorvisual_v3.asp&Id_Articulo=106
[Mon Feb 27 06:31:36.518091 2017] [proxy_http:error] [pid 5032:tid 16228] (OS 10053)An established connection was aborted by the software in your host machine.  : [client 201.245.192.253:15488] AH01102: error reading status line from remote server 172.22.1.31:80, referer: http://190.27.245.106/isolucionsda/Administracion/SalaEdicion/ArticuloMenu.asp
[Mon Feb 27 06:31:36.518091 2017] [proxy:error] [pid 5032:tid 16228] [client 201.245.192.253:15488] AH00898: Error reading from remote server returned by /isolucionsda/Administracion/SalaEdicion/Articulo.asp, referer: http://190.27.245.106/isolucionsda/Administracion/SalaEdicion/ArticuloMenu.asp
[Mon Feb 27 06:55:13.874180 2017] [core:error] [pid 5032:tid 15252] (20024)The given path is misformatted or contained invalid characters: [client 40.77.167.111:18464] AH00127: Cannot map GET /www.ambientebogota.gov.co:81/ HTTP/1.1 to file
[Mon Feb 27 07:00:47.636766 2017] [proxy_http:error] [pid 5032:tid 15912] (OS 10053)An established connection was aborted by the software in your host machine.  : [client 201.245.192.253:20908] AH01102: error reading status line from remote server 172.22.1.31:80, referer: http://190.27.245.106/isolucionsda/FrameSetGeneral.asp?Pagina=Menu.asp&IdModulo=15
[Mon Feb 27 07:00:47.636766 2017] [proxy:error] [pid 5032:tid 15912] [client 201.245.192.253:20908] AH00898: Error reading from remote server returned by /isolucionsda/Menu.asp, referer: http://190.27.245.106/isolucionsda/FrameSetGeneral.asp?Pagina=Menu.asp&IdModulo=15
[Mon Feb 27 07:06:50.555804 2017] [mpm_winnt:warn] [pid 5032:tid 17792] (OS 64)The specified network name is no longer available.  : AH00341: winnt_accept: Asynchronous AcceptEx failed.
[Mon Feb 27 07:21:01.708899 2017] [proxy_http:error] [pid 5032:tid 15544] (OS 10053)An established connection was aborted by the software in your host machine.  : [client 201.245.192.253:25447] AH01102: error reading status line from remote server 172.22.1.31:80, referer: http://190.27.245.106/IsolucionSDA/Encabezado.asp?Pagina1=FrameSetGeneral.asp&&Pagina=MagazinHome.asp
[Mon Feb 27 07:34:00.805467 2017] [proxy_http:error] [pid 5032:tid 16336] (OS 10053)An established connection was aborted by the software in your host machine.  : [client 201.245.192.253:11430] AH01102: error reading status line from remote server 172.22.1.31:80, referer: http://190.27.245.106/isolucionsda/Encabezado.asp?Pagina1=FrameSetGeneral.asp&&Pagina=MagazinHome.asp
[Mon Feb 27 07:45:10.889044 2017] [proxy_http:error] [pid 5032:tid 16008] (OS 10053)An established connection was aborted by the software in your host machine.  : [client 201.245.192.253:17527] AH01102: error reading status line from remote server 172.22.1.31:80, referer: http://190.27.245.106/isolucionsda/FrameSetGeneral.asp?Pagina=BancoConocimiento/M/MECINuevo/MECINuevo.asp&IdModulo=16
[Mon Feb 27 07:51:26.459704 2017] [proxy_http:error] [pid 5032:tid 15864] (OS 10053)An established connection was aborted by the software in your host machine.  : [client 201.245.192.253:29896] AH01102: error reading status line from remote server 172.22.1.31:80, referer: http://190.27.245.106/ISOlucionSDA/bancoconocimiento/m/mapadeprocesos__v4/mapadeprocesos__v4.asp
[Mon Feb 27 07:51:26.459704 2017] [proxy:error] [pid 5032:tid 15864] [client 201.245.192.253:29896] AH00898: Error reading from remote server returned by /ISOlucionSDA/g/Plantillas/ModeloMP2/FlechaSup.png, referer: http://190.27.245.106/ISOlucionSDA/bancoconocimiento/m/mapadeprocesos__v4/mapadeprocesos__v4.asp
[Mon Feb 27 07:51:26.459704 2017] [proxy_http:error] [pid 5032:tid 16336] (OS 10053)An established connection was aborted by the software in your host machine.  : [client 201.245.192.253:29726] AH01102: error reading status line from remote server 172.22.1.31:80, referer: http://190.27.245.106/ISOlucionSDA/bancoconocimiento/m/mapadeprocesos__v4/mapadeprocesos__v4.asp
[Mon Feb 27 08:15:00.461787 2017] [mpm_winnt:warn] [pid 5032:tid 17792] (OS 64)The specified network name is no longer available.  : AH00341: winnt_accept: Asynchronous AcceptEx failed.
[Mon Feb 27 08:29:24.828106 2017] [mpm_winnt:warn] [pid 5032:tid 17792] (OS 64)The specified network name is no longer available.  : AH00341: winnt_accept: Asynchronous AcceptEx failed.
[Mon Feb 27 08:47:16.674788 2017] [proxy_http:error] [pid 5032:tid 15792] (OS 10053)An established connection was aborted by the software in your host machine.  : [client 201.245.192.253:32455] AH01102: error reading status line from remote server 172.22.1.31:80, referer: http://190.27.245.106/isolucionsda/Encabezado.asp?Pagina1=FrameSetGeneral.asp&&Pagina=MagazinHome.asp
[Mon Feb 27 08:47:16.674788 2017] [proxy:error] [pid 5032:tid 15792] [client 201.245.192.253:32455] AH00898: Error reading from remote server returned by /isolucionsda/g/Bot_Documentos_ESP.jpg, referer: http://190.27.245.106/isolucionsda/Encabezado.asp?Pagina1=FrameSetGeneral.asp&&Pagina=MagazinHome.asp
[Mon Feb 27 10:15:49.607320 2017] [mpm_winnt:warn] [pid 5032:tid 17792] (OS 64)The specified network name is no longer available.  : AH00341: winnt_accept: Asynchronous AcceptEx failed.
[Mon Feb 27 11:05:49.305389 2017] [proxy:error] [pid 5032:tid 15624] (OS 10061)No connection could be made because the target machine actively refused it.  : AH00957: HTTP: attempt to connect to 172.22.1.26:8080 (172.22.1.26) failed
[Mon Feb 27 11:05:49.305389 2017] [proxy:error] [pid 5032:tid 15624] AH00959: ap_proxy_connect_backend disabling worker for (172.22.1.26) for 60s
[Mon Feb 27 11:05:49.305389 2017] [proxy_http:error] [pid 5032:tid 15624] [client 201.245.192.253:18884] AH01114: HTTP: failed to make connection to backend: 172.22.1.26
[Mon Feb 27 11:06:26.979455 2017] [proxy:error] [pid 5032:tid 16456] AH00940: HTTP: disabled connection for (172.22.1.26)
[Mon Feb 27 11:20:41.439756 2017] [proxy_http:error] [pid 5032:tid 16144] (OS 10053)An established connection was aborted by the software in your host machine.  : [client 201.245.192.253:10094] AH01102: error reading status line from remote server 172.22.1.31:80, referer: http://190.27.245.106/isolucionsda/Encabezado.asp?Pagina1=FrameSetGeneral.asp&&Pagina=MagazinHome.asp
[Mon Feb 27 11:20:41.439756 2017] [proxy:error] [pid 5032:tid 16144] [client 201.245.192.253:10094] AH00898: Error reading from remote server returned by /isolucionsda/g/Bot_Home.jpg, referer: http://190.27.245.106/isolucionsda/Encabezado.asp?Pagina1=FrameSetGeneral.asp&&Pagina=MagazinHome.asp
[Mon Feb 27 11:20:41.814156 2017] [proxy_http:error] [pid 5032:tid 15768] (OS 10053)An established connection was aborted by the software in your host machine.  : [client 201.245.192.253:10046] AH01102: error reading status line from remote server 172.22.1.31:80, referer: http://190.27.245.106/isolucionsda/MagazinHome.asp
[Mon Feb 27 11:21:07.632202 2017] [proxy_http:error] [pid 5032:tid 15732] (OS 10053)An established connection was aborted by the software in your host machine.  : [client 201.245.192.253:10097] AH01102: error reading status line from remote server 172.22.1.31:80, referer: http://190.27.245.106/isolucionsda/BarraTitulos.asp?Pagina1=FrameSetGeneral.asp&&Pagina=MagazinHome.asp
[Mon Feb 27 12:34:48.336766 2017] [mpm_winnt:warn] [pid 5032:tid 17792] (OS 64)The specified network name is no longer available.  : AH00341: winnt_accept: Asynchronous AcceptEx failed.
[Mon Feb 27 12:46:55.251243 2017] [proxy_http:error] [pid 5032:tid 16284] (OS 10053)An established connection was aborted by the software in your host machine.  : [client 201.245.192.253:19302] AH01102: error reading status line from remote server 172.22.1.31:80, referer: http://190.27.245.106/IsolucionSDA/FrameSetGeneral.asp?Pagina1=FrameSetGeneral.asp&
[Mon Feb 27 12:46:55.251243 2017] [proxy:error] [pid 5032:tid 16284] [client 201.245.192.253:19302] AH00898: Error reading from remote server returned by /IsolucionSDA/BarraFavoritos.asp, referer: http://190.27.245.106/IsolucionSDA/FrameSetGeneral.asp?Pagina1=FrameSetGeneral.asp&
[Mon Feb 27 12:52:24.989022 2017] [core:error] [pid 5032:tid 16236] (20024)The given path is misformatted or contained invalid characters: [client 40.77.167.46:24737] AH00127: Cannot map GET /www.ambientebogota.gov.co:81/ HTTP/1.1 to file
[Mon Feb 27 13:02:03.656438 2017] [proxy_http:error] [pid 5032:tid 16144] (OS 10053)An established connection was aborted by the software in your host machine.  : [client 201.245.192.253:18266] AH01102: error reading status line from remote server 172.22.1.31:80, referer: http://190.27.245.106/IsolucionSDA/FrameSetGeneral.asp?Pagina=Menu.asp&IdModulo=4
[Mon Feb 27 13:02:03.656438 2017] [proxy:error] [pid 5032:tid 16144] [client 201.245.192.253:18266] AH00898: Error reading from remote server returned by /IsolucionSDA/BarraFavoritos.asp, referer: http://190.27.245.106/IsolucionSDA/FrameSetGeneral.asp?Pagina=Menu.asp&IdModulo=4
[Mon Feb 27 13:02:07.322445 2017] [proxy:error] [pid 5032:tid 15848] (OS 10060)A connection attempt failed because the connected party did not properly respond after a period of time, or established connection failed because connected host has failed to respond.  : AH00957: HTTP: attempt to connect to 172.22.1.51:8399 (172.22.1.51) failed
[Mon Feb 27 13:02:07.322445 2017] [proxy:error] [pid 5032:tid 15848] AH00959: ap_proxy_connect_backend disabling worker for (172.22.1.51) for 60s
[Mon Feb 27 13:02:07.322445 2017] [proxy_http:error] [pid 5032:tid 15848] [client 152.61.128.50:49562] AH01114: HTTP: failed to make connection to backend: 172.22.1.51
[Mon Feb 27 13:02:07.509645 2017] [proxy:error] [pid 5032:tid 15848] AH00940: HTTP: disabled connection for (172.22.1.51)
[Mon Feb 27 13:02:07.696845 2017] [proxy:error] [pid 5032:tid 15848] AH00940: HTTP: disabled connection for (172.22.1.51)
[Mon Feb 27 13:12:44.848765 2017] [core:error] [pid 5032:tid 16284] (20024)The given path is misformatted or contained invalid characters: [client 104.197.241.64:47970] AH00127: Cannot map GET /galeria/carrusel/Carrusel/jquery-ui-%0A%0A1.8.13.custom.min.js HTTP/1.1 to file
[Mon Feb 27 13:15:49.225488 2017] [core:error] [pid 5032:tid 15260] (20024)The given path is misformatted or contained invalid characters: [client 65.208.151.115:55756] AH00127: Cannot map GET /www.ambientebogota.gov.co:81/ HTTP/1.1 to file, referer: http://www.dama.gov.co/
[Mon Feb 27 13:28:17.605603 2017] [proxy_http:error] [pid 5032:tid 15808] (OS 10053)An established connection was aborted by the software in your host machine.  : [client 201.245.192.253:14113] AH01102: error reading status line from remote server 172.22.1.31:80, referer: http://190.27.245.106/IsolucionSDA/FrameSetGeneral.asp?Pagina1=FrameSetGeneral.asp&
[Mon Feb 27 13:39:22.884371 2017] [proxy_http:error] [pid 5032:tid 15856] (OS 10053)An established connection was aborted by the software in your host machine.  : [client 201.245.192.253:21151] AH01102: error reading status line from remote server 172.22.1.31:80, referer: http://190.27.245.106/isolucionsda/FrameSetGeneral.asp?Pagina1=FrameSetGeneral.asp&
[Mon Feb 27 13:39:22.884371 2017] [proxy:error] [pid 5032:tid 15856] [client 201.245.192.253:21151] AH00898: Error reading from remote server returned by /isolucionsda/BarraTitulos.asp, referer: http://190.27.245.106/isolucionsda/FrameSetGeneral.asp?Pagina1=FrameSetGeneral.asp&
[Mon Feb 27 13:39:22.899971 2017] [proxy_http:error] [pid 5032:tid 15468] (OS 10053)An established connection was aborted by the software in your host machine.  : [client 201.245.192.253:21152] AH01102: error reading status line from remote server 172.22.1.31:80, referer: http://190.27.245.106/isolucionsda/FrameSetGeneral.asp?Pagina1=FrameSetGeneral.asp&
[Mon Feb 27 13:39:22.899971 2017] [proxy:error] [pid 5032:tid 15468] [client 201.245.192.253:21152] AH00898: Error reading from remote server returned by /isolucionsda/MagazinHome.asp, referer: http://190.27.245.106/isolucionsda/FrameSetGeneral.asp?Pagina1=FrameSetGeneral.asp&
[Mon Feb 27 13:58:26.740780 2017] [proxy_http:error] [pid 5032:tid 15612] (OS 10053)An established connection was aborted by the software in your host machine.  : [client 201.245.192.253:19043] AH01102: error reading status line from remote server 172.22.1.31:80, referer: http://190.27.245.106/isolucionsda/FrameSetGeneral.asp?Pagina=Menu.asp&IdModulo=7
[Mon Feb 27 13:58:26.740780 2017] [proxy:error] [pid 5032:tid 15612] [client 201.245.192.253:19043] AH00898: Error reading from remote server returned by /isolucionsda/BarraTitulos.asp, referer: http://190.27.245.106/isolucionsda/FrameSetGeneral.asp?Pagina=Menu.asp&IdModulo=7
[Mon Feb 27 13:58:26.740780 2017] [proxy_http:error] [pid 5032:tid 15464] (OS 10053)An established connection was aborted by the software in your host machine.  : [client 201.245.192.253:19044] AH01102: error reading status line from remote server 172.22.1.31:80, referer: http://190.27.245.106/isolucionsda/FrameSetGeneral.asp?Pagina=Menu.asp&IdModulo=7
[Mon Feb 27 13:58:26.740780 2017] [proxy:error] [pid 5032:tid 15464] [client 201.245.192.253:19044] AH00898: Error reading from remote server returned by /isolucionsda/Menu.asp, referer: http://190.27.245.106/isolucionsda/FrameSetGeneral.asp?Pagina=Menu.asp&IdModulo=7
[Mon Feb 27 14:00:07.189357 2017] [proxy_http:error] [pid 5032:tid 15848] (OS 10053)An established connection was aborted by the software in your host machine.  : [client 201.245.192.253:22307] AH01102: error reading status line from remote server 172.22.1.31:80, referer: http://190.27.245.106/IsolucionSDA/NoPrevencion.asp?CodTipoAccPrev=1&Codsucursal=&Accion=Consultar&Id_AccionPreventiva=350
[Mon Feb 27 14:00:07.189357 2017] [proxy:error] [pid 5032:tid 15848] [client 201.245.192.253:22307] AH00898: Error reading from remote server returned by /ISOlucionSDA/BancoAnexo/AccionPreventiva/SeguimientoPlan/350/350/2016ie235636 cronograma vigencia 2017 interno0.docx, referer: http://190.27.245.106/IsolucionSDA/NoPrevencion.asp?CodTipoAccPrev=1&Codsucursal=&Accion=Consultar&Id_AccionPreventiva=350
[Mon Feb 27 14:02:27.184003 2017] [mpm_winnt:warn] [pid 5032:tid 17792] (OS 64)The specified network name is no longer available.  : AH00341: winnt_accept: Asynchronous AcceptEx failed.
[Mon Feb 27 14:05:14.416296 2017] [proxy:error] [pid 5032:tid 16236] (OS 10061)No connection could be made because the target machine actively refused it.  : AH00957: HTTP: attempt to connect to 172.22.1.26:8080 (172.22.1.26) failed
[Mon Feb 27 14:05:14.416296 2017] [proxy:error] [pid 5032:tid 16236] AH00959: ap_proxy_connect_backend disabling worker for (172.22.1.26) for 60s
[Mon Feb 27 14:05:14.416296 2017] [proxy_http:error] [pid 5032:tid 16236] [client 186.84.40.155:49250] AH01114: HTTP: failed to make connection to backend: 172.22.1.26
[Mon Feb 27 14:38:02.156953 2017] [core:error] [pid 5032:tid 15668] (20024)The given path is misformatted or contained invalid characters: [client 52.3.105.23:53193] AH00127: Cannot map GET /galeria/carrusel/Carrusel/jquery-ui-%0A%0A1.8.13.custom.min.js HTTP/1.1 to file
[Mon Feb 27 15:00:02.262471 2017] [core:error] [pid 5032:tid 15768] (20024)The given path is misformatted or contained invalid characters: [client 68.180.229.162:33886] AH00127: Cannot map GET /www.ambientebogota.gov.co:81/ HTTP/1.1 to file
[Mon Feb 27 15:37:57.058467 2017] [mpm_winnt:warn] [pid 5032:tid 17792] (OS 64)The specified network name is no longer available.  : AH00341: winnt_accept: Asynchronous AcceptEx failed.
[Mon Feb 27 15:39:06.603389 2017] [core:error] [pid 5032:tid 15652] (20024)The given path is misformatted or contained invalid characters: [client 207.46.13.170:11881] AH00127: Cannot map GET /www.ambientebogota.gov.co:81/ HTTP/1.1 to file
[Mon Feb 27 15:42:26.580140 2017] [proxy:error] [pid 5032:tid 15864] (OS 10061)No connection could be made because the target machine actively refused it.  : AH00957: HTTP: attempt to connect to 172.22.1.26:8080 (172.22.1.26) failed
[Mon Feb 27 15:42:26.580140 2017] [proxy:error] [pid 5032:tid 15864] AH00959: ap_proxy_connect_backend disabling worker for (172.22.1.26) for 60s
[Mon Feb 27 15:42:26.580140 2017] [proxy_http:error] [pid 5032:tid 15864] [client 201.245.192.253:10111] AH01114: HTTP: failed to make connection to backend: 172.22.1.26
[Mon Feb 27 15:42:27.828142 2017] [proxy:error] [pid 5032:tid 16000] AH00940: HTTP: disabled connection for (172.22.1.26)
[Mon Feb 27 16:26:21.955169 2017] [core:error] [pid 5032:tid 16412] (20024)The given path is misformatted or contained invalid characters: [client 190.131.199.42:8699] AH00127: Cannot map GET /BLA/resoluciones/RESOLUCIONES%202009/1945.pdfhttp://www.portafolio.co/negocios/empresas/superindustria-multo-autogermana-s-124720 HTTP/1.1 to file
[Mon Feb 27 16:35:20.624115 2017] [mpm_winnt:warn] [pid 5032:tid 17792] (OS 64)The specified network name is no longer available.  : AH00341: winnt_accept: Asynchronous AcceptEx failed.
[Mon Feb 27 16:49:38.812822 2017] [proxy:error] [pid 5032:tid 16400] (OS 10061)No connection could be made because the target machine actively refused it.  : AH00957: HTTP: attempt to connect to 172.22.1.26:8080 (172.22.1.26) failed
[Mon Feb 27 16:49:38.812822 2017] [proxy:error] [pid 5032:tid 16400] AH00959: ap_proxy_connect_backend disabling worker for (172.22.1.26) for 60s
[Mon Feb 27 16:49:38.812822 2017] [proxy_http:error] [pid 5032:tid 16400] [client 201.245.192.253:13582] AH01114: HTTP: failed to make connection to backend: 172.22.1.26
[Mon Feb 27 17:40:58.788632 2017] [mpm_winnt:warn] [pid 5032:tid 17792] (OS 64)The specified network name is no longer available.  : AH00341: winnt_accept: Asynchronous AcceptEx failed.
[Mon Feb 27 17:51:38.296155 2017] [core:error] [pid 5032:tid 16364] (20024)The given path is misformatted or contained invalid characters: [client 104.197.241.64:39904] AH00127: Cannot map GET /galeria/carrusel/Carrusel/jquery-ui-%0A%0A1.8.13.custom.min.js HTTP/1.1 to file
[Mon Feb 27 18:35:58.007227 2017] [proxy_http:error] [pid 5032:tid 16124] (OS 10054)An existing connection was forcibly closed by the remote host.  : [client 201.245.192.253:34213] AH01102: error reading status line from remote server 172.22.1.61:8080, referer: http://190.27.245.106/sipse/faces/presentacion/financiero/solicitudProceso/consultarSolicitudProceso.xhtml
[Mon Feb 27 18:35:58.007227 2017] [proxy:error] [pid 5032:tid 16124] [client 201.245.192.253:34213] AH00898: Error reading from remote server returned by /sipse/faces/presentacion/financiero/solicitudProceso/listarSolicitudProceso.xhtml, referer: http://190.27.245.106/sipse/faces/presentacion/financiero/solicitudProceso/consultarSolicitudProceso.xhtml
[Mon Feb 27 18:35:58.022827 2017] [proxy_http:error] [pid 5032:tid 16364] (OS 10054)An existing connection was forcibly closed by the remote host.  : [client 201.245.192.253:14040] AH01102: error reading status line from remote server 172.22.1.61:8080, referer: http://190.27.245.106/sipse/faces/presentacion/financiero/solicitudProceso/consultarSolicitudProceso.xhtml
[Mon Feb 27 18:35:58.022827 2017] [proxy:error] [pid 5032:tid 16364] [client 201.245.192.253:14040] AH00898: Error reading from remote server returned by /sipse/faces/presentacion/financiero/solicitudProceso/consultarSolicitudProceso.xhtml, referer: http://190.27.245.106/sipse/faces/presentacion/financiero/solicitudProceso/consultarSolicitudProceso.xhtml
[Mon Feb 27 18:35:58.022827 2017] [proxy_http:error] [pid 5032:tid 15652] (OS 10054)An existing connection was forcibly closed by the remote host.  : [client 201.245.192.253:14187] AH01102: error reading status line from remote server 172.22.1.61:8080
[Mon Feb 27 18:35:58.022827 2017] [proxy:error] [pid 5032:tid 15652] [client 201.245.192.253:14187] AH00898: Error reading from remote server returned by /sipse/faces/presentacion/financiero/solicitudProceso/consultarSolicitudProceso.xhtml
[Mon Feb 27 18:35:58.022827 2017] [proxy_http:error] [pid 5032:tid 16040] (OS 10054)An existing connection was forcibly closed by the remote host.  : [client 201.245.192.253:14932] AH01102: error reading status line from remote server 172.22.1.61:8080
[Mon Feb 27 18:35:58.022827 2017] [proxy:error] [pid 5032:tid 16040] [client 201.245.192.253:14932] AH00898: Error reading from remote server returned by /sipse/faces/presentacion/financiero/solicitudProceso/consultarSolicitudProceso.xhtml
[Mon Feb 27 18:35:59.052429 2017] [proxy:error] [pid 5032:tid 16124] (OS 10061)No connection could be made because the target machine actively refused it.  : AH00957: HTTP: attempt to connect to 172.22.1.61:8080 (172.22.1.61) failed
[Mon Feb 27 18:35:59.052429 2017] [proxy:error] [pid 5032:tid 16124] AH00959: ap_proxy_connect_backend disabling worker for (172.22.1.61) for 60s
[Mon Feb 27 18:35:59.052429 2017] [proxy_http:error] [pid 5032:tid 16124] [client 201.245.192.253:34213] AH01114: HTTP: failed to make connection to backend: 172.22.1.61, referer: http://190.27.245.106/sipse/faces/presentacion/financiero/solicitudProceso/consultarSolicitudProceso.xhtml
[Mon Feb 27 18:35:59.068029 2017] [proxy:error] [pid 5032:tid 16124] AH00940: HTTP: disabled connection for (172.22.1.61)
[Mon Feb 27 18:35:59.083629 2017] [proxy:error] [pid 5032:tid 16124] AH00940: HTTP: disabled connection for (172.22.1.61)
[Mon Feb 27 18:35:59.099229 2017] [proxy:error] [pid 5032:tid 16124] AH00940: HTTP: disabled connection for (172.22.1.61)
[Mon Feb 27 18:35:59.114829 2017] [proxy:error] [pid 5032:tid 16124] AH00940: HTTP: disabled connection for (172.22.1.61)
[Mon Feb 27 18:35:59.130429 2017] [proxy:error] [pid 5032:tid 16124] AH00940: HTTP: disabled connection for (172.22.1.61)
[Mon Feb 27 18:35:59.146029 2017] [proxy:error] [pid 5032:tid 16124] AH00940: HTTP: disabled connection for (172.22.1.61)
[Mon Feb 27 18:35:59.161629 2017] [proxy:error] [pid 5032:tid 16124] AH00940: HTTP: disabled connection for (172.22.1.61)
[Mon Feb 27 18:35:59.177229 2017] [proxy:error] [pid 5032:tid 16124] AH00940: HTTP: disabled connection for (172.22.1.61)
[Mon Feb 27 18:35:59.192829 2017] [proxy:error] [pid 5032:tid 16124] AH00940: HTTP: disabled connection for (172.22.1.61)
[Mon Feb 27 18:35:59.208429 2017] [proxy:error] [pid 5032:tid 16124] AH00940: HTTP: disabled connection for (172.22.1.61)
[Mon Feb 27 18:35:59.239629 2017] [proxy:error] [pid 5032:tid 16124] AH00940: HTTP: disabled connection for (172.22.1.61)
[Mon Feb 27 18:35:59.255229 2017] [proxy:error] [pid 5032:tid 16124] AH00940: HTTP: disabled connection for (172.22.1.61)
[Mon Feb 27 18:36:19.363664 2017] [proxy:error] [pid 5032:tid 15840] AH00940: HTTP: disabled connection for (172.22.1.61)
[Mon Feb 27 18:36:53.465324 2017] [proxy:error] [pid 5032:tid 16040] AH00940: HTTP: disabled connection for (172.22.1.61)
[Mon Feb 27 18:40:58.900555 2017] [proxy_http:error] [pid 5032:tid 16276] (OS 10053)An established connection was aborted by the software in your host machine.  : [client 201.245.192.253:25219] AH01102: error reading status line from remote server 172.22.1.31:80, referer: http://190.27.245.106/isolucionsda/FrameSetGeneral.asp?Pagina=Menu.asp&IdModulo=7
[Mon Feb 27 18:40:58.900555 2017] [proxy:error] [pid 5032:tid 16276] [client 201.245.192.253:25219] AH00898: Error reading from remote server returned by /isolucionsda/Menu.asp, referer: http://190.27.245.106/isolucionsda/FrameSetGeneral.asp?Pagina=Menu.asp&IdModulo=7
[Mon Feb 27 18:59:00.356855 2017] [mpm_winnt:warn] [pid 5032:tid 17792] (OS 64)The specified network name is no longer available.  : AH00341: winnt_accept: Asynchronous AcceptEx failed.
[Mon Feb 27 19:13:35.580792 2017] [proxy_http:error] [pid 5032:tid 15364] (OS 10053)An established connection was aborted by the software in your host machine.  : [client 201.245.192.253:20560] AH01102: error reading status line from remote server 172.22.1.31:80, referer: http://190.27.245.106/isolucionsda/Administracion/SalaEdicion/Articulo.asp
[Mon Feb 27 19:49:46.745806 2017] [proxy:error] [pid 5032:tid 15872] (OS 10061)No connection could be made because the target machine actively refused it.  : AH00957: HTTP: attempt to connect to 172.22.1.26:8080 (172.22.1.26) failed
[Mon Feb 27 19:49:46.745806 2017] [proxy:error] [pid 5032:tid 15872] AH00959: ap_proxy_connect_backend disabling worker for (172.22.1.26) for 60s
[Mon Feb 27 19:49:46.745806 2017] [proxy_http:error] [pid 5032:tid 15872] [client 201.245.192.253:10298] AH01114: HTTP: failed to make connection to backend: 172.22.1.26
[Mon Feb 27 20:00:02.416487 2017] [mpm_winnt:warn] [pid 5032:tid 17792] (OS 64)The specified network name is no longer available.  : AH00341: winnt_accept: Asynchronous AcceptEx failed.
[Mon Feb 27 20:38:49.004573 2017] [mpm_winnt:warn] [pid 5032:tid 17792] (OS 64)The specified network name is no longer available.  : AH00341: winnt_accept: Asynchronous AcceptEx failed.
[Mon Feb 27 21:00:16.693235 2017] [mpm_winnt:warn] [pid 5032:tid 17792] (OS 64)The specified network name is no longer available.  : AH00341: winnt_accept: Asynchronous AcceptEx failed.
[Mon Feb 27 21:00:18.003637 2017] [mpm_winnt:warn] [pid 5032:tid 17792] (OS 64)The specified network name is no longer available.  : AH00341: winnt_accept: Asynchronous AcceptEx failed.
[Mon Feb 27 21:14:39.499550 2017] [proxy_http:error] [pid 5032:tid 16440] (OS 10053)An established connection was aborted by the software in your host machine.  : [client 186.29.102.50:50611] AH01102: error reading status line from remote server 172.22.1.31:80, referer: http://190.27.245.106/isolucionsda/FrameSetGeneral.asp?Pagina1=FrameSetGeneral.asp&
[Mon Feb 27 21:14:39.499550 2017] [proxy:error] [pid 5032:tid 16440] [client 186.29.102.50:50611] AH00898: Error reading from remote server returned by /isolucionsda/MagazinHome.asp, referer: http://190.27.245.106/isolucionsda/FrameSetGeneral.asp?Pagina1=FrameSetGeneral.asp&
[Mon Feb 27 21:14:39.842751 2017] [proxy_http:error] [pid 5032:tid 15612] (OS 10053)An established connection was aborted by the software in your host machine.  : [client 186.29.102.50:50612] AH01102: error reading status line from remote server 172.22.1.31:80, referer: http://190.27.245.106/isolucionsda/Encabezado.asp?Pagina1=FrameSetGeneral.asp&&Pagina=MagazinHome.asp
[Mon Feb 27 21:25:56.462739 2017] [proxy:error] [pid 5032:tid 16064] (OS 10061)No connection could be made because the target machine actively refused it.  : AH00957: HTTP: attempt to connect to 172.22.1.61:8080 (172.22.1.61) failed
[Mon Feb 27 21:25:56.462739 2017] [proxy:error] [pid 5032:tid 16064] AH00959: ap_proxy_connect_backend disabling worker for (172.22.1.61) for 60s
[Mon Feb 27 21:25:56.462739 2017] [proxy_http:error] [pid 5032:tid 16064] [client 201.245.192.253:13207] AH01114: HTTP: failed to make connection to backend: 172.22.1.61, referer: http://190.27.245.106/sipse/faces/javax.faces.resource/theme.css?ln=primefaces-sipse
[Mon Feb 27 21:25:56.478340 2017] [proxy:error] [pid 5032:tid 15912] (OS 10061)No connection could be made because the target machine actively refused it.  : AH00957: HTTP: attempt to connect to 172.22.1.61:8080 (172.22.1.61) failed
[Mon Feb 27 21:25:56.478340 2017] [proxy_http:error] [pid 5032:tid 15912] [client 201.245.192.253:13208] AH01114: HTTP: failed to make connection to backend: 172.22.1.61, referer: http://190.27.245.106/sipse/faces/presentacion/financiero/solicitudProceso/consultarSolicitudProceso.xhtml
[Mon Feb 27 21:53:26.415237 2017] [proxy_http:error] [pid 5032:tid 15468] (OS 10053)An established connection was aborted by the software in your host machine.  : [client 186.28.33.152:60407] AH01102: error reading status line from remote server 172.22.1.31:80, referer: http://190.27.245.106/isolucionsda/Encabezado.asp?Pagina=SucursalSeleccion.asp&CargaPagina=ModuloProcesos&IdModulo=3
[Mon Feb 27 21:53:26.415237 2017] [proxy:error] [pid 5032:tid 15468] [client 186.28.33.152:60407] AH00898: Error reading from remote server returned by /isolucionsda/g/Bot_CerrarOver.jpg, referer: http://190.27.245.106/isolucionsda/Encabezado.asp?Pagina=SucursalSeleccion.asp&CargaPagina=ModuloProcesos&IdModulo=3
[Mon Feb 27 22:00:46.148810 2017] [core:error] [pid 5032:tid 16312] (20024)The given path is misformatted or contained invalid characters: [client 91.36.102.135:53905] AH00127: Cannot map GET /galeria/carrusel/Carrusel/jquery-ui-%0A%0A1.8.13.custom.min.js HTTP/1.1 to file
[Mon Feb 27 22:17:40.509391 2017] [core:error] [pid 5032:tid 15464] (20024)The given path is misformatted or contained invalid characters: [client 23.95.91.236:37931] AH00127: Cannot map GET /galeria/carrusel/Carrusel/jquery-ui-%0A%0A1.8.13.custom.min.js HTTP/1.1 to file, referer: http://ambientebogota.gov.co/
[Mon Feb 27 22:48:29.518239 2017] [proxy_http:error] [pid 5032:tid 15436] (OS 10053)An established connection was aborted by the software in your host machine.  : [client 186.155.14.75:9542] AH01102: error reading status line from remote server 172.22.1.31:80, referer: http://190.27.245.106/isolucionsda/Encabezado.asp?Pagina=SucursalSeleccion.asp&CargaPagina=ModuloProcesos&IdModulo=3
[Mon Feb 27 22:48:29.518239 2017] [proxy:error] [pid 5032:tid 15436] [client 186.155.14.75:9542] AH00898: Error reading from remote server returned by /isolucionsda/FrameSetGeneral.asp, referer: http://190.27.245.106/isolucionsda/Encabezado.asp?Pagina=SucursalSeleccion.asp&CargaPagina=ModuloProcesos&IdModulo=3
[Mon Feb 27 22:49:36.941557 2017] [core:error] [pid 5032:tid 16196] (20024)The given path is misformatted or contained invalid characters: [client 136.243.36.83:57583] AH00127: Cannot map GET /www.ambientebogota.gov.co:81/ HTTP/1.1 to file
[Mon Feb 27 23:03:38.781436 2017] [mpm_winnt:warn] [pid 5032:tid 17792] (OS 64)The specified network name is no longer available.  : AH00341: winnt_accept: Asynchronous AcceptEx failed.
[Mon Feb 27 23:03:38.781436 2017] [mpm_winnt:warn] [pid 5032:tid 17792] (OS 64)The specified network name is no longer available.  : AH00341: winnt_accept: Asynchronous AcceptEx failed.
[Mon Feb 27 23:08:44.666773 2017] [proxy_http:error] [pid 5032:tid 15300] (OS 10053)An established connection was aborted by the software in your host machine.  : [client 186.155.14.75:10047] AH01102: error reading status line from remote server 172.22.1.31:80, referer: http://190.27.245.106/isolucionsda/FrameSetGeneral.asp?Pagina=MagazinHome.asp
[Mon Feb 27 23:08:44.666773 2017] [proxy:error] [pid 5032:tid 15300] [client 186.155.14.75:10047] AH00898: Error reading from remote server returned by /isolucionsda/BarraFavoritos.asp, referer: http://190.27.245.106/isolucionsda/FrameSetGeneral.asp?Pagina=MagazinHome.asp
[Mon Feb 27 23:08:44.760374 2017] [proxy_http:error] [pid 5032:tid 15652] (OS 10053)An established connection was aborted by the software in your host machine.  : [client 186.155.14.75:9995] AH01102: error reading status line from remote server 172.22.1.31:80, referer: http://190.27.245.106/isolucionsda/Encabezado.asp?Pagina=MagazinHome.asp
[Mon Feb 27 23:13:54.966918 2017] [core:error] [pid 5032:tid 15704] (20024)The given path is misformatted or contained invalid characters: [client 1.237.177.12:41928] AH00127: Cannot map GET /galeria/carrusel/Carrusel/jquery-ui-%0A%0A1.8.13.custom.min.js HTTP/1.1 to file, referer: http://ambientebogota.gov.co
[Mon Feb 27 23:27:50.941187 2017] [core:error] [pid 5032:tid 15364] (20024)The given path is misformatted or contained invalid characters: [client 51.15.58.219:11677] AH00127: Cannot map GET /:8080 HTTP/1.1 to file
[Mon Feb 27 23:27:51.143987 2017] [core:error] [pid 5032:tid 15364] (20024)The given path is misformatted or contained invalid characters: [client 51.15.58.219:11677] AH00127: Cannot map GET /:80 HTTP/1.1 to file
[Mon Feb 27 23:27:51.346787 2017] [core:error] [pid 5032:tid 15364] (20024)The given path is misformatted or contained invalid characters: [client 51.15.58.219:11677] AH00127: Cannot map GET /:443 HTTP/1.1 to file
[Mon Feb 27 23:35:55.649638 2017] [core:error] [pid 5032:tid 15608] [client 51.15.58.219:39637] AH00126: Invalid URI in request GET /../login.php HTTP/1.1

:: Command execute ::

Enter:
 
Select:
 

:: Search ::
regexp 

:: Upload ::
 
[ ok ]

:: Make Dir ::
 
[ ok ]
:: Make File ::
 
[ ok ]

:: Go Dir ::
 
:: Go File ::
 

--[ c99shell v. 1.0 pre-release build #13 powered by Captain Crunch Security Team | http://ccteam.ru | Generation time: 0.1248 ]--