!C99Shell v. 1.0 pre-release build #13!

Software: Apache. PHP/5.5.15 

uname -a: Windows NT SVR-DMZ 6.1 build 7600 (Windows Server 2008 R2 Enterprise Edition) i586 

SYSTEM 

Safe-mode: OFF (not secure)

E:\nuevo\apache\logs\   drwxrwxrwx
Free 8.02 GB of 239.26 GB (3.35%)
Detected drives: [ a ] [ c ] [ d ] [ e ] [ f ]
Home    Back    Forward    UPDIR    Refresh    Search    Buffer    Encoder    Tools    Proc.    FTP brute    Sec.    SQL    PHP-code    Update    Feedback    Self remove    Logout    


Viewing file:     error.2017.05.07.log (29.58 KB)      -rw-rw-rw-
Select action/file-type:
(+) | (+) | (+) | Code (+) | Session (+) | (+) | SDB (+) | (+) | (+) | (+) | (+) | (+) |
[Sun May 07 00:06:28.102185 2017] [mpm_winnt:warn] [pid 7156:tid 16616] (OS 64)The specified network name is no longer available.  : AH00341: winnt_accept: Asynchronous AcceptEx failed.
[Sun May 07 01:05:08.576968 2017] [mpm_winnt:warn] [pid 7156:tid 16616] (OS 64)The specified network name is no longer available.  : AH00341: winnt_accept: Asynchronous AcceptEx failed.
[Sun May 07 02:38:35.322416 2017] [mpm_winnt:warn] [pid 7156:tid 16616] (OS 64)The specified network name is no longer available.  : AH00341: winnt_accept: Asynchronous AcceptEx failed.
[Sun May 07 03:16:41.632232 2017] [mpm_winnt:warn] [pid 7156:tid 16616] (OS 64)The specified network name is no longer available.  : AH00341: winnt_accept: Asynchronous AcceptEx failed.
[Sun May 07 04:32:54.250863 2017] [mpm_winnt:warn] [pid 7156:tid 16616] (OS 64)The specified network name is no longer available.  : AH00341: winnt_accept: Asynchronous AcceptEx failed.
[Sun May 07 05:11:40.137948 2017] [core:error] [pid 7156:tid 15044] (22)Invalid argument: [client 148.251.136.43:52465] AH00127: Cannot map GET /B002AKNA2I-Original-Blumax-%AE-Netzteil-kompatibel-mit-Acer-Aspire-Travelmate-19V-3-42A-65W-Connector-5-5mm-x-1-7mm-Stromkabel.html HTTP/1.1 to file
[Sun May 07 05:14:56.713894 2017] [cgi:error] [pid 7156:tid 15068] [client 148.251.136.43:53916] script not found or unable to stat: E:/nuevo/htdocs/BLA/otherday.asp
[Sun May 07 05:15:44.200377 2017] [core:error] [pid 7156:tid 14876] (20024)The given path is misformatted or contained invalid characters: [client 148.251.136.43:56457] AH00127: Cannot map GET /BLA/resoluciones/AUTOS%20200%3C%21DOCTYPE%20html%3E%20%3Chtml%20ng-app= HTTP/1.1 to file
[Sun May 07 05:15:51.048789 2017] [core:error] [pid 7156:tid 14876] (20024)The given path is misformatted or contained invalid characters: [client 148.251.136.43:32964] AH00127: Cannot map GET /BLA/resoluciones/AUTOS%202006/AUTOS%202006%202501%20-%202600/00ng%3E00002563.tif%3C/strong%3E%20%3Cem%3E51KB%3C/em%3E%20Feb%2023%202011%2005:50:41%20PM%3C/a%3E%3C/div%3E%20%3Cdiv%3E%3Ca%20href= HTTP/1.1 to file
[Sun May 07 05:16:39.112474 2017] [core:error] [pid 7156:tid 14876] (20024)The given path is misformatted or contained invalid characters: [client 148.251.136.43:35750] AH00127: Cannot map GET /BLA/resoluciones/AUTOS%202006/AUTOS%202006%202901%20-%203000/00ong%3E%20%3Cem%3E55KB%3C/em%3E%20Feb%2023%202011%2005:58:36%20PM%3C/a%3E%3C/div%3E%20%3Cdiv%3E%3Ca%20href= HTTP/1.1 to file
[Sun May 07 05:44:57.893057 2017] [core:error] [pid 7156:tid 15584] (20024)The given path is misformatted or contained invalid characters: [client 131.161.9.248:10799] AH00127: Cannot map GET /BLA/resoluciones/AUTOS%202010/5528.pdf%22 HTTP/1.1 to file
[Sun May 07 05:47:20.977509 2017] [cgi:error] [pid 7156:tid 16388] [client 148.251.136.43:57516] script not found or unable to stat: E:/nuevo/htdocs/BLA/resoluciones/FAQ_group_list.asp
[Sun May 07 05:49:57.164983 2017] [core:error] [pid 7156:tid 13940] (22)Invalid argument: [client 148.251.136.43:42862] AH00127: Cannot map GET /BLA/resoluciones/HRY-%8EARTOVINKY%7Ec162.html HTTP/1.1 to file
[Sun May 07 06:08:24.298928 2017] [core:error] [pid 7156:tid 16120] (20024)The given path is misformatted or contained invalid characters: [client 148.251.136.43:46646] AH00127: Cannot map GET /BLA/resoluciones/Notificaciones/AUTOS%202013/2228.do%3C%21DOCTYPE%20html%3E%20%3Chtml%3E%20%3Chead%3E%20%3Ctitle%3ENo%20Category%20-%20Old%20products%20-%20Page%202%20-%20My%20PT%20Store%3C/title%3E%20%3Cmeta%20charset= HTTP/1.1 to file
[Sun May 07 06:09:44.202268 2017] [core:error] [pid 7156:tid 14176] (20024)The given path is misformatted or contained invalid characters: [client 104.255.67.236:53665] AH00127: Cannot map GET /www.ambientebogota.gov.co:81 HTTP/1.1 to file
[Sun May 07 06:09:46.323872 2017] [core:error] [pid 7156:tid 15568] (20024)The given path is misformatted or contained invalid characters: [client 104.255.67.236:53721] AH00127: Cannot map GET /js/),this.$menu.html(t),this},next:function(t){var n=this.$menu.find( HTTP/1.1 to file
[Sun May 07 06:09:47.166273 2017] [core:error] [pid 7156:tid 15568] (20024)The given path is misformatted or contained invalid characters: [client 104.255.67.236:54014] AH00127: Cannot map GET /js/));Yt.optgroup=Yt.option,Yt.tbody=Yt.tfoot=Yt.colgroup=Yt.caption=Yt.thead,Yt.th=Yt.td,it.extend({clone:function(e,t,n){var r,i,o,a,s,u=it.contains(e.ownerDocument,e);if(nt.html5Clone||it.isXMLDoc(e)||!Bt.test( HTTP/1.1 to file
[Sun May 07 06:09:47.774674 2017] [core:error] [pid 7156:tid 16488] (20024)The given path is misformatted or contained invalid characters: [client 104.255.67.236:54111] AH00127: Cannot map GET /js/,data:t}).done(function(e){i=arguments,a.html(r?it( HTTP/1.1 to file
[Sun May 07 06:09:47.977475 2017] [core:error] [pid 7156:tid 14176] (20024)The given path is misformatted or contained invalid characters: [client 104.255.67.236:54144] AH00127: Cannot map GET /js/],_default:nt.htmlSerialize?[0, HTTP/1.1 to file
[Sun May 07 06:10:29.660748 2017] [mpm_winnt:warn] [pid 7156:tid 16616] (OS 64)The specified network name is no longer available.  : AH00341: winnt_accept: Asynchronous AcceptEx failed.
[Sun May 07 06:15:56.637322 2017] [core:error] [pid 7156:tid 14492] (20024)The given path is misformatted or contained invalid characters: [client 148.251.136.43:57418] AH00127: Cannot map GET /BLA/resoluciones/RESOLUCIONES%202007/RES%202007%20401%20AL%20500/RESOLUCIO7%20AM%3C/a%3E%3C/div%3E%20%3Cdiv%3E%3Ca%20href= HTTP/1.1 to file
[Sun May 07 06:16:56.323027 2017] [cgi:error] [pid 7156:tid 12232] [client 148.251.136.43:37057] script not found or unable to stat: E:/nuevo/htdocs/BLA/resoluciones/RV-inventory.asp
[Sun May 07 06:17:01.299436 2017] [cgi:error] [pid 7156:tid 12232] [client 148.251.136.43:40106] script not found or unable to stat: E:/nuevo/htdocs/BLA/resoluciones/RV-inventory.asp
[Sun May 07 06:17:51.406724 2017] [cgi:error] [pid 7156:tid 16388] [client 148.251.136.43:41548] script not found or unable to stat: E:/nuevo/htdocs/BLA/resoluciones/RV-inventory.asp
[Sun May 07 06:17:56.773133 2017] [cgi:error] [pid 7156:tid 16388] [client 148.251.136.43:45245] script not found or unable to stat: E:/nuevo/htdocs/BLA/resoluciones/RV-inventory.asp
[Sun May 07 06:18:45.429618 2017] [cgi:error] [pid 7156:tid 12232] [client 148.251.136.43:43761] script not found or unable to stat: E:/nuevo/htdocs/BLA/resoluciones/RV-inventory.asp
[Sun May 07 06:27:06.705299 2017] [cgi:error] [pid 7156:tid 16488] [client 148.251.136.43:38884] script not found or unable to stat: E:/nuevo/htdocs/BLA/resoluciones/RV-inventory.asp
[Sun May 07 06:27:53.536581 2017] [cgi:error] [pid 7156:tid 14492] [client 148.251.136.43:41667] script not found or unable to stat: E:/nuevo/htdocs/BLA/resoluciones/RV-inventory.asp
[Sun May 07 06:27:58.996591 2017] [cgi:error] [pid 7156:tid 14492] [client 148.251.136.43:45272] script not found or unable to stat: E:/nuevo/htdocs/BLA/resoluciones/RV-inventory.asp
[Sun May 07 06:28:45.640673 2017] [cgi:error] [pid 7156:tid 12232] [client 148.251.136.43:41791] script not found or unable to stat: E:/nuevo/htdocs/BLA/resoluciones/RV-service.asp
[Sun May 07 06:33:08.048734 2017] [core:error] [pid 7156:tid 16488] (22)Invalid argument: [client 148.251.136.43:57421] AH00127: Cannot map GET /BLA/resoluciones/SM%20POM%D4CKY%20%7Ec174.html HTTP/1.1 to file
[Sun May 07 06:33:58.920423 2017] [cgi:error] [pid 7156:tid 12232] [client 148.251.136.43:40079] script not found or unable to stat: E:/nuevo/htdocs/BLA/resoluciones/Smithville-RV-brands.asp
[Sun May 07 08:47:48.631927 2017] [cgi:error] [pid 7156:tid 13940] [client 148.251.136.43:48192] script not found or unable to stat: E:/nuevo/htdocs/BLA/resoluciones/Unit-Request.asp
[Sun May 07 09:41:36.699796 2017] [cgi:error] [pid 7156:tid 14456] [client 148.251.136.43:53175] script not found or unable to stat: E:/nuevo/htdocs/BLA/resoluciones/about-Smithville-RV.asp
[Sun May 07 09:42:56.961937 2017] [cgi:error] [pid 7156:tid 15032] [client 148.251.136.43:54976] script not found or unable to stat: E:/nuevo/htdocs/BLA/resoluciones/agency.asp
[Sun May 07 09:46:41.867532 2017] [cgi:error] [pid 7156:tid 14104] [client 148.251.136.43:41230] script not found or unable to stat: E:/nuevo/htdocs/BLA/resoluciones/announcement_category_list.asp
[Sun May 07 09:57:21.078655 2017] [cgi:error] [pid 7156:tid 15164] [client 148.251.136.43:39555] script not found or unable to stat: E:/nuevo/htdocs/BLA/resoluciones/calendar.asp
[Sun May 07 09:58:09.922341 2017] [cgi:error] [pid 7156:tid 14492] [client 148.251.136.43:46682] script not found or unable to stat: E:/nuevo/htdocs/BLA/resoluciones/calendar.asp
[Sun May 07 09:58:21.232361 2017] [cgi:error] [pid 7156:tid 13512] [client 148.251.136.43:54974] script not found or unable to stat: E:/nuevo/htdocs/BLA/resoluciones/calendar.asp
[Sun May 07 09:59:13.570453 2017] [cgi:error] [pid 7156:tid 15032] [client 148.251.136.43:33380] script not found or unable to stat: E:/nuevo/htdocs/BLA/resoluciones/calendar.asp
[Sun May 07 09:59:23.398470 2017] [cgi:error] [pid 7156:tid 15164] [client 148.251.136.43:40165] script not found or unable to stat: E:/nuevo/htdocs/BLA/resoluciones/calendar.asp
[Sun May 07 10:00:49.557421 2017] [cgi:error] [pid 7156:tid 15308] [client 148.251.136.43:51914] script not found or unable to stat: E:/nuevo/htdocs/BLA/resoluciones/calendar.asp
[Sun May 07 10:00:57.341835 2017] [cgi:error] [pid 7156:tid 15164] [client 148.251.136.43:58526] script not found or unable to stat: E:/nuevo/htdocs/BLA/resoluciones/calendar_print.asp
[Sun May 07 10:08:24.766221 2017] [cgi:error] [pid 7156:tid 11668] [client 148.251.136.43:60129] script not found or unable to stat: E:/nuevo/htdocs/BLA/resoluciones/contact-Smithville-RV.asp
[Sun May 07 10:09:26.573529 2017] [cgi:error] [pid 7156:tid 13324] [client 148.251.136.43:43292] script not found or unable to stat: E:/nuevo/htdocs/BLA/resoluciones/contact-us.asp
[Sun May 07 10:12:18.548231 2017] [cgi:error] [pid 7156:tid 15128] [client 148.251.136.43:51350] script not found or unable to stat: E:/nuevo/htdocs/BLA/resoluciones/default.asp
[Sun May 07 10:12:27.159447 2017] [cgi:error] [pid 7156:tid 15476] [client 148.251.136.43:57479] script not found or unable to stat: E:/nuevo/htdocs/BLA/resoluciones/details.asp
[Sun May 07 10:23:33.624817 2017] [cgi:error] [pid 7156:tid 15128] [client 148.251.136.43:40567] script not found or unable to stat: E:/nuevo/htdocs/BLA/resoluciones/document_category_list.asp
[Sun May 07 10:32:44.867385 2017] [core:error] [pid 7156:tid 15476] (20024)The given path is misformatted or contained invalid characters: [client 35.184.189.105:42820] AH00127: Cannot map GET /www.ambientebogota.gov.co:81/ HTTP/1.1 to file
[Sun May 07 10:37:35.979497 2017] [mpm_winnt:warn] [pid 7156:tid 16616] (OS 64)The specified network name is no longer available.  : AH00341: winnt_accept: Asynchronous AcceptEx failed.
[Sun May 07 10:41:08.607870 2017] [mpm_winnt:warn] [pid 7156:tid 16616] (OS 64)The specified network name is no longer available.  : AH00341: winnt_accept: Asynchronous AcceptEx failed.
[Sun May 07 10:53:48.641205 2017] [cgi:error] [pid 7156:tid 15432] [client 148.251.136.43:54517] script not found or unable to stat: E:/nuevo/htdocs/BLA/resoluciones/eform_detail.asp
[Sun May 07 10:54:08.422040 2017] [cgi:error] [pid 7156:tid 15032] [client 148.251.136.43:33884] script not found or unable to stat: E:/nuevo/htdocs/BLA/resoluciones/eform_list.asp
[Sun May 07 10:56:03.222642 2017] [cgi:error] [pid 7156:tid 15132] [client 148.251.136.43:60630] script not found or unable to stat: E:/nuevo/htdocs/BLA/resoluciones/employers.asp
[Sun May 07 11:12:22.467561 2017] [proxy_http:error] [pid 7156:tid 13608] (OS 10053)An established connection was aborted by the software in your host machine.  : [client 181.59.170.112:49745] AH01102: error reading status line from remote server 172.22.1.31:80, referer: http://190.27.245.106/isolucionsda/FrameSetGeneral.asp?Pagina1=FrameSetGeneral.asp&
[Sun May 07 11:12:22.467561 2017] [proxy:error] [pid 7156:tid 13608] [client 181.59.170.112:49745] AH00898: Error reading from remote server returned by /isolucionsda/BarraTitulos.asp, referer: http://190.27.245.106/isolucionsda/FrameSetGeneral.asp?Pagina1=FrameSetGeneral.asp&
[Sun May 07 11:12:40.360793 2017] [proxy_http:error] [pid 7156:tid 15132] (OS 10053)An established connection was aborted by the software in your host machine.  : [client 181.59.170.112:49750] AH01102: error reading status line from remote server 172.22.1.31:80, referer: http://190.27.245.106/isolucionsda/FrameSetGeneral.asp?Pagina=ListadoMaestroDocumentos3.asp
[Sun May 07 11:28:57.984310 2017] [proxy:error] [pid 7156:tid 14868] (OS 10061)No connection could be made because the target machine actively refused it.  : AH00957: HTTP: attempt to connect to 172.22.1.51:8399 (172.22.1.51) failed
[Sun May 07 11:28:57.984310 2017] [proxy:error] [pid 7156:tid 14868] AH00959: ap_proxy_connect_backend disabling worker for (172.22.1.51) for 60s
[Sun May 07 11:28:57.984310 2017] [proxy_http:error] [pid 7156:tid 14868] [client 152.61.128.50:44818] AH01114: HTTP: failed to make connection to backend: 172.22.1.51
[Sun May 07 11:28:58.187110 2017] [proxy:error] [pid 7156:tid 14868] AH00940: HTTP: disabled connection for (172.22.1.51)
[Sun May 07 11:28:58.389911 2017] [proxy:error] [pid 7156:tid 14868] AH00940: HTTP: disabled connection for (172.22.1.51)
[Sun May 07 11:30:52.036110 2017] [cgi:error] [pid 7156:tid 15432] [client 148.251.136.43:57842] script not found or unable to stat: E:/nuevo/htdocs/BLA/resoluciones/help_center_list.asp
[Sun May 07 11:31:01.708127 2017] [mpm_winnt:warn] [pid 7156:tid 16616] (OS 64)The specified network name is no longer available.  : AH00341: winnt_accept: Asynchronous AcceptEx failed.
[Sun May 07 11:32:22.313469 2017] [cgi:error] [pid 7156:tid 13968] [client 148.251.136.43:50417] script not found or unable to stat: E:/nuevo/htdocs/BLA/resoluciones/index.asp
[Sun May 07 12:08:22.979664 2017] [proxy_http:error] [pid 7156:tid 11668] (OS 10053)An established connection was aborted by the software in your host machine.  : [client 181.50.95.77:52202] AH01102: error reading status line from remote server 172.22.1.31:80, referer: http://190.27.245.106/IsolucionSDA/FrameSetGeneral.asp?Pagina1=FrameSetGeneral.asp&
[Sun May 07 13:29:45.150639 2017] [core:error] [pid 7156:tid 15052] (20024)The given path is misformatted or contained invalid characters: [client 65.208.151.115:27007] AH00127: Cannot map GET /www.ambientebogota.gov.co:81/ HTTP/1.1 to file, referer: http://www.dama.gov.co/
[Sun May 07 13:35:19.786827 2017] [mpm_winnt:warn] [pid 7156:tid 16616] (OS 64)The specified network name is no longer available.  : AH00341: winnt_accept: Asynchronous AcceptEx failed.
[Sun May 07 14:25:34.992323 2017] [mpm_winnt:warn] [pid 7156:tid 16616] (OS 64)The specified network name is no longer available.  : AH00341: winnt_accept: Asynchronous AcceptEx failed.
[Sun May 07 14:25:34.992323 2017] [mpm_winnt:warn] [pid 7156:tid 16616] (OS 64)The specified network name is no longer available.  : AH00341: winnt_accept: Asynchronous AcceptEx failed.
[Sun May 07 14:54:55.128814 2017] [mpm_winnt:warn] [pid 7156:tid 16616] (OS 64)The specified network name is no longer available.  : AH00341: winnt_accept: Asynchronous AcceptEx failed.
[Sun May 07 15:28:32.446358 2017] [proxy_http:error] [pid 7156:tid 16484] (OS 10053)An established connection was aborted by the software in your host machine.  : [client 190.84.209.51:49411] AH01102: error reading status line from remote server 172.22.1.31:80, referer: http://190.27.245.106/isolucionsda/Encabezado.asp?Pagina1=FrameSetGeneral.asp&&Pagina=MagazinHome.asp
[Sun May 07 16:03:36.064253 2017] [core:error] [pid 7156:tid 13244] (20024)The given path is misformatted or contained invalid characters: [client 131.161.10.228:47948] AH00127: Cannot map GET /BLA/resoluciones/AUTOS%202010/5528.pdf%22 HTTP/1.1 to file
[Sun May 07 16:04:31.054349 2017] [core:error] [pid 7156:tid 15196] (20024)The given path is misformatted or contained invalid characters: [client 66.249.64.37:64182] AH00127: Cannot map GET /www.ambientebogota.gov.co:81/ HTTP/1.1 to file
[Sun May 07 17:13:13.253389 2017] [proxy_http:error] [pid 7156:tid 16364] (OS 10053)An established connection was aborted by the software in your host machine.  : [client 181.50.95.77:49759] AH01102: error reading status line from remote server 172.22.1.31:80, referer: http://190.27.245.106/isolucionsda/Encabezado.asp?Pagina=Menu.asp&IdModulo=7
[Sun May 07 17:13:14.360991 2017] [proxy_http:error] [pid 7156:tid 14104] (OS 10053)An established connection was aborted by the software in your host machine.  : [client 181.50.95.77:49764] AH01102: error reading status line from remote server 172.22.1.31:80, referer: http://190.27.245.106/isolucionsda/FrameSetGeneral.asp?Pagina=Menu.asp&IdModulo=7
[Sun May 07 17:13:14.360991 2017] [proxy:error] [pid 7156:tid 14104] [client 181.50.95.77:49764] AH00898: Error reading from remote server returned by /isolucionsda/BarraFavoritos.asp, referer: http://190.27.245.106/isolucionsda/FrameSetGeneral.asp?Pagina=Menu.asp&IdModulo=7
[Sun May 07 17:13:16.264195 2017] [proxy_http:error] [pid 7156:tid 14692] (OS 10053)An established connection was aborted by the software in your host machine.  : [client 181.50.95.77:49763] AH01102: error reading status line from remote server 172.22.1.31:80, referer: http://190.27.245.106/isolucionsda/FrameSetGeneral.asp?Pagina=Menu.asp&IdModulo=7
[Sun May 07 17:13:16.264195 2017] [proxy:error] [pid 7156:tid 14692] [client 181.50.95.77:49763] AH00898: Error reading from remote server returned by /isolucionsda/BarraTitulos.asp, referer: http://190.27.245.106/isolucionsda/FrameSetGeneral.asp?Pagina=Menu.asp&IdModulo=7
[Sun May 07 17:49:04.466968 2017] [mpm_winnt:warn] [pid 7156:tid 16616] (OS 64)The specified network name is no longer available.  : AH00341: winnt_accept: Asynchronous AcceptEx failed.
[Sun May 07 18:49:57.651184 2017] [core:error] [pid 7156:tid 13956] (20024)The given path is misformatted or contained invalid characters: [client 157.55.39.137:18548] AH00127: Cannot map GET /www.ambientebogota.gov.co:81/ HTTP/1.1 to file
[Sun May 07 18:59:34.696198 2017] [proxy_http:error] [pid 7156:tid 15640] (OS 10053)An established connection was aborted by the software in your host machine.  : [client 161.18.87.181:55964] AH01102: error reading status line from remote server 172.22.1.31:80, referer: http://190.27.245.106/isolucionsda/FrameSetGeneral.asp?Pagina1=FrameSetGeneral.asp&
[Sun May 07 18:59:34.696198 2017] [proxy:error] [pid 7156:tid 15640] [client 161.18.87.181:55964] AH00898: Error reading from remote server returned by /isolucionsda/MagazinHome.asp, referer: http://190.27.245.106/isolucionsda/FrameSetGeneral.asp?Pagina1=FrameSetGeneral.asp&
[Sun May 07 19:19:45.336324 2017] [proxy_http:error] [pid 7156:tid 14512] (OS 10053)An established connection was aborted by the software in your host machine.  : [client 181.50.95.77:50616] AH01102: error reading status line from remote server 172.22.1.31:80, referer: http://190.27.245.106/IsolucionSDA/Encabezado.asp?Pagina1=FrameSetGeneral.asp&&Pagina=MagazinHome.asp
[Sun May 07 19:29:47.155181 2017] [core:error] [pid 7156:tid 16396] (20024)The given path is misformatted or contained invalid characters: [client 64.140.169.42:53910] AH00127: Cannot map GET /www.ambientebogota.gov.co:81/ HTTP/1.1 to file
[Sun May 07 19:55:17.127869 2017] [proxy_http:error] [pid 7156:tid 14692] (OS 10053)An established connection was aborted by the software in your host machine.  : [client 181.63.122.21:53542] AH01102: error reading status line from remote server 172.22.1.31:80, referer: http://190.27.245.106/isolucionsda/Encabezado.asp?Pagina1=FrameSetGeneral.asp&&Pagina=MagazinHome.asp
[Sun May 07 20:03:45.485962 2017] [proxy_http:error] [pid 7156:tid 15804] (OS 10053)An established connection was aborted by the software in your host machine.  : [client 181.50.95.77:51086] AH01102: error reading status line from remote server 172.22.1.31:80, referer: http://190.27.245.106/IsolucionSDA/FrameSetArticulo.asp?Pagina=/IsolucionSDA/bancoconocimiento/T/TabladecontroldecertificacionesdeEstadodeConservacionAmbiental_v7/TabladecontroldecertificacionesdeEstadodeConservacionAmbiental_v7.asp?IdArticulo=10679
[Sun May 07 20:03:45.485962 2017] [proxy:error] [pid 7156:tid 15804] [client 181.50.95.77:51086] AH00898: Error reading from remote server returned by /IsolucionSDA/bancoconocimiento/T/TabladecontroldecertificacionesdeEstadodeConservacionAmbiental_v7/TabladecontroldecertificacionesdeEstadodeConservacionAmbiental_v7.asp, referer: http://190.27.245.106/IsolucionSDA/FrameSetArticulo.asp?Pagina=/IsolucionSDA/bancoconocimiento/T/TabladecontroldecertificacionesdeEstadodeConservacionAmbiental_v7/TabladecontroldecertificacionesdeEstadodeConservacionAmbiental_v7.asp?IdArticulo=10679
[Sun May 07 22:25:35.725109 2017] [proxy_http:error] [pid 7156:tid 11656] (OS 10053)An established connection was aborted by the software in your host machine.  : [client 161.18.87.181:57160] AH01102: error reading status line from remote server 172.22.1.31:80, referer: http://190.27.245.106/isolucionsda/FrameSetGeneral.asp?Pagina1=FrameSetGeneral.asp&
[Sun May 07 22:25:35.725109 2017] [proxy:error] [pid 7156:tid 11656] [client 161.18.87.181:57160] AH00898: Error reading from remote server returned by /isolucionsda/BarraTitulos.asp, referer: http://190.27.245.106/isolucionsda/FrameSetGeneral.asp?Pagina1=FrameSetGeneral.asp&
[Sun May 07 23:24:24.857908 2017] [mpm_winnt:warn] [pid 7156:tid 16616] (OS 64)The specified network name is no longer available.  : AH00341: winnt_accept: Asynchronous AcceptEx failed.
[Sun May 07 23:24:24.857908 2017] [mpm_winnt:warn] [pid 7156:tid 16616] (OS 64)The specified network name is no longer available.  : AH00341: winnt_accept: Asynchronous AcceptEx failed.
[Sun May 07 23:24:24.857908 2017] [mpm_winnt:warn] [pid 7156:tid 16616] (OS 64)The specified network name is no longer available.  : AH00341: winnt_accept: Asynchronous AcceptEx failed.
[Sun May 07 23:24:24.857908 2017] [mpm_winnt:warn] [pid 7156:tid 16616] (OS 64)The specified network name is no longer available.  : AH00341: winnt_accept: Asynchronous AcceptEx failed.
[Sun May 07 23:24:24.857908 2017] [mpm_winnt:warn] [pid 7156:tid 16616] (OS 64)The specified network name is no longer available.  : AH00341: winnt_accept: Asynchronous AcceptEx failed.
[Sun May 07 23:24:24.857908 2017] [mpm_winnt:warn] [pid 7156:tid 16616] (OS 64)The specified network name is no longer available.  : AH00341: winnt_accept: Asynchronous AcceptEx failed.
[Sun May 07 23:24:24.857908 2017] [mpm_winnt:warn] [pid 7156:tid 16616] (OS 64)The specified network name is no longer available.  : AH00341: winnt_accept: Asynchronous AcceptEx failed.
[Sun May 07 23:24:24.857908 2017] [mpm_winnt:warn] [pid 7156:tid 16616] (OS 64)The specified network name is no longer available.  : AH00341: winnt_accept: Asynchronous AcceptEx failed.
[Sun May 07 23:24:24.857908 2017] [mpm_winnt:warn] [pid 7156:tid 16616] (OS 64)The specified network name is no longer available.  : AH00341: winnt_accept: Asynchronous AcceptEx failed.
[Sun May 07 23:24:24.857908 2017] [mpm_winnt:warn] [pid 7156:tid 16616] (OS 64)The specified network name is no longer available.  : AH00341: winnt_accept: Asynchronous AcceptEx failed.
[Sun May 07 23:24:24.857908 2017] [mpm_winnt:warn] [pid 7156:tid 16616] (OS 64)The specified network name is no longer available.  : AH00341: winnt_accept: Asynchronous AcceptEx failed.
[Sun May 07 23:24:24.857908 2017] [mpm_winnt:warn] [pid 7156:tid 16616] (OS 64)The specified network name is no longer available.  : AH00341: winnt_accept: Asynchronous AcceptEx failed.
[Sun May 07 23:24:24.857908 2017] [mpm_winnt:warn] [pid 7156:tid 16616] (OS 64)The specified network name is no longer available.  : AH00341: winnt_accept: Asynchronous AcceptEx failed.
[Sun May 07 23:24:24.857908 2017] [mpm_winnt:warn] [pid 7156:tid 16616] (OS 64)The specified network name is no longer available.  : AH00341: winnt_accept: Asynchronous AcceptEx failed.
[Sun May 07 23:24:24.857908 2017] [mpm_winnt:warn] [pid 7156:tid 16616] (OS 64)The specified network name is no longer available.  : AH00341: winnt_accept: Asynchronous AcceptEx failed.
[Sun May 07 23:24:24.857908 2017] [mpm_winnt:warn] [pid 7156:tid 16616] (OS 64)The specified network name is no longer available.  : AH00341: winnt_accept: Asynchronous AcceptEx failed.
[Sun May 07 23:24:24.857908 2017] [mpm_winnt:warn] [pid 7156:tid 16616] (OS 64)The specified network name is no longer available.  : AH00341: winnt_accept: Asynchronous AcceptEx failed.
[Sun May 07 23:24:24.857908 2017] [mpm_winnt:warn] [pid 7156:tid 16616] (OS 64)The specified network name is no longer available.  : AH00341: winnt_accept: Asynchronous AcceptEx failed.
[Sun May 07 23:24:24.857908 2017] [mpm_winnt:warn] [pid 7156:tid 16616] (OS 64)The specified network name is no longer available.  : AH00341: winnt_accept: Asynchronous AcceptEx failed.
[Sun May 07 23:24:24.857908 2017] [mpm_winnt:warn] [pid 7156:tid 16616] (OS 64)The specified network name is no longer available.  : AH00341: winnt_accept: Asynchronous AcceptEx failed.
[Sun May 07 23:24:24.857908 2017] [mpm_winnt:warn] [pid 7156:tid 16616] (OS 64)The specified network name is no longer available.  : AH00341: winnt_accept: Asynchronous AcceptEx failed.
[Sun May 07 23:24:24.857908 2017] [mpm_winnt:warn] [pid 7156:tid 16616] (OS 64)The specified network name is no longer available.  : AH00341: winnt_accept: Asynchronous AcceptEx failed.
[Sun May 07 23:24:24.857908 2017] [mpm_winnt:warn] [pid 7156:tid 16616] (OS 64)The specified network name is no longer available.  : AH00341: winnt_accept: Asynchronous AcceptEx failed.
[Sun May 07 23:24:24.857908 2017] [mpm_winnt:warn] [pid 7156:tid 16616] (OS 64)The specified network name is no longer available.  : AH00341: winnt_accept: Asynchronous AcceptEx failed.
[Sun May 07 23:24:24.857908 2017] [mpm_winnt:warn] [pid 7156:tid 16616] (OS 64)The specified network name is no longer available.  : AH00341: winnt_accept: Asynchronous AcceptEx failed.
[Sun May 07 23:24:24.857908 2017] [mpm_winnt:warn] [pid 7156:tid 16616] (OS 64)The specified network name is no longer available.  : AH00341: winnt_accept: Asynchronous AcceptEx failed.
[Sun May 07 23:24:24.857908 2017] [mpm_winnt:warn] [pid 7156:tid 16616] (OS 64)The specified network name is no longer available.  : AH00341: winnt_accept: Asynchronous AcceptEx failed.
[Sun May 07 23:24:24.857908 2017] [mpm_winnt:warn] [pid 7156:tid 16616] (OS 64)The specified network name is no longer available.  : AH00341: winnt_accept: Asynchronous AcceptEx failed.
[Sun May 07 23:24:24.857908 2017] [mpm_winnt:warn] [pid 7156:tid 16616] (OS 64)The specified network name is no longer available.  : AH00341: winnt_accept: Asynchronous AcceptEx failed.
[Sun May 07 23:24:24.857908 2017] [mpm_winnt:warn] [pid 7156:tid 16616] (OS 64)The specified network name is no longer available.  : AH00341: winnt_accept: Asynchronous AcceptEx failed.
[Sun May 07 23:24:24.857908 2017] [mpm_winnt:warn] [pid 7156:tid 16616] (OS 64)The specified network name is no longer available.  : AH00341: winnt_accept: Asynchronous AcceptEx failed.
[Sun May 07 23:24:24.857908 2017] [mpm_winnt:warn] [pid 7156:tid 16616] (OS 64)The specified network name is no longer available.  : AH00341: winnt_accept: Asynchronous AcceptEx failed.
[Sun May 07 23:24:24.857908 2017] [mpm_winnt:warn] [pid 7156:tid 16616] (OS 64)The specified network name is no longer available.  : AH00341: winnt_accept: Asynchronous AcceptEx failed.
[Sun May 07 23:24:24.857908 2017] [mpm_winnt:warn] [pid 7156:tid 16616] (OS 64)The specified network name is no longer available.  : AH00341: winnt_accept: Asynchronous AcceptEx failed.
[Sun May 07 23:24:24.857908 2017] [mpm_winnt:warn] [pid 7156:tid 16616] (OS 64)The specified network name is no longer available.  : AH00341: winnt_accept: Asynchronous AcceptEx failed.
[Sun May 07 23:24:24.857908 2017] [mpm_winnt:warn] [pid 7156:tid 16616] (OS 64)The specified network name is no longer available.  : AH00341: winnt_accept: Asynchronous AcceptEx failed.
[Sun May 07 23:24:24.857908 2017] [mpm_winnt:warn] [pid 7156:tid 16616] (OS 64)The specified network name is no longer available.  : AH00341: winnt_accept: Asynchronous AcceptEx failed.
[Sun May 07 23:24:24.857908 2017] [mpm_winnt:warn] [pid 7156:tid 16616] (OS 64)The specified network name is no longer available.  : AH00341: winnt_accept: Asynchronous AcceptEx failed.
[Sun May 07 23:24:24.857908 2017] [mpm_winnt:warn] [pid 7156:tid 16616] (OS 64)The specified network name is no longer available.  : AH00341: winnt_accept: Asynchronous AcceptEx failed.
[Sun May 07 23:24:24.857908 2017] [mpm_winnt:warn] [pid 7156:tid 16616] (OS 64)The specified network name is no longer available.  : AH00341: winnt_accept: Asynchronous AcceptEx failed.
[Sun May 07 23:24:24.857908 2017] [mpm_winnt:warn] [pid 7156:tid 16616] (OS 64)The specified network name is no longer available.  : AH00341: winnt_accept: Asynchronous AcceptEx failed.
[Sun May 07 23:24:24.857908 2017] [mpm_winnt:warn] [pid 7156:tid 16616] (OS 64)The specified network name is no longer available.  : AH00341: winnt_accept: Asynchronous AcceptEx failed.
[Sun May 07 23:24:24.857908 2017] [mpm_winnt:warn] [pid 7156:tid 16616] (OS 64)The specified network name is no longer available.  : AH00341: winnt_accept: Asynchronous AcceptEx failed.
[Sun May 07 23:24:24.857908 2017] [mpm_winnt:warn] [pid 7156:tid 16616] (OS 64)The specified network name is no longer available.  : AH00341: winnt_accept: Asynchronous AcceptEx failed.
[Sun May 07 23:24:24.857908 2017] [mpm_winnt:warn] [pid 7156:tid 16616] (OS 64)The specified network name is no longer available.  : AH00341: winnt_accept: Asynchronous AcceptEx failed.
[Sun May 07 23:24:24.857908 2017] [mpm_winnt:warn] [pid 7156:tid 16616] (OS 64)The specified network name is no longer available.  : AH00341: winnt_accept: Asynchronous AcceptEx failed.

:: Command execute ::

Enter:
 
Select:
 

:: Search ::
regexp 

:: Upload ::
 
[ ok ]

:: Make Dir ::
 
[ ok ]
:: Make File ::
 
[ ok ]

:: Go Dir ::
 
:: Go File ::
 

--[ c99shell v. 1.0 pre-release build #13 powered by Captain Crunch Security Team | http://ccteam.ru | Generation time: 0.0312 ]--