!C99Shell v. 1.0 pre-release build #13!

Software: Apache. PHP/5.5.15 

uname -a: Windows NT SVR-DMZ 6.1 build 7600 (Windows Server 2008 R2 Enterprise Edition) i586 

SYSTEM 

Safe-mode: OFF (not secure)

E:\nuevo\apache\logs\   drwxrwxrwx
Free 9.41 GB of 239.26 GB (3.93%)
Detected drives: [ a ] [ c ] [ d ] [ e ] [ f ]
Home    Back    Forward    UPDIR    Refresh    Search    Buffer    Encoder    Tools    Proc.    FTP brute    Sec.    SQL    PHP-code    Update    Feedback    Self remove    Logout    


Viewing file:     error.2017.05.23.log (30.05 KB)      -rw-rw-rw-
Select action/file-type:
(+) | (+) | (+) | Code (+) | Session (+) | (+) | SDB (+) | (+) | (+) | (+) | (+) | (+) |
[Tue May 23 00:36:09.657932 2017] [mpm_winnt:warn] [pid 9040:tid 16540] (OS 64)The specified network name is no longer available.  : AH00341: winnt_accept: Asynchronous AcceptEx failed.
[Tue May 23 01:00:03.456450 2017] [proxy_http:error] [pid 9040:tid 16236] (OS 10053)An established connection was aborted by the software in your host machine.  : [client 190.217.96.82:53322] AH01102: error reading status line from remote server 172.22.1.31:80, referer: http://190.27.245.106/isolucionsda/FrameSetGeneral.asp?Pagina1=FrameSetGeneral.asp&
[Tue May 23 01:00:03.456450 2017] [proxy:error] [pid 9040:tid 16236] [client 190.217.96.82:53322] AH00898: Error reading from remote server returned by /isolucionsda/BarraFavoritos.asp, referer: http://190.27.245.106/isolucionsda/FrameSetGeneral.asp?Pagina1=FrameSetGeneral.asp&
[Tue May 23 01:00:03.456450 2017] [proxy_http:error] [pid 9040:tid 16280] (OS 10053)An established connection was aborted by the software in your host machine.  : [client 190.217.96.82:53321] AH01102: error reading status line from remote server 172.22.1.31:80, referer: http://190.27.245.106/isolucionsda/FrameSetGeneral.asp?Pagina1=FrameSetGeneral.asp&
[Tue May 23 01:00:03.456450 2017] [proxy:error] [pid 9040:tid 16280] [client 190.217.96.82:53321] AH00898: Error reading from remote server returned by /isolucionsda/MagazinHome.asp, referer: http://190.27.245.106/isolucionsda/FrameSetGeneral.asp?Pagina1=FrameSetGeneral.asp&
[Tue May 23 03:58:14.627229 2017] [core:error] [pid 9040:tid 15880] (20024)The given path is misformatted or contained invalid characters: [client 220.181.51.115:36391] AH00127: Cannot map GET /BLA/resoluciones/AUTOS%202013/1313.pdf%22 HTTP/1.1 to file
[Tue May 23 07:33:56.694760 2017] [mpm_winnt:warn] [pid 9040:tid 16540] (OS 64)The specified network name is no longer available.  : AH00341: winnt_accept: Asynchronous AcceptEx failed.
[Tue May 23 07:36:51.087467 2017] [proxy_http:error] [pid 9040:tid 15560] (OS 10053)An established connection was aborted by the software in your host machine.  : [client 201.245.192.253:19871] AH01102: error reading status line from remote server 172.22.1.31:80, referer: http://190.27.245.106/isolucionsda/Session.asp
[Tue May 23 07:36:51.087467 2017] [proxy:error] [pid 9040:tid 15560] [client 201.245.192.253:19871] AH00898: Error reading from remote server returned by /isolucionsda/SesionNeutra.asp, referer: http://190.27.245.106/isolucionsda/Session.asp
[Tue May 23 07:47:49.408623 2017] [core:error] [pid 9040:tid 16236] (20024)The given path is misformatted or contained invalid characters: [client 61.177.20.67:64838] AH00127: Cannot map GET /www.ambientebogota.gov.co:81/ HTTP/1.1 to file
[Tue May 23 08:15:17.894718 2017] [proxy_http:error] [pid 9040:tid 15880] (OS 10053)An established connection was aborted by the software in your host machine.  : [client 201.245.192.253:18388] AH01102: error reading status line from remote server 172.22.1.31:80, referer: http://190.27.245.106/isolucionsda/FrameSetGeneral.asp?Pagina1=FrameSetGeneral.asp&
[Tue May 23 08:15:17.894718 2017] [proxy:error] [pid 9040:tid 15880] [client 201.245.192.253:18388] AH00898: Error reading from remote server returned by /isolucionsda/Encabezado.asp, referer: http://190.27.245.106/isolucionsda/FrameSetGeneral.asp?Pagina1=FrameSetGeneral.asp&
[Tue May 23 08:15:21.576325 2017] [proxy_http:error] [pid 9040:tid 16356] (OS 10053)An established connection was aborted by the software in your host machine.  : [client 201.245.192.253:18391] AH01102: error reading status line from remote server 172.22.1.31:80, referer: http://190.27.245.106/isolucionsda/DetalleTareas.aspx?Number=50685151515366684568
[Tue May 23 08:15:21.576325 2017] [proxy:error] [pid 9040:tid 16356] [client 201.245.192.253:18391] AH00898: Error reading from remote server returned by /isolucionsda/infowndpublic.js, referer: http://190.27.245.106/isolucionsda/DetalleTareas.aspx?Number=50685151515366684568
[Tue May 23 08:15:24.087929 2017] [proxy_http:error] [pid 9040:tid 16444] (OS 10053)An established connection was aborted by the software in your host machine.  : [client 201.245.192.253:18390] AH01102: error reading status line from remote server 172.22.1.31:80, referer: http://190.27.245.106/isolucionsda/DetalleTareas.aspx?Number=50685151515366684568
[Tue May 23 08:15:24.087929 2017] [proxy:error] [pid 9040:tid 16444] [client 201.245.192.253:18390] AH00898: Error reading from remote server returned by /isolucionsda/infowndcore.js, referer: http://190.27.245.106/isolucionsda/DetalleTareas.aspx?Number=50685151515366684568
[Tue May 23 08:25:09.651558 2017] [proxy_http:error] [pid 9040:tid 15724] (OS 10053)An established connection was aborted by the software in your host machine.  : [client 201.245.192.253:19477] AH01102: error reading status line from remote server 172.22.1.31:80, referer: http://190.27.245.106/IsolucionSDA/FrameSetArticulo.asp?Pagina=/IsolucionSDA/bancoconocimiento/M/Manualdetrabajoparareconocimiento_v1/Manualdetrabajoparareconocimiento_v1.asp?IdArticulo=9518
[Tue May 23 08:25:09.651558 2017] [proxy:error] [pid 9040:tid 15724] [client 201.245.192.253:19477] AH00898: Error reading from remote server returned by /IsolucionSDA/bancoconocimiento/M/Manualdetrabajoparareconocimiento_v1/Manualdetrabajoparareconocimiento_v1.asp, referer: http://190.27.245.106/IsolucionSDA/FrameSetArticulo.asp?Pagina=/IsolucionSDA/bancoconocimiento/M/Manualdetrabajoparareconocimiento_v1/Manualdetrabajoparareconocimiento_v1.asp?IdArticulo=9518
[Tue May 23 08:38:43.848188 2017] [proxy_http:error] [pid 9040:tid 16020] (OS 10053)An established connection was aborted by the software in your host machine.  : [client 201.245.192.253:14751] AH01102: error reading status line from remote server 172.22.1.31:80
[Tue May 23 08:38:43.848188 2017] [proxy:error] [pid 9040:tid 16020] [client 201.245.192.253:14751] AH00898: Error reading from remote server returned by /isolucionsda/Session.asp
[Tue May 23 08:38:49.916599 2017] [proxy_http:error] [pid 9040:tid 15716] (OS 10053)An established connection was aborted by the software in your host machine.  : [client 201.245.192.253:14919] AH01102: error reading status line from remote server 172.22.1.31:80, referer: http://190.27.245.106/isolucionsda/FrameSetGeneral.asp?Pagina=BancoConocimiento/M/MECINuevo/MECINuevo.asp&IdModulo=16
[Tue May 23 08:38:49.916599 2017] [proxy:error] [pid 9040:tid 15716] [client 201.245.192.253:14919] AH00898: Error reading from remote server returned by /isolucionsda/BarraFavoritos.asp, referer: http://190.27.245.106/isolucionsda/FrameSetGeneral.asp?Pagina=BancoConocimiento/M/MECINuevo/MECINuevo.asp&IdModulo=16
[Tue May 23 08:52:21.008823 2017] [proxy_http:error] [pid 9040:tid 15856] (OS 10053)An established connection was aborted by the software in your host machine.  : [client 201.245.192.253:15247] AH01102: error reading status line from remote server 172.22.1.31:80, referer: http://190.27.245.106/IsolucionSDA/Encabezado.asp?Pagina1=FrameSetGeneral.asp&&Pagina=MagazinHome.asp
[Tue May 23 09:47:56.358081 2017] [mpm_winnt:warn] [pid 9040:tid 16540] (OS 64)The specified network name is no longer available.  : AH00341: winnt_accept: Asynchronous AcceptEx failed.
[Tue May 23 09:47:56.358081 2017] [mpm_winnt:warn] [pid 9040:tid 16540] (OS 64)The specified network name is no longer available.  : AH00341: winnt_accept: Asynchronous AcceptEx failed.
[Tue May 23 10:25:05.088196 2017] [proxy_http:error] [pid 9040:tid 15632] (20014)Internal error: [client 201.245.192.253:21702] AH01102: error reading status line from remote server 192.168.175.30:80, referer: http://190.27.245.106/catalogoisis/index.php
[Tue May 23 11:07:15.429240 2017] [proxy:error] [pid 9040:tid 15944] (OS 10061)No connection could be made because the target machine actively refused it.  : AH00957: HTTP: attempt to connect to 172.22.1.51:8399 (172.22.1.51) failed
[Tue May 23 11:07:15.429240 2017] [proxy:error] [pid 9040:tid 15944] AH00959: ap_proxy_connect_backend disabling worker for (172.22.1.51) for 60s
[Tue May 23 11:07:15.429240 2017] [proxy_http:error] [pid 9040:tid 15944] [client 152.61.128.50:54164] AH01114: HTTP: failed to make connection to backend: 172.22.1.51
[Tue May 23 11:07:15.632041 2017] [proxy:error] [pid 9040:tid 15944] AH00940: HTTP: disabled connection for (172.22.1.51)
[Tue May 23 11:07:15.819241 2017] [proxy:error] [pid 9040:tid 15944] AH00940: HTTP: disabled connection for (172.22.1.51)
[Tue May 23 11:18:12.705195 2017] [proxy_http:error] [pid 9040:tid 16460] (OS 10053)An established connection was aborted by the software in your host machine.  : [client 201.245.192.253:21769] AH01102: error reading status line from remote server 172.22.1.31:80, referer: http://190.27.245.106/isolucionsda/Encabezado.asp?Pagina1=FrameSetGeneral.asp&&Pagina=MagazinHome.asp
[Tue May 23 11:47:17.209459 2017] [mpm_winnt:warn] [pid 9040:tid 16540] (OS 64)The specified network name is no longer available.  : AH00341: winnt_accept: Asynchronous AcceptEx failed.
[Tue May 23 11:47:17.209459 2017] [mpm_winnt:warn] [pid 9040:tid 16540] (OS 64)The specified network name is no longer available.  : AH00341: winnt_accept: Asynchronous AcceptEx failed.
[Tue May 23 12:30:51.307050 2017] [proxy_http:error] [pid 9040:tid 15716] (OS 10060)A connection attempt failed because the connected party did not properly respond after a period of time, or established connection failed because connected host has failed to respond.  : [client 181.52.245.88:52758] AH01102: error reading status line from remote server 172.22.1.43:9090
[Tue May 23 12:30:51.307050 2017] [proxy:error] [pid 9040:tid 15716] [client 181.52.245.88:52758] AH00898: Error reading from remote server returned by /kwsrmcab/Wsrmcab
[Tue May 23 12:35:46.958770 2017] [proxy_http:error] [pid 9040:tid 16016] (OS 10060)A connection attempt failed because the connected party did not properly respond after a period of time, or established connection failed because connected host has failed to respond.  : [client 181.52.245.88:52953] AH01102: error reading status line from remote server 172.22.1.43:9090
[Tue May 23 12:35:46.958770 2017] [proxy:error] [pid 9040:tid 16016] [client 181.52.245.88:52953] AH00898: Error reading from remote server returned by /kwsrmcab/Wsrmcab
[Tue May 23 12:37:01.012100 2017] [proxy_http:error] [pid 9040:tid 16492] (OS 10060)A connection attempt failed because the connected party did not properly respond after a period of time, or established connection failed because connected host has failed to respond.  : [client 181.52.245.88:52964] AH01102: error reading status line from remote server 172.22.1.43:9090
[Tue May 23 12:37:01.012100 2017] [proxy:error] [pid 9040:tid 16492] [client 181.52.245.88:52964] AH00898: Error reading from remote server returned by /kwsrmcab/Wsrmcab
[Tue May 23 13:01:17.478458 2017] [core:error] [pid 9040:tid 15992] (20024)The given path is misformatted or contained invalid characters: [client 66.249.64.32:61108] AH00127: Cannot map GET /www.ambientebogota.gov.co:81/ HTTP/1.1 to file
[Tue May 23 13:02:19.535367 2017] [mpm_winnt:warn] [pid 9040:tid 16540] (OS 64)The specified network name is no longer available.  : AH00341: winnt_accept: Asynchronous AcceptEx failed.
[Tue May 23 13:18:12.806241 2017] [proxy_http:error] [pid 9040:tid 15748] (20014)Internal error: [client 181.52.245.88:54737] AH01102: error reading status line from remote server 172.22.1.43:9090
[Tue May 23 13:18:12.806241 2017] [proxy:error] [pid 9040:tid 15748] [client 181.52.245.88:54737] AH00898: Error reading from remote server returned by /kwsrmcab/Wsrmcab
[Tue May 23 14:00:23.974087 2017] [proxy_http:error] [pid 9040:tid 16492] (20014)Internal error: [client 181.52.245.88:61325] AH01102: error reading status line from remote server 172.22.1.43:9090
[Tue May 23 14:00:23.974087 2017] [proxy:error] [pid 9040:tid 16492] [client 181.52.245.88:61325] AH00898: Error reading from remote server returned by /kwsrmcab/Wsrmcab
[Tue May 23 14:06:54.427173 2017] [proxy_http:error] [pid 9040:tid 15800] (OS 10053)An established connection was aborted by the software in your host machine.  : [client 190.145.134.217:55795] AH01102: error reading status line from remote server 172.22.1.31:80, referer: http://190.27.245.106/IsolucionSDA/FrameSetGeneral.asp?Pagina=SucursalSeleccion.asp&CargaPagina=ModuloProcesos&IdModulo=3
[Tue May 23 14:12:44.850588 2017] [proxy_http:error] [pid 9040:tid 16020] (OS 10053)An established connection was aborted by the software in your host machine.  : [client 201.245.192.253:24372] AH01102: error reading status line from remote server 172.22.1.31:80, referer: http://190.27.245.106/IsolucionSDA/FrameSetGeneral.asp?Pagina1=FrameSetGeneral.asp&
[Tue May 23 14:12:44.850588 2017] [proxy:error] [pid 9040:tid 16020] [client 201.245.192.253:24372] AH00898: Error reading from remote server returned by /IsolucionSDA/BarraTitulos.asp, referer: http://190.27.245.106/IsolucionSDA/FrameSetGeneral.asp?Pagina1=FrameSetGeneral.asp&
[Tue May 23 14:12:44.866188 2017] [proxy_http:error] [pid 9040:tid 16184] (OS 10053)An established connection was aborted by the software in your host machine.  : [client 201.245.192.253:24374] AH01102: error reading status line from remote server 172.22.1.31:80, referer: http://190.27.245.106/IsolucionSDA/FrameSetGeneral.asp?Pagina1=FrameSetGeneral.asp&
[Tue May 23 14:12:44.866188 2017] [proxy:error] [pid 9040:tid 16184] [client 201.245.192.253:24374] AH00898: Error reading from remote server returned by /IsolucionSDA/BarraFavoritos.asp, referer: http://190.27.245.106/IsolucionSDA/FrameSetGeneral.asp?Pagina1=FrameSetGeneral.asp&
[Tue May 23 14:12:46.020590 2017] [proxy_http:error] [pid 9040:tid 16388] (OS 10053)An established connection was aborted by the software in your host machine.  : [client 201.245.192.253:24673] AH01102: error reading status line from remote server 172.22.1.31:80, referer: http://190.27.245.106/IsolucionSDA/FrameSetGeneral.asp?Pagina=Menu.asp&IdModulo=4
[Tue May 23 14:12:46.020590 2017] [proxy:error] [pid 9040:tid 16388] [client 201.245.192.253:24673] AH00898: Error reading from remote server returned by /IsolucionSDA/BarraFavoritos.asp, referer: http://190.27.245.106/IsolucionSDA/FrameSetGeneral.asp?Pagina=Menu.asp&IdModulo=4
[Tue May 23 14:17:36.571101 2017] [core:error] [pid 9040:tid 15952] (20024)The given path is misformatted or contained invalid characters: [client 40.77.167.16:1497] AH00127: Cannot map GET /www.ambientebogota.gov.co:81/ HTTP/1.1 to file
[Tue May 23 14:23:26.604516 2017] [proxy_http:error] [pid 9040:tid 15880] (OS 10053)An established connection was aborted by the software in your host machine.  : [client 201.245.192.253:15919] AH01102: error reading status line from remote server 172.22.1.31:80, referer: http://190.27.245.106/isolucionsda/Encabezado.asp?Pagina1=FrameSetGeneral.asp&&Pagina=MagazinHome.asp
[Tue May 23 14:23:26.604516 2017] [proxy:error] [pid 9040:tid 15880] [client 201.245.192.253:15919] AH00898: Error reading from remote server returned by /isolucionsda/Session.asp, referer: http://190.27.245.106/isolucionsda/Encabezado.asp?Pagina1=FrameSetGeneral.asp&&Pagina=MagazinHome.asp
[Tue May 23 14:23:26.635716 2017] [proxy_http:error] [pid 9040:tid 15872] (OS 10053)An established connection was aborted by the software in your host machine.  : [client 201.245.192.253:15918] AH01102: error reading status line from remote server 172.22.1.31:80, referer: http://190.27.245.106/isolucionsda/FrameSetGeneral.asp?Pagina1=FrameSetGeneral.asp&
[Tue May 23 14:23:26.635716 2017] [proxy:error] [pid 9040:tid 15872] [client 201.245.192.253:15918] AH00898: Error reading from remote server returned by /isolucionsda/BarraFavoritos.asp, referer: http://190.27.245.106/isolucionsda/FrameSetGeneral.asp?Pagina1=FrameSetGeneral.asp&
[Tue May 23 14:23:27.852518 2017] [proxy_http:error] [pid 9040:tid 16032] (OS 10053)An established connection was aborted by the software in your host machine.  : [client 201.245.192.253:15920] AH01102: error reading status line from remote server 172.22.1.31:80, referer: http://190.27.245.106/isolucionsda/MagazinHome.asp
[Tue May 23 14:23:27.852518 2017] [proxy:error] [pid 9040:tid 16032] [client 201.245.192.253:15920] AH00898: Error reading from remote server returned by /isolucionsda/g/Bgr_Destacado3399CC.jpg, referer: http://190.27.245.106/isolucionsda/MagazinHome.asp
[Tue May 23 14:54:43.023611 2017] [mpm_winnt:warn] [pid 9040:tid 16540] (OS 64)The specified network name is no longer available.  : AH00341: winnt_accept: Asynchronous AcceptEx failed.
[Tue May 23 15:35:58.966360 2017] [mpm_winnt:warn] [pid 9040:tid 16540] (OS 64)The specified network name is no longer available.  : AH00341: winnt_accept: Asynchronous AcceptEx failed.
[Tue May 23 15:54:31.842115 2017] [proxy_http:error] [pid 9040:tid 16476] (OS 10053)An established connection was aborted by the software in your host machine.  : [client 201.245.192.253:27454] AH01102: error reading status line from remote server 172.22.1.31:80, referer: http://190.27.245.106/isolucionsda/FrameSetGeneral.asp?Pagina1=FrameSetGeneral.asp&
[Tue May 23 15:54:31.842115 2017] [proxy:error] [pid 9040:tid 16476] [client 201.245.192.253:27454] AH00898: Error reading from remote server returned by /isolucionsda/BarraTitulos.asp, referer: http://190.27.245.106/isolucionsda/FrameSetGeneral.asp?Pagina1=FrameSetGeneral.asp&
[Tue May 23 16:02:56.643402 2017] [proxy_http:error] [pid 9040:tid 15416] (OS 10053)An established connection was aborted by the software in your host machine.  : [client 201.245.192.253:31707] AH01102: error reading status line from remote server 172.22.1.31:80, referer: http://190.27.245.106/isolucionsda/DetalleTareas.aspx?Number=65515549516655514566
[Tue May 23 16:22:54.803506 2017] [proxy:error] [pid 9040:tid 15480] (OS 10060)A connection attempt failed because the connected party did not properly respond after a period of time, or established connection failed because connected host has failed to respond.  : AH00957: HTTP: attempt to connect to 172.22.1.32:80 (172.22.1.32) failed
[Tue May 23 16:22:54.803506 2017] [proxy:error] [pid 9040:tid 15480] AH00959: ap_proxy_connect_backend disabling worker for (172.22.1.32) for 60s
[Tue May 23 16:22:54.803506 2017] [proxy_http:error] [pid 9040:tid 15480] [client 66.249.64.53:46468] AH01114: HTTP: failed to make connection to backend: 172.22.1.32
[Tue May 23 16:46:38.057406 2017] [mpm_winnt:warn] [pid 9040:tid 16540] (OS 64)The specified network name is no longer available.  : AH00341: winnt_accept: Asynchronous AcceptEx failed.
[Tue May 23 16:54:37.711448 2017] [core:error] [pid 9040:tid 16016] (20024)The given path is misformatted or contained invalid characters: [client 208.43.225.85:49574] AH00127: Cannot map GET /www.ambientebogota.gov.co:81/ HTTP/1.1 to file
[Tue May 23 17:03:13.307954 2017] [proxy_http:error] [pid 9040:tid 15464] (20014)Internal error: [client 201.245.192.253:30368] AH01102: error reading status line from remote server 172.22.1.43:80, referer: http://190.27.245.106/desprendiblespago/controlador
[Tue May 23 17:52:19.608129 2017] [mpm_winnt:warn] [pid 9040:tid 16540] (OS 64)The specified network name is no longer available.  : AH00341: winnt_accept: Asynchronous AcceptEx failed.
[Tue May 23 17:52:19.608129 2017] [mpm_winnt:warn] [pid 9040:tid 16540] (OS 64)The specified network name is no longer available.  : AH00341: winnt_accept: Asynchronous AcceptEx failed.
[Tue May 23 17:56:29.894968 2017] [mpm_winnt:warn] [pid 9040:tid 16540] (OS 64)The specified network name is no longer available.  : AH00341: winnt_accept: Asynchronous AcceptEx failed.
[Tue May 23 17:57:01.063823 2017] [proxy:error] [pid 9040:tid 16448] (OS 10060)A connection attempt failed because the connected party did not properly respond after a period of time, or established connection failed because connected host has failed to respond.  : AH00957: HTTP: attempt to connect to 172.22.1.32:80 (172.22.1.32) failed
[Tue May 23 17:57:01.063823 2017] [proxy:error] [pid 9040:tid 16448] AH00959: ap_proxy_connect_backend disabling worker for (172.22.1.32) for 60s
[Tue May 23 17:57:01.063823 2017] [proxy_http:error] [pid 9040:tid 16448] [client 66.249.64.53:59584] AH01114: HTTP: failed to make connection to backend: 172.22.1.32
[Tue May 23 18:13:25.643953 2017] [mpm_winnt:warn] [pid 9040:tid 16540] (OS 64)The specified network name is no longer available.  : AH00341: winnt_accept: Asynchronous AcceptEx failed.
[Tue May 23 18:13:25.643953 2017] [mpm_winnt:warn] [pid 9040:tid 16540] (OS 64)The specified network name is no longer available.  : AH00341: winnt_accept: Asynchronous AcceptEx failed.
[Tue May 23 18:13:25.643953 2017] [mpm_winnt:warn] [pid 9040:tid 16540] (OS 64)The specified network name is no longer available.  : AH00341: winnt_accept: Asynchronous AcceptEx failed.
[Tue May 23 18:13:25.675153 2017] [mpm_winnt:warn] [pid 9040:tid 16540] (OS 64)The specified network name is no longer available.  : AH00341: winnt_accept: Asynchronous AcceptEx failed.
[Tue May 23 18:26:07.222690 2017] [proxy_http:error] [pid 9040:tid 15760] (OS 10053)An established connection was aborted by the software in your host machine.  : [client 201.245.192.253:19454] AH01102: error reading status line from remote server 172.22.1.31:80, referer: http://190.27.245.106/IsolucionSDA/FrameSetGeneral.asp?Pagina=Menu.asp&IdModulo=4
[Tue May 23 18:26:07.222690 2017] [proxy:error] [pid 9040:tid 15760] [client 201.245.192.253:19454] AH00898: Error reading from remote server returned by /IsolucionSDA/BarraTitulos.asp, referer: http://190.27.245.106/IsolucionSDA/FrameSetGeneral.asp?Pagina=Menu.asp&IdModulo=4
[Tue May 23 18:26:07.222690 2017] [proxy_http:error] [pid 9040:tid 15456] (OS 10053)An established connection was aborted by the software in your host machine.  : [client 201.245.192.253:19455] AH01102: error reading status line from remote server 172.22.1.31:80, referer: http://190.27.245.106/IsolucionSDA/FrameSetGeneral.asp?Pagina=Menu.asp&IdModulo=4
[Tue May 23 18:26:07.222690 2017] [proxy:error] [pid 9040:tid 15456] [client 201.245.192.253:19455] AH00898: Error reading from remote server returned by /IsolucionSDA/Menu.asp, referer: http://190.27.245.106/IsolucionSDA/FrameSetGeneral.asp?Pagina=Menu.asp&IdModulo=4
[Tue May 23 18:26:10.389496 2017] [proxy_http:error] [pid 9040:tid 15820] (OS 10053)An established connection was aborted by the software in your host machine.  : [client 201.245.192.253:19456] AH01102: error reading status line from remote server 172.22.1.31:80, referer: http://190.27.245.106/IsolucionSDA/FrameSetGeneral.asp?Pagina=Menu.asp&IdModulo=4
[Tue May 23 18:26:10.389496 2017] [proxy:error] [pid 9040:tid 15820] [client 201.245.192.253:19456] AH00898: Error reading from remote server returned by /IsolucionSDA/BarraFavoritos.asp, referer: http://190.27.245.106/IsolucionSDA/FrameSetGeneral.asp?Pagina=Menu.asp&IdModulo=4
[Tue May 23 18:28:47.653372 2017] [proxy_http:error] [pid 9040:tid 16140] (OS 10053)An established connection was aborted by the software in your host machine.  : [client 201.245.192.253:21236] AH01102: error reading status line from remote server 172.22.1.31:80, referer: http://190.27.245.106/isolucionsda/IdentificaUsuario.asp?Pagina1=FrameSetGeneral.asp&
[Tue May 23 18:28:47.653372 2017] [proxy:error] [pid 9040:tid 16140] [client 201.245.192.253:21236] AH00898: Error reading from remote server returned by /isolucionsda/g/Bgr_BarraSuperior.jpg, referer: http://190.27.245.106/isolucionsda/IdentificaUsuario.asp?Pagina1=FrameSetGeneral.asp&
[Tue May 23 18:28:55.827786 2017] [proxy_http:error] [pid 9040:tid 15456] (OS 10053)An established connection was aborted by the software in your host machine.  : [client 201.245.192.253:21336] AH01102: error reading status line from remote server 172.22.1.31:80, referer: http://190.27.245.106/isolucionsda/FrameSetGeneral.asp?Pagina1=FrameSetGeneral.asp&
[Tue May 23 18:28:55.827786 2017] [proxy:error] [pid 9040:tid 15456] [client 201.245.192.253:21336] AH00898: Error reading from remote server returned by /isolucionsda/Encabezado.asp, referer: http://190.27.245.106/isolucionsda/FrameSetGeneral.asp?Pagina1=FrameSetGeneral.asp&
[Tue May 23 18:54:22.415268 2017] [proxy_http:error] [pid 9040:tid 16016] (OS 10053)An established connection was aborted by the software in your host machine.  : [client 201.245.192.253:10618] AH01102: error reading status line from remote server 172.22.1.31:80, referer: http://190.27.245.106/IsolucionSDA/Administracion/SalaEdicion/Articulo.asp?Id_Articulo=11009&Ancla=ContenidoNormatividad
[Tue May 23 18:54:22.415268 2017] [proxy:error] [pid 9040:tid 16016] [client 201.245.192.253:10618] AH00898: Error reading from remote server returned by /IsolucionSDA/Administracion/SalaEdicion/g/GifTransparente.gif, referer: http://190.27.245.106/IsolucionSDA/Administracion/SalaEdicion/Articulo.asp?Id_Articulo=11009&Ancla=ContenidoNormatividad
[Tue May 23 19:00:15.459488 2017] [proxy_http:error] [pid 9040:tid 16088] (OS 10053)An established connection was aborted by the software in your host machine.  : [client 201.245.192.253:13438] AH01102: error reading status line from remote server 172.22.1.31:80, referer: http://190.27.245.106/IsolucionSDA/Administracion/SalaEdicion/Articulo.asp?Id_Articulo=11009&Ancla=ContenidoNormatividad
[Tue May 23 19:00:15.459488 2017] [proxy:error] [pid 9040:tid 16088] [client 201.245.192.253:13438] AH00898: Error reading from remote server returned by /IsolucionSDA/javascript/ClickValidation.js, referer: http://190.27.245.106/IsolucionSDA/Administracion/SalaEdicion/Articulo.asp?Id_Articulo=11009&Ancla=ContenidoNormatividad
[Tue May 23 19:39:10.612989 2017] [proxy_http:error] [pid 9040:tid 15872] (OS 10053)An established connection was aborted by the software in your host machine.  : [client 201.245.192.253:15855] AH01102: error reading status line from remote server 172.22.1.31:80, referer: http://190.27.245.106/IsolucionSDA/FrameSetGeneral.asp?Pagina1=FrameSetGeneral.asp&
[Tue May 23 19:39:10.612989 2017] [proxy:error] [pid 9040:tid 15872] [client 201.245.192.253:15855] AH00898: Error reading from remote server returned by /IsolucionSDA/BarraFavoritos.asp, referer: http://190.27.245.106/IsolucionSDA/FrameSetGeneral.asp?Pagina1=FrameSetGeneral.asp&
[Tue May 23 19:39:10.628589 2017] [proxy_http:error] [pid 9040:tid 15268] (OS 10053)An established connection was aborted by the software in your host machine.  : [client 201.245.192.253:15845] AH01102: error reading status line from remote server 172.22.1.31:80, referer: http://190.27.245.106/IsolucionSDA/Encabezado.asp?Pagina1=FrameSetGeneral.asp&&Pagina=MagazinHome.asp
[Tue May 23 19:39:46.087452 2017] [mpm_winnt:warn] [pid 9040:tid 16540] (OS 64)The specified network name is no longer available.  : AH00341: winnt_accept: Asynchronous AcceptEx failed.
[Tue May 23 20:04:36.389269 2017] [mpm_winnt:warn] [pid 9040:tid 16540] (OS 64)The specified network name is no longer available.  : AH00341: winnt_accept: Asynchronous AcceptEx failed.
[Tue May 23 21:08:38.522018 2017] [core:error] [pid 9040:tid 15640] (20024)The given path is misformatted or contained invalid characters: [client 104.207.146.148:38498] AH00127: Cannot map GET /galeria/carrusel/Carrusel/jquery-ui-%0A%0A1.8.13.custom.min.js HTTP/1.1 to file, referer: http://ambientebogota.gov.co/
[Tue May 23 21:39:41.603090 2017] [mpm_winnt:warn] [pid 9040:tid 16540] (OS 64)The specified network name is no longer available.  : AH00341: winnt_accept: Asynchronous AcceptEx failed.
[Tue May 23 21:39:41.603090 2017] [mpm_winnt:warn] [pid 9040:tid 16540] (OS 64)The specified network name is no longer available.  : AH00341: winnt_accept: Asynchronous AcceptEx failed.
[Tue May 23 21:39:41.603090 2017] [mpm_winnt:warn] [pid 9040:tid 16540] (OS 64)The specified network name is no longer available.  : AH00341: winnt_accept: Asynchronous AcceptEx failed.
[Tue May 23 21:39:41.603090 2017] [mpm_winnt:warn] [pid 9040:tid 16540] (OS 64)The specified network name is no longer available.  : AH00341: winnt_accept: Asynchronous AcceptEx failed.
[Tue May 23 21:39:41.603090 2017] [mpm_winnt:warn] [pid 9040:tid 16540] (OS 64)The specified network name is no longer available.  : AH00341: winnt_accept: Asynchronous AcceptEx failed.
[Tue May 23 21:39:41.603090 2017] [mpm_winnt:warn] [pid 9040:tid 16540] (OS 64)The specified network name is no longer available.  : AH00341: winnt_accept: Asynchronous AcceptEx failed.
[Tue May 23 21:39:41.603090 2017] [mpm_winnt:warn] [pid 9040:tid 16540] (OS 64)The specified network name is no longer available.  : AH00341: winnt_accept: Asynchronous AcceptEx failed.
[Tue May 23 21:39:41.603090 2017] [mpm_winnt:warn] [pid 9040:tid 16540] (OS 64)The specified network name is no longer available.  : AH00341: winnt_accept: Asynchronous AcceptEx failed.
[Tue May 23 21:39:41.603090 2017] [mpm_winnt:warn] [pid 9040:tid 16540] (OS 64)The specified network name is no longer available.  : AH00341: winnt_accept: Asynchronous AcceptEx failed.
[Tue May 23 21:39:41.603090 2017] [mpm_winnt:warn] [pid 9040:tid 16540] (OS 64)The specified network name is no longer available.  : AH00341: winnt_accept: Asynchronous AcceptEx failed.
[Tue May 23 21:39:41.603090 2017] [mpm_winnt:warn] [pid 9040:tid 16540] (OS 64)The specified network name is no longer available.  : AH00341: winnt_accept: Asynchronous AcceptEx failed.
[Tue May 23 21:39:41.603090 2017] [mpm_winnt:warn] [pid 9040:tid 16540] (OS 64)The specified network name is no longer available.  : AH00341: winnt_accept: Asynchronous AcceptEx failed.
[Tue May 23 21:39:41.603090 2017] [mpm_winnt:warn] [pid 9040:tid 16540] (OS 64)The specified network name is no longer available.  : AH00341: winnt_accept: Asynchronous AcceptEx failed.
[Tue May 23 21:39:41.603090 2017] [mpm_winnt:warn] [pid 9040:tid 16540] (OS 64)The specified network name is no longer available.  : AH00341: winnt_accept: Asynchronous AcceptEx failed.
[Tue May 23 22:33:16.956938 2017] [proxy_http:error] [pid 9040:tid 15400] (OS 10053)An established connection was aborted by the software in your host machine.  : [client 186.146.17.153:61276] AH01102: error reading status line from remote server 172.22.1.31:80, referer: http://190.27.245.106/isolucionsda/IdentificaUsuario.asp?Pagina1=FrameSetGeneral.asp&
[Tue May 23 22:33:16.956938 2017] [proxy:error] [pid 9040:tid 15400] [client 186.146.17.153:61276] AH00898: Error reading from remote server returned by /isolucionsda/g/Img_DivBarraSup.jpg, referer: http://190.27.245.106/isolucionsda/IdentificaUsuario.asp?Pagina1=FrameSetGeneral.asp&

:: Command execute ::

Enter:
 
Select:
 

:: Search ::
regexp 

:: Upload ::
 
[ ok ]

:: Make Dir ::
 
[ ok ]
:: Make File ::
 
[ ok ]

:: Go Dir ::
 
:: Go File ::
 

--[ c99shell v. 1.0 pre-release build #13 powered by Captain Crunch Security Team | http://ccteam.ru | Generation time: 0.1092 ]--