!C99Shell v. 1.0 pre-release build #13!

Software: Apache. PHP/5.5.15 

uname -a: Windows NT SVR-DMZ 6.1 build 7600 (Windows Server 2008 R2 Enterprise Edition) i586 

SYSTEM 

Safe-mode: OFF (not secure)

E:\nuevo\apache\logs\   drwxrwxrwx
Free 5.02 GB of 239.26 GB (2.1%)
Detected drives: [ a ] [ c ] [ d ] [ e ] [ f ]
Home    Back    Forward    UPDIR    Refresh    Search    Buffer    Encoder    Tools    Proc.    FTP brute    Sec.    SQL    PHP-code    Update    Feedback    Self remove    Logout    


Viewing file:     error.2017.05.25.log (51.77 KB)      -rw-rw-rw-
Select action/file-type:
(+) | (+) | (+) | Code (+) | Session (+) | (+) | SDB (+) | (+) | (+) | (+) | (+) | (+) |
[Thu May 25 00:43:02.135767 2017] [proxy_http:error] [pid 9040:tid 15276] (OS 10053)An established connection was aborted by the software in your host machine.  : [client 62.252.60.68:63750] AH01102: error reading status line from remote server 172.22.1.31:80
[Thu May 25 00:43:02.135767 2017] [proxy:error] [pid 9040:tid 15276] [client 62.252.60.68:63750] AH00898: Error reading from remote server returned by /isolucionsda/
[Thu May 25 00:46:55.028576 2017] [mpm_winnt:warn] [pid 9040:tid 16540] (OS 64)The specified network name is no longer available.  : AH00341: winnt_accept: Asynchronous AcceptEx failed.
[Thu May 25 00:52:57.230012 2017] [mpm_winnt:warn] [pid 9040:tid 16540] (OS 64)The specified network name is no longer available.  : AH00341: winnt_accept: Asynchronous AcceptEx failed.
[Thu May 25 01:02:19.283399 2017] [core:error] [pid 9040:tid 15488] (20024)The given path is misformatted or contained invalid characters: [client 149.202.60.140:41356] AH00127: Cannot map GET /www.ambientebogota.gov.co:81/ HTTP/1.0 to file
[Thu May 25 01:02:20.219401 2017] [core:error] [pid 9040:tid 15488] (20024)The given path is misformatted or contained invalid characters: [client 149.202.60.140:41606] AH00127: Cannot map GET /www.ambientebogota.gov.co:81/wp-login.php HTTP/1.0 to file
[Thu May 25 01:02:20.547001 2017] [core:error] [pid 9040:tid 15488] (20024)The given path is misformatted or contained invalid characters: [client 149.202.60.140:41694] AH00127: Cannot map GET /www.ambientebogota.gov.co:81/administrator/index.php HTTP/1.0 to file
[Thu May 25 02:57:25.807530 2017] [mpm_winnt:warn] [pid 9040:tid 16540] (OS 64)The specified network name is no longer available.  : AH00341: winnt_accept: Asynchronous AcceptEx failed.
[Thu May 25 05:47:48.290085 2017] [mpm_winnt:warn] [pid 9040:tid 16540] (OS 64)The specified network name is no longer available.  : AH00341: winnt_accept: Asynchronous AcceptEx failed.
[Thu May 25 06:42:58.320499 2017] [mpm_winnt:warn] [pid 9040:tid 16540] (OS 64)The specified network name is no longer available.  : AH00341: winnt_accept: Asynchronous AcceptEx failed.
[Thu May 25 07:39:09.690220 2017] [proxy_http:error] [pid 9040:tid 15624] (OS 10053)An established connection was aborted by the software in your host machine.  : [client 186.29.123.150:50640] AH01102: error reading status line from remote server 172.22.1.31:80, referer: http://190.27.245.106/isolucionsda/Session.asp
[Thu May 25 07:39:09.690220 2017] [proxy:error] [pid 9040:tid 15624] [client 186.29.123.150:50640] AH00898: Error reading from remote server returned by /isolucionsda/Session.asp, referer: http://190.27.245.106/isolucionsda/Session.asp
[Thu May 25 07:40:13.073132 2017] [proxy_http:error] [pid 9040:tid 16396] (OS 10053)An established connection was aborted by the software in your host machine.  : [client 201.245.192.253:30319] AH01102: error reading status line from remote server 172.22.1.31:80, referer: http://190.27.245.106/isolucionsda/FrameSetGeneral.asp?Pagina1=FrameSetGeneral.asp&
[Thu May 25 07:40:13.073132 2017] [proxy:error] [pid 9040:tid 16396] [client 201.245.192.253:30319] AH00898: Error reading from remote server returned by /isolucionsda/BarraFavoritos.asp, referer: http://190.27.245.106/isolucionsda/FrameSetGeneral.asp?Pagina1=FrameSetGeneral.asp&
[Thu May 25 07:40:14.976335 2017] [proxy_http:error] [pid 9040:tid 15548] (OS 10053)An established connection was aborted by the software in your host machine.  : [client 201.245.192.253:30385] AH01102: error reading status line from remote server 172.22.1.31:80, referer: http://190.27.245.106/isolucionsda/FrameSetGeneral.asp?Pagina=SucursalSeleccion.asp&CargaPagina=ModuloProcesos&IdModulo=3
[Thu May 25 07:40:14.976335 2017] [proxy:error] [pid 9040:tid 15548] [client 201.245.192.253:30385] AH00898: Error reading from remote server returned by /isolucionsda/BarraFavoritos.asp, referer: http://190.27.245.106/isolucionsda/FrameSetGeneral.asp?Pagina=SucursalSeleccion.asp&CargaPagina=ModuloProcesos&IdModulo=3
[Thu May 25 07:51:04.982677 2017] [proxy_http:error] [pid 9040:tid 16356] (OS 10053)An established connection was aborted by the software in your host machine.  : [client 201.245.192.253:19054] AH01102: error reading status line from remote server 172.22.1.31:80, referer: http://190.27.245.106/isolucionsda/Encabezado.asp?Pagina1=FrameSetGeneral.asp&&Pagina=MagazinHome.asp
[Thu May 25 08:14:13.058515 2017] [proxy_http:error] [pid 9040:tid 15920] (OS 10053)An established connection was aborted by the software in your host machine.  : [client 201.245.192.253:23954] AH01102: error reading status line from remote server 172.22.1.31:80, referer: http://190.27.245.106/IsolucionSDA/Encabezado.asp?Pagina1=FrameSetGeneral.asp&&Pagina=MagazinHome.asp
[Thu May 25 08:14:13.058515 2017] [proxy:error] [pid 9040:tid 15920] [client 201.245.192.253:23954] AH00898: Error reading from remote server returned by /IsolucionSDA/g/Bot_Anterior.jpg, referer: http://190.27.245.106/IsolucionSDA/Encabezado.asp?Pagina1=FrameSetGeneral.asp&&Pagina=MagazinHome.asp
[Thu May 25 08:14:15.554519 2017] [proxy_http:error] [pid 9040:tid 16312] (OS 10053)An established connection was aborted by the software in your host machine.  : [client 201.245.192.253:23953] AH01102: error reading status line from remote server 172.22.1.31:80, referer: http://190.27.245.106/IsolucionSDA/Encabezado.asp?Pagina1=FrameSetGeneral.asp&&Pagina=MagazinHome.asp
[Thu May 25 08:14:15.554519 2017] [proxy:error] [pid 9040:tid 16312] [client 201.245.192.253:23953] AH00898: Error reading from remote server returned by /IsolucionSDA/Session.asp, referer: http://190.27.245.106/IsolucionSDA/Encabezado.asp?Pagina1=FrameSetGeneral.asp&&Pagina=MagazinHome.asp
[Thu May 25 08:20:23.543565 2017] [mpm_winnt:warn] [pid 9040:tid 16540] (OS 64)The specified network name is no longer available.  : AH00341: winnt_accept: Asynchronous AcceptEx failed.
[Thu May 25 08:45:55.169856 2017] [proxy_http:error] [pid 9040:tid 15672] (OS 10053)An established connection was aborted by the software in your host machine.  : [client 201.245.192.253:22758] AH01102: error reading status line from remote server 172.22.1.31:80, referer: http://190.27.245.106/IsolucionSDA/FrameSetGeneral.asp?Pagina1=FrameSetGeneral.asp&
[Thu May 25 08:45:55.169856 2017] [proxy:error] [pid 9040:tid 15672] [client 201.245.192.253:22758] AH00898: Error reading from remote server returned by /IsolucionSDA/BarraTitulos.asp, referer: http://190.27.245.106/IsolucionSDA/FrameSetGeneral.asp?Pagina1=FrameSetGeneral.asp&
[Thu May 25 08:54:22.015746 2017] [core:error] [pid 9040:tid 15840] (22)Invalid argument: [client 201.245.192.253:26714] AH00127: Cannot map GET /galeria/nivo-slider/demo/images/bannercampa\xf1acambiodesede.jpg HTTP/1.1 to file, referer: http://190.27.245.106/galeria/nivo-slider/demo/demo.html
[Thu May 25 08:55:30.094265 2017] [proxy_http:error] [pid 9040:tid 15324] (OS 10053)An established connection was aborted by the software in your host machine.  : [client 201.245.192.253:22042] AH01102: error reading status line from remote server 172.22.1.31:80, referer: http://190.27.245.106/isolucionsda/FrameSetGeneral.asp?Pagina=BancoConocimiento/M/MECINuevo/MECINuevo.asp&IdModulo=16
[Thu May 25 08:55:30.094265 2017] [proxy:error] [pid 9040:tid 15324] [client 201.245.192.253:22042] AH00898: Error reading from remote server returned by /isolucionsda/BarraFavoritos.asp, referer: http://190.27.245.106/isolucionsda/FrameSetGeneral.asp?Pagina=BancoConocimiento/M/MECINuevo/MECINuevo.asp&IdModulo=16
[Thu May 25 09:00:53.311233 2017] [proxy_http:error] [pid 9040:tid 15788] (20014)Internal error: [client 201.184.78.154:50888] AH01102: error reading status line from remote server 172.22.1.43:9090
[Thu May 25 09:00:53.311233 2017] [proxy:error] [pid 9040:tid 15788] [client 201.184.78.154:50888] AH00898: Error reading from remote server returned by /kwsrmcab/Wsrmcab
[Thu May 25 09:09:54.164183 2017] [mpm_winnt:warn] [pid 9040:tid 16540] (OS 64)The specified network name is no longer available.  : AH00341: winnt_accept: Asynchronous AcceptEx failed.
[Thu May 25 09:09:54.179783 2017] [mpm_winnt:warn] [pid 9040:tid 16540] (OS 64)The specified network name is no longer available.  : AH00341: winnt_accept: Asynchronous AcceptEx failed.
[Thu May 25 09:12:01.944008 2017] [proxy_http:error] [pid 9040:tid 15184] (OS 10053)An established connection was aborted by the software in your host machine.  : [client 201.245.192.253:27469] AH01102: error reading status line from remote server 172.22.1.31:80, referer: http://190.27.245.106/isolucionsda/FrameSetGeneral.asp?Pagina=SucursalSeleccion.asp&CargaPagina=ModuloProcesos&IdModulo=3
[Thu May 25 09:12:01.944008 2017] [proxy:error] [pid 9040:tid 15184] [client 201.245.192.253:27469] AH00898: Error reading from remote server returned by /isolucionsda/SucursalSeleccion.asp, referer: http://190.27.245.106/isolucionsda/FrameSetGeneral.asp?Pagina=SucursalSeleccion.asp&CargaPagina=ModuloProcesos&IdModulo=3
[Thu May 25 09:13:23.329350 2017] [mpm_winnt:warn] [pid 9040:tid 16540] (OS 64)The specified network name is no longer available.  : AH00341: winnt_accept: Asynchronous AcceptEx failed.
[Thu May 25 09:14:48.443100 2017] [proxy_http:error] [pid 9040:tid 15288] (20014)Internal error: [client 201.184.78.154:51180] AH01102: error reading status line from remote server 172.22.1.43:9090
[Thu May 25 09:14:48.443100 2017] [proxy:error] [pid 9040:tid 15288] [client 201.184.78.154:51180] AH00898: Error reading from remote server returned by /kwsrmcab/Wsrmcab
[Thu May 25 09:15:24.416763 2017] [proxy_http:error] [pid 9040:tid 15488] (OS 10053)An established connection was aborted by the software in your host machine.  : [client 201.245.192.253:23296] AH01102: error reading status line from remote server 172.22.1.31:80, referer: http://190.27.245.106/isolucionsda/FrameSetGeneral.asp?Pagina=Menu.asp&IdModulo=4
[Thu May 25 09:15:24.416763 2017] [proxy:error] [pid 9040:tid 15488] [client 201.245.192.253:23296] AH00898: Error reading from remote server returned by /isolucionsda/Menu.asp, referer: http://190.27.245.106/isolucionsda/FrameSetGeneral.asp?Pagina=Menu.asp&IdModulo=4
[Thu May 25 09:15:25.695965 2017] [proxy_http:error] [pid 9040:tid 15832] (OS 10053)An established connection was aborted by the software in your host machine.  : [client 201.245.192.253:23298] AH01102: error reading status line from remote server 172.22.1.31:80, referer: http://190.27.245.106/isolucionsda/FrameSetGeneral.asp?Pagina=Menu.asp&IdModulo=4
[Thu May 25 09:15:25.695965 2017] [proxy:error] [pid 9040:tid 15832] [client 201.245.192.253:23298] AH00898: Error reading from remote server returned by /isolucionsda/BarraFavoritos.asp, referer: http://190.27.245.106/isolucionsda/FrameSetGeneral.asp?Pagina=Menu.asp&IdModulo=4
[Thu May 25 09:21:34.730214 2017] [proxy_http:error] [pid 9040:tid 16356] (OS 10053)An established connection was aborted by the software in your host machine.  : [client 201.245.192.253:25533] AH01102: error reading status line from remote server 172.22.1.31:80, referer: http://190.27.245.106/IsolucionSDA/FrameSetGeneral.asp?Pagina1=FrameSetGeneral.asp&
[Thu May 25 09:21:34.730214 2017] [proxy:error] [pid 9040:tid 16356] [client 201.245.192.253:25533] AH00898: Error reading from remote server returned by /IsolucionSDA/BarraFavoritos.asp, referer: http://190.27.245.106/IsolucionSDA/FrameSetGeneral.asp?Pagina1=FrameSetGeneral.asp&
[Thu May 25 09:21:34.730214 2017] [proxy_http:error] [pid 9040:tid 15260] (OS 10053)An established connection was aborted by the software in your host machine.  : [client 201.245.192.253:25530] AH01102: error reading status line from remote server 172.22.1.31:80, referer: http://190.27.245.106/IsolucionSDA/FrameSetGeneral.asp?Pagina1=FrameSetGeneral.asp&
[Thu May 25 09:21:34.730214 2017] [proxy:error] [pid 9040:tid 15260] [client 201.245.192.253:25530] AH00898: Error reading from remote server returned by /IsolucionSDA/BarraTitulos.asp, referer: http://190.27.245.106/IsolucionSDA/FrameSetGeneral.asp?Pagina1=FrameSetGeneral.asp&
[Thu May 25 09:21:40.658224 2017] [proxy_http:error] [pid 9040:tid 16264] (OS 10053)An established connection was aborted by the software in your host machine.  : [client 201.245.192.253:25718] AH01102: error reading status line from remote server 172.22.1.31:80, referer: http://190.27.245.106/IsolucionSDA/FrameSetGeneral.asp?Pagina=Administracion/SalaEdicion/Magazines.asp
[Thu May 25 09:21:40.658224 2017] [proxy:error] [pid 9040:tid 16264] [client 201.245.192.253:25718] AH00898: Error reading from remote server returned by /IsolucionSDA/BarraFavoritos.asp, referer: http://190.27.245.106/IsolucionSDA/FrameSetGeneral.asp?Pagina=Administracion/SalaEdicion/Magazines.asp
[Thu May 25 09:21:40.689424 2017] [proxy_http:error] [pid 9040:tid 15832] (OS 10053)An established connection was aborted by the software in your host machine.  : [client 201.245.192.253:25829] AH01102: error reading status line from remote server 172.22.1.31:80, referer: http://190.27.245.106/IsolucionSDA/FrameSetGeneral.asp?Pagina=Administracion/SalaEdicion/Magazines.asp
[Thu May 25 09:21:40.689424 2017] [proxy:error] [pid 9040:tid 15832] [client 201.245.192.253:25829] AH00898: Error reading from remote server returned by /IsolucionSDA/Administracion/SalaEdicion/Magazines.asp, referer: http://190.27.245.106/IsolucionSDA/FrameSetGeneral.asp?Pagina=Administracion/SalaEdicion/Magazines.asp
[Thu May 25 09:43:05.430681 2017] [proxy_http:error] [pid 9040:tid 15220] (OS 10053)An established connection was aborted by the software in your host machine.  : [client 201.245.192.253:18589] AH01102: error reading status line from remote server 172.22.1.31:80, referer: http://190.27.245.106/isolucionsda/IdentificaUsuario.asp?Pagina1=FrameSetGeneral.asp&
[Thu May 25 09:43:05.430681 2017] [proxy:error] [pid 9040:tid 15220] [client 201.245.192.253:18589] AH00898: Error reading from remote server returned by /isolucionsda/g/Img_LogoIsoCabezote.jpg, referer: http://190.27.245.106/isolucionsda/IdentificaUsuario.asp?Pagina1=FrameSetGeneral.asp&
[Thu May 25 09:43:05.493081 2017] [proxy_http:error] [pid 9040:tid 15308] (OS 10053)An established connection was aborted by the software in your host machine.  : [client 201.245.192.253:18596] AH01102: error reading status line from remote server 172.22.1.31:80, referer: http://190.27.245.106/isolucionsda/IdentificaUsuario.asp?Pagina1=FrameSetGeneral.asp&
[Thu May 25 09:43:05.493081 2017] [proxy:error] [pid 9040:tid 15308] [client 201.245.192.253:18596] AH00898: Error reading from remote server returned by /isolucionsda/g/shim.gif, referer: http://190.27.245.106/isolucionsda/IdentificaUsuario.asp?Pagina1=FrameSetGeneral.asp&
[Thu May 25 09:58:09.811069 2017] [proxy_http:error] [pid 9040:tid 16016] (OS 10053)An established connection was aborted by the software in your host machine.  : [client 186.145.94.131:51239] AH01102: error reading status line from remote server 172.22.1.31:80, referer: http://190.27.245.106/ISOlucionSDA/bancoconocimiento/m/mapadeprocesos__v4/mapadeprocesos__v4.asp
[Thu May 25 10:03:05.228788 2017] [mpm_winnt:warn] [pid 9040:tid 16540] (OS 64)The specified network name is no longer available.  : AH00341: winnt_accept: Asynchronous AcceptEx failed.
[Thu May 25 10:05:30.543043 2017] [mpm_winnt:warn] [pid 9040:tid 16540] (OS 64)The specified network name is no longer available.  : AH00341: winnt_accept: Asynchronous AcceptEx failed.
[Thu May 25 10:05:52.648282 2017] [mpm_winnt:warn] [pid 9040:tid 16540] (OS 64)The specified network name is no longer available.  : AH00341: winnt_accept: Asynchronous AcceptEx failed.
[Thu May 25 10:26:34.254463 2017] [proxy_http:error] [pid 9040:tid 15800] (OS 10053)An established connection was aborted by the software in your host machine.  : [client 201.245.192.253:30636] AH01102: error reading status line from remote server 172.22.1.31:80, referer: http://190.27.245.106/IsolucionSDA/Administracion/SalaEdicion/Articulo.asp
[Thu May 25 10:26:34.254463 2017] [proxy:error] [pid 9040:tid 15800] [client 201.245.192.253:30636] AH00898: Error reading from remote server returned by /IsolucionSDA/Administracion/Graficas/vacio1x1.gif, referer: http://190.27.245.106/IsolucionSDA/Administracion/SalaEdicion/Articulo.asp
[Thu May 25 11:06:30.170071 2017] [proxy_http:error] [pid 9040:tid 15448] (OS 10053)An established connection was aborted by the software in your host machine.  : [client 172.22.2.1:15967] AH01102: error reading status line from remote server 172.22.1.31:80, referer: http://190.27.245.106/isolucionsda/Encabezado.asp?Pagina1=FrameSetGeneral.asp&&Pagina=MagazinHome.asp
[Thu May 25 11:06:31.028073 2017] [proxy_http:error] [pid 9040:tid 15640] (OS 10053)An established connection was aborted by the software in your host machine.  : [client 172.22.2.1:15966] AH01102: error reading status line from remote server 172.22.1.31:80, referer: http://190.27.245.106/isolucionsda/Encabezado.asp?Pagina1=FrameSetGeneral.asp&&Pagina=MagazinHome.asp
[Thu May 25 11:10:47.367723 2017] [proxy:error] [pid 9040:tid 15800] (OS 10061)No connection could be made because the target machine actively refused it.  : AH00957: HTTP: attempt to connect to 172.22.1.51:8399 (172.22.1.51) failed
[Thu May 25 11:10:47.367723 2017] [proxy:error] [pid 9040:tid 15800] AH00959: ap_proxy_connect_backend disabling worker for (172.22.1.51) for 60s
[Thu May 25 11:10:47.367723 2017] [proxy_http:error] [pid 9040:tid 15800] [client 152.61.128.50:42534] AH01114: HTTP: failed to make connection to backend: 172.22.1.51
[Thu May 25 11:10:47.570523 2017] [proxy:error] [pid 9040:tid 15800] AH00940: HTTP: disabled connection for (172.22.1.51)
[Thu May 25 11:10:47.788924 2017] [proxy:error] [pid 9040:tid 15800] AH00940: HTTP: disabled connection for (172.22.1.51)
[Thu May 25 11:23:11.707430 2017] [mpm_winnt:warn] [pid 9040:tid 16540] (OS 64)The specified network name is no longer available.  : AH00341: winnt_accept: Asynchronous AcceptEx failed.
[Thu May 25 11:32:33.760817 2017] [proxy_http:error] [pid 9040:tid 16352] (OS 10053)An established connection was aborted by the software in your host machine.  : [client 201.245.192.253:25307] AH01102: error reading status line from remote server 172.22.1.31:80, referer: http://190.27.245.106/IsolucionSDA/Administracion/SalaEdicion/Articulo.asp
[Thu May 25 11:32:33.760817 2017] [proxy:error] [pid 9040:tid 16352] [client 201.245.192.253:25307] AH00898: Error reading from remote server returned by /IsolucionSDA/javascript/ClickValidation.js, referer: http://190.27.245.106/IsolucionSDA/Administracion/SalaEdicion/Articulo.asp
[Thu May 25 11:34:04.765179 2017] [proxy_http:error] [pid 9040:tid 16248] (OS 10053)An established connection was aborted by the software in your host machine.  : [client 201.245.192.253:32410] AH01102: error reading status line from remote server 172.22.1.31:80, referer: http://190.27.245.106/IsolucionSDA/Administracion/SalaEdicion/Articulo.asp?Id_Articulo=11009
[Thu May 25 11:34:04.765179 2017] [proxy:error] [pid 9040:tid 16248] [client 201.245.192.253:32410] AH00898: Error reading from remote server returned by /IsolucionSDA/Administracion/SalaEdicion/g/GifTransparente.gif, referer: http://190.27.245.106/IsolucionSDA/Administracion/SalaEdicion/Articulo.asp?Id_Articulo=11009
[Thu May 25 11:45:56.142028 2017] [proxy_http:error] [pid 9040:tid 15408] (OS 10053)An established connection was aborted by the software in your host machine.  : [client 201.245.192.253:15943] AH01102: error reading status line from remote server 172.22.1.31:80, referer: http://190.27.245.106/isolucionsda/Encabezado.asp?Pagina1=FrameSetGeneral.asp&&Pagina=MagazinHome.asp
[Thu May 25 11:45:56.282428 2017] [proxy_http:error] [pid 9040:tid 15392] (OS 10053)An established connection was aborted by the software in your host machine.  : [client 201.245.192.253:15945] AH01102: error reading status line from remote server 172.22.1.31:80, referer: http://190.27.245.106/isolucionsda/Encabezado.asp?Pagina1=FrameSetGeneral.asp&&Pagina=MagazinHome.asp
[Thu May 25 12:15:08.291306 2017] [proxy_http:error] [pid 9040:tid 16164] (OS 10053)An established connection was aborted by the software in your host machine.  : [client 181.54.206.193:55486] AH01102: error reading status line from remote server 172.22.1.31:80, referer: http://190.27.245.106/isolucionsda/FrameSetGeneral.asp?Pagina=ListadoMaestroDocumentos3.asp
[Thu May 25 12:15:08.291306 2017] [proxy:error] [pid 9040:tid 16164] [client 181.54.206.193:55486] AH00898: Error reading from remote server returned by /isolucionsda/BarraFavoritos.asp, referer: http://190.27.245.106/isolucionsda/FrameSetGeneral.asp?Pagina=ListadoMaestroDocumentos3.asp
[Thu May 25 12:38:32.122171 2017] [proxy_http:error] [pid 9040:tid 15180] (OS 10053)An established connection was aborted by the software in your host machine.  : [client 181.54.206.193:55555] AH01102: error reading status line from remote server 172.22.1.31:80, referer: http://190.27.245.106/isolucionsda/FrameSetGeneral.asp?Pagina=ListadoMaestroDocumentos3.asp
[Thu May 25 12:38:32.122171 2017] [proxy:error] [pid 9040:tid 15180] [client 181.54.206.193:55555] AH00898: Error reading from remote server returned by /isolucionsda/BarraFavoritos.asp, referer: http://190.27.245.106/isolucionsda/FrameSetGeneral.asp?Pagina=ListadoMaestroDocumentos3.asp
[Thu May 25 12:48:07.498982 2017] [mpm_winnt:warn] [pid 9040:tid 16540] (OS 64)The specified network name is no longer available.  : AH00341: winnt_accept: Asynchronous AcceptEx failed.
[Thu May 25 12:59:43.400604 2017] [mpm_winnt:warn] [pid 9040:tid 16540] (OS 64)The specified network name is no longer available.  : AH00341: winnt_accept: Asynchronous AcceptEx failed.
[Thu May 25 13:01:06.096349 2017] [mpm_winnt:warn] [pid 9040:tid 16540] (OS 64)The specified network name is no longer available.  : AH00341: winnt_accept: Asynchronous AcceptEx failed.
[Thu May 25 14:03:56.124771 2017] [proxy_http:error] [pid 9040:tid 16404] (20014)Internal error: [client 172.22.2.1:16522] AH01102: error reading status line from remote server 172.22.1.43:9090
[Thu May 25 14:03:56.124771 2017] [proxy:error] [pid 9040:tid 16404] [client 172.22.2.1:16522] AH00898: Error reading from remote server returned by /kwsrmcab/Wsrmcab
[Thu May 25 14:04:20.694814 2017] [proxy_http:error] [pid 9040:tid 16164] (20014)Internal error: [client 201.245.192.253:33317] AH01102: error reading status line from remote server 172.22.1.43:9090
[Thu May 25 14:04:20.694814 2017] [proxy:error] [pid 9040:tid 16164] [client 201.245.192.253:33317] AH00898: Error reading from remote server returned by /kwsrmcab/Wsrmcab
[Thu May 25 14:04:51.208468 2017] [proxy_http:error] [pid 9040:tid 16396] (20014)Internal error: [client 201.245.192.253:34673] AH01102: error reading status line from remote server 172.22.1.43:9090
[Thu May 25 14:04:51.208468 2017] [proxy:error] [pid 9040:tid 16396] [client 201.245.192.253:34673] AH00898: Error reading from remote server returned by /kwsrmcab/Wsrmcab
[Thu May 25 14:04:59.258082 2017] [mpm_winnt:warn] [pid 9040:tid 16540] (OS 64)The specified network name is no longer available.  : AH00341: winnt_accept: Asynchronous AcceptEx failed.
[Thu May 25 14:10:05.408620 2017] [proxy_http:error] [pid 9040:tid 15220] (20014)Internal error: [client 172.22.2.1:16531] AH01102: error reading status line from remote server 172.22.1.43:9090
[Thu May 25 14:10:05.408620 2017] [proxy:error] [pid 9040:tid 15220] [client 172.22.2.1:16531] AH00898: Error reading from remote server returned by /kwsrmcab/Wsrmcab
[Thu May 25 14:10:34.861472 2017] [proxy_http:error] [pid 9040:tid 15356] (20014)Internal error: [client 201.245.192.253:26494] AH01102: error reading status line from remote server 172.22.1.43:9090
[Thu May 25 14:10:34.861472 2017] [proxy:error] [pid 9040:tid 15356] [client 201.245.192.253:26494] AH00898: Error reading from remote server returned by /kwsrmcab/Wsrmcab
[Thu May 25 14:11:12.379537 2017] [proxy_http:error] [pid 9040:tid 15356] (20014)Internal error: [client 201.245.192.253:26494] AH01102: error reading status line from remote server 172.22.1.43:9090
[Thu May 25 14:11:42.939991 2017] [proxy_http:error] [pid 9040:tid 15200] (20014)Internal error: [client 201.245.192.253:29814] AH01102: error reading status line from remote server 172.22.1.43:9090
[Thu May 25 14:11:42.939991 2017] [proxy:error] [pid 9040:tid 15200] [client 201.245.192.253:29814] AH00898: Error reading from remote server returned by /kwsrmcab/Wsrmcab
[Thu May 25 14:17:34.439809 2017] [proxy_http:error] [pid 9040:tid 15528] (OS 10053)An established connection was aborted by the software in your host machine.  : [client 201.245.192.253:24875] AH01102: error reading status line from remote server 172.22.1.31:80, referer: http://190.27.245.106/isolucionsda/Encabezado.asp?Pagina1=FrameSetGeneral.asp&&Pagina=MagazinHome.asp
[Thu May 25 14:17:34.439809 2017] [proxy:error] [pid 9040:tid 15528] [client 201.245.192.253:24875] AH00898: Error reading from remote server returned by /isolucionsda/FrameSetGeneral.asp, referer: http://190.27.245.106/isolucionsda/Encabezado.asp?Pagina1=FrameSetGeneral.asp&&Pagina=MagazinHome.asp
[Thu May 25 14:17:59.930253 2017] [proxy_http:error] [pid 9040:tid 15740] (OS 10053)An established connection was aborted by the software in your host machine.  : [client 201.245.192.253:26079] AH01102: error reading status line from remote server 172.22.1.31:80, referer: http://190.27.245.106/isolucionsda/FrameSetGeneral.asp?Pagina1=FrameSetGeneral.asp&
[Thu May 25 14:17:59.945853 2017] [proxy_http:error] [pid 9040:tid 15528] (OS 10053)An established connection was aborted by the software in your host machine.  : [client 201.245.192.253:24875] AH01102: error reading status line from remote server 172.22.1.31:80, referer: http://190.27.245.106/isolucionsda/Encabezado.asp?Pagina1=FrameSetGeneral.asp&&Pagina=MagazinHome.asp
[Thu May 25 14:26:07.680710 2017] [proxy_http:error] [pid 9040:tid 15244] (OS 10053)An established connection was aborted by the software in your host machine.  : [client 201.245.192.253:23431] AH01102: error reading status line from remote server 172.22.1.31:80, referer: http://190.27.245.106/isolucionsda/Administracion/SalaEdicion/FrameSetVistaPrevia.asp?Articulo=M/Muestreodecontaminantesenfuentesfijasdeemision__v1/Muestreodecontaminantesenfuentesfijasdeemision__v1.asp&Id_Articulo=11010
[Thu May 25 15:05:00.665808 2017] [mpm_winnt:warn] [pid 9040:tid 16540] (OS 64)The specified network name is no longer available.  : AH00341: winnt_accept: Asynchronous AcceptEx failed.
[Thu May 25 15:05:31.663062 2017] [mpm_winnt:warn] [pid 9040:tid 16540] (OS 64)The specified network name is no longer available.  : AH00341: winnt_accept: Asynchronous AcceptEx failed.
[Thu May 25 15:11:52.834132 2017] [proxy_http:error] [pid 9040:tid 15568] (OS 10060)A connection attempt failed because the connected party did not properly respond after a period of time, or established connection failed because connected host has failed to respond.  : [client 201.245.192.253:28306] AH01102: error reading status line from remote server 172.22.1.43:9090
[Thu May 25 15:11:52.834132 2017] [proxy:error] [pid 9040:tid 15568] [client 201.245.192.253:28306] AH00898: Error reading from remote server returned by /kwsrmcab/Wsrmcab
[Thu May 25 15:11:52.834132 2017] [negotiation:error] [pid 9040:tid 15568] [client 201.245.192.253:28306] AH00690: no acceptable variant: E:/nuevo/apache/error/HTTP_BAD_GATEWAY.html.var
[Thu May 25 15:12:50.055032 2017] [proxy_http:error] [pid 9040:tid 16224] (OS 10060)A connection attempt failed because the connected party did not properly respond after a period of time, or established connection failed because connected host has failed to respond.  : [client 201.245.192.253:30854] AH01102: error reading status line from remote server 172.22.1.43:9090
[Thu May 25 15:12:50.055032 2017] [proxy:error] [pid 9040:tid 16224] [client 201.245.192.253:30854] AH00898: Error reading from remote server returned by /kwsrmcab/Wsrmcab
[Thu May 25 15:12:50.055032 2017] [negotiation:error] [pid 9040:tid 16224] [client 201.245.192.253:30854] AH00690: no acceptable variant: E:/nuevo/apache/error/HTTP_BAD_GATEWAY.html.var
[Thu May 25 15:27:01.177927 2017] [mpm_winnt:warn] [pid 9040:tid 16540] (OS 64)The specified network name is no longer available.  : AH00341: winnt_accept: Asynchronous AcceptEx failed.
[Thu May 25 15:27:11.380345 2017] [proxy_http:error] [pid 9040:tid 15944] (OS 10060)A connection attempt failed because the connected party did not properly respond after a period of time, or established connection failed because connected host has failed to respond.  : [client 201.245.192.253:28794] AH01102: error reading status line from remote server 172.22.1.43:9090
[Thu May 25 15:27:11.380345 2017] [proxy:error] [pid 9040:tid 15944] [client 201.245.192.253:28794] AH00898: Error reading from remote server returned by /kwsrmcab/Wsrmcab
[Thu May 25 15:28:23.951673 2017] [proxy_http:error] [pid 9040:tid 15432] (OS 10060)A connection attempt failed because the connected party did not properly respond after a period of time, or established connection failed because connected host has failed to respond.  : [client 201.245.192.253:31626] AH01102: error reading status line from remote server 172.22.1.43:9090
[Thu May 25 15:28:23.951673 2017] [proxy:error] [pid 9040:tid 15432] [client 201.245.192.253:31626] AH00898: Error reading from remote server returned by /kwsrmcab/Wsrmcab
[Thu May 25 15:29:31.920992 2017] [proxy_http:error] [pid 9040:tid 15308] (OS 10060)A connection attempt failed because the connected party did not properly respond after a period of time, or established connection failed because connected host has failed to respond.  : [client 201.245.192.253:33855] AH01102: error reading status line from remote server 172.22.1.43:9090
[Thu May 25 15:29:31.920992 2017] [proxy:error] [pid 9040:tid 15308] [client 201.245.192.253:33855] AH00898: Error reading from remote server returned by /kwsrmcab/Wsrmcab
[Thu May 25 15:31:37.610413 2017] [proxy_http:error] [pid 9040:tid 16264] (OS 10053)An established connection was aborted by the software in your host machine.  : [client 201.245.192.253:14004] AH01102: error reading status line from remote server 172.22.1.31:80, referer: http://190.27.245.106/isolucionsda/IdentificaUsuario.asp?Pagina1=FrameSetGeneral.asp&
[Thu May 25 15:31:37.610413 2017] [proxy:error] [pid 9040:tid 16264] [client 201.245.192.253:14004] AH00898: Error reading from remote server returned by /isolucionsda/g/Img_DivBarraSup.jpg, referer: http://190.27.245.106/isolucionsda/IdentificaUsuario.asp?Pagina1=FrameSetGeneral.asp&
[Thu May 25 15:32:03.178858 2017] [proxy_http:error] [pid 9040:tid 15348] (OS 10053)An established connection was aborted by the software in your host machine.  : [client 201.245.192.253:13293] AH01102: error reading status line from remote server 172.22.1.31:80, referer: http://190.27.245.106/isolucionsda/FrameSetGeneral.asp?Pagina1=FrameSetGeneral.asp&
[Thu May 25 15:32:03.178858 2017] [proxy:error] [pid 9040:tid 15348] [client 201.245.192.253:13293] AH00898: Error reading from remote server returned by /isolucionsda/BarraFavoritos.asp, referer: http://190.27.245.106/isolucionsda/FrameSetGeneral.asp?Pagina1=FrameSetGeneral.asp&
[Thu May 25 15:52:24.068202 2017] [mpm_winnt:warn] [pid 9040:tid 16540] (OS 64)The specified network name is no longer available.  : AH00341: winnt_accept: Asynchronous AcceptEx failed.
[Thu May 25 15:52:55.049856 2017] [mpm_winnt:warn] [pid 9040:tid 16540] (OS 64)The specified network name is no longer available.  : AH00341: winnt_accept: Asynchronous AcceptEx failed.
[Thu May 25 16:06:56.499734 2017] [mpm_winnt:warn] [pid 9040:tid 16540] (OS 64)The specified network name is no longer available.  : AH00341: winnt_accept: Asynchronous AcceptEx failed.
[Thu May 25 16:07:27.481389 2017] [mpm_winnt:warn] [pid 9040:tid 16540] (OS 64)The specified network name is no longer available.  : AH00341: winnt_accept: Asynchronous AcceptEx failed.
[Thu May 25 16:12:17.501498 2017] [proxy_http:error] [pid 9040:tid 15788] (OS 10053)An established connection was aborted by the software in your host machine.  : [client 201.245.192.253:25481] AH01102: error reading status line from remote server 172.22.1.31:80, referer: http://190.27.245.106/isolucionsda/Encabezado.asp?Pagina1=FrameSetGeneral.asp&&Pagina=MagazinHome.asp
[Thu May 25 16:12:17.501498 2017] [proxy:error] [pid 9040:tid 15788] [client 201.245.192.253:25481] AH00898: Error reading from remote server returned by /isolucionsda/g/Bot_Administrador.jpg, referer: http://190.27.245.106/isolucionsda/Encabezado.asp?Pagina1=FrameSetGeneral.asp&&Pagina=MagazinHome.asp
[Thu May 25 16:18:39.936170 2017] [proxy:error] [pid 9040:tid 15260] (OS 10060)A connection attempt failed because the connected party did not properly respond after a period of time, or established connection failed because connected host has failed to respond.  : AH00957: HTTP: attempt to connect to 172.22.1.32:80 (172.22.1.32) failed
[Thu May 25 16:18:39.936170 2017] [proxy:error] [pid 9040:tid 15260] AH00959: ap_proxy_connect_backend disabling worker for (172.22.1.32) for 60s
[Thu May 25 16:18:39.936170 2017] [proxy_http:error] [pid 9040:tid 15260] [client 190.27.214.3:54025] AH01114: HTTP: failed to make connection to backend: 172.22.1.32, referer: http://www.ambientebogota.gov.co/web/intranet/aplicaciones-para-acceder-fuera-de-la-sda
[Thu May 25 16:25:32.401894 2017] [proxy_http:error] [pid 9040:tid 15368] (20014)Internal error: [client 172.22.2.1:16660] AH01102: error reading status line from remote server 172.22.1.43:9090
[Thu May 25 16:25:32.401894 2017] [proxy:error] [pid 9040:tid 15368] [client 172.22.2.1:16660] AH00898: Error reading from remote server returned by /kwsrmcab/Wsrmcab
[Thu May 25 16:26:14.007167 2017] [proxy_http:error] [pid 9040:tid 15288] (OS 10060)A connection attempt failed because the connected party did not properly respond after a period of time, or established connection failed because connected host has failed to respond.  : [client 201.245.192.253:33772] AH01102: error reading status line from remote server 172.22.1.43:9090
[Thu May 25 16:26:14.007167 2017] [proxy:error] [pid 9040:tid 15288] [client 201.245.192.253:33772] AH00898: Error reading from remote server returned by /kwsrmcab/Wsrmcab
[Thu May 25 16:26:14.007167 2017] [negotiation:error] [pid 9040:tid 15288] [client 201.245.192.253:33772] AH00690: no acceptable variant: E:/nuevo/apache/error/HTTP_BAD_GATEWAY.html.var
[Thu May 25 16:27:39.074117 2017] [proxy_http:error] [pid 9040:tid 16224] (20014)Internal error: [client 201.245.192.253:26001] AH01102: error reading status line from remote server 172.22.1.43:9090
[Thu May 25 16:27:39.074117 2017] [proxy:error] [pid 9040:tid 16224] [client 201.245.192.253:26001] AH00898: Error reading from remote server returned by /kwsrmcab/Wsrmcab
[Thu May 25 16:27:39.074117 2017] [negotiation:error] [pid 9040:tid 16224] [client 201.245.192.253:26001] AH00690: no acceptable variant: E:/nuevo/apache/error/HTTP_BAD_GATEWAY.html.var
[Thu May 25 16:52:27.347931 2017] [mpm_winnt:warn] [pid 9040:tid 16540] (OS 64)The specified network name is no longer available.  : AH00341: winnt_accept: Asynchronous AcceptEx failed.
[Thu May 25 16:52:27.347931 2017] [mpm_winnt:warn] [pid 9040:tid 16540] (OS 64)The specified network name is no longer available.  : AH00341: winnt_accept: Asynchronous AcceptEx failed.
[Thu May 25 17:11:29.815937 2017] [proxy_http:error] [pid 9040:tid 16312] (20014)Internal error: [client 201.245.192.253:23743] AH01102: error reading status line from remote server 172.22.1.43:9090
[Thu May 25 17:11:29.815937 2017] [proxy:error] [pid 9040:tid 16312] [client 201.245.192.253:23743] AH00898: Error reading from remote server returned by /kwsrmcab/Wsrmcab
[Thu May 25 17:11:29.815937 2017] [negotiation:error] [pid 9040:tid 16312] [client 201.245.192.253:23743] AH00690: no acceptable variant: E:/nuevo/apache/error/HTTP_BAD_GATEWAY.html.var
[Thu May 25 17:15:06.890319 2017] [mpm_winnt:warn] [pid 9040:tid 16540] (OS 64)The specified network name is no longer available.  : AH00341: winnt_accept: Asynchronous AcceptEx failed.
[Thu May 25 17:15:37.856373 2017] [mpm_winnt:warn] [pid 9040:tid 16540] (OS 64)The specified network name is no longer available.  : AH00341: winnt_accept: Asynchronous AcceptEx failed.
[Thu May 25 17:18:51.375713 2017] [mpm_winnt:warn] [pid 9040:tid 16540] (OS 64)The specified network name is no longer available.  : AH00341: winnt_accept: Asynchronous AcceptEx failed.
[Thu May 25 17:36:25.781565 2017] [core:error] [pid 9040:tid 16016] (20024)The given path is misformatted or contained invalid characters: [client 35.184.189.105:52574] AH00127: Cannot map GET /www.ambientebogota.gov.co:81/ HTTP/1.1 to file
[Thu May 25 17:45:30.206921 2017] [proxy_http:error] [pid 9040:tid 16324] (OS 10053)An established connection was aborted by the software in your host machine.  : [client 201.245.192.253:18410] AH01102: error reading status line from remote server 172.22.1.31:80, referer: http://190.27.245.106/isolucionsda/FrameSetGeneral.asp?Pagina1=FrameSetGeneral.asp&
[Thu May 25 17:45:30.206921 2017] [proxy:error] [pid 9040:tid 16324] [client 201.245.192.253:18410] AH00898: Error reading from remote server returned by /isolucionsda/MagazinHome.asp, referer: http://190.27.245.106/isolucionsda/FrameSetGeneral.asp?Pagina1=FrameSetGeneral.asp&
[Thu May 25 17:45:31.470523 2017] [proxy_http:error] [pid 9040:tid 15816] (OS 10053)An established connection was aborted by the software in your host machine.  : [client 201.245.192.253:18409] AH01102: error reading status line from remote server 172.22.1.31:80, referer: http://190.27.245.106/isolucionsda/FrameSetGeneral.asp?Pagina=SucursalSeleccion.asp&CargaPagina=ModuloProcesos&IdModulo=3
[Thu May 25 17:45:31.470523 2017] [proxy_http:error] [pid 9040:tid 16300] (OS 10053)An established connection was aborted by the software in your host machine.  : [client 201.245.192.253:18325] AH01102: error reading status line from remote server 172.22.1.31:80, referer: http://190.27.245.106/isolucionsda/FrameSetGeneral.asp?Pagina=SucursalSeleccion.asp&CargaPagina=ModuloProcesos&IdModulo=3
[Thu May 25 17:45:50.674157 2017] [proxy_http:error] [pid 9040:tid 15816] (OS 10053)An established connection was aborted by the software in your host machine.  : [client 201.245.192.253:18868] AH01102: error reading status line from remote server 172.22.1.31:80, referer: http://190.27.245.106/isolucionsda/FrameSetGeneral.asp?Pagina=SucursalSeleccion.asp&CargaPagina=ModuloProcesos&IdModulo=3
[Thu May 25 17:59:43.076019 2017] [mpm_winnt:warn] [pid 9040:tid 16540] (OS 64)The specified network name is no longer available.  : AH00341: winnt_accept: Asynchronous AcceptEx failed.
[Thu May 25 18:00:14.057674 2017] [mpm_winnt:warn] [pid 9040:tid 16540] (OS 64)The specified network name is no longer available.  : AH00341: winnt_accept: Asynchronous AcceptEx failed.
[Thu May 25 18:02:46.594742 2017] [proxy_http:error] [pid 9040:tid 15408] (OS 10053)An established connection was aborted by the software in your host machine.  : [client 201.245.192.253:11139] AH01102: error reading status line from remote server 172.22.1.31:80, referer: http://190.27.245.106/isolucionsda/FrameSetGeneral.asp?Pagina=Menu.asp&IdModulo=7
[Thu May 25 18:02:46.594742 2017] [proxy:error] [pid 9040:tid 15408] [client 201.245.192.253:11139] AH00898: Error reading from remote server returned by /isolucionsda/BarraTitulos.asp, referer: http://190.27.245.106/isolucionsda/FrameSetGeneral.asp?Pagina=Menu.asp&IdModulo=7
[Thu May 25 18:02:46.594742 2017] [proxy_http:error] [pid 9040:tid 15960] (OS 10053)An established connection was aborted by the software in your host machine.  : [client 201.245.192.253:11141] AH01102: error reading status line from remote server 172.22.1.31:80, referer: http://190.27.245.106/isolucionsda/FrameSetGeneral.asp?Pagina=Menu.asp&IdModulo=7
[Thu May 25 18:02:46.594742 2017] [proxy:error] [pid 9040:tid 15960] [client 201.245.192.253:11141] AH00898: Error reading from remote server returned by /isolucionsda/BarraFavoritos.asp, referer: http://190.27.245.106/isolucionsda/FrameSetGeneral.asp?Pagina=Menu.asp&IdModulo=7
[Thu May 25 18:03:10.727984 2017] [proxy_http:error] [pid 9040:tid 15384] (OS 10053)An established connection was aborted by the software in your host machine.  : [client 201.245.192.253:22671] AH01102: error reading status line from remote server 172.22.1.31:80, referer: http://190.27.245.106/IsolucionSDA/FrameSetGeneral.asp?Pagina1=FrameSetGeneral.asp&
[Thu May 25 18:13:30.003272 2017] [proxy_http:error] [pid 9040:tid 15288] (OS 10053)An established connection was aborted by the software in your host machine.  : [client 201.245.192.253:20216] AH01102: error reading status line from remote server 172.22.1.31:80, referer: http://190.27.245.106/isolucionsda/FrameSetGeneral.asp?Pagina=SucursalSeleccion.asp&CargaPagina=ModuloProcesos&IdModulo=3
[Thu May 25 18:13:30.003272 2017] [proxy:error] [pid 9040:tid 15288] [client 201.245.192.253:20216] AH00898: Error reading from remote server returned by /isolucionsda/SucursalSeleccion.asp, referer: http://190.27.245.106/isolucionsda/FrameSetGeneral.asp?Pagina=SucursalSeleccion.asp&CargaPagina=ModuloProcesos&IdModulo=3
[Thu May 25 18:13:44.511297 2017] [proxy_http:error] [pid 9040:tid 15544] (OS 10053)An established connection was aborted by the software in your host machine.  : [client 201.245.192.253:20441] AH01102: error reading status line from remote server 172.22.1.31:80, referer: http://190.27.245.106/isolucionsda/FrameSetGeneral.asp?Pagina=SucursalSeleccion.asp&CargaPagina=ModuloProcesos&IdModulo=3
[Thu May 25 18:13:44.511297 2017] [proxy:error] [pid 9040:tid 15544] [client 201.245.192.253:20441] AH00898: Error reading from remote server returned by /isolucionsda/SucursalSeleccion.asp, referer: http://190.27.245.106/isolucionsda/FrameSetGeneral.asp?Pagina=SucursalSeleccion.asp&CargaPagina=ModuloProcesos&IdModulo=3
[Thu May 25 18:13:44.542497 2017] [proxy_http:error] [pid 9040:tid 16016] (OS 10053)An established connection was aborted by the software in your host machine.  : [client 201.245.192.253:20442] AH01102: error reading status line from remote server 172.22.1.31:80, referer: http://190.27.245.106/isolucionsda/FrameSetGeneral.asp?Pagina=SucursalSeleccion.asp&CargaPagina=ModuloProcesos&IdModulo=3
[Thu May 25 18:13:44.542497 2017] [proxy:error] [pid 9040:tid 16016] [client 201.245.192.253:20442] AH00898: Error reading from remote server returned by /isolucionsda/BarraFavoritos.asp, referer: http://190.27.245.106/isolucionsda/FrameSetGeneral.asp?Pagina=SucursalSeleccion.asp&CargaPagina=ModuloProcesos&IdModulo=3
[Thu May 25 18:31:09.541533 2017] [proxy_http:error] [pid 9040:tid 15464] (OS 10053)An established connection was aborted by the software in your host machine.  : [client 201.245.192.253:21022] AH01102: error reading status line from remote server 172.22.1.31:80, referer: http://190.27.245.106/isolucionsda/Session.asp?Continue=1
[Thu May 25 18:31:09.541533 2017] [proxy:error] [pid 9040:tid 15464] [client 201.245.192.253:21022] AH00898: Error reading from remote server returned by /isolucionsda/Session.asp, referer: http://190.27.245.106/isolucionsda/Session.asp?Continue=1
[Thu May 25 18:52:18.244961 2017] [proxy_http:error] [pid 9040:tid 15260] (OS 10053)An established connection was aborted by the software in your host machine.  : [client 201.245.192.253:28452] AH01102: error reading status line from remote server 172.22.1.31:80, referer: http://190.27.245.106/isolucionsda/FrameSetGeneral.asp?Pagina1=FrameSetGeneral.asp&
[Thu May 25 18:52:18.244961 2017] [proxy:error] [pid 9040:tid 15260] [client 201.245.192.253:28452] AH00898: Error reading from remote server returned by /isolucionsda/Encabezado.asp, referer: http://190.27.245.106/isolucionsda/FrameSetGeneral.asp?Pagina1=FrameSetGeneral.asp&
[Thu May 25 19:11:22.180370 2017] [mpm_winnt:warn] [pid 9040:tid 16540] (OS 64)The specified network name is no longer available.  : AH00341: winnt_accept: Asynchronous AcceptEx failed.
[Thu May 25 19:50:50.186530 2017] [mpm_winnt:warn] [pid 9040:tid 16540] (OS 64)The specified network name is no longer available.  : AH00341: winnt_accept: Asynchronous AcceptEx failed.
[Thu May 25 19:51:21.199384 2017] [mpm_winnt:warn] [pid 9040:tid 16540] (OS 64)The specified network name is no longer available.  : AH00341: winnt_accept: Asynchronous AcceptEx failed.
[Thu May 25 19:57:56.972079 2017] [proxy_http:error] [pid 9040:tid 16300] (OS 10053)An established connection was aborted by the software in your host machine.  : [client 201.245.192.253:25987] AH01102: error reading status line from remote server 172.22.1.31:80, referer: http://190.27.245.106/isolucionsda/FrameSetGeneral.asp?Pagina=SucursalSeleccion.asp&CargaPagina=ModuloProcesos&IdModulo=3
[Thu May 25 19:58:23.133325 2017] [proxy_http:error] [pid 9040:tid 15348] (OS 10053)An established connection was aborted by the software in your host machine.  : [client 201.245.192.253:26081] AH01102: error reading status line from remote server 172.22.1.31:80, referer: http://190.27.245.106/ISOlucionSDA/bancoconocimiento/m/mapadeprocesos__v4/mapadeprocesos__v4.asp
[Thu May 25 20:08:40.973410 2017] [mpm_winnt:warn] [pid 9040:tid 16540] (OS 64)The specified network name is no longer available.  : AH00341: winnt_accept: Asynchronous AcceptEx failed.
[Thu May 25 20:08:40.973410 2017] [mpm_winnt:warn] [pid 9040:tid 16540] (OS 64)The specified network name is no longer available.  : AH00341: winnt_accept: Asynchronous AcceptEx failed.
[Thu May 25 20:14:16.061999 2017] [proxy_http:error] [pid 9040:tid 15220] (OS 10053)An established connection was aborted by the software in your host machine.  : [client 201.245.192.253:30037] AH01102: error reading status line from remote server 172.22.1.31:80
[Thu May 25 20:14:16.061999 2017] [proxy:error] [pid 9040:tid 15220] [client 201.245.192.253:30037] AH00898: Error reading from remote server returned by /isolucionsda/Session.asp
[Thu May 25 20:16:57.553483 2017] [proxy_http:error] [pid 9040:tid 15156] (OS 10053)An established connection was aborted by the software in your host machine.  : [client 200.118.149.196:52530] AH01102: error reading status line from remote server 172.22.1.31:80, referer: http://190.27.245.106/isolucionsda/FrameSetGeneral.asp?Pagina1=FrameSetGeneral.asp&
[Thu May 25 20:16:57.600283 2017] [proxy_http:error] [pid 9040:tid 15748] (OS 10053)An established connection was aborted by the software in your host machine.  : [client 200.118.149.196:52531] AH01102: error reading status line from remote server 172.22.1.31:80, referer: http://190.27.245.106/isolucionsda/Encabezado.asp?Pagina1=FrameSetGeneral.asp&&Pagina=MagazinHome.asp
[Thu May 25 20:16:57.631483 2017] [proxy_http:error] [pid 9040:tid 15384] (OS 10053)An established connection was aborted by the software in your host machine.  : [client 200.118.149.196:52532] AH01102: error reading status line from remote server 172.22.1.31:80, referer: http://190.27.245.106/isolucionsda/Encabezado.asp?Pagina1=FrameSetGeneral.asp&&Pagina=MagazinHome.asp
[Thu May 25 20:16:57.631483 2017] [proxy:error] [pid 9040:tid 15384] [client 200.118.149.196:52532] AH00898: Error reading from remote server returned by /isolucionsda/g/Bot_Siguiente.jpg, referer: http://190.27.245.106/isolucionsda/Encabezado.asp?Pagina1=FrameSetGeneral.asp&&Pagina=MagazinHome.asp
[Thu May 25 20:31:41.263835 2017] [proxy_http:error] [pid 9040:tid 15616] (OS 10053)An established connection was aborted by the software in your host machine.  : [client 200.118.149.196:52674] AH01102: error reading status line from remote server 172.22.1.31:80, referer: http://190.27.245.106/isolucionsda/FrameSetGeneral.asp?Pagina=Administracion/SalaEdicion/Magazines.asp
[Thu May 25 20:31:41.263835 2017] [proxy:error] [pid 9040:tid 15616] [client 200.118.149.196:52674] AH00898: Error reading from remote server returned by /isolucionsda/Administracion/SalaEdicion/Magazines.asp, referer: http://190.27.245.106/isolucionsda/FrameSetGeneral.asp?Pagina=Administracion/SalaEdicion/Magazines.asp
[Thu May 25 20:31:41.263835 2017] [proxy_http:error] [pid 9040:tid 16324] (OS 10053)An established connection was aborted by the software in your host machine.  : [client 200.118.149.196:52675] AH01102: error reading status line from remote server 172.22.1.31:80, referer: http://190.27.245.106/isolucionsda/FrameSetGeneral.asp?Pagina=Administracion/SalaEdicion/Magazines.asp
[Thu May 25 20:31:41.263835 2017] [proxy:error] [pid 9040:tid 16324] [client 200.118.149.196:52675] AH00898: Error reading from remote server returned by /isolucionsda/BarraFavoritos.asp, referer: http://190.27.245.106/isolucionsda/FrameSetGeneral.asp?Pagina=Administracion/SalaEdicion/Magazines.asp
