!C99Shell v. 1.0 pre-release build #13!

Software: Apache. PHP/5.5.15 

uname -a: Windows NT SVR-DMZ 6.1 build 7600 (Windows Server 2008 R2 Enterprise Edition) i586 

SYSTEM 

Safe-mode: OFF (not secure)

E:\nuevo\apache\logs\   drwxrwxrwx
Free 9.41 GB of 239.26 GB (3.93%)
Detected drives: [ a ] [ c ] [ d ] [ e ] [ f ]
Home    Back    Forward    UPDIR    Refresh    Search    Buffer    Encoder    Tools    Proc.    FTP brute    Sec.    SQL    PHP-code    Update    Feedback    Self remove    Logout    


Viewing file:     error.2017.06.08.log (24.18 KB)      -rw-rw-rw-
Select action/file-type:
(+) | (+) | (+) | Code (+) | Session (+) | (+) | SDB (+) | (+) | (+) | (+) | (+) | (+) |
[Thu Jun 08 00:33:40.770593 2017] [core:error] [pid 9040:tid 16072] (20024)The given path is misformatted or contained invalid characters: [client 136.243.83.80:52405] AH00127: Cannot map GET /www.ambientebogota.gov.co:81/ HTTP/1.1 to file
[Thu Jun 08 00:51:30.698472 2017] [core:error] [pid 9040:tid 15172] (20024)The given path is misformatted or contained invalid characters: [client 157.55.39.203:24609] AH00127: Cannot map GET /www.ambientebogota.gov.co:81/ HTTP/1.1 to file
[Thu Jun 08 01:08:52.265501 2017] [mpm_winnt:warn] [pid 9040:tid 16540] (OS 64)The specified network name is no longer available.  : AH00341: winnt_accept: Asynchronous AcceptEx failed.
[Thu Jun 08 02:16:08.058990 2017] [core:error] [pid 9040:tid 16232] (20024)The given path is misformatted or contained invalid characters: [client 144.76.156.211:37897] AH00127: Cannot map GET /galeria/carrusel/Carrusel/jquery-ui-%0A%0A1.8.13.custom.min.js HTTP/1.1 to file, referer: http://www.ambientebogota.gov.co/
[Thu Jun 08 04:25:57.843072 2017] [mpm_winnt:warn] [pid 9040:tid 16540] (OS 64)The specified network name is no longer available.  : AH00341: winnt_accept: Asynchronous AcceptEx failed.
[Thu Jun 08 05:17:20.098486 2017] [mpm_winnt:warn] [pid 9040:tid 16540] (OS 64)The specified network name is no longer available.  : AH00341: winnt_accept: Asynchronous AcceptEx failed.
[Thu Jun 08 05:29:36.216979 2017] [access_compat:error] [pid 9040:tid 15432] [client 185.165.29.72:45222] AH01797: client denied by server configuration: E:/nuevo/htdocs/xampp/phpmyadmin
[Thu Jun 08 05:29:37.886182 2017] [access_compat:error] [pid 9040:tid 15044] [client 185.165.29.72:48066] AH01797: client denied by server configuration: E:/nuevo/htdocs/phpMyAdmin-2
[Thu Jun 08 05:29:44.438193 2017] [access_compat:error] [pid 9040:tid 14468] [client 185.165.29.72:57322] AH01797: client denied by server configuration: E:/nuevo/phpMyAdmin/scripts
[Thu Jun 08 05:29:44.843794 2017] [access_compat:error] [pid 9040:tid 15044] [client 185.165.29.72:59538] AH01797: client denied by server configuration: E:/nuevo/htdocs/phpMyAdmin-2.10.0.0
[Thu Jun 08 05:29:45.249395 2017] [access_compat:error] [pid 9040:tid 15432] [client 185.165.29.72:60120] AH01797: client denied by server configuration: E:/nuevo/htdocs/phpMyAdmin-2.10.0.1
[Thu Jun 08 05:29:45.764196 2017] [access_compat:error] [pid 9040:tid 16232] [client 185.165.29.72:33018] AH01797: client denied by server configuration: E:/nuevo/htdocs/phpMyAdmin-2.10.0.2
[Thu Jun 08 05:29:46.185396 2017] [access_compat:error] [pid 9040:tid 14076] [client 185.165.29.72:33788] AH01797: client denied by server configuration: E:/nuevo/htdocs/phpMyAdmin-2.10.0
[Thu Jun 08 05:29:46.590997 2017] [access_compat:error] [pid 9040:tid 15624] [client 185.165.29.72:34746] AH01797: client denied by server configuration: E:/nuevo/htdocs/phpMyAdmin-2.10.1.0
[Thu Jun 08 05:29:46.996598 2017] [access_compat:error] [pid 9040:tid 14468] [client 185.165.29.72:35492] AH01797: client denied by server configuration: E:/nuevo/htdocs/phpMyAdmin-2.10.2.0
[Thu Jun 08 05:29:47.417799 2017] [access_compat:error] [pid 9040:tid 15044] [client 185.165.29.72:36312] AH01797: client denied by server configuration: E:/nuevo/htdocs/phpMyAdmin-2.11.0.0
[Thu Jun 08 05:29:47.823399 2017] [access_compat:error] [pid 9040:tid 15432] [client 185.165.29.72:37354] AH01797: client denied by server configuration: E:/nuevo/htdocs/phpMyAdmin-2.11.1-all-languages
[Thu Jun 08 05:29:48.244600 2017] [access_compat:error] [pid 9040:tid 16020] [client 185.165.29.72:38130] AH01797: client denied by server configuration: E:/nuevo/htdocs/phpMyAdmin-2.11.1.0
[Thu Jun 08 05:29:51.645406 2017] [access_compat:error] [pid 9040:tid 16020] [client 185.165.29.72:45946] AH01797: client denied by server configuration: E:/nuevo/htdocs/phpMyAdmin-2.11.1.2
[Thu Jun 08 05:29:53.065008 2017] [access_compat:error] [pid 9040:tid 15432] [client 185.165.29.72:46606] AH01797: client denied by server configuration: E:/nuevo/htdocs/phpMyAdmin-2.6.1-pl2
[Thu Jun 08 05:29:53.470609 2017] [access_compat:error] [pid 9040:tid 15044] [client 185.165.29.72:48878] AH01797: client denied by server configuration: E:/nuevo/htdocs/phpMyAdmin-2.6.1-pl3
[Thu Jun 08 05:29:53.876210 2017] [access_compat:error] [pid 9040:tid 14468] [client 185.165.29.72:49518] AH01797: client denied by server configuration: E:/nuevo/htdocs/phpMyAdmin-2.6.4-pl3
[Thu Jun 08 05:29:54.281811 2017] [access_compat:error] [pid 9040:tid 16020] [client 185.165.29.72:50160] AH01797: client denied by server configuration: E:/nuevo/htdocs/phpMyAdmin-2.6.4-pl4
[Thu Jun 08 05:29:55.311412 2017] [access_compat:error] [pid 9040:tid 15624] [client 185.165.29.72:50988] AH01797: client denied by server configuration: E:/nuevo/htdocs/phpMyAdmin-2.6.4-rc1
[Thu Jun 08 05:29:56.715415 2017] [access_compat:error] [pid 9040:tid 14468] [client 185.165.29.72:52702] AH01797: client denied by server configuration: E:/nuevo/htdocs/phpMyAdmin-2.6.5
[Thu Jun 08 05:29:57.121016 2017] [access_compat:error] [pid 9040:tid 16020] [client 185.165.29.72:55054] AH01797: client denied by server configuration: E:/nuevo/htdocs/phpMyAdmin-2.6.6
[Thu Jun 08 05:29:57.542216 2017] [access_compat:error] [pid 9040:tid 15044] [client 185.165.29.72:55870] AH01797: client denied by server configuration: E:/nuevo/htdocs/phpMyAdmin-2.6.9
[Thu Jun 08 05:29:57.947817 2017] [access_compat:error] [pid 9040:tid 15624] [client 185.165.29.72:56510] AH01797: client denied by server configuration: E:/nuevo/htdocs/phpMyAdmin-2.7.0-beta1
[Thu Jun 08 05:29:58.353418 2017] [access_compat:error] [pid 9040:tid 14076] [client 185.165.29.72:57110] AH01797: client denied by server configuration: E:/nuevo/htdocs/phpMyAdmin-2.7.0-pl1
[Thu Jun 08 05:29:59.507820 2017] [access_compat:error] [pid 9040:tid 14468] [client 185.165.29.72:59210] AH01797: client denied by server configuration: E:/nuevo/htdocs/phpMyAdmin-2.7.0-pl2
[Thu Jun 08 05:29:59.913421 2017] [access_compat:error] [pid 9040:tid 16020] [client 185.165.29.72:59842] AH01797: client denied by server configuration: E:/nuevo/htdocs/phpMyAdmin-2.7.0-rc1
[Thu Jun 08 05:30:01.333023 2017] [access_compat:error] [pid 9040:tid 15624] [client 185.165.29.72:60514] AH01797: client denied by server configuration: E:/nuevo/htdocs/phpMyAdmin-2.7.5
[Thu Jun 08 05:30:01.754224 2017] [access_compat:error] [pid 9040:tid 14064] [client 185.165.29.72:34744] AH01797: client denied by server configuration: E:/nuevo/htdocs/phpMyAdmin-2.7.6
[Thu Jun 08 05:30:02.159824 2017] [access_compat:error] [pid 9040:tid 14468] [client 185.165.29.72:35290] AH01797: client denied by server configuration: E:/nuevo/htdocs/phpMyAdmin-2.7.7
[Thu Jun 08 05:30:03.953828 2017] [access_compat:error] [pid 9040:tid 15624] [client 185.165.29.72:38076] AH01797: client denied by server configuration: E:/nuevo/htdocs/phpMyAdmin-2.8.2.3
[Thu Jun 08 05:30:04.390628 2017] [access_compat:error] [pid 9040:tid 14064] [client 185.165.29.72:38690] AH01797: client denied by server configuration: E:/nuevo/htdocs/phpMyAdmin-2.8.2
[Thu Jun 08 05:30:05.404630 2017] [access_compat:error] [pid 9040:tid 14468] [client 185.165.29.72:39466] AH01797: client denied by server configuration: E:/nuevo/htdocs/phpMyAdmin-2.8.3
[Thu Jun 08 05:30:05.825831 2017] [access_compat:error] [pid 9040:tid 16020] [client 185.165.29.72:41196] AH01797: client denied by server configuration: E:/nuevo/htdocs/phpMyAdmin-2.8.4
[Thu Jun 08 05:30:06.231432 2017] [access_compat:error] [pid 9040:tid 15044] [client 185.165.29.72:41856] AH01797: client denied by server configuration: E:/nuevo/htdocs/phpMyAdmin-2.8.5
[Thu Jun 08 05:30:06.621432 2017] [access_compat:error] [pid 9040:tid 15624] [client 185.165.29.72:42656] AH01797: client denied by server configuration: E:/nuevo/htdocs/phpMyAdmin-2.8.6
[Thu Jun 08 05:30:07.027033 2017] [access_compat:error] [pid 9040:tid 14064] [client 185.165.29.72:43232] AH01797: client denied by server configuration: E:/nuevo/htdocs/phpMyAdmin-2.8.7
[Thu Jun 08 05:30:07.417034 2017] [access_compat:error] [pid 9040:tid 14880] [client 185.165.29.72:43826] AH01797: client denied by server configuration: E:/nuevo/htdocs/phpMyAdmin-2.8.8
[Thu Jun 08 05:30:07.853834 2017] [access_compat:error] [pid 9040:tid 14076] [client 185.165.29.72:44732] AH01797: client denied by server configuration: E:/nuevo/htdocs/phpMyAdmin-2.8.9
[Thu Jun 08 05:30:08.259435 2017] [access_compat:error] [pid 9040:tid 14468] [client 185.165.29.72:45444] AH01797: client denied by server configuration: E:/nuevo/htdocs/phpMyAdmin-2.9.0-rc1
[Thu Jun 08 05:30:08.665036 2017] [access_compat:error] [pid 9040:tid 16020] [client 185.165.29.72:46370] AH01797: client denied by server configuration: E:/nuevo/htdocs/phpMyAdmin-2.9.0.1
[Thu Jun 08 05:30:09.070637 2017] [access_compat:error] [pid 9040:tid 15044] [client 185.165.29.72:47044] AH01797: client denied by server configuration: E:/nuevo/htdocs/phpMyAdmin-2.9.0.2
[Thu Jun 08 05:30:10.069038 2017] [access_compat:error] [pid 9040:tid 14880] [client 185.165.29.72:48936] AH01797: client denied by server configuration: E:/nuevo/htdocs/phpMyAdmin-2.9.0
[Thu Jun 08 05:30:10.474639 2017] [access_compat:error] [pid 9040:tid 14076] [client 185.165.29.72:49770] AH01797: client denied by server configuration: E:/nuevo/htdocs/phpMyAdmin-2.9.1
[Thu Jun 08 05:30:11.301441 2017] [access_compat:error] [pid 9040:tid 16020] [client 185.165.29.72:51036] AH01797: client denied by server configuration: E:/nuevo/htdocs/phpMyAdmin-2.9.2
[Thu Jun 08 05:30:11.722641 2017] [access_compat:error] [pid 9040:tid 15044] [client 185.165.29.72:52040] AH01797: client denied by server configuration: E:/nuevo/htdocs/phpMyAdmin-2
[Thu Jun 08 05:30:12.190642 2017] [access_compat:error] [pid 9040:tid 14468] [client 185.165.29.72:52750] AH01797: client denied by server configuration: E:/nuevo/htdocs/phpMyAdmin-3.0.0-rc1-english
[Thu Jun 08 05:30:13.672645 2017] [access_compat:error] [pid 9040:tid 14076] [client 185.165.29.72:53694] AH01797: client denied by server configuration: E:/nuevo/htdocs/phpMyAdmin-3.0.0.0-all-languages
[Thu Jun 08 05:30:14.062645 2017] [access_compat:error] [pid 9040:tid 16020] [client 185.165.29.72:56014] AH01797: client denied by server configuration: E:/nuevo/htdocs/phpMyAdmin-3.0.1.0-english
[Thu Jun 08 05:30:14.468246 2017] [access_compat:error] [pid 9040:tid 15044] [client 185.165.29.72:56798] AH01797: client denied by server configuration: E:/nuevo/htdocs/phpMyAdmin-3.0.1.0
[Thu Jun 08 05:30:15.887849 2017] [access_compat:error] [pid 9040:tid 14468] [client 185.165.29.72:57532] AH01797: client denied by server configuration: E:/nuevo/htdocs/phpMyAdmin-3.0.1.1
[Thu Jun 08 05:30:18.087452 2017] [access_compat:error] [pid 9040:tid 15044] [client 185.165.29.72:60846] AH01797: client denied by server configuration: E:/nuevo/htdocs/phpMyAdmin-3.1.0.0-english
[Thu Jun 08 05:30:19.522655 2017] [access_compat:error] [pid 9040:tid 14468] [client 185.165.29.72:36542] AH01797: client denied by server configuration: E:/nuevo/htdocs/phpMyAdmin-3.1.0.0
[Thu Jun 08 05:30:19.943856 2017] [access_compat:error] [pid 9040:tid 16020] [client 185.165.29.72:39100] AH01797: client denied by server configuration: E:/nuevo/htdocs/phpMyAdmin-3.1.1.0-all-languages
[Thu Jun 08 05:30:21.347858 2017] [access_compat:error] [pid 9040:tid 15044] [client 185.165.29.72:39782] AH01797: client denied by server configuration: E:/nuevo/htdocs/phpMyAdmin-3.1.2.0-all-languages
[Thu Jun 08 05:30:25.544266 2017] [access_compat:error] [pid 9040:tid 15044] [client 185.165.29.72:48662] AH01797: client denied by server configuration: E:/nuevo/htdocs/phpMyAdmin-3.1.2.0
[Thu Jun 08 05:30:25.965466 2017] [access_compat:error] [pid 9040:tid 16020] [client 185.165.29.72:49304] AH01797: client denied by server configuration: E:/nuevo/htdocs/phpMyAdmin-3.4.3.1
[Thu Jun 08 05:30:26.355467 2017] [access_compat:error] [pid 9040:tid 14468] [client 185.165.29.72:49880] AH01797: client denied by server configuration: E:/nuevo/htdocs/phpMyAdmin2
[Thu Jun 08 05:30:27.213468 2017] [access_compat:error] [pid 9040:tid 14076] [client 185.165.29.72:51224] AH01797: client denied by server configuration: E:/nuevo/htdocs/phpMyAdmin3
[Thu Jun 08 07:35:31.940250 2017] [mpm_winnt:warn] [pid 9040:tid 16540] (OS 64)The specified network name is no longer available.  : AH00341: winnt_accept: Asynchronous AcceptEx failed.
[Thu Jun 08 07:48:52.783257 2017] [mpm_winnt:warn] [pid 9040:tid 16540] (OS 64)The specified network name is no longer available.  : AH00341: winnt_accept: Asynchronous AcceptEx failed.
[Thu Jun 08 07:48:52.783257 2017] [mpm_winnt:warn] [pid 9040:tid 16540] (OS 64)The specified network name is no longer available.  : AH00341: winnt_accept: Asynchronous AcceptEx failed.
[Thu Jun 08 09:03:22.785908 2017] [proxy_http:error] [pid 9040:tid 14460] (OS 10053)An established connection was aborted by the software in your host machine.  : [client 201.245.192.253:34038] AH01102: error reading status line from remote server 172.22.1.31:80, referer: http://190.27.245.106/isolucionsda/FrameSetGeneral.asp?Pagina=BancoConocimiento/s/SistemadeGestionAmbiental_v0/SistemadeGestionAmbiental_v0.asp?&IdModulo=19
[Thu Jun 08 09:03:22.785908 2017] [proxy:error] [pid 9040:tid 14460] [client 201.245.192.253:34038] AH00898: Error reading from remote server returned by /isolucionsda/BancoConocimiento/s/SistemadeGestionAmbiental_v0/SistemadeGestionAmbiental_v0.asp, referer: http://190.27.245.106/isolucionsda/FrameSetGeneral.asp?Pagina=BancoConocimiento/s/SistemadeGestionAmbiental_v0/SistemadeGestionAmbiental_v0.asp?&IdModulo=19
[Thu Jun 08 09:54:29.425694 2017] [mpm_winnt:warn] [pid 9040:tid 16540] (OS 64)The specified network name is no longer available.  : AH00341: winnt_accept: Asynchronous AcceptEx failed.
[Thu Jun 08 10:12:04.299547 2017] [mpm_winnt:warn] [pid 9040:tid 16540] (OS 64)The specified network name is no longer available.  : AH00341: winnt_accept: Asynchronous AcceptEx failed.
[Thu Jun 08 10:47:53.813723 2017] [mpm_winnt:warn] [pid 9040:tid 16540] (OS 64)The specified network name is no longer available.  : AH00341: winnt_accept: Asynchronous AcceptEx failed.
[Thu Jun 08 11:05:02.214329 2017] [mpm_winnt:warn] [pid 9040:tid 16540] (OS 64)The specified network name is no longer available.  : AH00341: winnt_accept: Asynchronous AcceptEx failed.
[Thu Jun 08 11:19:23.759042 2017] [mpm_winnt:warn] [pid 9040:tid 16540] (OS 64)The specified network name is no longer available.  : AH00341: winnt_accept: Asynchronous AcceptEx failed.
[Thu Jun 08 11:19:51.714291 2017] [proxy:error] [pid 9040:tid 14160] (OS 10061)No connection could be made because the target machine actively refused it.  : AH00957: HTTP: attempt to connect to 172.22.1.51:8399 (172.22.1.51) failed
[Thu Jun 08 11:19:51.714291 2017] [proxy:error] [pid 9040:tid 14160] AH00959: ap_proxy_connect_backend disabling worker for (172.22.1.51) for 60s
[Thu Jun 08 11:19:51.714291 2017] [proxy_http:error] [pid 9040:tid 14160] [client 152.61.128.50:48006] AH01114: HTTP: failed to make connection to backend: 172.22.1.51
[Thu Jun 08 11:19:51.901492 2017] [proxy:error] [pid 9040:tid 14160] AH00940: HTTP: disabled connection for (172.22.1.51)
[Thu Jun 08 11:19:52.088692 2017] [proxy:error] [pid 9040:tid 16072] AH00940: HTTP: disabled connection for (172.22.1.51)
[Thu Jun 08 11:23:36.261086 2017] [proxy_http:error] [pid 9040:tid 15856] (20014)Internal error: [client 201.245.192.253:20835] AH01102: error reading status line from remote server 172.22.1.61:8080, referer: http://190.27.245.106/sipse/faces/presentacion/financiero/solicitudProceso/consultarSolicitudProceso.xhtml
[Thu Jun 08 11:23:36.261086 2017] [proxy:error] [pid 9040:tid 15856] [client 201.245.192.253:20835] AH00898: Error reading from remote server returned by /sipse/faces/presentacion/financiero/solicitudProceso/consultarHistorialSolProceso.xhtml, referer: http://190.27.245.106/sipse/faces/presentacion/financiero/solicitudProceso/consultarSolicitudProceso.xhtml
[Thu Jun 08 11:27:11.042263 2017] [mpm_winnt:warn] [pid 9040:tid 16540] (OS 64)The specified network name is no longer available.  : AH00341: winnt_accept: Asynchronous AcceptEx failed.
[Thu Jun 08 11:55:51.803285 2017] [proxy_http:error] [pid 9040:tid 14560] (OS 10053)An established connection was aborted by the software in your host machine.  : [client 201.245.192.253:22952] AH01102: error reading status line from remote server 172.22.1.31:80, referer: http://190.27.245.106/IsolucionSDA/FrameSetGeneral.asp?Pagina=SucursalSeleccion.asp&CargaPagina=ModuloProcesos&IdModulo=3
[Thu Jun 08 11:55:51.803285 2017] [proxy:error] [pid 9040:tid 14560] [client 201.245.192.253:22952] AH00898: Error reading from remote server returned by /IsolucionSDA/BarraFavoritos.asp, referer: http://190.27.245.106/IsolucionSDA/FrameSetGeneral.asp?Pagina=SucursalSeleccion.asp&CargaPagina=ModuloProcesos&IdModulo=3
[Thu Jun 08 12:36:43.131191 2017] [core:error] [pid 9040:tid 14312] (20024)The given path is misformatted or contained invalid characters: [client 190.25.45.133:50972] AH00127: Cannot map HEAD /https://www.dama.gov.co/ HTTP/1.1 to file
[Thu Jun 08 13:10:29.685951 2017] [proxy_http:error] [pid 9040:tid 16104] (OS 10053)An established connection was aborted by the software in your host machine.  : [client 190.9.207.24:15495] AH01102: error reading status line from remote server 172.22.1.31:80, referer: http://190.27.245.106/isolucionsda/FrameSetGeneral.asp?Pagina=Menu.asp&IdModulo=4
[Thu Jun 08 13:10:29.685951 2017] [proxy_http:error] [pid 9040:tid 14844] (OS 10053)An established connection was aborted by the software in your host machine.  : [client 190.9.207.24:15506] AH01102: error reading status line from remote server 172.22.1.31:80, referer: http://190.27.245.106/isolucionsda/FrameSetGeneral.asp?Pagina=Menu.asp&IdModulo=4
[Thu Jun 08 13:40:20.210296 2017] [mpm_winnt:warn] [pid 9040:tid 16540] (OS 64)The specified network name is no longer available.  : AH00341: winnt_accept: Asynchronous AcceptEx failed.
[Thu Jun 08 13:40:20.210296 2017] [mpm_winnt:warn] [pid 9040:tid 16540] (OS 64)The specified network name is no longer available.  : AH00341: winnt_accept: Asynchronous AcceptEx failed.
[Thu Jun 08 14:19:02.167174 2017] [proxy_http:error] [pid 9040:tid 14612] (OS 10053)An established connection was aborted by the software in your host machine.  : [client 201.245.192.253:13274] AH01102: error reading status line from remote server 172.22.1.31:80, referer: http://190.27.245.106/isolucionsda/Encabezado.asp?Pagina1=FrameSetGeneral.asp&&Pagina=MagazinHome.asp
[Thu Jun 08 15:01:31.525652 2017] [proxy_http:error] [pid 9040:tid 15584] (OS 10053)An established connection was aborted by the software in your host machine.  : [client 201.245.192.253:12933] AH01102: error reading status line from remote server 172.22.1.31:80, referer: http://190.27.245.106/isolucionsda/Session.asp?Continue=1
[Thu Jun 08 15:01:31.525652 2017] [proxy:error] [pid 9040:tid 15584] [client 201.245.192.253:12933] AH00898: Error reading from remote server returned by /isolucionsda/Session.asp, referer: http://190.27.245.106/isolucionsda/Session.asp?Continue=1
[Thu Jun 08 15:14:03.790173 2017] [mpm_winnt:warn] [pid 9040:tid 16540] (OS 64)The specified network name is no longer available.  : AH00341: winnt_accept: Asynchronous AcceptEx failed.
[Thu Jun 08 15:22:24.129852 2017] [proxy_http:error] [pid 9040:tid 16104] (OS 10053)An established connection was aborted by the software in your host machine.  : [client 201.245.192.253:18399] AH01102: error reading status line from remote server 172.22.1.31:80, referer: http://190.27.245.106/isolucionsda/FrameSetGeneral.asp?Pagina1=FrameSetGeneral.asp&
[Thu Jun 08 15:22:24.129852 2017] [proxy:error] [pid 9040:tid 16104] [client 201.245.192.253:18399] AH00898: Error reading from remote server returned by /isolucionsda/BarraTitulos.asp, referer: http://190.27.245.106/isolucionsda/FrameSetGeneral.asp?Pagina1=FrameSetGeneral.asp&
[Thu Jun 08 15:22:24.129852 2017] [proxy_http:error] [pid 9040:tid 14588] (OS 10053)An established connection was aborted by the software in your host machine.  : [client 201.245.192.253:18400] AH01102: error reading status line from remote server 172.22.1.31:80, referer: http://190.27.245.106/isolucionsda/FrameSetGeneral.asp?Pagina1=FrameSetGeneral.asp&
[Thu Jun 08 15:22:24.129852 2017] [proxy:error] [pid 9040:tid 14588] [client 201.245.192.253:18400] AH00898: Error reading from remote server returned by /isolucionsda/MagazinHome.asp, referer: http://190.27.245.106/isolucionsda/FrameSetGeneral.asp?Pagina1=FrameSetGeneral.asp&
[Thu Jun 08 15:22:26.064255 2017] [proxy_http:error] [pid 9040:tid 15872] (OS 10053)An established connection was aborted by the software in your host machine.  : [client 201.245.192.253:22225] AH01102: error reading status line from remote server 172.22.1.31:80, referer: http://190.27.245.106/ISOlucionSDA/magazin.asp?sigla=mac
[Thu Jun 08 16:43:37.889214 2017] [cgi:error] [pid 9040:tid 14560] [client 179.233.67.202:53684] script not found or unable to stat: E:/nuevo/htdocs/hndUnblock.cgi
[Thu Jun 08 16:43:38.294815 2017] [cgi:error] [pid 9040:tid 14560] [client 179.233.67.202:53686] script not found or unable to stat: E:/nuevo/htdocs/tmUnblock.cgi
[Thu Jun 08 17:25:48.229258 2017] [mpm_winnt:warn] [pid 9040:tid 16540] (OS 64)The specified network name is no longer available.  : AH00341: winnt_accept: Asynchronous AcceptEx failed.
[Thu Jun 08 19:17:14.095002 2017] [mpm_winnt:warn] [pid 9040:tid 16540] (OS 64)The specified network name is no longer available.  : AH00341: winnt_accept: Asynchronous AcceptEx failed.
[Thu Jun 08 19:56:01.028289 2017] [proxy_http:error] [pid 9040:tid 15968] (OS 10053)An established connection was aborted by the software in your host machine.  : [client 190.157.241.50:51638] AH01102: error reading status line from remote server 172.22.1.31:80, referer: http://190.27.245.106/isolucionsda/FrameSetGeneral.asp?Pagina1=FrameSetGeneral.asp&
[Thu Jun 08 19:56:01.028289 2017] [proxy:error] [pid 9040:tid 15968] [client 190.157.241.50:51638] AH00898: Error reading from remote server returned by /isolucionsda/BarraFavoritos.asp, referer: http://190.27.245.106/isolucionsda/FrameSetGeneral.asp?Pagina1=FrameSetGeneral.asp&
[Thu Jun 08 20:07:10.784265 2017] [core:error] [pid 9040:tid 15004] (20024)The given path is misformatted or contained invalid characters: [client 157.55.39.89:15630] AH00127: Cannot map GET /www.ambientebogota.gov.co:81/ HTTP/1.1 to file
[Thu Jun 08 20:09:01.575660 2017] [proxy_http:error] [pid 9040:tid 14280] (OS 10053)An established connection was aborted by the software in your host machine.  : [client 190.157.241.50:51691] AH01102: error reading status line from remote server 172.22.1.31:80, referer: http://190.27.245.106/isolucionsda/FrameSetGeneral.asp?Pagina=Menu.asp&IdModulo=4
[Thu Jun 08 21:14:34.328967 2017] [mpm_winnt:warn] [pid 9040:tid 16540] (OS 64)The specified network name is no longer available.  : AH00341: winnt_accept: Asynchronous AcceptEx failed.
[Thu Jun 08 21:14:34.344567 2017] [mpm_winnt:warn] [pid 9040:tid 16540] (OS 64)The specified network name is no longer available.  : AH00341: winnt_accept: Asynchronous AcceptEx failed.
[Thu Jun 08 21:18:18.065560 2017] [mpm_winnt:warn] [pid 9040:tid 16540] (OS 64)The specified network name is no longer available.  : AH00341: winnt_accept: Asynchronous AcceptEx failed.
[Thu Jun 08 23:13:46.540930 2017] [mpm_winnt:warn] [pid 9040:tid 16540] (OS 64)The specified network name is no longer available.  : AH00341: winnt_accept: Asynchronous AcceptEx failed.
[Thu Jun 08 23:30:22.510079 2017] [proxy_http:error] [pid 9040:tid 16096] (OS 10053)An established connection was aborted by the software in your host machine.  : [client 186.83.178.215:61292] AH01102: error reading status line from remote server 172.22.1.31:80, referer: http://190.27.245.106/isolucionsda/BarraTitulos.asp?Pagina1=FrameSetGeneral.asp&&Pagina=MagazinHome.asp
[Thu Jun 08 23:30:22.510079 2017] [proxy:error] [pid 9040:tid 16096] [client 186.83.178.215:61292] AH00898: Error reading from remote server returned by /isolucionsda/g/Bgr_BarraCurva2.jpg, referer: http://190.27.245.106/isolucionsda/BarraTitulos.asp?Pagina1=FrameSetGeneral.asp&&Pagina=MagazinHome.asp
[Thu Jun 08 23:39:05.781798 2017] [proxy_http:error] [pid 9040:tid 14732] (OS 10053)An established connection was aborted by the software in your host machine.  : [client 190.26.20.45:52566] AH01102: error reading status line from remote server 172.22.1.31:80, referer: http://190.27.245.106/isolucionsda/Encabezado.asp?Pagina1=FrameSetGeneral.asp&&Pagina=MagazinHome.asp

:: Command execute ::

Enter:
 
Select:
 

:: Search ::
regexp 

:: Upload ::
 
[ ok ]

:: Make Dir ::
 
[ ok ]
:: Make File ::
 
[ ok ]

:: Go Dir ::
 
:: Go File ::
 

--[ c99shell v. 1.0 pre-release build #13 powered by Captain Crunch Security Team | http://ccteam.ru | Generation time: 0.0468 ]--