!C99Shell v. 1.0 pre-release build #13!

Software: Apache. PHP/5.5.15 

uname -a: Windows NT SVR-DMZ 6.1 build 7600 (Windows Server 2008 R2 Enterprise Edition) i586 

SYSTEM 

Safe-mode: OFF (not secure)

E:\nuevo\apache\logs\   drwxrwxrwx
Free 8.02 GB of 239.26 GB (3.35%)
Detected drives: [ a ] [ c ] [ d ] [ e ] [ f ]
Home    Back    Forward    UPDIR    Refresh    Search    Buffer    Encoder    Tools    Proc.    FTP brute    Sec.    SQL    PHP-code    Update    Feedback    Self remove    Logout    


Viewing file:     error.2017.07.26.log (49.02 KB)      -rw-rw-rw-
Select action/file-type:
(+) | (+) | (+) | Code (+) | Session (+) | (+) | SDB (+) | (+) | (+) | (+) | (+) | (+) |
[Wed Jul 26 00:17:40.749670 2017] [mpm_winnt:warn] [pid 5492:tid 17616] (OS 64)The specified network name is no longer available.  : AH00341: winnt_accept: Asynchronous AcceptEx failed.
[Wed Jul 26 00:18:11.731324 2017] [mpm_winnt:warn] [pid 5492:tid 17616] (OS 64)The specified network name is no longer available.  : AH00341: winnt_accept: Asynchronous AcceptEx failed.
[Wed Jul 26 00:19:56.937909 2017] [mpm_winnt:warn] [pid 5492:tid 17616] (OS 64)The specified network name is no longer available.  : AH00341: winnt_accept: Asynchronous AcceptEx failed.
[Wed Jul 26 00:20:27.935163 2017] [mpm_winnt:warn] [pid 5492:tid 17616] (OS 64)The specified network name is no longer available.  : AH00341: winnt_accept: Asynchronous AcceptEx failed.
[Wed Jul 26 00:36:12.393022 2017] [mpm_winnt:warn] [pid 5492:tid 17616] (OS 64)The specified network name is no longer available.  : AH00341: winnt_accept: Asynchronous AcceptEx failed.
[Wed Jul 26 00:36:43.390277 2017] [mpm_winnt:warn] [pid 5492:tid 17616] (OS 64)The specified network name is no longer available.  : AH00341: winnt_accept: Asynchronous AcceptEx failed.
[Wed Jul 26 01:09:12.583500 2017] [mpm_winnt:warn] [pid 5492:tid 17616] (OS 64)The specified network name is no longer available.  : AH00341: winnt_accept: Asynchronous AcceptEx failed.
[Wed Jul 26 01:12:53.635889 2017] [mpm_winnt:warn] [pid 5492:tid 17616] (OS 64)The specified network name is no longer available.  : AH00341: winnt_accept: Asynchronous AcceptEx failed.
[Wed Jul 26 02:10:40.915579 2017] [mpm_winnt:warn] [pid 5492:tid 17616] (OS 64)The specified network name is no longer available.  : AH00341: winnt_accept: Asynchronous AcceptEx failed.
[Wed Jul 26 02:11:11.928433 2017] [mpm_winnt:warn] [pid 5492:tid 17616] (OS 64)The specified network name is no longer available.  : AH00341: winnt_accept: Asynchronous AcceptEx failed.
[Wed Jul 26 02:11:32.848070 2017] [mpm_winnt:warn] [pid 5492:tid 17616] (OS 64)The specified network name is no longer available.  : AH00341: winnt_accept: Asynchronous AcceptEx failed.
[Wed Jul 26 02:12:03.860924 2017] [mpm_winnt:warn] [pid 5492:tid 17616] (OS 64)The specified network name is no longer available.  : AH00341: winnt_accept: Asynchronous AcceptEx failed.
[Wed Jul 26 02:14:18.192760 2017] [proxy:error] [pid 5492:tid 16112] (OS 10060)A connection attempt failed because the connected party did not properly respond after a period of time, or established connection failed because connected host has failed to respond.  : AH00957: HTTP: attempt to connect to 172.22.1.51:8399 (172.22.1.51) failed
[Wed Jul 26 02:14:18.192760 2017] [proxy:error] [pid 5492:tid 16112] AH00959: ap_proxy_connect_backend disabling worker for (172.22.1.51) for 60s
[Wed Jul 26 02:14:18.192760 2017] [proxy_http:error] [pid 5492:tid 16112] [client 152.61.128.50:44386] AH01114: HTTP: failed to make connection to backend: 172.22.1.51
[Wed Jul 26 02:14:18.426761 2017] [proxy:error] [pid 5492:tid 16112] AH00940: HTTP: disabled connection for (172.22.1.51)
[Wed Jul 26 02:14:18.645161 2017] [proxy:error] [pid 5492:tid 16112] AH00940: HTTP: disabled connection for (172.22.1.51)
[Wed Jul 26 02:56:50.686844 2017] [mpm_winnt:warn] [pid 5492:tid 17616] (OS 64)The specified network name is no longer available.  : AH00341: winnt_accept: Asynchronous AcceptEx failed.
[Wed Jul 26 05:17:22.102053 2017] [mpm_winnt:warn] [pid 5492:tid 17616] (OS 64)The specified network name is no longer available.  : AH00341: winnt_accept: Asynchronous AcceptEx failed.
[Wed Jul 26 05:17:53.083707 2017] [mpm_winnt:warn] [pid 5492:tid 17616] (OS 64)The specified network name is no longer available.  : AH00341: winnt_accept: Asynchronous AcceptEx failed.
[Wed Jul 26 05:18:19.400954 2017] [mpm_winnt:warn] [pid 5492:tid 17616] (OS 64)The specified network name is no longer available.  : AH00341: winnt_accept: Asynchronous AcceptEx failed.
[Wed Jul 26 05:18:50.413808 2017] [mpm_winnt:warn] [pid 5492:tid 17616] (OS 64)The specified network name is no longer available.  : AH00341: winnt_accept: Asynchronous AcceptEx failed.
[Wed Jul 26 05:20:57.725632 2017] [core:error] [pid 5492:tid 16372] (20024)The given path is misformatted or contained invalid characters: [client 68.180.228.159:42448] AH00127: Cannot map GET /www.ambientebogota.gov.co:81/ HTTP/1.1 to file
[Wed Jul 26 05:33:09.491717 2017] [mpm_winnt:warn] [pid 5492:tid 17616] (OS 64)The specified network name is no longer available.  : AH00341: winnt_accept: Asynchronous AcceptEx failed.
[Wed Jul 26 05:33:40.520172 2017] [mpm_winnt:warn] [pid 5492:tid 17616] (OS 64)The specified network name is no longer available.  : AH00341: winnt_accept: Asynchronous AcceptEx failed.
[Wed Jul 26 05:53:50.161896 2017] [mpm_winnt:warn] [pid 5492:tid 17616] (OS 64)The specified network name is no longer available.  : AH00341: winnt_accept: Asynchronous AcceptEx failed.
[Wed Jul 26 06:22:08.148879 2017] [proxy_http:error] [pid 5492:tid 16088] (OS 10053)An established connection was aborted by the software in your host machine.  : [client 201.245.192.253:19992] AH01102: error reading status line from remote server 172.22.1.31:80, referer: http://190.27.245.106/isolucionsda/FrameSetGeneral.asp?Pagina1=FrameSetGeneral.asp&
[Wed Jul 26 06:22:08.148879 2017] [proxy:error] [pid 5492:tid 16088] [client 201.245.192.253:19992] AH00898: Error reading from remote server returned by /isolucionsda/BarraTitulos.asp, referer: http://190.27.245.106/isolucionsda/FrameSetGeneral.asp?Pagina1=FrameSetGeneral.asp&
[Wed Jul 26 07:00:29.653121 2017] [mpm_winnt:warn] [pid 5492:tid 17616] (OS 64)The specified network name is no longer available.  : AH00341: winnt_accept: Asynchronous AcceptEx failed.
[Wed Jul 26 07:01:00.650375 2017] [mpm_winnt:warn] [pid 5492:tid 17616] (OS 64)The specified network name is no longer available.  : AH00341: winnt_accept: Asynchronous AcceptEx failed.
[Wed Jul 26 07:08:32.147369 2017] [mpm_winnt:warn] [pid 5492:tid 17616] (OS 64)The specified network name is no longer available.  : AH00341: winnt_accept: Asynchronous AcceptEx failed.
[Wed Jul 26 07:09:03.144623 2017] [mpm_winnt:warn] [pid 5492:tid 17616] (OS 64)The specified network name is no longer available.  : AH00341: winnt_accept: Asynchronous AcceptEx failed.
[Wed Jul 26 07:15:56.576549 2017] [proxy_http:error] [pid 5492:tid 15456] (OS 10053)An established connection was aborted by the software in your host machine.  : [client 190.84.148.85:49933] AH01102: error reading status line from remote server 172.22.1.31:80, referer: http://190.27.245.106/isolucionsda/FrameSetGeneral.asp?Pagina=Menu.asp&IdModulo=4
[Wed Jul 26 07:16:15.109382 2017] [proxy_http:error] [pid 5492:tid 16900] (OS 10053)An established connection was aborted by the software in your host machine.  : [client 190.84.148.85:49949] AH01102: error reading status line from remote server 172.22.1.31:80, referer: http://190.27.245.106/isolucionsda/FrameSetGeneral.asp?Pagina=Menu.asp&IdModulo=4
[Wed Jul 26 07:16:15.109382 2017] [proxy:error] [pid 5492:tid 16900] [client 190.84.148.85:49949] AH00898: Error reading from remote server returned by /isolucionsda/BarraFavoritos.asp, referer: http://190.27.245.106/isolucionsda/FrameSetGeneral.asp?Pagina=Menu.asp&IdModulo=4
[Wed Jul 26 07:23:52.190185 2017] [proxy_http:error] [pid 5492:tid 16812] (OS 10053)An established connection was aborted by the software in your host machine.  : [client 190.84.148.85:50115] AH01102: error reading status line from remote server 172.22.1.31:80, referer: http://190.27.245.106/isolucionsda/FrameSetGeneral.asp?Pagina=Menu.asp&IdModulo=4
[Wed Jul 26 07:26:54.304904 2017] [proxy_http:error] [pid 5492:tid 16824] (OS 10053)An established connection was aborted by the software in your host machine.  : [client 190.84.148.85:50186] AH01102: error reading status line from remote server 172.22.1.31:80, referer: http://190.27.245.106/isolucionsda/FrameSetGeneral.asp?Pagina=Menu.asp&IdModulo=4
[Wed Jul 26 07:36:04.876671 2017] [proxy_http:error] [pid 5492:tid 16196] (OS 10053)An established connection was aborted by the software in your host machine.  : [client 190.84.148.85:50282] AH01102: error reading status line from remote server 172.22.1.31:80, referer: http://190.27.245.106/isolucionsda/FrameSetGeneral.asp?Pagina=MagazinHome.asp
[Wed Jul 26 07:36:04.876671 2017] [proxy:error] [pid 5492:tid 16196] [client 190.84.148.85:50282] AH00898: Error reading from remote server returned by /isolucionsda/BarraFavoritos.asp, referer: http://190.27.245.106/isolucionsda/FrameSetGeneral.asp?Pagina=MagazinHome.asp
[Wed Jul 26 07:36:06.124674 2017] [proxy_http:error] [pid 5492:tid 15532] (OS 10053)An established connection was aborted by the software in your host machine.  : [client 190.84.148.85:50284] AH01102: error reading status line from remote server 172.22.1.31:80, referer: http://190.27.245.106/isolucionsda/FrameSetGeneral.asp?Pagina=MagazinHome.asp
[Wed Jul 26 07:36:06.124674 2017] [proxy:error] [pid 5492:tid 15532] [client 190.84.148.85:50284] AH00898: Error reading from remote server returned by /isolucionsda/MagazinHome.asp, referer: http://190.27.245.106/isolucionsda/FrameSetGeneral.asp?Pagina=MagazinHome.asp
[Wed Jul 26 07:53:53.027148 2017] [proxy_http:error] [pid 5492:tid 16900] (OS 10053)An established connection was aborted by the software in your host machine.  : [client 186.31.223.6:3232] AH01102: error reading status line from remote server 172.22.1.31:80, referer: http://190.27.245.106/IsolucionSDA/FrameSetGeneral.asp?Pagina1=FrameSetGeneral.asp&
[Wed Jul 26 07:56:24.550214 2017] [proxy_http:error] [pid 5492:tid 16256] (OS 10053)An established connection was aborted by the software in your host machine.  : [client 201.245.192.253:12331] AH01102: error reading status line from remote server 172.22.1.31:80, referer: http://190.27.245.106/isolucionsda/Encabezado.asp?Pagina1=FrameSetGeneral.asp&&Pagina=MagazinHome.asp
[Wed Jul 26 07:59:12.172508 2017] [proxy:error] [pid 5492:tid 16340] (OS 10060)A connection attempt failed because the connected party did not properly respond after a period of time, or established connection failed because connected host has failed to respond.  : AH00957: HTTP: attempt to connect to 172.22.1.51:8399 (172.22.1.51) failed
[Wed Jul 26 07:59:12.172508 2017] [proxy:error] [pid 5492:tid 16340] AH00959: ap_proxy_connect_backend disabling worker for (172.22.1.51) for 60s
[Wed Jul 26 07:59:12.172508 2017] [proxy_http:error] [pid 5492:tid 16340] [client 94.25.176.100:33309] AH01114: HTTP: failed to make connection to backend: 172.22.1.51, referer: http://194.190.72.68:64027/
[Wed Jul 26 08:20:01.922903 2017] [proxy_http:error] [pid 5492:tid 15532] (OS 10053)An established connection was aborted by the software in your host machine.  : [client 201.245.192.253:28622] AH01102: error reading status line from remote server 172.22.1.31:80, referer: http://190.27.245.106/isolucionsda/FrameSetGeneral.asp?Pagina1=FrameSetGeneral.asp&
[Wed Jul 26 08:20:01.922903 2017] [proxy:error] [pid 5492:tid 15532] [client 201.245.192.253:28622] AH00898: Error reading from remote server returned by /isolucionsda/BarraFavoritos.asp, referer: http://190.27.245.106/isolucionsda/FrameSetGeneral.asp?Pagina1=FrameSetGeneral.asp&
[Wed Jul 26 08:20:01.985303 2017] [proxy_http:error] [pid 5492:tid 16752] (OS 10053)An established connection was aborted by the software in your host machine.  : [client 201.245.192.253:28620] AH01102: error reading status line from remote server 172.22.1.31:80, referer: http://190.27.245.106/isolucionsda/FrameSetGeneral.asp?Pagina1=FrameSetGeneral.asp&
[Wed Jul 26 08:27:46.538519 2017] [proxy_http:error] [pid 5492:tid 16024] (OS 10053)An established connection was aborted by the software in your host machine.  : [client 201.245.192.253:25585] AH01102: error reading status line from remote server 172.22.1.31:80, referer: http://190.27.245.106/isolucionsda/Session.asp?Continue=1
[Wed Jul 26 08:27:46.538519 2017] [proxy:error] [pid 5492:tid 16024] [client 201.245.192.253:25585] AH00898: Error reading from remote server returned by /isolucionsda/Session.asp, referer: http://190.27.245.106/isolucionsda/Session.asp?Continue=1
[Wed Jul 26 08:29:53.195142 2017] [mpm_winnt:warn] [pid 5492:tid 17616] (OS 64)The specified network name is no longer available.  : AH00341: winnt_accept: Asynchronous AcceptEx failed.
[Wed Jul 26 08:30:24.192396 2017] [mpm_winnt:warn] [pid 5492:tid 17616] (OS 64)The specified network name is no longer available.  : AH00341: winnt_accept: Asynchronous AcceptEx failed.
[Wed Jul 26 08:38:58.041699 2017] [proxy_http:error] [pid 5492:tid 16784] (OS 10053)An established connection was aborted by the software in your host machine.  : [client 201.245.192.253:21551] AH01102: error reading status line from remote server 172.22.1.31:80, referer: http://190.27.245.106/isolucionsda/FrameSetGeneral.asp?Pagina1=FrameSetGeneral.asp&
[Wed Jul 26 08:38:58.041699 2017] [proxy:error] [pid 5492:tid 16784] [client 201.245.192.253:21551] AH00898: Error reading from remote server returned by /isolucionsda/BarraFavoritos.asp, referer: http://190.27.245.106/isolucionsda/FrameSetGeneral.asp?Pagina1=FrameSetGeneral.asp&
[Wed Jul 26 08:38:58.041699 2017] [proxy_http:error] [pid 5492:tid 16980] (OS 10053)An established connection was aborted by the software in your host machine.  : [client 201.245.192.253:21320] AH01102: error reading status line from remote server 172.22.1.31:80, referer: http://190.27.245.106/isolucionsda/FrameSetGeneral.asp?Pagina1=FrameSetGeneral.asp&
[Wed Jul 26 08:38:58.057299 2017] [proxy_http:error] [pid 5492:tid 15520] (OS 10053)An established connection was aborted by the software in your host machine.  : [client 201.245.192.253:21141] AH01102: error reading status line from remote server 172.22.1.31:80, referer: http://190.27.245.106/isolucionsda/FrameSetGeneral.asp?Pagina1=FrameSetGeneral.asp&
[Wed Jul 26 08:43:24.397567 2017] [proxy_http:error] [pid 5492:tid 16876] (OS 10053)An established connection was aborted by the software in your host machine.  : [client 181.55.192.149:11581] AH01102: error reading status line from remote server 172.22.1.31:80, referer: http://www.ambientebogota.gov.co/web/intranet/aplicaciones-para-acceder-fuera-de-la-sda
[Wed Jul 26 08:43:24.397567 2017] [proxy:error] [pid 5492:tid 16876] [client 181.55.192.149:11581] AH00898: Error reading from remote server returned by /isolucionsda/, referer: http://www.ambientebogota.gov.co/web/intranet/aplicaciones-para-acceder-fuera-de-la-sda
[Wed Jul 26 08:43:36.362788 2017] [proxy_http:error] [pid 5492:tid 15532] (OS 10053)An established connection was aborted by the software in your host machine.  : [client 181.63.64.212:51792] AH01102: error reading status line from remote server 172.22.1.31:80, referer: http://190.27.245.106/isolucionsda/FrameSetGeneral.asp?Pagina=Menu.asp&IdModulo=4
[Wed Jul 26 08:43:36.362788 2017] [proxy:error] [pid 5492:tid 15532] [client 181.63.64.212:51792] AH00898: Error reading from remote server returned by /isolucionsda/BarraTitulos.asp, referer: http://190.27.245.106/isolucionsda/FrameSetGeneral.asp?Pagina=Menu.asp&IdModulo=4
[Wed Jul 26 08:43:36.378388 2017] [proxy_http:error] [pid 5492:tid 16024] (OS 10053)An established connection was aborted by the software in your host machine.  : [client 181.63.64.212:51796] AH01102: error reading status line from remote server 172.22.1.31:80, referer: http://190.27.245.106/isolucionsda/FrameSetGeneral.asp?Pagina=Menu.asp&IdModulo=4
[Wed Jul 26 08:43:36.378388 2017] [proxy:error] [pid 5492:tid 16024] [client 181.63.64.212:51796] AH00898: Error reading from remote server returned by /isolucionsda/Menu.asp, referer: http://190.27.245.106/isolucionsda/FrameSetGeneral.asp?Pagina=Menu.asp&IdModulo=4
[Wed Jul 26 08:43:42.197198 2017] [proxy_http:error] [pid 5492:tid 16016] (OS 10053)An established connection was aborted by the software in your host machine.  : [client 181.63.64.212:51790] AH01102: error reading status line from remote server 172.22.1.31:80, referer: http://190.27.245.106/ISOlucionSDA/bancoconocimiento/m/mapadeprocesos__v4/mapadeprocesos__v4.asp
[Wed Jul 26 08:44:59.198933 2017] [mpm_winnt:warn] [pid 5492:tid 17616] (OS 64)The specified network name is no longer available.  : AH00341: winnt_accept: Asynchronous AcceptEx failed.
[Wed Jul 26 08:45:30.180588 2017] [mpm_winnt:warn] [pid 5492:tid 17616] (OS 64)The specified network name is no longer available.  : AH00341: winnt_accept: Asynchronous AcceptEx failed.
[Wed Jul 26 08:53:25.544622 2017] [mpm_winnt:warn] [pid 5492:tid 17616] (OS 64)The specified network name is no longer available.  : AH00341: winnt_accept: Asynchronous AcceptEx failed.
[Wed Jul 26 08:54:55.401780 2017] [mpm_winnt:warn] [pid 5492:tid 17616] (OS 64)The specified network name is no longer available.  : AH00341: winnt_accept: Asynchronous AcceptEx failed.
[Wed Jul 26 09:00:45.029594 2017] [mpm_winnt:warn] [pid 5492:tid 17616] (OS 64)The specified network name is no longer available.  : AH00341: winnt_accept: Asynchronous AcceptEx failed.
[Wed Jul 26 09:01:16.058049 2017] [mpm_winnt:warn] [pid 5492:tid 17616] (OS 64)The specified network name is no longer available.  : AH00341: winnt_accept: Asynchronous AcceptEx failed.
[Wed Jul 26 09:12:26.718827 2017] [proxy_http:error] [pid 5492:tid 16196] (OS 10053)An established connection was aborted by the software in your host machine.  : [client 201.245.192.253:12652] AH01102: error reading status line from remote server 172.22.1.31:80, referer: http://190.27.245.106/ISOlucionSDA/bancoconocimiento/m/mapadeprocesos__v4/mapadeprocesos__v4.asp
[Wed Jul 26 09:12:26.734427 2017] [proxy_http:error] [pid 5492:tid 15996] (OS 10053)An established connection was aborted by the software in your host machine.  : [client 201.245.192.253:12653] AH01102: error reading status line from remote server 172.22.1.31:80, referer: http://190.27.245.106/ISOlucionSDA/bancoconocimiento/m/mapadeprocesos__v4/mapadeprocesos__v4.asp
[Wed Jul 26 09:28:18.850899 2017] [proxy_http:error] [pid 5492:tid 16600] (OS 10053)An established connection was aborted by the software in your host machine.  : [client 201.245.192.253:12922] AH01102: error reading status line from remote server 172.22.1.31:80, referer: http://190.27.245.106/ISOlucionSDA/bancoconocimiento/m/mapadeprocesos__v4/mapadeprocesos__v4.asp
[Wed Jul 26 09:28:18.850899 2017] [proxy_http:error] [pid 5492:tid 15532] (OS 10053)An established connection was aborted by the software in your host machine.  : [client 201.245.192.253:12769] AH01102: error reading status line from remote server 172.22.1.31:80, referer: http://190.27.245.106/ISOlucionSDA/bancoconocimiento/m/mapadeprocesos__v4/mapadeprocesos__v4.asp
[Wed Jul 26 09:43:13.872271 2017] [proxy_http:error] [pid 5492:tid 16128] (OS 10053)An established connection was aborted by the software in your host machine.  : [client 201.245.192.253:19067] AH01102: error reading status line from remote server 172.22.1.31:80, referer: http://190.27.245.106/isolucionsda/FrameSetGeneral.asp?Pagina=Magazin.asp&Sigla=MAC&IdModulo=2
[Wed Jul 26 09:43:13.872271 2017] [proxy:error] [pid 5492:tid 16128] [client 201.245.192.253:19067] AH00898: Error reading from remote server returned by /isolucionsda/BarraFavoritos.asp, referer: http://190.27.245.106/isolucionsda/FrameSetGeneral.asp?Pagina=Magazin.asp&Sigla=MAC&IdModulo=2
[Wed Jul 26 09:47:33.472327 2017] [proxy_http:error] [pid 5492:tid 16692] (OS 10053)An established connection was aborted by the software in your host machine.  : [client 201.245.192.253:26723] AH01102: error reading status line from remote server 172.22.1.31:80, referer: http://190.27.245.106/isolucionsda/DetalleTareas.aspx?Number=69705565566552484569
[Wed Jul 26 09:52:35.583458 2017] [proxy_http:error] [pid 5492:tid 16256] (OS 10053)An established connection was aborted by the software in your host machine.  : [client 201.245.192.253:17880] AH01102: error reading status line from remote server 172.22.1.31:80, referer: http://190.27.245.106/isolucionsda/FrameSetGeneral.asp?Pagina=Menu.asp&IdModulo=4
[Wed Jul 26 09:52:35.583458 2017] [proxy:error] [pid 5492:tid 16256] [client 201.245.192.253:17880] AH00898: Error reading from remote server returned by /isolucionsda/BarraFavoritos.asp, referer: http://190.27.245.106/isolucionsda/FrameSetGeneral.asp?Pagina=Menu.asp&IdModulo=4
[Wed Jul 26 09:52:37.393061 2017] [proxy_http:error] [pid 5492:tid 15996] (OS 10053)An established connection was aborted by the software in your host machine.  : [client 201.245.192.253:18624] AH01102: error reading status line from remote server 172.22.1.31:80, referer: http://190.27.245.106/isolucionsda/FrameSetGeneral.asp?Pagina=SucursalSeleccion.asp&CargaPagina=ModuloProcesos&IdModulo=3
[Wed Jul 26 09:52:37.393061 2017] [proxy:error] [pid 5492:tid 15996] [client 201.245.192.253:18624] AH00898: Error reading from remote server returned by /isolucionsda/BarraFavoritos.asp, referer: http://190.27.245.106/isolucionsda/FrameSetGeneral.asp?Pagina=SucursalSeleccion.asp&CargaPagina=ModuloProcesos&IdModulo=3
[Wed Jul 26 10:07:12.944599 2017] [proxy_http:error] [pid 5492:tid 16216] (OS 10053)An established connection was aborted by the software in your host machine.  : [client 201.245.192.253:22072] AH01102: error reading status line from remote server 172.22.1.31:80, referer: http://190.27.245.106/isolucionsda/FrameSetGeneral.asp?Pagina=Menu.asp&IdModulo=7
[Wed Jul 26 10:07:12.944599 2017] [proxy:error] [pid 5492:tid 16216] [client 201.245.192.253:22072] AH00898: Error reading from remote server returned by /isolucionsda/BarraFavoritos.asp, referer: http://190.27.245.106/isolucionsda/FrameSetGeneral.asp?Pagina=Menu.asp&IdModulo=7
[Wed Jul 26 10:24:31.812824 2017] [mpm_winnt:warn] [pid 5492:tid 17616] (OS 64)The specified network name is no longer available.  : AH00341: winnt_accept: Asynchronous AcceptEx failed.
[Wed Jul 26 10:38:33.263702 2017] [mpm_winnt:warn] [pid 5492:tid 17616] (OS 64)The specified network name is no longer available.  : AH00341: winnt_accept: Asynchronous AcceptEx failed.
[Wed Jul 26 10:52:02.609723 2017] [mpm_winnt:warn] [pid 5492:tid 17616] (OS 64)The specified network name is no longer available.  : AH00341: winnt_accept: Asynchronous AcceptEx failed.
[Wed Jul 26 11:04:54.655079 2017] [mpm_winnt:warn] [pid 5492:tid 17616] (OS 64)The specified network name is no longer available.  : AH00341: winnt_accept: Asynchronous AcceptEx failed.
[Wed Jul 26 11:08:49.934692 2017] [mpm_winnt:warn] [pid 5492:tid 17616] (OS 64)The specified network name is no longer available.  : AH00341: winnt_accept: Asynchronous AcceptEx failed.
[Wed Jul 26 11:16:49.339135 2017] [proxy_http:error] [pid 5492:tid 16776] (OS 10053)An established connection was aborted by the software in your host machine.  : [client 201.245.192.253:10392] AH01102: error reading status line from remote server 172.22.1.31:80, referer: http://190.27.245.106/isolucionsda/Encabezado.asp?Pagina1=FrameSetGeneral.asp&&Pagina=MagazinHome.asp
[Wed Jul 26 11:16:49.339135 2017] [proxy:error] [pid 5492:tid 16776] [client 201.245.192.253:10392] AH00898: Error reading from remote server returned by /isolucionsda/Session.asp, referer: http://190.27.245.106/isolucionsda/Encabezado.asp?Pagina1=FrameSetGeneral.asp&&Pagina=MagazinHome.asp
[Wed Jul 26 11:22:16.627709 2017] [mpm_winnt:warn] [pid 5492:tid 17616] (OS 64)The specified network name is no longer available.  : AH00341: winnt_accept: Asynchronous AcceptEx failed.
[Wed Jul 26 11:48:53.635714 2017] [proxy_http:error] [pid 5492:tid 16652] (OS 10053)An established connection was aborted by the software in your host machine.  : [client 201.245.192.253:12332] AH01102: error reading status line from remote server 172.22.1.31:80, referer: http://190.27.245.106/ISOlucionSDA/bancoconocimiento/m/mapadeprocesos__v4/mapadeprocesos__v4.asp
[Wed Jul 26 11:48:53.635714 2017] [proxy_http:error] [pid 5492:tid 16008] (OS 10053)An established connection was aborted by the software in your host machine.  : [client 201.245.192.253:12331] AH01102: error reading status line from remote server 172.22.1.31:80, referer: http://190.27.245.106/ISOlucionSDA/bancoconocimiento/m/mapadeprocesos__v4/mapadeprocesos__v4.asp
[Wed Jul 26 11:48:53.713715 2017] [proxy_http:error] [pid 5492:tid 16196] (OS 10053)An established connection was aborted by the software in your host machine.  : [client 201.245.192.253:19707] AH01102: error reading status line from remote server 172.22.1.31:80, referer: http://190.27.245.106/ISOlucionSDA/bancoconocimiento/m/mapadeprocesos__v4/mapadeprocesos__v4.asp
[Wed Jul 26 13:00:31.913264 2017] [proxy_http:error] [pid 5492:tid 16024] (OS 10053)An established connection was aborted by the software in your host machine.  : [client 201.245.192.253:22108] AH01102: error reading status line from remote server 172.22.1.31:80, referer: http://www.ambientebogota.gov.co/web/intranet/aplicaciones-para-acceder-fuera-de-la-sda
[Wed Jul 26 13:00:31.913264 2017] [proxy:error] [pid 5492:tid 16024] [client 201.245.192.253:22108] AH00898: Error reading from remote server returned by /isolucionsda/, referer: http://www.ambientebogota.gov.co/web/intranet/aplicaciones-para-acceder-fuera-de-la-sda
[Wed Jul 26 13:00:36.593272 2017] [proxy_http:error] [pid 5492:tid 16932] (OS 10053)An established connection was aborted by the software in your host machine.  : [client 201.245.192.253:22474] AH01102: error reading status line from remote server 172.22.1.31:80, referer: http://www.ambientebogota.gov.co/web/intranet/aplicaciones-para-acceder-fuera-de-la-sda
[Wed Jul 26 13:00:36.593272 2017] [proxy:error] [pid 5492:tid 16932] [client 201.245.192.253:22474] AH00898: Error reading from remote server returned by /isolucionsda/, referer: http://www.ambientebogota.gov.co/web/intranet/aplicaciones-para-acceder-fuera-de-la-sda
[Wed Jul 26 13:15:30.568443 2017] [proxy_http:error] [pid 5492:tid 16024] (OS 10053)An established connection was aborted by the software in your host machine.  : [client 201.245.192.253:23076] AH01102: error reading status line from remote server 172.22.1.31:80, referer: http://190.27.245.106/isolucionsda/DetalleTareas.aspx?Number=54664848555067534566
[Wed Jul 26 13:15:32.190845 2017] [proxy_http:error] [pid 5492:tid 15544] (OS 10053)An established connection was aborted by the software in your host machine.  : [client 201.245.192.253:23758] AH01102: error reading status line from remote server 172.22.1.31:80, referer: http://190.27.245.106/isolucionsda/FrameSetGeneral.asp?Pagina=SucursalSeleccion.asp&CargaPagina=ModuloProcesos&IdModulo=3
[Wed Jul 26 13:36:53.048695 2017] [mpm_winnt:warn] [pid 5492:tid 17616] (OS 64)The specified network name is no longer available.  : AH00341: winnt_accept: Asynchronous AcceptEx failed.
[Wed Jul 26 13:36:53.048695 2017] [mpm_winnt:warn] [pid 5492:tid 17616] (OS 64)The specified network name is no longer available.  : AH00341: winnt_accept: Asynchronous AcceptEx failed.
[Wed Jul 26 13:36:53.048695 2017] [mpm_winnt:warn] [pid 5492:tid 17616] (OS 64)The specified network name is no longer available.  : AH00341: winnt_accept: Asynchronous AcceptEx failed.
[Wed Jul 26 13:36:53.064295 2017] [mpm_winnt:warn] [pid 5492:tid 17616] (OS 64)The specified network name is no longer available.  : AH00341: winnt_accept: Asynchronous AcceptEx failed.
[Wed Jul 26 13:36:53.064295 2017] [mpm_winnt:warn] [pid 5492:tid 17616] (OS 64)The specified network name is no longer available.  : AH00341: winnt_accept: Asynchronous AcceptEx failed.
[Wed Jul 26 13:36:53.064295 2017] [mpm_winnt:warn] [pid 5492:tid 17616] (OS 64)The specified network name is no longer available.  : AH00341: winnt_accept: Asynchronous AcceptEx failed.
[Wed Jul 26 13:36:53.064295 2017] [mpm_winnt:warn] [pid 5492:tid 17616] (OS 64)The specified network name is no longer available.  : AH00341: winnt_accept: Asynchronous AcceptEx failed.
[Wed Jul 26 13:36:53.064295 2017] [mpm_winnt:warn] [pid 5492:tid 17616] (OS 64)The specified network name is no longer available.  : AH00341: winnt_accept: Asynchronous AcceptEx failed.
[Wed Jul 26 13:36:53.064295 2017] [mpm_winnt:warn] [pid 5492:tid 17616] (OS 64)The specified network name is no longer available.  : AH00341: winnt_accept: Asynchronous AcceptEx failed.
[Wed Jul 26 13:36:53.064295 2017] [mpm_winnt:warn] [pid 5492:tid 17616] (OS 64)The specified network name is no longer available.  : AH00341: winnt_accept: Asynchronous AcceptEx failed.
[Wed Jul 26 13:36:53.064295 2017] [mpm_winnt:warn] [pid 5492:tid 17616] (OS 64)The specified network name is no longer available.  : AH00341: winnt_accept: Asynchronous AcceptEx failed.
[Wed Jul 26 13:36:53.064295 2017] [mpm_winnt:warn] [pid 5492:tid 17616] (OS 64)The specified network name is no longer available.  : AH00341: winnt_accept: Asynchronous AcceptEx failed.
[Wed Jul 26 13:36:53.064295 2017] [mpm_winnt:warn] [pid 5492:tid 17616] (OS 64)The specified network name is no longer available.  : AH00341: winnt_accept: Asynchronous AcceptEx failed.
[Wed Jul 26 13:36:53.064295 2017] [mpm_winnt:warn] [pid 5492:tid 17616] (OS 64)The specified network name is no longer available.  : AH00341: winnt_accept: Asynchronous AcceptEx failed.
[Wed Jul 26 13:36:53.064295 2017] [mpm_winnt:warn] [pid 5492:tid 17616] (OS 64)The specified network name is no longer available.  : AH00341: winnt_accept: Asynchronous AcceptEx failed.
[Wed Jul 26 13:36:53.064295 2017] [mpm_winnt:warn] [pid 5492:tid 17616] (OS 64)The specified network name is no longer available.  : AH00341: winnt_accept: Asynchronous AcceptEx failed.
[Wed Jul 26 13:36:53.064295 2017] [mpm_winnt:warn] [pid 5492:tid 17616] (OS 64)The specified network name is no longer available.  : AH00341: winnt_accept: Asynchronous AcceptEx failed.
[Wed Jul 26 13:36:53.064295 2017] [mpm_winnt:warn] [pid 5492:tid 17616] (OS 64)The specified network name is no longer available.  : AH00341: winnt_accept: Asynchronous AcceptEx failed.
[Wed Jul 26 13:36:53.064295 2017] [mpm_winnt:warn] [pid 5492:tid 17616] (OS 64)The specified network name is no longer available.  : AH00341: winnt_accept: Asynchronous AcceptEx failed.
[Wed Jul 26 13:36:53.064295 2017] [mpm_winnt:warn] [pid 5492:tid 17616] (OS 64)The specified network name is no longer available.  : AH00341: winnt_accept: Asynchronous AcceptEx failed.
[Wed Jul 26 13:36:53.064295 2017] [mpm_winnt:warn] [pid 5492:tid 17616] (OS 64)The specified network name is no longer available.  : AH00341: winnt_accept: Asynchronous AcceptEx failed.
[Wed Jul 26 13:36:53.064295 2017] [mpm_winnt:warn] [pid 5492:tid 17616] (OS 64)The specified network name is no longer available.  : AH00341: winnt_accept: Asynchronous AcceptEx failed.
[Wed Jul 26 13:36:53.064295 2017] [mpm_winnt:warn] [pid 5492:tid 17616] (OS 64)The specified network name is no longer available.  : AH00341: winnt_accept: Asynchronous AcceptEx failed.
[Wed Jul 26 13:36:53.064295 2017] [mpm_winnt:warn] [pid 5492:tid 17616] (OS 64)The specified network name is no longer available.  : AH00341: winnt_accept: Asynchronous AcceptEx failed.
[Wed Jul 26 13:36:53.064295 2017] [mpm_winnt:warn] [pid 5492:tid 17616] (OS 64)The specified network name is no longer available.  : AH00341: winnt_accept: Asynchronous AcceptEx failed.
[Wed Jul 26 13:36:53.064295 2017] [mpm_winnt:warn] [pid 5492:tid 17616] (OS 64)The specified network name is no longer available.  : AH00341: winnt_accept: Asynchronous AcceptEx failed.
[Wed Jul 26 13:36:53.064295 2017] [mpm_winnt:warn] [pid 5492:tid 17616] (OS 64)The specified network name is no longer available.  : AH00341: winnt_accept: Asynchronous AcceptEx failed.
[Wed Jul 26 13:36:53.064295 2017] [mpm_winnt:warn] [pid 5492:tid 17616] (OS 64)The specified network name is no longer available.  : AH00341: winnt_accept: Asynchronous AcceptEx failed.
[Wed Jul 26 13:36:53.064295 2017] [mpm_winnt:warn] [pid 5492:tid 17616] (OS 64)The specified network name is no longer available.  : AH00341: winnt_accept: Asynchronous AcceptEx failed.
[Wed Jul 26 13:36:53.064295 2017] [mpm_winnt:warn] [pid 5492:tid 17616] (OS 64)The specified network name is no longer available.  : AH00341: winnt_accept: Asynchronous AcceptEx failed.
[Wed Jul 26 13:36:53.064295 2017] [mpm_winnt:warn] [pid 5492:tid 17616] (OS 64)The specified network name is no longer available.  : AH00341: winnt_accept: Asynchronous AcceptEx failed.
[Wed Jul 26 13:36:53.064295 2017] [mpm_winnt:warn] [pid 5492:tid 17616] (OS 64)The specified network name is no longer available.  : AH00341: winnt_accept: Asynchronous AcceptEx failed.
[Wed Jul 26 13:36:53.064295 2017] [mpm_winnt:warn] [pid 5492:tid 17616] (OS 64)The specified network name is no longer available.  : AH00341: winnt_accept: Asynchronous AcceptEx failed.
[Wed Jul 26 13:36:53.064295 2017] [mpm_winnt:warn] [pid 5492:tid 17616] (OS 64)The specified network name is no longer available.  : AH00341: winnt_accept: Asynchronous AcceptEx failed.
[Wed Jul 26 13:36:53.064295 2017] [mpm_winnt:warn] [pid 5492:tid 17616] (OS 64)The specified network name is no longer available.  : AH00341: winnt_accept: Asynchronous AcceptEx failed.
[Wed Jul 26 13:36:53.064295 2017] [mpm_winnt:warn] [pid 5492:tid 17616] (OS 64)The specified network name is no longer available.  : AH00341: winnt_accept: Asynchronous AcceptEx failed.
[Wed Jul 26 13:36:53.064295 2017] [mpm_winnt:warn] [pid 5492:tid 17616] (OS 64)The specified network name is no longer available.  : AH00341: winnt_accept: Asynchronous AcceptEx failed.
[Wed Jul 26 13:36:53.064295 2017] [mpm_winnt:warn] [pid 5492:tid 17616] (OS 64)The specified network name is no longer available.  : AH00341: winnt_accept: Asynchronous AcceptEx failed.
[Wed Jul 26 13:36:53.064295 2017] [mpm_winnt:warn] [pid 5492:tid 17616] (OS 64)The specified network name is no longer available.  : AH00341: winnt_accept: Asynchronous AcceptEx failed.
[Wed Jul 26 13:41:37.000394 2017] [mpm_winnt:warn] [pid 5492:tid 17616] (OS 64)The specified network name is no longer available.  : AH00341: winnt_accept: Asynchronous AcceptEx failed.
[Wed Jul 26 14:16:46.593099 2017] [access_compat:error] [pid 5492:tid 15544] [client 166.62.38.161:39494] AH01797: client denied by server configuration: E:/nuevo/htdocs/phpMyAdmin
[Wed Jul 26 14:16:46.951900 2017] [access_compat:error] [pid 5492:tid 16420] [client 166.62.38.161:39877] AH01797: client denied by server configuration: E:/nuevo/phpMyAdmin/scripts
[Wed Jul 26 14:26:07.134284 2017] [mpm_winnt:warn] [pid 5492:tid 17616] (OS 64)The specified network name is no longer available.  : AH00341: winnt_accept: Asynchronous AcceptEx failed.
[Wed Jul 26 14:26:39.894341 2017] [proxy_http:error] [pid 5492:tid 16964] (OS 10053)An established connection was aborted by the software in your host machine.  : [client 201.245.192.253:21765] AH01102: error reading status line from remote server 172.22.1.31:80, referer: http://190.27.245.106/isolucionsda/FrameSetGeneral.asp?Pagina=Menu.asp&IdModulo=4
[Wed Jul 26 14:26:39.894341 2017] [proxy:error] [pid 5492:tid 16964] [client 201.245.192.253:21765] AH00898: Error reading from remote server returned by /isolucionsda/BarraFavoritos.asp, referer: http://190.27.245.106/isolucionsda/FrameSetGeneral.asp?Pagina=Menu.asp&IdModulo=4
[Wed Jul 26 14:26:42.655546 2017] [proxy_http:error] [pid 5492:tid 16356] (OS 10053)An established connection was aborted by the software in your host machine.  : [client 201.245.192.253:21062] AH01102: error reading status line from remote server 172.22.1.31:80, referer: http://190.27.245.106/isolucionsda/FrameSetGeneral.asp?Pagina=ListadoMaestroDocumentos3.asp
[Wed Jul 26 14:26:42.655546 2017] [proxy:error] [pid 5492:tid 16356] [client 201.245.192.253:21062] AH00898: Error reading from remote server returned by /isolucionsda/BarraFavoritos.asp, referer: http://190.27.245.106/isolucionsda/FrameSetGeneral.asp?Pagina=ListadoMaestroDocumentos3.asp
[Wed Jul 26 14:27:47.442460 2017] [mpm_winnt:warn] [pid 5492:tid 17616] (OS 64)The specified network name is no longer available.  : AH00341: winnt_accept: Asynchronous AcceptEx failed.
[Wed Jul 26 14:31:23.300039 2017] [mpm_winnt:warn] [pid 5492:tid 17616] (OS 64)The specified network name is no longer available.  : AH00341: winnt_accept: Asynchronous AcceptEx failed.
[Wed Jul 26 15:20:31.613618 2017] [proxy_http:error] [pid 5492:tid 16340] (OS 10053)An established connection was aborted by the software in your host machine.  : [client 201.245.192.253:17438] AH01102: error reading status line from remote server 172.22.1.31:80, referer: http://190.27.245.106/isolucionsda/Session.asp?Continue=1
[Wed Jul 26 15:20:31.613618 2017] [proxy:error] [pid 5492:tid 16340] [client 201.245.192.253:17438] AH00898: Error reading from remote server returned by /isolucionsda/Session.asp, referer: http://190.27.245.106/isolucionsda/Session.asp?Continue=1
[Wed Jul 26 15:29:39.205780 2017] [proxy_http:error] [pid 5492:tid 16356] (OS 10053)An established connection was aborted by the software in your host machine.  : [client 201.245.192.253:29917] AH01102: error reading status line from remote server 172.22.1.31:80, referer: http://190.27.245.106/isolucionsda/FrameSetGeneral.asp?Pagina1=FrameSetGeneral.asp&
[Wed Jul 26 15:29:39.205780 2017] [proxy:error] [pid 5492:tid 16356] [client 201.245.192.253:29917] AH00898: Error reading from remote server returned by /isolucionsda/MagazinHome.asp, referer: http://190.27.245.106/isolucionsda/FrameSetGeneral.asp?Pagina1=FrameSetGeneral.asp&
[Wed Jul 26 15:29:39.205780 2017] [proxy_http:error] [pid 5492:tid 16856] (OS 10053)An established connection was aborted by the software in your host machine.  : [client 201.245.192.253:29915] AH01102: error reading status line from remote server 172.22.1.31:80, referer: http://190.27.245.106/isolucionsda/FrameSetGeneral.asp?Pagina1=FrameSetGeneral.asp&
[Wed Jul 26 15:33:20.741769 2017] [mpm_winnt:warn] [pid 5492:tid 17616] (OS 64)The specified network name is no longer available.  : AH00341: winnt_accept: Asynchronous AcceptEx failed.
[Wed Jul 26 15:38:19.575894 2017] [proxy_http:error] [pid 5492:tid 15920] (OS 10053)An established connection was aborted by the software in your host machine.  : [client 201.245.192.253:29104] AH01102: error reading status line from remote server 172.22.1.31:80, referer: http://190.27.245.106/ISOlucionSDA/bancoconocimiento/m/mapadeprocesos__v4/mapadeprocesos__v4.asp
[Wed Jul 26 16:03:43.122370 2017] [proxy_http:error] [pid 5492:tid 15604] (OS 10053)An established connection was aborted by the software in your host machine.  : [client 181.63.64.212:60935] AH01102: error reading status line from remote server 172.22.1.31:80, referer: http://190.27.245.106/IsolucionSDA/FrameSetGeneral.asp?Pagina=Menu.asp&IdModulo=4
[Wed Jul 26 16:03:43.122370 2017] [proxy_http:error] [pid 5492:tid 16548] (OS 10053)An established connection was aborted by the software in your host machine.  : [client 181.63.64.212:60932] AH01102: error reading status line from remote server 172.22.1.31:80, referer: http://190.27.245.106/IsolucionSDA/FrameSetGeneral.asp?Pagina=Menu.asp&IdModulo=4
[Wed Jul 26 16:28:23.737570 2017] [proxy_http:error] [pid 5492:tid 15556] (OS 10053)An established connection was aborted by the software in your host machine.  : [client 201.245.192.253:31402] AH01102: error reading status line from remote server 172.22.1.31:80, referer: http://190.27.245.106/isolucionsda/FrameSetGeneral.asp?Pagina1=FrameSetGeneral.asp&
[Wed Jul 26 16:28:23.737570 2017] [proxy:error] [pid 5492:tid 15556] [client 201.245.192.253:31402] AH00898: Error reading from remote server returned by /isolucionsda/MagazinHome.asp, referer: http://190.27.245.106/isolucionsda/FrameSetGeneral.asp?Pagina1=FrameSetGeneral.asp&
[Wed Jul 26 16:35:06.998278 2017] [proxy_http:error] [pid 5492:tid 15924] (OS 10053)An established connection was aborted by the software in your host machine.  : [client 201.245.192.253:21388] AH01102: error reading status line from remote server 172.22.1.31:80, referer: http://190.27.245.106/ISOlucionSDA/bancoconocimiento/m/mapadeprocesos__v4/mapadeprocesos__v4.asp
[Wed Jul 26 17:19:44.791782 2017] [proxy_http:error] [pid 5492:tid 15704] (OS 10053)An established connection was aborted by the software in your host machine.  : [client 201.245.192.253:17949] AH01102: error reading status line from remote server 172.22.1.31:80, referer: http://190.27.245.106/isolucionsda/Session.asp?Continue=1
[Wed Jul 26 17:19:44.791782 2017] [proxy:error] [pid 5492:tid 15704] [client 201.245.192.253:17949] AH00898: Error reading from remote server returned by /isolucionsda/Session.asp, referer: http://190.27.245.106/isolucionsda/Session.asp?Continue=1
[Wed Jul 26 17:22:50.790909 2017] [proxy_http:error] [pid 5492:tid 16340] (OS 10053)An established connection was aborted by the software in your host machine.  : [client 201.245.192.253:15079] AH01102: error reading status line from remote server 172.22.1.31:80, referer: http://190.27.245.106/isolucionsda/FrameSetGeneral.asp?Pagina=FiltroAccionesPreventivas.asp&EsAbierta=1&ConMenu=NO&CodTipoAP=1
[Wed Jul 26 17:22:50.790909 2017] [proxy:error] [pid 5492:tid 16340] [client 201.245.192.253:15079] AH00898: Error reading from remote server returned by /isolucionsda/FiltroAccionesPreventivas.asp, referer: http://190.27.245.106/isolucionsda/FrameSetGeneral.asp?Pagina=FiltroAccionesPreventivas.asp&EsAbierta=1&ConMenu=NO&CodTipoAP=1
[Wed Jul 26 17:22:50.790909 2017] [proxy_http:error] [pid 5492:tid 16628] (OS 10053)An established connection was aborted by the software in your host machine.  : [client 201.245.192.253:15077] AH01102: error reading status line from remote server 172.22.1.31:80, referer: http://190.27.245.106/isolucionsda/FrameSetGeneral.asp?Pagina=FiltroAccionesPreventivas.asp&EsAbierta=1&ConMenu=NO&CodTipoAP=1
[Wed Jul 26 17:22:50.790909 2017] [proxy:error] [pid 5492:tid 16628] [client 201.245.192.253:15077] AH00898: Error reading from remote server returned by /isolucionsda/BarraTitulos.asp, referer: http://190.27.245.106/isolucionsda/FrameSetGeneral.asp?Pagina=FiltroAccionesPreventivas.asp&EsAbierta=1&ConMenu=NO&CodTipoAP=1
[Wed Jul 26 17:22:50.822109 2017] [proxy_http:error] [pid 5492:tid 16048] (OS 10053)An established connection was aborted by the software in your host machine.  : [client 201.245.192.253:15078] AH01102: error reading status line from remote server 172.22.1.31:80, referer: http://190.27.245.106/isolucionsda/FrameSetGeneral.asp?Pagina=FiltroAccionesPreventivas.asp&EsAbierta=1&ConMenu=NO&CodTipoAP=1
[Wed Jul 26 17:22:50.822109 2017] [proxy:error] [pid 5492:tid 16048] [client 201.245.192.253:15078] AH00898: Error reading from remote server returned by /isolucionsda/BarraFavoritos.asp, referer: http://190.27.245.106/isolucionsda/FrameSetGeneral.asp?Pagina=FiltroAccionesPreventivas.asp&EsAbierta=1&ConMenu=NO&CodTipoAP=1
[Wed Jul 26 18:36:30.561472 2017] [core:error] [pid 5492:tid 16704] [client 70.95.104.143:58849] AH00126: Invalid URI in request GET login.cgi HTTP/1.0
[Wed Jul 26 18:53:55.733107 2017] [mpm_winnt:warn] [pid 5492:tid 17616] (OS 64)The specified network name is no longer available.  : AH00341: winnt_accept: Asynchronous AcceptEx failed.
[Wed Jul 26 19:05:55.020171 2017] [proxy_http:error] [pid 5492:tid 16288] (OS 10053)An established connection was aborted by the software in your host machine.  : [client 201.245.192.253:31009] AH01102: error reading status line from remote server 172.22.1.31:80, referer: http://190.27.245.106/IsolucionSDA/Arriba.asp?Pagina=/IsolucionSDA/bancoconocimiento/A/Actadeentregayrecibodebienes_v4/Actadeentregayrecibodebienes_v4.asp?IdArticulo=10375
[Wed Jul 26 19:05:55.020171 2017] [proxy:error] [pid 5492:tid 16288] [client 201.245.192.253:31009] AH00898: Error reading from remote server returned by /IsolucionSDA/StyleSheet.css, referer: http://190.27.245.106/IsolucionSDA/Arriba.asp?Pagina=/IsolucionSDA/bancoconocimiento/A/Actadeentregayrecibodebienes_v4/Actadeentregayrecibodebienes_v4.asp?IdArticulo=10375
[Wed Jul 26 19:13:22.631757 2017] [core:error] [pid 5492:tid 15956] (20024)The given path is misformatted or contained invalid characters: [client 65.208.151.119:55782] AH00127: Cannot map GET /www.ambientebogota.gov.co:81/ HTTP/1.1 to file, referer: http://www.dama.gov.co/
[Wed Jul 26 19:51:42.248396 2017] [mpm_winnt:warn] [pid 5492:tid 17616] (OS 64)The specified network name is no longer available.  : AH00341: winnt_accept: Asynchronous AcceptEx failed.
[Wed Jul 26 19:51:42.248396 2017] [mpm_winnt:warn] [pid 5492:tid 17616] (OS 64)The specified network name is no longer available.  : AH00341: winnt_accept: Asynchronous AcceptEx failed.
[Wed Jul 26 19:55:03.130949 2017] [proxy_http:error] [pid 5492:tid 15612] (OS 10053)An established connection was aborted by the software in your host machine.  : [client 186.30.73.94:60772] AH01102: error reading status line from remote server 172.22.1.31:80, referer: http://190.27.245.106/IsolucionSDA/IdentificaUsuario.asp?Pagina1=FrameSetGeneral.asp&
[Wed Jul 26 19:55:03.130949 2017] [proxy:error] [pid 5492:tid 15612] [client 186.30.73.94:60772] AH00898: Error reading from remote server returned by /IsolucionSDA/g/Img_LogoIsoCabezote.jpg, referer: http://190.27.245.106/IsolucionSDA/IdentificaUsuario.asp?Pagina1=FrameSetGeneral.asp&
[Wed Jul 26 19:55:04.472551 2017] [proxy_http:error] [pid 5492:tid 16492] (OS 10053)An established connection was aborted by the software in your host machine.  : [client 186.30.73.94:60773] AH01102: error reading status line from remote server 172.22.1.31:80, referer: http://190.27.245.106/IsolucionSDA/Encabezado.asp?Pagina1=FrameSetGeneral.asp&&Pagina=MagazinHome.asp
[Wed Jul 26 19:55:13.676568 2017] [proxy_http:error] [pid 5492:tid 16328] (OS 10053)An established connection was aborted by the software in your host machine.  : [client 186.30.73.94:60779] AH01102: error reading status line from remote server 172.22.1.31:80, referer: http://190.27.245.106/IsolucionSDA/FrameSetGeneral.asp?Pagina=SucursalSeleccion.asp&CargaPagina=ModuloProcesos&IdModulo=3
[Wed Jul 26 20:19:56.583972 2017] [proxy_http:error] [pid 5492:tid 15956] (OS 10053)An established connection was aborted by the software in your host machine.  : [client 186.154.32.182:48793] AH01102: error reading status line from remote server 172.22.1.31:80, referer: http://190.27.245.106/isolucionsda/FrameSetGeneral.asp?Pagina1=FrameSetGeneral.asp&
[Wed Jul 26 20:19:56.646372 2017] [proxy_http:error] [pid 5492:tid 16516] (OS 10053)An established connection was aborted by the software in your host machine.  : [client 186.154.32.182:55663] AH01102: error reading status line from remote server 172.22.1.31:80, referer: http://190.27.245.106/isolucionsda/FrameSetGeneral.asp?Pagina1=FrameSetGeneral.asp&
[Wed Jul 26 20:19:56.646372 2017] [proxy:error] [pid 5492:tid 16516] [client 186.154.32.182:55663] AH00898: Error reading from remote server returned by /isolucionsda/BarraFavoritos.asp, referer: http://190.27.245.106/isolucionsda/FrameSetGeneral.asp?Pagina1=FrameSetGeneral.asp&
[Wed Jul 26 20:19:56.880373 2017] [proxy_http:error] [pid 5492:tid 16240] (OS 10053)An established connection was aborted by the software in your host machine.  : [client 186.154.32.182:48817] AH01102: error reading status line from remote server 172.22.1.31:80, referer: http://190.27.245.106/isolucionsda/Encabezado.asp?Pagina1=FrameSetGeneral.asp&&Pagina=MagazinHome.asp
[Wed Jul 26 20:39:24.200223 2017] [mpm_winnt:warn] [pid 5492:tid 17616] (OS 64)The specified network name is no longer available.  : AH00341: winnt_accept: Asynchronous AcceptEx failed.
[Wed Jul 26 20:50:09.995557 2017] [mpm_winnt:warn] [pid 5492:tid 17616] (OS 64)The specified network name is no longer available.  : AH00341: winnt_accept: Asynchronous AcceptEx failed.
[Wed Jul 26 21:21:39.346076 2017] [mpm_winnt:warn] [pid 5492:tid 17616] (OS 64)The specified network name is no longer available.  : AH00341: winnt_accept: Asynchronous AcceptEx failed.
[Wed Jul 26 21:24:19.558357 2017] [access_compat:error] [pid 5492:tid 16256] [client 193.70.22.117:49336] AH01797: client denied by server configuration: E:/nuevo/htdocs/phpMyAdmin
[Wed Jul 26 21:33:25.622716 2017] [mpm_winnt:warn] [pid 5492:tid 17616] (OS 64)The specified network name is no longer available.  : AH00341: winnt_accept: Asynchronous AcceptEx failed.
[Wed Jul 26 21:47:33.812806 2017] [mpm_winnt:warn] [pid 5492:tid 17616] (OS 64)The specified network name is no longer available.  : AH00341: winnt_accept: Asynchronous AcceptEx failed.
[Wed Jul 26 22:34:40.382771 2017] [proxy_http:error] [pid 5492:tid 16476] (OS 10053)An established connection was aborted by the software in your host machine.  : [client 201.245.246.172:50904] AH01102: error reading status line from remote server 172.22.1.31:80, referer: http://190.27.245.106/isolucionsda/Encabezado.asp?Pagina1=FrameSetGeneral.asp&&Pagina=MagazinHome.asp
[Wed Jul 26 22:34:40.382771 2017] [proxy:error] [pid 5492:tid 16476] [client 201.245.246.172:50904] AH00898: Error reading from remote server returned by /isolucionsda/g/Bot_Siguiente.jpg, referer: http://190.27.245.106/isolucionsda/Encabezado.asp?Pagina1=FrameSetGeneral.asp&&Pagina=MagazinHome.asp
