!C99Shell v. 1.0 pre-release build #13!

Software: Apache. PHP/5.5.15 

uname -a: Windows NT SVR-DMZ 6.1 build 7600 (Windows Server 2008 R2 Enterprise Edition) i586 

SYSTEM 

Safe-mode: OFF (not secure)

E:\nuevo\apache\logs\   drwxrwxrwx
Free 5.02 GB of 239.26 GB (2.1%)
Detected drives: [ a ] [ c ] [ d ] [ e ] [ f ]
Home    Back    Forward    UPDIR    Refresh    Search    Buffer    Encoder    Tools    Proc.    FTP brute    Sec.    SQL    PHP-code    Update    Feedback    Self remove    Logout    


Viewing file:     error.2017.11.01.log (86.17 KB)      -rw-rw-rw-
Select action/file-type:
(+) | (+) | (+) | Code (+) | Session (+) | (+) | SDB (+) | (+) | (+) | (+) | (+) | (+) |
[Wed Nov 01 00:48:15.059564 2017] [proxy:error] [pid 2952:tid 15284] (OS 10061)No connection could be made because the target machine actively refused it.  : AH00957: HTTP: attempt to connect to 172.22.1.26:8080 (172.22.1.26) failed
[Wed Nov 01 00:48:15.059564 2017] [proxy:error] [pid 2952:tid 15284] AH00959: ap_proxy_connect_backend disabling worker for (172.22.1.26) for 60s
[Wed Nov 01 00:48:15.059564 2017] [proxy_http:error] [pid 2952:tid 15284] [client 66.249.64.137:36494] AH01114: HTTP: failed to make connection to backend: 172.22.1.26
[Wed Nov 01 01:22:39.612650 2017] [mpm_winnt:warn] [pid 2952:tid 18904] (OS 64)The specified network name is no longer available.  : AH00341: winnt_accept: Asynchronous AcceptEx failed.
[Wed Nov 01 01:23:10.608423 2017] [mpm_winnt:warn] [pid 2952:tid 18904] (OS 64)The specified network name is no longer available.  : AH00341: winnt_accept: Asynchronous AcceptEx failed.
[Wed Nov 01 01:27:31.173326 2017] [proxy_http:error] [pid 2952:tid 7448] (OS 10053)An established connection was aborted by the software in your host machine.  : [client 181.57.250.161:32276] AH01102: error reading status line from remote server 172.22.1.31:80, referer: http://190.27.245.106/isolucionsda/IdentificaUsuario.asp?Pagina1=FrameSetGeneral.asp&
[Wed Nov 01 01:58:01.941040 2017] [mpm_winnt:warn] [pid 2952:tid 18904] (OS 64)The specified network name is no longer available.  : AH00341: winnt_accept: Asynchronous AcceptEx failed.
[Wed Nov 01 01:58:32.937813 2017] [mpm_winnt:warn] [pid 2952:tid 18904] (OS 64)The specified network name is no longer available.  : AH00341: winnt_accept: Asynchronous AcceptEx failed.
[Wed Nov 01 02:37:13.675552 2017] [mpm_winnt:warn] [pid 2952:tid 18904] (OS 64)The specified network name is no longer available.  : AH00341: winnt_accept: Asynchronous AcceptEx failed.
[Wed Nov 01 02:37:44.668324 2017] [mpm_winnt:warn] [pid 2952:tid 18904] (OS 64)The specified network name is no longer available.  : AH00341: winnt_accept: Asynchronous AcceptEx failed.
[Wed Nov 01 02:42:28.017531 2017] [proxy:error] [pid 2952:tid 7672] (OS 10060)A connection attempt failed because the connected party did not properly respond after a period of time, or established connection failed because connected host has failed to respond.  : AH00957: HTTP: attempt to connect to 172.22.1.51:8399 (172.22.1.51) failed
[Wed Nov 01 02:42:28.017531 2017] [proxy:error] [pid 2952:tid 7672] AH00959: ap_proxy_connect_backend disabling worker for (172.22.1.51) for 60s
[Wed Nov 01 02:42:28.017531 2017] [proxy_http:error] [pid 2952:tid 7672] [client 152.61.128.50:45522] AH01114: HTTP: failed to make connection to backend: 172.22.1.51
[Wed Nov 01 02:42:28.309548 2017] [proxy:error] [pid 2952:tid 7352] AH00940: HTTP: disabled connection for (172.22.1.51)
[Wed Nov 01 02:42:28.693570 2017] [proxy:error] [pid 2952:tid 7352] AH00940: HTTP: disabled connection for (172.22.1.51)
[Wed Nov 01 02:43:28.027964 2017] [proxy_http:error] [pid 2952:tid 7520] (OS 10053)An established connection was aborted by the software in your host machine.  : [client 181.57.250.161:31298] AH01102: error reading status line from remote server 172.22.1.31:80, referer: http://190.27.245.106/isolucionsda/NoPrevencion.asp?CodTipoAccPrev=1&Codsucursal=&Accion=Consultar&Id_AccionPreventiva=329
[Wed Nov 01 03:08:36.294231 2017] [mpm_winnt:warn] [pid 2952:tid 18904] (OS 64)The specified network name is no longer available.  : AH00341: winnt_accept: Asynchronous AcceptEx failed.
[Wed Nov 01 03:09:07.294005 2017] [mpm_winnt:warn] [pid 2952:tid 18904] (OS 64)The specified network name is no longer available.  : AH00341: winnt_accept: Asynchronous AcceptEx failed.
[Wed Nov 01 03:31:34.946086 2017] [mpm_winnt:warn] [pid 2952:tid 18904] (OS 64)The specified network name is no longer available.  : AH00341: winnt_accept: Asynchronous AcceptEx failed.
[Wed Nov 01 03:31:34.949086 2017] [mpm_winnt:warn] [pid 2952:tid 18904] (OS 64)The specified network name is no longer available.  : AH00341: winnt_accept: Asynchronous AcceptEx failed.
[Wed Nov 01 04:10:17.608935 2017] [proxy:error] [pid 2952:tid 8276] (OS 10060)A connection attempt failed because the connected party did not properly respond after a period of time, or established connection failed because connected host has failed to respond.  : AH00957: HTTP: attempt to connect to 172.22.1.32:80 (172.22.1.32) failed
[Wed Nov 01 04:10:17.608935 2017] [proxy:error] [pid 2952:tid 8276] AH00959: ap_proxy_connect_backend disabling worker for (172.22.1.32) for 60s
[Wed Nov 01 04:10:17.608935 2017] [proxy_http:error] [pid 2952:tid 8276] [client 40.77.167.136:3947] AH01114: HTTP: failed to make connection to backend: 172.22.1.32
[Wed Nov 01 04:29:14.145941 2017] [mpm_winnt:warn] [pid 2952:tid 18904] (OS 64)The specified network name is no longer available.  : AH00341: winnt_accept: Asynchronous AcceptEx failed.
[Wed Nov 01 04:29:45.140714 2017] [mpm_winnt:warn] [pid 2952:tid 18904] (OS 64)The specified network name is no longer available.  : AH00341: winnt_accept: Asynchronous AcceptEx failed.
[Wed Nov 01 04:47:03.748118 2017] [mpm_winnt:warn] [pid 2952:tid 18904] (OS 64)The specified network name is no longer available.  : AH00341: winnt_accept: Asynchronous AcceptEx failed.
[Wed Nov 01 04:47:34.749892 2017] [mpm_winnt:warn] [pid 2952:tid 18904] (OS 64)The specified network name is no longer available.  : AH00341: winnt_accept: Asynchronous AcceptEx failed.
[Wed Nov 01 05:57:10.158711 2017] [proxy_http:error] [pid 2952:tid 17108] (OS 10053)An established connection was aborted by the software in your host machine.  : [client 186.81.187.157:50561] AH01102: error reading status line from remote server 172.22.1.31:80, referer: http://190.27.245.106/isolucionsda/FrameSetGeneral.asp?Pagina1=FrameSetGeneral.asp&
[Wed Nov 01 05:57:10.158711 2017] [proxy:error] [pid 2952:tid 17108] [client 186.81.187.157:50561] AH00898: Error reading from remote server returned by /isolucionsda/MagazinHome.asp, referer: http://190.27.245.106/isolucionsda/FrameSetGeneral.asp?Pagina1=FrameSetGeneral.asp&
[Wed Nov 01 06:01:22.911168 2017] [mpm_winnt:warn] [pid 2952:tid 18904] (OS 64)The specified network name is no longer available.  : AH00341: winnt_accept: Asynchronous AcceptEx failed.
[Wed Nov 01 06:01:53.915941 2017] [mpm_winnt:warn] [pid 2952:tid 18904] (OS 64)The specified network name is no longer available.  : AH00341: winnt_accept: Asynchronous AcceptEx failed.
[Wed Nov 01 06:05:19.333691 2017] [proxy_http:error] [pid 2952:tid 17108] (OS 10053)An established connection was aborted by the software in your host machine.  : [client 186.81.187.157:50703] AH01102: error reading status line from remote server 172.22.1.31:80, referer: http://190.27.245.106/isolucionsda/Administracion/SalaEdicion/Articulo.asp?Id_Articulo=11250&Ancla=ContenidoNormatividad
[Wed Nov 01 06:05:19.333691 2017] [proxy:error] [pid 2952:tid 17108] [client 186.81.187.157:50703] AH00898: Error reading from remote server returned by /isolucionsda/Administracion/Graficas/vacio1x1.gif, referer: http://190.27.245.106/isolucionsda/Administracion/SalaEdicion/Articulo.asp?Id_Articulo=11250&Ancla=ContenidoNormatividad
[Wed Nov 01 06:18:01.659293 2017] [proxy_http:error] [pid 2952:tid 7400] (OS 10053)An established connection was aborted by the software in your host machine.  : [client 186.81.187.157:50872] AH01102: error reading status line from remote server 172.22.1.31:80, referer: http://190.27.245.106/isolucionsda/Administracion/SalaEdicion/Articulo.asp
[Wed Nov 01 06:18:01.659293 2017] [proxy:error] [pid 2952:tid 7400] [client 186.81.187.157:50872] AH00898: Error reading from remote server returned by /isolucionsda/javascript/ClickValidation.js, referer: http://190.27.245.106/isolucionsda/Administracion/SalaEdicion/Articulo.asp
[Wed Nov 01 06:18:09.666751 2017] [proxy_http:error] [pid 2952:tid 13868] (OS 10053)An established connection was aborted by the software in your host machine.  : [client 186.81.187.157:50899] AH01102: error reading status line from remote server 172.22.1.31:80, referer: http://190.27.245.106/isolucionsda/FrameSetGeneral.asp?Pagina=Menu.asp&IdModulo=4
[Wed Nov 01 06:18:09.666751 2017] [proxy:error] [pid 2952:tid 13868] [client 186.81.187.157:50899] AH00898: Error reading from remote server returned by /isolucionsda/BarraFavoritos.asp, referer: http://190.27.245.106/isolucionsda/FrameSetGeneral.asp?Pagina=Menu.asp&IdModulo=4
[Wed Nov 01 06:21:24.983923 2017] [mpm_winnt:warn] [pid 2952:tid 18904] (OS 64)The specified network name is no longer available.  : AH00341: winnt_accept: Asynchronous AcceptEx failed.
[Wed Nov 01 06:36:56.669212 2017] [proxy_http:error] [pid 2952:tid 7544] (OS 10053)An established connection was aborted by the software in your host machine.  : [client 186.81.187.157:51192] AH01102: error reading status line from remote server 172.22.1.31:80, referer: http://190.27.245.106/isolucionsda/Administracion/SalaEdicion/Articulo.asp
[Wed Nov 01 06:36:56.669212 2017] [proxy:error] [pid 2952:tid 7544] [client 186.81.187.157:51192] AH00898: Error reading from remote server returned by /isolucionsda/Administracion/SalaEdicion/g/GifTransparente.gif, referer: http://190.27.245.106/isolucionsda/Administracion/SalaEdicion/Articulo.asp
[Wed Nov 01 06:42:50.746464 2017] [proxy_http:error] [pid 2952:tid 7744] (OS 10053)An established connection was aborted by the software in your host machine.  : [client 186.81.187.157:51290] AH01102: error reading status line from remote server 172.22.1.31:80, referer: http://190.27.245.106/isolucionsda/Administracion/SalaEdicion/Articulo.asp?Id_Articulo=11250&Ancla=ContenidoAnexo
[Wed Nov 01 06:42:50.746464 2017] [proxy:error] [pid 2952:tid 7744] [client 186.81.187.157:51290] AH00898: Error reading from remote server returned by /isolucionsda/Administracion/SalaEdicion/g/GifTransparente.gif, referer: http://190.27.245.106/isolucionsda/Administracion/SalaEdicion/Articulo.asp?Id_Articulo=11250&Ancla=ContenidoAnexo
[Wed Nov 01 06:44:49.728269 2017] [proxy_http:error] [pid 2952:tid 14852] (OS 10053)An established connection was aborted by the software in your host machine.  : [client 186.81.187.157:51328] AH01102: error reading status line from remote server 172.22.1.31:80, referer: http://190.27.245.106/isolucionsda/Administracion/SalaEdicion/Articulo.asp?Id_Articulo=11250&Ancla=ContenidoAnexo
[Wed Nov 01 06:44:49.728269 2017] [proxy:error] [pid 2952:tid 14852] [client 186.81.187.157:51328] AH00898: Error reading from remote server returned by /isolucionsda/javascript/ClickValidation.js, referer: http://190.27.245.106/isolucionsda/Administracion/SalaEdicion/Articulo.asp?Id_Articulo=11250&Ancla=ContenidoAnexo
[Wed Nov 01 06:51:49.854299 2017] [mpm_winnt:warn] [pid 2952:tid 18904] (OS 64)The specified network name is no longer available.  : AH00341: winnt_accept: Asynchronous AcceptEx failed.
[Wed Nov 01 06:52:20.857073 2017] [mpm_winnt:warn] [pid 2952:tid 18904] (OS 64)The specified network name is no longer available.  : AH00341: winnt_accept: Asynchronous AcceptEx failed.
[Wed Nov 01 07:00:09.344868 2017] [mpm_winnt:warn] [pid 2952:tid 18904] (OS 64)The specified network name is no longer available.  : AH00341: winnt_accept: Asynchronous AcceptEx failed.
[Wed Nov 01 07:11:36.357163 2017] [proxy_http:error] [pid 2952:tid 7424] (OS 10053)An established connection was aborted by the software in your host machine.  : [client 186.81.187.157:51724] AH01102: error reading status line from remote server 172.22.1.31:80, referer: http://190.27.245.106/IsolucionSDA/FrameSetGeneral.asp?Pagina=Menu.asp&IdModulo=4
[Wed Nov 01 07:11:51.199012 2017] [proxy_http:error] [pid 2952:tid 7752] (OS 10053)An established connection was aborted by the software in your host machine.  : [client 186.81.187.157:51728] AH01102: error reading status line from remote server 172.22.1.31:80, referer: http://190.27.245.106/IsolucionSDA/FrameSetGeneral.asp?Pagina=Menu.asp&IdModulo=4
[Wed Nov 01 07:16:12.434954 2017] [proxy_http:error] [pid 2952:tid 7416] (OS 10053)An established connection was aborted by the software in your host machine.  : [client 181.61.46.185:58857] AH01102: error reading status line from remote server 172.22.1.31:80, referer: http://190.27.245.106/isolucionsda/Encabezado.asp?Pagina1=FrameSetGeneral.asp&&Pagina=MagazinHome.asp
[Wed Nov 01 07:16:14.924096 2017] [proxy_http:error] [pid 2952:tid 14812] (OS 10053)An established connection was aborted by the software in your host machine.  : [client 181.61.46.185:58873] AH01102: error reading status line from remote server 172.22.1.31:80, referer: http://190.27.245.106/isolucionsda/FrameSetGeneral.asp?Pagina=Menu.asp&IdModulo=4
[Wed Nov 01 07:16:14.924096 2017] [proxy:error] [pid 2952:tid 14812] [client 181.61.46.185:58873] AH00898: Error reading from remote server returned by /isolucionsda/Menu.asp, referer: http://190.27.245.106/isolucionsda/FrameSetGeneral.asp?Pagina=Menu.asp&IdModulo=4
[Wed Nov 01 07:28:04.453679 2017] [proxy_http:error] [pid 2952:tid 8356] (OS 10053)An established connection was aborted by the software in your host machine.  : [client 186.81.187.157:51973] AH01102: error reading status line from remote server 172.22.1.31:80, referer: http://190.27.245.106/IsolucionSDA/Administracion/SalaEdicion/Articulo.asp
[Wed Nov 01 07:28:04.453679 2017] [proxy:error] [pid 2952:tid 8356] [client 186.81.187.157:51973] AH00898: Error reading from remote server returned by /IsolucionSDA/Administracion/SalaEdicion/g/GifTransparente.gif, referer: http://190.27.245.106/IsolucionSDA/Administracion/SalaEdicion/Articulo.asp
[Wed Nov 01 07:28:04.457679 2017] [proxy_http:error] [pid 2952:tid 7544] (OS 10053)An established connection was aborted by the software in your host machine.  : [client 186.81.187.157:51975] AH01102: error reading status line from remote server 172.22.1.31:80, referer: http://190.27.245.106/IsolucionSDA/Administracion/SalaEdicion/Articulo.asp
[Wed Nov 01 07:28:04.457679 2017] [proxy:error] [pid 2952:tid 7544] [client 186.81.187.157:51975] AH00898: Error reading from remote server returned by /IsolucionSDA/javascript/ClickValidation.js, referer: http://190.27.245.106/IsolucionSDA/Administracion/SalaEdicion/Articulo.asp
[Wed Nov 01 07:37:04.823587 2017] [mpm_winnt:warn] [pid 2952:tid 18904] (OS 64)The specified network name is no longer available.  : AH00341: winnt_accept: Asynchronous AcceptEx failed.
[Wed Nov 01 07:37:35.814359 2017] [mpm_winnt:warn] [pid 2952:tid 18904] (OS 64)The specified network name is no longer available.  : AH00341: winnt_accept: Asynchronous AcceptEx failed.
[Wed Nov 01 07:44:47.974077 2017] [proxy_http:error] [pid 2952:tid 8356] (OS 10053)An established connection was aborted by the software in your host machine.  : [client 186.81.187.157:52236] AH01102: error reading status line from remote server 172.22.1.31:80, referer: http://190.27.245.106/IsolucionSDA/Administracion/SalaEdicion/Articulo.asp
[Wed Nov 01 07:44:47.974077 2017] [proxy:error] [pid 2952:tid 8356] [client 186.81.187.157:52236] AH00898: Error reading from remote server returned by /IsolucionSDA/Administracion/SalaEdicion/g/GifTransparente.gif, referer: http://190.27.245.106/IsolucionSDA/Administracion/SalaEdicion/Articulo.asp
[Wed Nov 01 07:44:47.978078 2017] [proxy_http:error] [pid 2952:tid 8016] (OS 10053)An established connection was aborted by the software in your host machine.  : [client 186.81.187.157:52234] AH01102: error reading status line from remote server 172.22.1.31:80, referer: http://190.27.245.106/IsolucionSDA/Administracion/SalaEdicion/Articulo.asp
[Wed Nov 01 07:44:47.978078 2017] [proxy:error] [pid 2952:tid 8016] [client 186.81.187.157:52234] AH00898: Error reading from remote server returned by /IsolucionSDA/javascript/ClickValidation.js, referer: http://190.27.245.106/IsolucionSDA/Administracion/SalaEdicion/Articulo.asp
[Wed Nov 01 07:44:49.874186 2017] [proxy_http:error] [pid 2952:tid 8260] (OS 10053)An established connection was aborted by the software in your host machine.  : [client 186.81.187.157:52235] AH01102: error reading status line from remote server 172.22.1.31:80, referer: http://190.27.245.106/IsolucionSDA/Administracion/SalaEdicion/Articulo.asp
[Wed Nov 01 07:44:49.874186 2017] [proxy:error] [pid 2952:tid 8260] [client 186.81.187.157:52235] AH00898: Error reading from remote server returned by /IsolucionSDA/Administracion/Graficas/vacio1x1.gif, referer: http://190.27.245.106/IsolucionSDA/Administracion/SalaEdicion/Articulo.asp
[Wed Nov 01 07:57:07.614382 2017] [mpm_winnt:warn] [pid 2952:tid 18904] (OS 64)The specified network name is no longer available.  : AH00341: winnt_accept: Asynchronous AcceptEx failed.
[Wed Nov 01 08:37:00.296236 2017] [proxy:error] [pid 2952:tid 7728] (OS 10061)No connection could be made because the target machine actively refused it.  : AH00957: HTTP: attempt to connect to 172.22.1.26:8080 (172.22.1.26) failed
[Wed Nov 01 08:37:00.296236 2017] [proxy:error] [pid 2952:tid 7728] AH00959: ap_proxy_connect_backend disabling worker for (172.22.1.26) for 60s
[Wed Nov 01 08:37:00.296236 2017] [proxy_http:error] [pid 2952:tid 7728] [client 66.249.88.62:34277] AH01114: HTTP: failed to make connection to backend: 172.22.1.26
[Wed Nov 01 08:39:03.487282 2017] [proxy_http:error] [pid 2952:tid 7520] (OS 10053)An established connection was aborted by the software in your host machine.  : [client 132.255.20.132:49272] AH01102: error reading status line from remote server 172.22.1.31:80, referer: http://190.27.245.106/isolucionsda/MagazinHome.asp
[Wed Nov 01 08:39:03.487282 2017] [proxy:error] [pid 2952:tid 7520] [client 132.255.20.132:49272] AH00898: Error reading from remote server returned by /isolucionsda/g/GifTransparente.gif, referer: http://190.27.245.106/isolucionsda/MagazinHome.asp
[Wed Nov 01 08:40:34.005459 2017] [proxy_http:error] [pid 2952:tid 7312] (OS 10054)An existing connection was forcibly closed by the remote host.  : [client 132.255.20.132:49294] AH01110: error reading response, referer: http://190.27.245.106/isolucionsda/MagazinHome.asp?Pagina=MagazinHome.asp
[Wed Nov 01 08:42:28.950034 2017] [proxy:error] [pid 2952:tid 15920] (OS 10061)No connection could be made because the target machine actively refused it.  : AH00957: HTTP: attempt to connect to 172.22.1.26:8080 (172.22.1.26) failed
[Wed Nov 01 08:42:28.951034 2017] [proxy:error] [pid 2952:tid 15920] AH00959: ap_proxy_connect_backend disabling worker for (172.22.1.26) for 60s
[Wed Nov 01 08:42:28.951034 2017] [proxy_http:error] [pid 2952:tid 15920] [client 201.245.192.253:54334] AH01114: HTTP: failed to make connection to backend: 172.22.1.26
[Wed Nov 01 08:42:47.717107 2017] [proxy_http:error] [pid 2952:tid 8356] (OS 10053)An established connection was aborted by the software in your host machine.  : [client 201.245.192.253:49913] AH01102: error reading status line from remote server 172.22.1.31:80, referer: http://190.27.245.106/isolucionsda/FrameSetGeneral.asp?Pagina1=FrameSetGeneral.asp&
[Wed Nov 01 08:42:47.717107 2017] [proxy:error] [pid 2952:tid 8356] [client 201.245.192.253:49913] AH00898: Error reading from remote server returned by /isolucionsda/BarraFavoritos.asp, referer: http://190.27.245.106/isolucionsda/FrameSetGeneral.asp?Pagina1=FrameSetGeneral.asp&
[Wed Nov 01 08:50:56.782080 2017] [mpm_winnt:warn] [pid 2952:tid 18904] (OS 64)The specified network name is no longer available.  : AH00341: winnt_accept: Asynchronous AcceptEx failed.
[Wed Nov 01 08:51:27.776853 2017] [mpm_winnt:warn] [pid 2952:tid 18904] (OS 64)The specified network name is no longer available.  : AH00341: winnt_accept: Asynchronous AcceptEx failed.
[Wed Nov 01 09:08:15.091468 2017] [mpm_winnt:warn] [pid 2952:tid 18904] (OS 64)The specified network name is no longer available.  : AH00341: winnt_accept: Asynchronous AcceptEx failed.
[Wed Nov 01 09:08:46.094241 2017] [mpm_winnt:warn] [pid 2952:tid 18904] (OS 64)The specified network name is no longer available.  : AH00341: winnt_accept: Asynchronous AcceptEx failed.
[Wed Nov 01 09:19:10.647964 2017] [proxy_http:error] [pid 2952:tid 14700] (OS 10053)An established connection was aborted by the software in your host machine.  : [client 201.245.192.253:49695] AH01102: error reading status line from remote server 172.22.1.31:80, referer: http://190.27.245.106/IsolucionSDA/Administracion/SalaEdicion/Articulo.asp
[Wed Nov 01 09:20:17.833807 2017] [proxy_http:error] [pid 2952:tid 15488] (OS 10053)An established connection was aborted by the software in your host machine.  : [client 186.81.187.157:54369] AH01102: error reading status line from remote server 172.22.1.31:80, referer: http://190.27.245.106/IsolucionSDA/FrameSetGeneral.asp?Pagina=Administracion/SalaEdicion/Magazines.asp
[Wed Nov 01 09:36:51.059616 2017] [mpm_winnt:warn] [pid 2952:tid 18904] (OS 64)The specified network name is no longer available.  : AH00341: winnt_accept: Asynchronous AcceptEx failed.
[Wed Nov 01 09:39:18.563053 2017] [mpm_winnt:warn] [pid 2952:tid 18904] (OS 64)The specified network name is no longer available.  : AH00341: winnt_accept: Asynchronous AcceptEx failed.
[Wed Nov 01 09:48:09.033394 2017] [mpm_winnt:warn] [pid 2952:tid 18904] (OS 64)The specified network name is no longer available.  : AH00341: winnt_accept: Asynchronous AcceptEx failed.
[Wed Nov 01 09:48:40.031167 2017] [mpm_winnt:warn] [pid 2952:tid 18904] (OS 64)The specified network name is no longer available.  : AH00341: winnt_accept: Asynchronous AcceptEx failed.
[Wed Nov 01 10:00:29.754761 2017] [mpm_winnt:warn] [pid 2952:tid 18904] (OS 64)The specified network name is no longer available.  : AH00341: winnt_accept: Asynchronous AcceptEx failed.
[Wed Nov 01 10:10:55.797568 2017] [mpm_winnt:warn] [pid 2952:tid 18904] (OS 64)The specified network name is no longer available.  : AH00341: winnt_accept: Asynchronous AcceptEx failed.
[Wed Nov 01 10:14:42.815553 2017] [mpm_winnt:warn] [pid 2952:tid 18904] (OS 64)The specified network name is no longer available.  : AH00341: winnt_accept: Asynchronous AcceptEx failed.
[Wed Nov 01 10:20:53.208738 2017] [mpm_winnt:warn] [pid 2952:tid 18904] (OS 64)The specified network name is no longer available.  : AH00341: winnt_accept: Asynchronous AcceptEx failed.
[Wed Nov 01 10:49:26.273720 2017] [mpm_winnt:warn] [pid 2952:tid 18904] (OS 64)The specified network name is no longer available.  : AH00341: winnt_accept: Asynchronous AcceptEx failed.
[Wed Nov 01 10:49:26.273720 2017] [mpm_winnt:warn] [pid 2952:tid 18904] (OS 64)The specified network name is no longer available.  : AH00341: winnt_accept: Asynchronous AcceptEx failed.
[Wed Nov 01 10:50:01.143714 2017] [proxy_http:error] [pid 2952:tid 7560] (OS 10053)An established connection was aborted by the software in your host machine.  : [client 201.245.192.253:49348] AH01102: error reading status line from remote server 172.22.1.31:80, referer: http://190.27.245.106/isolucionsda/FrameSetGeneral.asp?Pagina1=FrameSetGeneral.asp&
[Wed Nov 01 10:50:01.143714 2017] [proxy:error] [pid 2952:tid 7560] [client 201.245.192.253:49348] AH00898: Error reading from remote server returned by /isolucionsda/BarraFavoritos.asp, referer: http://190.27.245.106/isolucionsda/FrameSetGeneral.asp?Pagina1=FrameSetGeneral.asp&
[Wed Nov 01 10:50:01.148715 2017] [proxy_http:error] [pid 2952:tid 8520] (OS 10053)An established connection was aborted by the software in your host machine.  : [client 201.245.192.253:49347] AH01102: error reading status line from remote server 172.22.1.31:80, referer: http://190.27.245.106/isolucionsda/FrameSetGeneral.asp?Pagina1=FrameSetGeneral.asp&
[Wed Nov 01 10:50:01.148715 2017] [proxy:error] [pid 2952:tid 8520] [client 201.245.192.253:49347] AH00898: Error reading from remote server returned by /isolucionsda/MagazinHome.asp, referer: http://190.27.245.106/isolucionsda/FrameSetGeneral.asp?Pagina1=FrameSetGeneral.asp&
[Wed Nov 01 10:52:42.960970 2017] [proxy:error] [pid 2952:tid 15704] (OS 10061)No connection could be made because the target machine actively refused it.  : AH00957: HTTP: attempt to connect to 172.22.1.61:8080 (172.22.1.61) failed
[Wed Nov 01 10:52:42.960970 2017] [proxy:error] [pid 2952:tid 15704] AH00959: ap_proxy_connect_backend disabling worker for (172.22.1.61) for 60s
[Wed Nov 01 10:52:42.960970 2017] [proxy_http:error] [pid 2952:tid 15704] [client 201.245.192.253:54201] AH01114: HTTP: failed to make connection to backend: 172.22.1.61
[Wed Nov 01 10:52:49.246329 2017] [proxy:error] [pid 2952:tid 7648] AH00940: HTTP: disabled connection for (172.22.1.61)
[Wed Nov 01 10:52:51.361450 2017] [proxy:error] [pid 2952:tid 8016] AH00940: HTTP: disabled connection for (172.22.1.61)
[Wed Nov 01 10:52:54.749644 2017] [proxy:error] [pid 2952:tid 11408] AH00940: HTTP: disabled connection for (172.22.1.61)
[Wed Nov 01 10:52:56.124723 2017] [proxy:error] [pid 2952:tid 15920] AH00940: HTTP: disabled connection for (172.22.1.61)
[Wed Nov 01 10:52:57.016774 2017] [proxy:error] [pid 2952:tid 7624] AH00940: HTTP: disabled connection for (172.22.1.61)
[Wed Nov 01 10:53:02.201070 2017] [proxy:error] [pid 2952:tid 7456] AH00940: HTTP: disabled connection for (172.22.1.61)
[Wed Nov 01 10:53:03.823163 2017] [proxy:error] [pid 2952:tid 8016] AH00940: HTTP: disabled connection for (172.22.1.61)
[Wed Nov 01 10:53:10.604551 2017] [proxy:error] [pid 2952:tid 7680] AH00940: HTTP: disabled connection for (172.22.1.61)
[Wed Nov 01 10:53:17.829964 2017] [proxy:error] [pid 2952:tid 8460] AH00940: HTTP: disabled connection for (172.22.1.61)
[Wed Nov 01 10:53:29.300620 2017] [proxy:error] [pid 2952:tid 7504] AH00940: HTTP: disabled connection for (172.22.1.61)
[Wed Nov 01 10:53:31.043720 2017] [proxy:error] [pid 2952:tid 10908] AH00940: HTTP: disabled connection for (172.22.1.61)
[Wed Nov 01 10:53:32.782819 2017] [proxy:error] [pid 2952:tid 15284] AH00940: HTTP: disabled connection for (172.22.1.61)
[Wed Nov 01 10:53:34.611924 2017] [proxy:error] [pid 2952:tid 14940] AH00940: HTTP: disabled connection for (172.22.1.61)
[Wed Nov 01 10:53:45.705558 2017] [proxy:error] [pid 2952:tid 7648] (OS 10061)No connection could be made because the target machine actively refused it.  : AH00957: HTTP: attempt to connect to 172.22.1.61:8080 (172.22.1.61) failed
[Wed Nov 01 10:53:45.706559 2017] [proxy:error] [pid 2952:tid 7648] AH00959: ap_proxy_connect_backend disabling worker for (172.22.1.61) for 60s
[Wed Nov 01 10:53:45.706559 2017] [proxy_http:error] [pid 2952:tid 7648] [client 201.245.192.253:52085] AH01114: HTTP: failed to make connection to backend: 172.22.1.61
[Wed Nov 01 10:53:47.620668 2017] [proxy:error] [pid 2952:tid 8532] AH00940: HTTP: disabled connection for (172.22.1.61)
[Wed Nov 01 10:53:52.118925 2017] [proxy:error] [pid 2952:tid 7560] AH00940: HTTP: disabled connection for (172.22.1.61)
[Wed Nov 01 10:54:00.947430 2017] [proxy:error] [pid 2952:tid 8460] AH00940: HTTP: disabled connection for (172.22.1.61)
[Wed Nov 01 10:54:04.631641 2017] [proxy:error] [pid 2952:tid 7680] AH00940: HTTP: disabled connection for (172.22.1.61)
[Wed Nov 01 10:54:05.819709 2017] [proxy:error] [pid 2952:tid 7648] AH00940: HTTP: disabled connection for (172.22.1.61)
[Wed Nov 01 10:54:08.277850 2017] [proxy:error] [pid 2952:tid 7680] AH00940: HTTP: disabled connection for (172.22.1.61)
[Wed Nov 01 10:54:17.948403 2017] [proxy:error] [pid 2952:tid 8540] AH00940: HTTP: disabled connection for (172.22.1.61)
[Wed Nov 01 10:54:25.946860 2017] [proxy:error] [pid 2952:tid 15324] AH00940: HTTP: disabled connection for (172.22.1.61)
[Wed Nov 01 10:54:33.828311 2017] [proxy:error] [pid 2952:tid 17024] AH00940: HTTP: disabled connection for (172.22.1.61)
[Wed Nov 01 10:54:41.788766 2017] [proxy:error] [pid 2952:tid 7712] AH00940: HTTP: disabled connection for (172.22.1.61)
[Wed Nov 01 10:54:49.593213 2017] [proxy:error] [pid 2952:tid 7680] (OS 10061)No connection could be made because the target machine actively refused it.  : AH00957: HTTP: attempt to connect to 172.22.1.61:8080 (172.22.1.61) failed
[Wed Nov 01 10:54:49.593213 2017] [proxy:error] [pid 2952:tid 7680] AH00959: ap_proxy_connect_backend disabling worker for (172.22.1.61) for 60s
[Wed Nov 01 10:54:49.593213 2017] [proxy_http:error] [pid 2952:tid 7680] [client 201.245.192.253:57028] AH01114: HTTP: failed to make connection to backend: 172.22.1.61
[Wed Nov 01 10:55:07.054211 2017] [proxy:error] [pid 2952:tid 11408] AH00940: HTTP: disabled connection for (172.22.1.61)
[Wed Nov 01 10:55:16.302740 2017] [proxy:error] [pid 2952:tid 8416] AH00940: HTTP: disabled connection for (172.22.1.61)
[Wed Nov 01 10:56:56.583476 2017] [proxy:error] [pid 2952:tid 8492] (OS 10061)No connection could be made because the target machine actively refused it.  : AH00957: HTTP: attempt to connect to 172.22.1.61:8080 (172.22.1.61) failed
[Wed Nov 01 10:56:56.583476 2017] [proxy:error] [pid 2952:tid 8492] AH00959: ap_proxy_connect_backend disabling worker for (172.22.1.61) for 60s
[Wed Nov 01 10:56:56.583476 2017] [proxy_http:error] [pid 2952:tid 8492] [client 201.245.192.253:50299] AH01114: HTTP: failed to make connection to backend: 172.22.1.61, referer: http://190.27.245.106/sipse/faces/faces/faces/autenticacion.xhtml
[Wed Nov 01 10:56:57.122507 2017] [proxy:error] [pid 2952:tid 8492] AH00940: HTTP: disabled connection for (172.22.1.61)
[Wed Nov 01 10:57:43.337150 2017] [proxy:error] [pid 2952:tid 7328] AH00940: HTTP: disabled connection for (172.22.1.61)
[Wed Nov 01 10:58:01.456187 2017] [proxy:error] [pid 2952:tid 7752] (OS 10061)No connection could be made because the target machine actively refused it.  : AH00957: HTTP: attempt to connect to 172.22.1.61:8080 (172.22.1.61) failed
[Wed Nov 01 10:58:01.456187 2017] [proxy:error] [pid 2952:tid 7752] AH00959: ap_proxy_connect_backend disabling worker for (172.22.1.61) for 60s
[Wed Nov 01 10:58:01.456187 2017] [proxy_http:error] [pid 2952:tid 7752] [client 201.245.192.253:50739] AH01114: HTTP: failed to make connection to backend: 172.22.1.61
[Wed Nov 01 10:58:02.298235 2017] [proxy:error] [pid 2952:tid 15920] (OS 10061)No connection could be made because the target machine actively refused it.  : AH00957: HTTP: attempt to connect to 172.22.1.61:8080 (172.22.1.61) failed
[Wed Nov 01 10:58:02.298235 2017] [proxy_http:error] [pid 2952:tid 15920] [client 201.245.192.253:52384] AH01114: HTTP: failed to make connection to backend: 172.22.1.61
[Wed Nov 01 10:59:45.682148 2017] [proxy:error] [pid 2952:tid 8024] (OS 10061)No connection could be made because the target machine actively refused it.  : AH00957: HTTP: attempt to connect to 172.22.1.61:8080 (172.22.1.61) failed
[Wed Nov 01 10:59:45.682148 2017] [proxy:error] [pid 2952:tid 8024] AH00959: ap_proxy_connect_backend disabling worker for (172.22.1.61) for 60s
[Wed Nov 01 10:59:45.682148 2017] [proxy_http:error] [pid 2952:tid 8024] [client 201.245.192.253:50747] AH01114: HTTP: failed to make connection to backend: 172.22.1.61
[Wed Nov 01 11:00:05.797298 2017] [proxy:error] [pid 2952:tid 8236] AH00940: HTTP: disabled connection for (172.22.1.61)
[Wed Nov 01 11:02:00.022832 2017] [proxy:error] [pid 2952:tid 8460] (OS 10061)No connection could be made because the target machine actively refused it.  : AH00957: HTTP: attempt to connect to 172.22.1.61:8080 (172.22.1.61) failed
[Wed Nov 01 11:02:00.022832 2017] [proxy:error] [pid 2952:tid 8460] AH00959: ap_proxy_connect_backend disabling worker for (172.22.1.61) for 60s
[Wed Nov 01 11:02:00.022832 2017] [proxy_http:error] [pid 2952:tid 8460] [client 201.245.192.253:64096] AH01114: HTTP: failed to make connection to backend: 172.22.1.61, referer: http://190.27.245.106/sipse/faces/javax.faces.resource/theme.css?ln=primefaces-sipse
[Wed Nov 01 11:02:00.178841 2017] [proxy:error] [pid 2952:tid 8892] (OS 10061)No connection could be made because the target machine actively refused it.  : AH00957: HTTP: attempt to connect to 172.22.1.61:8080 (172.22.1.61) failed
[Wed Nov 01 11:02:00.178841 2017] [proxy_http:error] [pid 2952:tid 8892] [client 201.245.192.253:64098] AH01114: HTTP: failed to make connection to backend: 172.22.1.61, referer: http://190.27.245.106/sipse/faces/presentacion/financiero/solicitudAnulacion/solicitudAnulacion.xhtml
[Wed Nov 01 11:02:14.350651 2017] [proxy:error] [pid 2952:tid 7920] (OS 10061)No connection could be made because the target machine actively refused it.  : AH00957: HTTP: attempt to connect to 172.22.1.61:8080 (172.22.1.61) failed
[Wed Nov 01 11:02:14.350651 2017] [proxy:error] [pid 2952:tid 7920] AH00959: ap_proxy_connect_backend disabling worker for (172.22.1.61) for 60s
[Wed Nov 01 11:02:14.350651 2017] [proxy_http:error] [pid 2952:tid 7920] [client 201.245.192.253:64100] AH01114: HTTP: failed to make connection to backend: 172.22.1.61
[Wed Nov 01 11:02:16.872796 2017] [proxy:error] [pid 2952:tid 7656] AH00940: HTTP: disabled connection for (172.22.1.61)
[Wed Nov 01 11:02:32.024662 2017] [proxy:error] [pid 2952:tid 7648] AH00940: HTTP: disabled connection for (172.22.1.61)
[Wed Nov 01 11:02:32.272676 2017] [proxy:error] [pid 2952:tid 8716] AH00940: HTTP: disabled connection for (172.22.1.61)
[Wed Nov 01 11:03:59.861686 2017] [proxy:error] [pid 2952:tid 10908] (OS 10061)No connection could be made because the target machine actively refused it.  : AH00957: HTTP: attempt to connect to 172.22.1.61:8080 (172.22.1.61) failed
[Wed Nov 01 11:03:59.861686 2017] [proxy:error] [pid 2952:tid 10908] AH00959: ap_proxy_connect_backend disabling worker for (172.22.1.61) for 60s
[Wed Nov 01 11:03:59.861686 2017] [proxy_http:error] [pid 2952:tid 10908] [client 201.245.192.253:52454] AH01114: HTTP: failed to make connection to backend: 172.22.1.61
[Wed Nov 01 11:04:14.247509 2017] [proxy:error] [pid 2952:tid 7440] AH00940: HTTP: disabled connection for (172.22.1.61)
[Wed Nov 01 11:04:17.212679 2017] [proxy:error] [pid 2952:tid 14940] AH00940: HTTP: disabled connection for (172.22.1.61)
[Wed Nov 01 11:42:29.871811 2017] [mpm_winnt:warn] [pid 2952:tid 18904] (OS 64)The specified network name is no longer available.  : AH00341: winnt_accept: Asynchronous AcceptEx failed.
[Wed Nov 01 11:44:55.659150 2017] [proxy:error] [pid 2952:tid 8016] (OS 10061)No connection could be made because the target machine actively refused it.  : AH00957: HTTP: attempt to connect to 172.22.1.26:8080 (172.22.1.26) failed
[Wed Nov 01 11:44:55.659150 2017] [proxy:error] [pid 2952:tid 8016] AH00959: ap_proxy_connect_backend disabling worker for (172.22.1.26) for 60s
[Wed Nov 01 11:44:55.659150 2017] [proxy_http:error] [pid 2952:tid 8016] [client 190.25.65.245:51543] AH01114: HTTP: failed to make connection to backend: 172.22.1.26
[Wed Nov 01 11:54:08.550773 2017] [mpm_winnt:warn] [pid 2952:tid 18904] (OS 64)The specified network name is no longer available.  : AH00341: winnt_accept: Asynchronous AcceptEx failed.
[Wed Nov 01 11:54:39.557547 2017] [mpm_winnt:warn] [pid 2952:tid 18904] (OS 64)The specified network name is no longer available.  : AH00341: winnt_accept: Asynchronous AcceptEx failed.
[Wed Nov 01 12:25:43.928183 2017] [mpm_winnt:warn] [pid 2952:tid 18904] (OS 64)The specified network name is no longer available.  : AH00341: winnt_accept: Asynchronous AcceptEx failed.
[Wed Nov 01 12:26:14.933956 2017] [mpm_winnt:warn] [pid 2952:tid 18904] (OS 64)The specified network name is no longer available.  : AH00341: winnt_accept: Asynchronous AcceptEx failed.
[Wed Nov 01 12:32:12.008380 2017] [access_compat:error] [pid 2952:tid 8436] [client 185.114.226.136:44500] AH01797: client denied by server configuration: E:/nuevo/htdocs/phpmyadmin2
[Wed Nov 01 12:32:12.358400 2017] [access_compat:error] [pid 2952:tid 8436] [client 185.114.226.136:44954] AH01797: client denied by server configuration: E:/nuevo/htdocs/phpMyAdmin2
[Wed Nov 01 12:32:13.705477 2017] [access_compat:error] [pid 2952:tid 8436] [client 185.114.226.136:45464] AH01797: client denied by server configuration: E:/nuevo/phpMyAdmin/scripts
[Wed Nov 01 12:32:14.032495 2017] [access_compat:error] [pid 2952:tid 8436] [client 185.114.226.136:47472] AH01797: client denied by server configuration: E:/nuevo/htdocs/phpMyAdmin
[Wed Nov 01 12:32:14.370515 2017] [access_compat:error] [pid 2952:tid 8436] [client 185.114.226.136:48002] AH01797: client denied by server configuration: E:/nuevo/phpMyAdmin/scripts
[Wed Nov 01 12:32:14.711534 2017] [access_compat:error] [pid 2952:tid 8436] [client 185.114.226.136:48568] AH01797: client denied by server configuration: E:/nuevo/htdocs/phpMyAdmin
[Wed Nov 01 12:32:17.734707 2017] [access_compat:error] [pid 2952:tid 16736] [client 185.114.226.136:51780] AH01797: client denied by server configuration: E:/nuevo/htdocs/phpmyadmin_
[Wed Nov 01 12:32:18.066726 2017] [access_compat:error] [pid 2952:tid 16736] [client 185.114.226.136:54024] AH01797: client denied by server configuration: E:/nuevo/phpMyAdmin/scripts
[Wed Nov 01 12:32:18.403745 2017] [access_compat:error] [pid 2952:tid 16736] [client 185.114.226.136:54608] AH01797: client denied by server configuration: E:/nuevo/phpMyAdmin/scripts
[Wed Nov 01 12:32:18.729764 2017] [access_compat:error] [pid 2952:tid 16736] [client 185.114.226.136:55180] AH01797: client denied by server configuration: E:/nuevo/phpMyAdmin/scripts
[Wed Nov 01 12:32:20.411860 2017] [access_compat:error] [pid 2952:tid 8284] [client 185.114.226.136:58282] AH01797: client denied by server configuration: E:/nuevo/htdocs/phpMyAdmin_
[Wed Nov 01 12:32:20.743879 2017] [access_compat:error] [pid 2952:tid 8284] [client 185.114.226.136:58890] AH01797: client denied by server configuration: E:/nuevo/htdocs/phpMyAdmin
[Wed Nov 01 12:32:21.073898 2017] [access_compat:error] [pid 2952:tid 8284] [client 185.114.226.136:59444] AH01797: client denied by server configuration: E:/nuevo/htdocs/phpMyAdmin
[Wed Nov 01 12:32:28.421318 2017] [access_compat:error] [pid 2952:tid 7664] [client 185.114.226.136:41544] AH01797: client denied by server configuration: E:/nuevo/htdocs/PhpMyAdmin
[Wed Nov 01 12:36:36.940533 2017] [mpm_winnt:warn] [pid 2952:tid 18904] (OS 64)The specified network name is no longer available.  : AH00341: winnt_accept: Asynchronous AcceptEx failed.
[Wed Nov 01 12:37:07.933306 2017] [mpm_winnt:warn] [pid 2952:tid 18904] (OS 64)The specified network name is no longer available.  : AH00341: winnt_accept: Asynchronous AcceptEx failed.
[Wed Nov 01 12:41:02.409717 2017] [mpm_winnt:warn] [pid 2952:tid 18904] (OS 64)The specified network name is no longer available.  : AH00341: winnt_accept: Asynchronous AcceptEx failed.
[Wed Nov 01 12:41:33.410490 2017] [mpm_winnt:warn] [pid 2952:tid 18904] (OS 64)The specified network name is no longer available.  : AH00341: winnt_accept: Asynchronous AcceptEx failed.
[Wed Nov 01 12:46:55.001884 2017] [mpm_winnt:warn] [pid 2952:tid 18904] (OS 64)The specified network name is no longer available.  : AH00341: winnt_accept: Asynchronous AcceptEx failed.
[Wed Nov 01 12:47:25.996657 2017] [mpm_winnt:warn] [pid 2952:tid 18904] (OS 64)The specified network name is no longer available.  : AH00341: winnt_accept: Asynchronous AcceptEx failed.
[Wed Nov 01 12:49:02.554180 2017] [mpm_winnt:warn] [pid 2952:tid 18904] (OS 64)The specified network name is no longer available.  : AH00341: winnt_accept: Asynchronous AcceptEx failed.
[Wed Nov 01 12:49:33.555953 2017] [mpm_winnt:warn] [pid 2952:tid 18904] (OS 64)The specified network name is no longer available.  : AH00341: winnt_accept: Asynchronous AcceptEx failed.
[Wed Nov 01 13:00:48.631565 2017] [mpm_winnt:warn] [pid 2952:tid 18904] (OS 64)The specified network name is no longer available.  : AH00341: winnt_accept: Asynchronous AcceptEx failed.
[Wed Nov 01 13:01:19.623338 2017] [mpm_winnt:warn] [pid 2952:tid 18904] (OS 64)The specified network name is no longer available.  : AH00341: winnt_accept: Asynchronous AcceptEx failed.
[Wed Nov 01 13:06:19.001461 2017] [proxy_http:error] [pid 2952:tid 7560] (OS 10053)An established connection was aborted by the software in your host machine.  : [client 186.81.187.157:58825] AH01102: error reading status line from remote server 172.22.1.31:80, referer: http://190.27.245.106/IsolucionSDA/Administracion/SalaEdicion/Articulo.asp?Id_Articulo=11250
[Wed Nov 01 13:06:19.001461 2017] [proxy:error] [pid 2952:tid 7560] [client 186.81.187.157:58825] AH00898: Error reading from remote server returned by /IsolucionSDA/Administracion/SalaEdicion/g/GifTransparente.gif, referer: http://190.27.245.106/IsolucionSDA/Administracion/SalaEdicion/Articulo.asp?Id_Articulo=11250
[Wed Nov 01 13:06:19.004461 2017] [proxy_http:error] [pid 2952:tid 7664] (OS 10053)An established connection was aborted by the software in your host machine.  : [client 186.81.187.157:58827] AH01102: error reading status line from remote server 172.22.1.31:80, referer: http://190.27.245.106/IsolucionSDA/Administracion/SalaEdicion/Articulo.asp?Id_Articulo=11250
[Wed Nov 01 13:06:19.004461 2017] [proxy:error] [pid 2952:tid 7664] [client 186.81.187.157:58827] AH00898: Error reading from remote server returned by /IsolucionSDA/Administracion/Graficas/vacio1x1.gif, referer: http://190.27.245.106/IsolucionSDA/Administracion/SalaEdicion/Articulo.asp?Id_Articulo=11250
[Wed Nov 01 13:19:58.349325 2017] [proxy_http:error] [pid 2952:tid 7680] (OS 10053)An established connection was aborted by the software in your host machine.  : [client 201.245.192.253:51828] AH01102: error reading status line from remote server 172.22.1.31:80, referer: http://190.27.245.106/IsolucionSDA/FrameSetGeneral.asp?Pagina1=FrameSetGeneral.asp&
[Wed Nov 01 13:19:58.349325 2017] [proxy:error] [pid 2952:tid 7680] [client 201.245.192.253:51828] AH00898: Error reading from remote server returned by /IsolucionSDA/BarraTitulos.asp, referer: http://190.27.245.106/IsolucionSDA/FrameSetGeneral.asp?Pagina1=FrameSetGeneral.asp&
[Wed Nov 01 13:19:58.350325 2017] [proxy_http:error] [pid 2952:tid 7792] (OS 10053)An established connection was aborted by the software in your host machine.  : [client 201.245.192.253:51832] AH01102: error reading status line from remote server 172.22.1.31:80, referer: http://190.27.245.106/IsolucionSDA/FrameSetGeneral.asp?Pagina1=FrameSetGeneral.asp&
[Wed Nov 01 13:19:58.350325 2017] [proxy:error] [pid 2952:tid 7792] [client 201.245.192.253:51832] AH00898: Error reading from remote server returned by /IsolucionSDA/BarraFavoritos.asp, referer: http://190.27.245.106/IsolucionSDA/FrameSetGeneral.asp?Pagina1=FrameSetGeneral.asp&
[Wed Nov 01 13:20:02.681573 2017] [proxy_http:error] [pid 2952:tid 8544] (OS 10053)An established connection was aborted by the software in your host machine.  : [client 201.245.192.253:51834] AH01102: error reading status line from remote server 172.22.1.31:80, referer: http://190.27.245.106/IsolucionSDA/FrameSetGeneral.asp?Pagina=FiltroNotaMejora.asp&EsAbierta=1&ConMenu=NO
[Wed Nov 01 13:27:11.427096 2017] [mpm_winnt:warn] [pid 2952:tid 18904] (OS 64)The specified network name is no longer available.  : AH00341: winnt_accept: Asynchronous AcceptEx failed.
[Wed Nov 01 13:27:42.426869 2017] [mpm_winnt:warn] [pid 2952:tid 18904] (OS 64)The specified network name is no longer available.  : AH00341: winnt_accept: Asynchronous AcceptEx failed.
[Wed Nov 01 13:47:38.260266 2017] [proxy:error] [pid 2952:tid 7924] (OS 10060)A connection attempt failed because the connected party did not properly respond after a period of time, or established connection failed because connected host has failed to respond.  : AH00957: HTTP: attempt to connect to 172.22.1.51:8399 (172.22.1.51) failed
[Wed Nov 01 13:47:38.260266 2017] [proxy:error] [pid 2952:tid 7924] AH00959: ap_proxy_connect_backend disabling worker for (172.22.1.51) for 60s
[Wed Nov 01 13:47:38.260266 2017] [proxy_http:error] [pid 2952:tid 7924] [client 152.61.192.232:58338] AH01114: HTTP: failed to make connection to backend: 172.22.1.51
[Wed Nov 01 13:47:41.498452 2017] [proxy:error] [pid 2952:tid 7924] AH00940: HTTP: disabled connection for (172.22.1.51)
[Wed Nov 01 13:47:44.736637 2017] [proxy:error] [pid 2952:tid 8632] AH00940: HTTP: disabled connection for (172.22.1.51)
[Wed Nov 01 13:50:13.227130 2017] [proxy_http:error] [pid 2952:tid 7688] (OS 10053)An established connection was aborted by the software in your host machine.  : [client 201.245.192.253:52174] AH01102: error reading status line from remote server 172.22.1.31:80, referer: http://190.27.245.106/IsolucionSDA/FrameSetGeneral.asp?Pagina1=FrameSetGeneral.asp&
[Wed Nov 01 13:50:13.227130 2017] [proxy:error] [pid 2952:tid 7688] [client 201.245.192.253:52174] AH00898: Error reading from remote server returned by /IsolucionSDA/MagazinHome.asp, referer: http://190.27.245.106/IsolucionSDA/FrameSetGeneral.asp?Pagina1=FrameSetGeneral.asp&
[Wed Nov 01 14:00:59.098072 2017] [mpm_winnt:warn] [pid 2952:tid 18904] (OS 64)The specified network name is no longer available.  : AH00341: winnt_accept: Asynchronous AcceptEx failed.
[Wed Nov 01 14:07:02.148837 2017] [mpm_winnt:warn] [pid 2952:tid 18904] (OS 64)The specified network name is no longer available.  : AH00341: winnt_accept: Asynchronous AcceptEx failed.
[Wed Nov 01 14:07:33.147610 2017] [mpm_winnt:warn] [pid 2952:tid 18904] (OS 64)The specified network name is no longer available.  : AH00341: winnt_accept: Asynchronous AcceptEx failed.
[Wed Nov 01 14:10:56.906264 2017] [access_compat:error] [pid 2952:tid 8500] [client 185.114.226.136:56014] AH01797: client denied by server configuration: E:/nuevo/htdocs/phpmyadmin2
[Wed Nov 01 14:10:57.246284 2017] [access_compat:error] [pid 2952:tid 8500] [client 185.114.226.136:56454] AH01797: client denied by server configuration: E:/nuevo/htdocs/phpMyAdmin2
[Wed Nov 01 14:10:57.584303 2017] [access_compat:error] [pid 2952:tid 8500] [client 185.114.226.136:56942] AH01797: client denied by server configuration: E:/nuevo/phpMyAdmin/scripts
[Wed Nov 01 14:10:57.917322 2017] [access_compat:error] [pid 2952:tid 8500] [client 185.114.226.136:57420] AH01797: client denied by server configuration: E:/nuevo/htdocs/phpMyAdmin
[Wed Nov 01 14:10:58.257342 2017] [access_compat:error] [pid 2952:tid 8500] [client 185.114.226.136:57918] AH01797: client denied by server configuration: E:/nuevo/phpMyAdmin/scripts
[Wed Nov 01 14:10:58.605362 2017] [access_compat:error] [pid 2952:tid 8168] [client 185.114.226.136:58374] AH01797: client denied by server configuration: E:/nuevo/htdocs/phpMyAdmin
[Wed Nov 01 14:11:00.633478 2017] [access_compat:error] [pid 2952:tid 15984] [client 185.114.226.136:60018] AH01797: client denied by server configuration: E:/nuevo/htdocs/phpmyadmin_
[Wed Nov 01 14:11:01.968554 2017] [access_compat:error] [pid 2952:tid 7568] [client 185.114.226.136:33626] AH01797: client denied by server configuration: E:/nuevo/phpMyAdmin/scripts
[Wed Nov 01 14:11:02.300573 2017] [access_compat:error] [pid 2952:tid 7568] [client 185.114.226.136:35880] AH01797: client denied by server configuration: E:/nuevo/phpMyAdmin/scripts
[Wed Nov 01 14:11:02.648593 2017] [access_compat:error] [pid 2952:tid 15984] [client 185.114.226.136:36442] AH01797: client denied by server configuration: E:/nuevo/phpMyAdmin/scripts
[Wed Nov 01 14:11:03.299630 2017] [access_compat:error] [pid 2952:tid 7568] [client 185.114.226.136:37568] AH01797: client denied by server configuration: E:/nuevo/htdocs/phpMyAdmin_
[Wed Nov 01 14:11:03.630649 2017] [access_compat:error] [pid 2952:tid 7568] [client 185.114.226.136:38148] AH01797: client denied by server configuration: E:/nuevo/htdocs/phpMyAdmin
[Wed Nov 01 14:11:03.957668 2017] [access_compat:error] [pid 2952:tid 8168] [client 185.114.226.136:38726] AH01797: client denied by server configuration: E:/nuevo/htdocs/phpMyAdmin
[Wed Nov 01 14:11:04.066674 2017] [access_compat:error] [pid 2952:tid 7568] [client 185.114.226.136:38898] AH01797: client denied by server configuration: E:/nuevo/htdocs/phpmyadmin2
[Wed Nov 01 14:11:04.303688 2017] [access_compat:error] [pid 2952:tid 7568] [client 185.114.226.136:39292] AH01797: client denied by server configuration: E:/nuevo/htdocs/phpMyAdmin
[Wed Nov 01 14:11:04.399693 2017] [access_compat:error] [pid 2952:tid 8168] [client 185.114.226.136:39502] AH01797: client denied by server configuration: E:/nuevo/htdocs/phpMyAdmin2
[Wed Nov 01 14:11:04.630706 2017] [access_compat:error] [pid 2952:tid 8168] [client 185.114.226.136:39966] AH01797: client denied by server configuration: E:/nuevo/htdocs/PhpMyAdmin
[Wed Nov 01 14:11:04.728712 2017] [access_compat:error] [pid 2952:tid 7568] [client 185.114.226.136:40156] AH01797: client denied by server configuration: E:/nuevo/phpMyAdmin/scripts
[Wed Nov 01 14:11:04.970726 2017] [access_compat:error] [pid 2952:tid 7568] [client 185.114.226.136:40620] AH01797: client denied by server configuration: E:/nuevo/htdocs/PHPMYADMIN
[Wed Nov 01 14:11:05.077732 2017] [access_compat:error] [pid 2952:tid 8644] [client 185.114.226.136:40792] AH01797: client denied by server configuration: E:/nuevo/htdocs/phpMyAdmin
[Wed Nov 01 14:11:05.424752 2017] [access_compat:error] [pid 2952:tid 8364] [client 185.114.226.136:41366] AH01797: client denied by server configuration: E:/nuevo/phpMyAdmin/scripts
[Wed Nov 01 14:11:05.755771 2017] [access_compat:error] [pid 2952:tid 8644] [client 185.114.226.136:41982] AH01797: client denied by server configuration: E:/nuevo/htdocs/phpMyAdmin
