[Wed Nov 01 14:11:07.670880 2017] [access_compat:error] [pid 2952:tid 7248] [client 185.114.226.136:45188] AH01797: client denied by server configuration: E:/nuevo/htdocs/xampp/phpmyadmin
[Wed Nov 01 14:11:10.789058 2017] [access_compat:error] [pid 2952:tid 7248] [client 185.114.226.136:45394] AH01797: client denied by server configuration: E:/nuevo/htdocs/phpmyadmin_
[Wed Nov 01 14:11:11.121077 2017] [access_compat:error] [pid 2952:tid 7248] [client 185.114.226.136:50150] AH01797: client denied by server configuration: E:/nuevo/phpMyAdmin/scripts
[Wed Nov 01 14:11:11.452096 2017] [access_compat:error] [pid 2952:tid 7248] [client 185.114.226.136:50602] AH01797: client denied by server configuration: E:/nuevo/phpMyAdmin/scripts
[Wed Nov 01 14:11:11.783115 2017] [access_compat:error] [pid 2952:tid 7248] [client 185.114.226.136:51106] AH01797: client denied by server configuration: E:/nuevo/phpMyAdmin/scripts
[Wed Nov 01 14:11:12.467154 2017] [access_compat:error] [pid 2952:tid 17024] [client 185.114.226.136:52140] AH01797: client denied by server configuration: E:/nuevo/htdocs/phpMyAdmin_
[Wed Nov 01 14:11:12.824175 2017] [access_compat:error] [pid 2952:tid 17024] [client 185.114.226.136:52602] AH01797: client denied by server configuration: E:/nuevo/htdocs/phpMyAdmin
[Wed Nov 01 14:11:13.161194 2017] [access_compat:error] [pid 2952:tid 8604] [client 185.114.226.136:53136] AH01797: client denied by server configuration: E:/nuevo/htdocs/phpMyAdmin
[Wed Nov 01 14:11:13.505214 2017] [access_compat:error] [pid 2952:tid 8500] [client 185.114.226.136:53660] AH01797: client denied by server configuration: E:/nuevo/htdocs/phpMyAdmin
[Wed Nov 01 14:11:13.837233 2017] [access_compat:error] [pid 2952:tid 8500] [client 185.114.226.136:54132] AH01797: client denied by server configuration: E:/nuevo/htdocs/PhpMyAdmin
[Wed Nov 01 14:11:14.163251 2017] [access_compat:error] [pid 2952:tid 8500] [client 185.114.226.136:54592] AH01797: client denied by server configuration: E:/nuevo/htdocs/PHPMYADMIN
[Wed Nov 01 14:11:15.802345 2017] [access_compat:error] [pid 2952:tid 16344] [client 185.114.226.136:57188] AH01797: client denied by server configuration: E:/nuevo/htdocs/xampp/phpmyadmin
[Wed Nov 01 14:22:48.453963 2017] [access_compat:error] [pid 2952:tid 8564] [client 51.254.130.82:41189] AH01797: client denied by server configuration: E:/nuevo/htdocs/phpmyadmin2
[Wed Nov 01 14:22:51.769152 2017] [access_compat:error] [pid 2952:tid 8788] [client 51.254.130.82:42537] AH01797: client denied by server configuration: E:/nuevo/htdocs/phpMyAdmin2
[Wed Nov 01 14:22:52.095171 2017] [access_compat:error] [pid 2952:tid 8788] [client 51.254.130.82:42654] AH01797: client denied by server configuration: E:/nuevo/phpMyAdmin/scripts
[Wed Nov 01 14:22:52.423190 2017] [access_compat:error] [pid 2952:tid 8788] [client 51.254.130.82:42782] AH01797: client denied by server configuration: E:/nuevo/htdocs/phpMyAdmin
[Wed Nov 01 14:22:52.824213 2017] [access_compat:error] [pid 2952:tid 7488] [client 51.254.130.82:42933] AH01797: client denied by server configuration: E:/nuevo/phpMyAdmin/scripts
[Wed Nov 01 14:22:53.152231 2017] [access_compat:error] [pid 2952:tid 7488] [client 51.254.130.82:43114] AH01797: client denied by server configuration: E:/nuevo/htdocs/phpMyAdmin
[Wed Nov 01 14:22:54.649317 2017] [access_compat:error] [pid 2952:tid 7488] [client 51.254.130.82:43679] AH01797: client denied by server configuration: E:/nuevo/htdocs/phpmyadmin_
[Wed Nov 01 14:22:54.970335 2017] [access_compat:error] [pid 2952:tid 7488] [client 51.254.130.82:43816] AH01797: client denied by server configuration: E:/nuevo/phpMyAdmin/scripts
[Wed Nov 01 14:22:55.302354 2017] [access_compat:error] [pid 2952:tid 7488] [client 51.254.130.82:43948] AH01797: client denied by server configuration: E:/nuevo/phpMyAdmin/scripts
[Wed Nov 01 14:22:55.685376 2017] [access_compat:error] [pid 2952:tid 7180] [client 51.254.130.82:44106] AH01797: client denied by server configuration: E:/nuevo/phpMyAdmin/scripts
[Wed Nov 01 14:22:56.493422 2017] [access_compat:error] [pid 2952:tid 7744] [client 51.254.130.82:44411] AH01797: client denied by server configuration: E:/nuevo/htdocs/phpMyAdmin_
[Wed Nov 01 14:22:56.821441 2017] [access_compat:error] [pid 2952:tid 7744] [client 51.254.130.82:44537] AH01797: client denied by server configuration: E:/nuevo/htdocs/phpMyAdmin
[Wed Nov 01 14:22:57.199463 2017] [access_compat:error] [pid 2952:tid 7600] [client 51.254.130.82:44683] AH01797: client denied by server configuration: E:/nuevo/htdocs/phpMyAdmin
[Wed Nov 01 14:22:57.534482 2017] [access_compat:error] [pid 2952:tid 7600] [client 51.254.130.82:44831] AH01797: client denied by server configuration: E:/nuevo/htdocs/phpMyAdmin
[Wed Nov 01 14:22:57.876502 2017] [access_compat:error] [pid 2952:tid 7600] [client 51.254.130.82:44971] AH01797: client denied by server configuration: E:/nuevo/htdocs/PhpMyAdmin
[Wed Nov 01 14:22:58.216521 2017] [access_compat:error] [pid 2952:tid 7600] [client 51.254.130.82:45109] AH01797: client denied by server configuration: E:/nuevo/htdocs/PHPMYADMIN
[Wed Nov 01 14:23:00.533654 2017] [access_compat:error] [pid 2952:tid 7600] [client 51.254.130.82:46158] AH01797: client denied by server configuration: E:/nuevo/htdocs/xampp/phpmyadmin
[Wed Nov 01 14:27:06.977749 2017] [mpm_winnt:warn] [pid 2952:tid 18904] (OS 64)The specified network name is no longer available.  : AH00341: winnt_accept: Asynchronous AcceptEx failed.
[Wed Nov 01 14:27:37.977522 2017] [mpm_winnt:warn] [pid 2952:tid 18904] (OS 64)The specified network name is no longer available.  : AH00341: winnt_accept: Asynchronous AcceptEx failed.
[Wed Nov 01 14:45:38.761340 2017] [mpm_winnt:warn] [pid 2952:tid 18904] (OS 64)The specified network name is no longer available.  : AH00341: winnt_accept: Asynchronous AcceptEx failed.
[Wed Nov 01 14:56:19.257974 2017] [mpm_winnt:warn] [pid 2952:tid 18904] (OS 64)The specified network name is no longer available.  : AH00341: winnt_accept: Asynchronous AcceptEx failed.
[Wed Nov 01 14:56:50.252747 2017] [mpm_winnt:warn] [pid 2952:tid 18904] (OS 64)The specified network name is no longer available.  : AH00341: winnt_accept: Asynchronous AcceptEx failed.
[Wed Nov 01 14:58:53.573800 2017] [mpm_winnt:warn] [pid 2952:tid 18904] (OS 64)The specified network name is no longer available.  : AH00341: winnt_accept: Asynchronous AcceptEx failed.
[Wed Nov 01 14:59:24.572573 2017] [mpm_winnt:warn] [pid 2952:tid 18904] (OS 64)The specified network name is no longer available.  : AH00341: winnt_accept: Asynchronous AcceptEx failed.
[Wed Nov 01 15:06:31.808010 2017] [proxy:error] [pid 2952:tid 7880] (OS 10061)No connection could be made because the target machine actively refused it.  : AH00957: HTTP: attempt to connect to 172.22.1.26:8080 (172.22.1.26) failed
[Wed Nov 01 15:06:31.808010 2017] [proxy:error] [pid 2952:tid 7880] AH00959: ap_proxy_connect_backend disabling worker for (172.22.1.26) for 60s
[Wed Nov 01 15:06:31.808010 2017] [proxy_http:error] [pid 2952:tid 7880] [client 190.146.230.50:50132] AH01114: HTTP: failed to make connection to backend: 172.22.1.26
[Wed Nov 01 15:44:06.301960 2017] [mpm_winnt:warn] [pid 2952:tid 18904] (OS 64)The specified network name is no longer available.  : AH00341: winnt_accept: Asynchronous AcceptEx failed.
[Wed Nov 01 16:10:43.387308 2017] [proxy:error] [pid 2952:tid 7680] (OS 10061)No connection could be made because the target machine actively refused it.  : AH00957: HTTP: attempt to connect to 172.22.1.26:8080 (172.22.1.26) failed
[Wed Nov 01 16:10:43.387308 2017] [proxy:error] [pid 2952:tid 7680] AH00959: ap_proxy_connect_backend disabling worker for (172.22.1.26) for 60s
[Wed Nov 01 16:10:43.387308 2017] [proxy_http:error] [pid 2952:tid 7680] [client 190.145.148.34:63167] AH01114: HTTP: failed to make connection to backend: 172.22.1.26
[Wed Nov 01 16:41:32.201054 2017] [proxy_http:error] [pid 2952:tid 7840] (70008)Partial results are valid but processing is incomplete: [client 186.81.187.157:64501] AH02609: read request body failed to 172.22.1.31:80 (172.22.1.31) from 186.81.187.157 (), referer: http://190.27.245.106/ISOlucionSDA//Administracion/Upload/Upload.asp?Id_Articulo=11585&UPLDQuerystring=Id_Articulo=11585&UPLDMODO=SubirArchivoADocumento&UPLDRuta=E:\\Isolucion\\Web\\BancoConocimiento\\R\\RegistroycontroldeservicioalciudadanoenlaSecretariaDistritaldeAmbiente_v1_0\\&UPLDAtras=http://190.27.245.106/ISOlucionSDA/Administracion/SalaEdicion/Articulo.asp&UPLDAdelante=http://190.27.245.106/ISOlucionSDA/Administracion/SalaEdicion/Articulo.asp
[Wed Nov 01 16:41:32.201054 2017] [proxy_http:error] [pid 2952:tid 7840] [client 186.81.187.157:64501] AH01097: pass request body failed to 172.22.1.31:80 (172.22.1.31) from 186.81.187.157 (), referer: http://190.27.245.106/ISOlucionSDA//Administracion/Upload/Upload.asp?Id_Articulo=11585&UPLDQuerystring=Id_Articulo=11585&UPLDMODO=SubirArchivoADocumento&UPLDRuta=E:\\Isolucion\\Web\\BancoConocimiento\\R\\RegistroycontroldeservicioalciudadanoenlaSecretariaDistritaldeAmbiente_v1_0\\&UPLDAtras=http://190.27.245.106/ISOlucionSDA/Administracion/SalaEdicion/Articulo.asp&UPLDAdelante=http://190.27.245.106/ISOlucionSDA/Administracion/SalaEdicion/Articulo.asp
[Wed Nov 01 17:01:17.847869 2017] [proxy_http:error] [pid 2952:tid 7728] (OS 10053)An established connection was aborted by the software in your host machine.  : [client 201.245.192.253:52101] AH01102: error reading status line from remote server 172.22.1.31:80, referer: http://190.27.245.106/isolucionsda/Session.asp?Continue=1
[Wed Nov 01 17:01:17.847869 2017] [proxy:error] [pid 2952:tid 7728] [client 201.245.192.253:52101] AH00898: Error reading from remote server returned by /isolucionsda/Session.asp, referer: http://190.27.245.106/isolucionsda/Session.asp?Continue=1
[Wed Nov 01 17:03:33.316617 2017] [access_compat:error] [pid 2952:tid 8756] [client 51.254.130.82:46836] AH01797: client denied by server configuration: E:/nuevo/htdocs/phpmyadmin2
[Wed Nov 01 17:03:33.692639 2017] [access_compat:error] [pid 2952:tid 7576] [client 51.254.130.82:46981] AH01797: client denied by server configuration: E:/nuevo/htdocs/phpMyAdmin2
[Wed Nov 01 17:03:33.754642 2017] [access_compat:error] [pid 2952:tid 14748] [client 51.254.130.82:47000] AH01797: client denied by server configuration: E:/nuevo/htdocs/phpmyadmin2
[Wed Nov 01 17:03:34.072660 2017] [access_compat:error] [pid 2952:tid 14748] [client 51.254.130.82:47129] AH01797: client denied by server configuration: E:/nuevo/phpMyAdmin/scripts
[Wed Nov 01 17:03:34.098662 2017] [access_compat:error] [pid 2952:tid 7576] [client 51.254.130.82:47143] AH01797: client denied by server configuration: E:/nuevo/htdocs/phpMyAdmin2
[Wed Nov 01 17:03:34.422680 2017] [access_compat:error] [pid 2952:tid 14748] [client 51.254.130.82:47270] AH01797: client denied by server configuration: E:/nuevo/htdocs/phpMyAdmin
[Wed Nov 01 17:03:34.575689 2017] [access_compat:error] [pid 2952:tid 7656] [client 51.254.130.82:47340] AH01797: client denied by server configuration: E:/nuevo/phpMyAdmin/scripts
[Wed Nov 01 17:03:34.901708 2017] [access_compat:error] [pid 2952:tid 7656] [client 51.254.130.82:47487] AH01797: client denied by server configuration: E:/nuevo/htdocs/phpMyAdmin
[Wed Nov 01 17:03:34.966712 2017] [access_compat:error] [pid 2952:tid 14748] [client 51.254.130.82:47499] AH01797: client denied by server configuration: E:/nuevo/phpMyAdmin/scripts
[Wed Nov 01 17:03:35.226726 2017] [access_compat:error] [pid 2952:tid 11976] [client 51.254.130.82:47622] AH01797: client denied by server configuration: E:/nuevo/phpMyAdmin/scripts
[Wed Nov 01 17:03:35.333733 2017] [access_compat:error] [pid 2952:tid 15984] [client 51.254.130.82:47648] AH01797: client denied by server configuration: E:/nuevo/htdocs/phpMyAdmin
[Wed Nov 01 17:03:35.547745 2017] [access_compat:error] [pid 2952:tid 15984] [client 51.254.130.82:47742] AH01797: client denied by server configuration: E:/nuevo/htdocs/phpMyAdmin
[Wed Nov 01 17:03:36.402794 2017] [access_compat:error] [pid 2952:tid 15984] [client 51.254.130.82:48094] AH01797: client denied by server configuration: E:/nuevo/htdocs/phpmyadmin_
[Wed Nov 01 17:03:36.709811 2017] [access_compat:error] [pid 2952:tid 7568] [client 51.254.130.82:48213] AH01797: client denied by server configuration: E:/nuevo/htdocs/phpmyadmin_
[Wed Nov 01 17:03:36.733813 2017] [access_compat:error] [pid 2952:tid 7768] [client 51.254.130.82:48226] AH01797: client denied by server configuration: E:/nuevo/phpMyAdmin/scripts
[Wed Nov 01 17:03:37.049831 2017] [access_compat:error] [pid 2952:tid 7568] [client 51.254.130.82:48343] AH01797: client denied by server configuration: E:/nuevo/phpMyAdmin/scripts
[Wed Nov 01 17:03:37.174838 2017] [access_compat:error] [pid 2952:tid 11976] [client 51.254.130.82:48386] AH01797: client denied by server configuration: E:/nuevo/phpMyAdmin/scripts
[Wed Nov 01 17:03:37.432853 2017] [access_compat:error] [pid 2952:tid 11976] [client 51.254.130.82:48481] AH01797: client denied by server configuration: E:/nuevo/phpMyAdmin/scripts
[Wed Nov 01 17:03:37.606863 2017] [access_compat:error] [pid 2952:tid 11976] [client 51.254.130.82:48540] AH01797: client denied by server configuration: E:/nuevo/phpMyAdmin/scripts
[Wed Nov 01 17:03:38.178895 2017] [access_compat:error] [pid 2952:tid 7768] [client 51.254.130.82:48737] AH01797: client denied by server configuration: E:/nuevo/phpMyAdmin/scripts
[Wed Nov 01 17:03:38.377907 2017] [access_compat:error] [pid 2952:tid 7768] [client 51.254.130.82:48787] AH01797: client denied by server configuration: E:/nuevo/htdocs/phpMyAdmin_
[Wed Nov 01 17:03:38.732927 2017] [access_compat:error] [pid 2952:tid 11976] [client 51.254.130.82:48922] AH01797: client denied by server configuration: E:/nuevo/htdocs/phpMyAdmin
[Wed Nov 01 17:03:38.845933 2017] [access_compat:error] [pid 2952:tid 7768] [client 51.254.130.82:48978] AH01797: client denied by server configuration: E:/nuevo/htdocs/phpMyAdmin_
[Wed Nov 01 17:03:39.063946 2017] [access_compat:error] [pid 2952:tid 7768] [client 51.254.130.82:49049] AH01797: client denied by server configuration: E:/nuevo/htdocs/phpMyAdmin
[Wed Nov 01 17:03:39.192953 2017] [access_compat:error] [pid 2952:tid 8408] [client 51.254.130.82:49084] AH01797: client denied by server configuration: E:/nuevo/htdocs/phpMyAdmin
[Wed Nov 01 17:03:39.400965 2017] [access_compat:error] [pid 2952:tid 8408] [client 51.254.130.82:49167] AH01797: client denied by server configuration: E:/nuevo/htdocs/phpMyAdmin
[Wed Nov 01 17:03:39.527972 2017] [access_compat:error] [pid 2952:tid 7768] [client 51.254.130.82:49212] AH01797: client denied by server configuration: E:/nuevo/htdocs/phpMyAdmin
[Wed Nov 01 17:03:39.725984 2017] [access_compat:error] [pid 2952:tid 7768] [client 51.254.130.82:49280] AH01797: client denied by server configuration: E:/nuevo/htdocs/PhpMyAdmin
[Wed Nov 01 17:03:39.854991 2017] [access_compat:error] [pid 2952:tid 8408] [client 51.254.130.82:49324] AH01797: client denied by server configuration: E:/nuevo/htdocs/phpMyAdmin
[Wed Nov 01 17:03:40.071004 2017] [access_compat:error] [pid 2952:tid 8408] [client 51.254.130.82:49406] AH01797: client denied by server configuration: E:/nuevo/htdocs/PHPMYADMIN
[Wed Nov 01 17:03:40.187010 2017] [access_compat:error] [pid 2952:tid 7768] [client 51.254.130.82:49458] AH01797: client denied by server configuration: E:/nuevo/htdocs/PhpMyAdmin
[Wed Nov 01 17:03:40.519029 2017] [access_compat:error] [pid 2952:tid 8408] [client 51.254.130.82:49586] AH01797: client denied by server configuration: E:/nuevo/htdocs/PHPMYADMIN
[Wed Nov 01 17:03:42.243128 2017] [access_compat:error] [pid 2952:tid 7768] [client 51.254.130.82:50240] AH01797: client denied by server configuration: E:/nuevo/htdocs/xampp/phpmyadmin
[Wed Nov 01 17:03:42.254128 2017] [access_compat:error] [pid 2952:tid 8408] [client 51.254.130.82:50247] AH01797: client denied by server configuration: E:/nuevo/htdocs/xampp/phpmyadmin
[Wed Nov 01 17:05:25.068009 2017] [mpm_winnt:warn] [pid 2952:tid 18904] (OS 64)The specified network name is no longer available.  : AH00341: winnt_accept: Asynchronous AcceptEx failed.
[Wed Nov 01 17:17:23.014073 2017] [proxy_http:error] [pid 2952:tid 7856] (OS 10053)An established connection was aborted by the software in your host machine.  : [client 201.245.192.253:51401] AH01102: error reading status line from remote server 172.22.1.31:80, referer: http://190.27.245.106/IsolucionSDA/FrameSetGeneral.asp?Pagina1=FrameSetGeneral.asp&
[Wed Nov 01 17:32:16.659187 2017] [proxy_http:error] [pid 2952:tid 7776] (OS 10053)An established connection was aborted by the software in your host machine.  : [client 201.245.192.253:57109] AH01102: error reading status line from remote server 172.22.1.31:80, referer: http://190.27.245.106/isolucionsda/Encabezado.asp?Pagina=SucursalSeleccion.asp&CargaPagina=ModuloProcesos&IdModulo=3
[Wed Nov 01 17:32:16.659187 2017] [proxy:error] [pid 2952:tid 7776] [client 201.245.192.253:57109] AH00898: Error reading from remote server returned by /isolucionsda/FrameSetGeneral.asp, referer: http://190.27.245.106/isolucionsda/Encabezado.asp?Pagina=SucursalSeleccion.asp&CargaPagina=ModuloProcesos&IdModulo=3
[Wed Nov 01 17:32:18.301281 2017] [proxy_http:error] [pid 2952:tid 14940] (OS 10053)An established connection was aborted by the software in your host machine.  : [client 201.245.192.253:57111] AH01102: error reading status line from remote server 172.22.1.31:80, referer: http://190.27.245.106/isolucionsda/Encabezado.asp?Pagina=SucursalSeleccion.asp&CargaPagina=ModuloProcesos&IdModulo=3
[Wed Nov 01 17:32:18.301281 2017] [proxy:error] [pid 2952:tid 14940] [client 201.245.192.253:57111] AH00898: Error reading from remote server returned by /isolucionsda/FrameSetGeneral.asp, referer: http://190.27.245.106/isolucionsda/Encabezado.asp?Pagina=SucursalSeleccion.asp&CargaPagina=ModuloProcesos&IdModulo=3
[Wed Nov 01 17:32:19.837369 2017] [proxy_http:error] [pid 2952:tid 8080] (OS 10053)An established connection was aborted by the software in your host machine.  : [client 201.245.192.253:57117] AH01102: error reading status line from remote server 172.22.1.31:80, referer: http://190.27.245.106/isolucionsda/FrameSetGeneral.asp?Pagina=Menu.asp&IdModulo=5
[Wed Nov 01 17:32:19.837369 2017] [proxy:error] [pid 2952:tid 8080] [client 201.245.192.253:57117] AH00898: Error reading from remote server returned by /isolucionsda/Menu.asp, referer: http://190.27.245.106/isolucionsda/FrameSetGeneral.asp?Pagina=Menu.asp&IdModulo=5
[Wed Nov 01 17:53:21.725544 2017] [core:error] [pid 2952:tid 7464] (20024)The given path is misformatted or contained invalid characters: [client 40.77.167.78:1024] AH00127: Cannot map GET /www.ambientebogota.gov.co:81/ HTTP/1.1 to file
[Wed Nov 01 18:15:48.796592 2017] [proxy_http:error] [pid 2952:tid 7584] (OS 10053)An established connection was aborted by the software in your host machine.  : [client 201.245.192.253:52650] AH01102: error reading status line from remote server 172.22.1.31:80, referer: http://190.27.245.106/IsolucionSDA/Administracion/SalaEdicion/Articulo.asp
[Wed Nov 01 18:15:48.796592 2017] [proxy:error] [pid 2952:tid 7584] [client 201.245.192.253:52650] AH00898: Error reading from remote server returned by /IsolucionSDA/Administracion/Graficas/vacio1x1.gif, referer: http://190.27.245.106/IsolucionSDA/Administracion/SalaEdicion/Articulo.asp
[Wed Nov 01 18:19:36.618623 2017] [core:error] [pid 2952:tid 8228] (20024)The given path is misformatted or contained invalid characters: [client 40.77.167.78:4125] AH00127: Cannot map GET /www.ambientebogota.gov.co:81/ HTTP/1.1 to file
[Wed Nov 01 18:31:43.926223 2017] [mpm_winnt:warn] [pid 2952:tid 18904] (OS 64)The specified network name is no longer available.  : AH00341: winnt_accept: Asynchronous AcceptEx failed.
[Wed Nov 01 18:32:14.920996 2017] [mpm_winnt:warn] [pid 2952:tid 18904] (OS 64)The specified network name is no longer available.  : AH00341: winnt_accept: Asynchronous AcceptEx failed.
[Wed Nov 01 18:36:32.950754 2017] [core:error] [pid 2952:tid 8740] (20024)The given path is misformatted or contained invalid characters: [client 191.101.31.71:62123] AH00127: Cannot map GET /www.ambientebogota.gov.co:81/ HTTP/1.1 to file, referer: http://www.dama.gov.co/
[Wed Nov 01 18:36:33.264772 2017] [core:error] [pid 2952:tid 8740] (20024)The given path is misformatted or contained invalid characters: [client 191.101.31.71:62123] AH00127: Cannot map GET /www.ambientebogota.gov.co:81/ HTTP/1.1 to file, referer: http://www.dama.gov.co/
[Wed Nov 01 18:36:33.572790 2017] [core:error] [pid 2952:tid 8740] (20024)The given path is misformatted or contained invalid characters: [client 191.101.31.71:62123] AH00127: Cannot map GET /www.ambientebogota.gov.co:81/ HTTP/1.1 to file, referer: http://www.dama.gov.co/
[Wed Nov 01 18:43:35.147902 2017] [proxy_http:error] [pid 2952:tid 15488] (OS 10053)An established connection was aborted by the software in your host machine.  : [client 201.245.192.253:57587] AH01102: error reading status line from remote server 172.22.1.31:80, referer: http://190.27.245.106/IsolucionSDA/FrameSetGeneral.asp?Pagina1=FrameSetGeneral.asp&
[Wed Nov 01 18:43:35.147902 2017] [proxy:error] [pid 2952:tid 15488] [client 201.245.192.253:57587] AH00898: Error reading from remote server returned by /IsolucionSDA/BarraTitulos.asp, referer: http://190.27.245.106/IsolucionSDA/FrameSetGeneral.asp?Pagina1=FrameSetGeneral.asp&
[Wed Nov 01 18:51:34.023292 2017] [proxy_http:error] [pid 2952:tid 7704] (OS 10053)An established connection was aborted by the software in your host machine.  : [client 201.245.192.253:51744] AH01102: error reading status line from remote server 172.22.1.31:80, referer: http://190.27.245.106/IsolucionSDA/FrameSetGeneral.asp?Pagina1=FrameSetGeneral.asp&
[Wed Nov 01 18:51:34.023292 2017] [proxy:error] [pid 2952:tid 7704] [client 201.245.192.253:51744] AH00898: Error reading from remote server returned by /IsolucionSDA/BarraFavoritos.asp, referer: http://190.27.245.106/IsolucionSDA/FrameSetGeneral.asp?Pagina1=FrameSetGeneral.asp&
[Wed Nov 01 18:51:37.869512 2017] [proxy_http:error] [pid 2952:tid 8980] (OS 10053)An established connection was aborted by the software in your host machine.  : [client 201.245.192.253:51746] AH01102: error reading status line from remote server 172.22.1.31:80, referer: http://190.27.245.106/IsolucionSDA/FrameSetGeneral.asp?Pagina=SucursalSeleccion.asp&CargaPagina=ModuloProcesos&IdModulo=3
[Wed Nov 01 18:51:37.869512 2017] [proxy:error] [pid 2952:tid 8980] [client 201.245.192.253:51746] AH00898: Error reading from remote server returned by /IsolucionSDA/BarraFavoritos.asp, referer: http://190.27.245.106/IsolucionSDA/FrameSetGeneral.asp?Pagina=SucursalSeleccion.asp&CargaPagina=ModuloProcesos&IdModulo=3
[Wed Nov 01 18:54:54.449756 2017] [core:error] [pid 2952:tid 8052] [client 112.204.126.150:56001] AH00126: Invalid URI in request t3 12.2.1
[Wed Nov 01 19:15:29.254383 2017] [proxy_http:error] [pid 2952:tid 7568] (OS 10053)An established connection was aborted by the software in your host machine.  : [client 201.245.192.253:50197] AH01102: error reading status line from remote server 172.22.1.31:80, referer: http://190.27.245.106/isolucionsda/Encabezado.asp?Pagina1=FrameSetGeneral.asp&&Pagina=MagazinHome.asp
[Wed Nov 01 19:15:29.254383 2017] [proxy:error] [pid 2952:tid 7568] [client 201.245.192.253:50197] AH00898: Error reading from remote server returned by /isolucionsda/Session.asp, referer: http://190.27.245.106/isolucionsda/Encabezado.asp?Pagina1=FrameSetGeneral.asp&&Pagina=MagazinHome.asp
[Wed Nov 01 19:17:43.102039 2017] [mpm_winnt:warn] [pid 2952:tid 18904] (OS 64)The specified network name is no longer available.  : AH00341: winnt_accept: Asynchronous AcceptEx failed.
[Wed Nov 01 19:18:17.448003 2017] [proxy_http:error] [pid 2952:tid 8540] (OS 10053)An established connection was aborted by the software in your host machine.  : [client 201.245.192.253:53381] AH01102: error reading status line from remote server 172.22.1.31:80, referer: http://190.27.245.106/IsolucionSDA/FrameSetGeneral.asp?Pagina=Magazin.asp&Sigla=MAC&IdModulo=2
[Wed Nov 01 19:18:17.448003 2017] [proxy:error] [pid 2952:tid 8540] [client 201.245.192.253:53381] AH00898: Error reading from remote server returned by /IsolucionSDA/BarraFavoritos.asp, referer: http://190.27.245.106/IsolucionSDA/FrameSetGeneral.asp?Pagina=Magazin.asp&Sigla=MAC&IdModulo=2
[Wed Nov 01 19:18:17.477005 2017] [proxy_http:error] [pid 2952:tid 8556] (OS 10053)An established connection was aborted by the software in your host machine.  : [client 201.245.192.253:53380] AH01102: error reading status line from remote server 172.22.1.31:80, referer: http://190.27.245.106/IsolucionSDA/FrameSetGeneral.asp?Pagina=Magazin.asp&Sigla=MAC&IdModulo=2
[Wed Nov 01 19:29:21.093961 2017] [mpm_winnt:warn] [pid 2952:tid 18904] (OS 64)The specified network name is no longer available.  : AH00341: winnt_accept: Asynchronous AcceptEx failed.
[Wed Nov 01 19:29:52.078734 2017] [mpm_winnt:warn] [pid 2952:tid 18904] (OS 64)The specified network name is no longer available.  : AH00341: winnt_accept: Asynchronous AcceptEx failed.
[Wed Nov 01 20:05:43.173769 2017] [mpm_winnt:warn] [pid 2952:tid 18904] (OS 64)The specified network name is no longer available.  : AH00341: winnt_accept: Asynchronous AcceptEx failed.
[Wed Nov 01 20:06:14.172542 2017] [mpm_winnt:warn] [pid 2952:tid 18904] (OS 64)The specified network name is no longer available.  : AH00341: winnt_accept: Asynchronous AcceptEx failed.
[Wed Nov 01 20:53:31.745842 2017] [mpm_winnt:warn] [pid 2952:tid 18904] (OS 64)The specified network name is no longer available.  : AH00341: winnt_accept: Asynchronous AcceptEx failed.
[Wed Nov 01 21:06:39.153879 2017] [mpm_winnt:warn] [pid 2952:tid 18904] (OS 64)The specified network name is no longer available.  : AH00341: winnt_accept: Asynchronous AcceptEx failed.
[Wed Nov 01 21:07:10.154653 2017] [mpm_winnt:warn] [pid 2952:tid 18904] (OS 64)The specified network name is no longer available.  : AH00341: winnt_accept: Asynchronous AcceptEx failed.
[Wed Nov 01 21:18:02.094941 2017] [proxy:error] [pid 2952:tid 16912] (OS 10060)A connection attempt failed because the connected party did not properly respond after a period of time, or established connection failed because connected host has failed to respond.  : AH00957: HTTP: attempt to connect to 172.22.1.32:80 (172.22.1.32) failed
[Wed Nov 01 21:18:02.094941 2017] [proxy:error] [pid 2952:tid 16912] AH00959: ap_proxy_connect_backend disabling worker for (172.22.1.32) for 60s
[Wed Nov 01 21:18:02.094941 2017] [proxy_http:error] [pid 2952:tid 16912] [client 66.249.64.139:61654] AH01114: HTTP: failed to make connection to backend: 172.22.1.32
[Wed Nov 01 23:04:31.960421 2017] [access_compat:error] [pid 2952:tid 16912] [client 101.201.209.75:49084] AH01797: client denied by server configuration: E:/nuevo/htdocs/phpMyAdmin
[Wed Nov 01 23:04:32.746466 2017] [access_compat:error] [pid 2952:tid 7296] [client 101.201.209.75:50298] AH01797: client denied by server configuration: E:/nuevo/htdocs/phpMyAdmin
[Wed Nov 01 23:04:35.996652 2017] [access_compat:error] [pid 2952:tid 8120] [client 101.201.209.75:55226] AH01797: client denied by server configuration: E:/nuevo/htdocs/phpmyadmin2
[Wed Nov 01 23:04:36.847700 2017] [access_compat:error] [pid 2952:tid 8796] [client 101.201.209.75:56540] AH01797: client denied by server configuration: E:/nuevo/htdocs/phpMyAdmin-2
[Wed Nov 01 23:04:44.669148 2017] [access_compat:error] [pid 2952:tid 8588] [client 101.201.209.75:40006] AH01797: client denied by server configuration: E:/nuevo/htdocs/phpMyAdmin-2.2.3
[Wed Nov 01 23:04:45.492195 2017] [access_compat:error] [pid 2952:tid 7680] [client 101.201.209.75:41302] AH01797: client denied by server configuration: E:/nuevo/htdocs/phpMyAdmin-2.2.6
[Wed Nov 01 23:04:46.303241 2017] [access_compat:error] [pid 2952:tid 7544] [client 101.201.209.75:42392] AH01797: client denied by server configuration: E:/nuevo/htdocs/phpMyAdmin-2.5.1
[Wed Nov 01 23:04:47.116288 2017] [access_compat:error] [pid 2952:tid 12476] [client 101.201.209.75:43652] AH01797: client denied by server configuration: E:/nuevo/htdocs/phpMyAdmin-2.5.4
[Wed Nov 01 23:04:47.947335 2017] [access_compat:error] [pid 2952:tid 8364] [client 101.201.209.75:44866] AH01797: client denied by server configuration: E:/nuevo/htdocs/phpMyAdmin-2.5.5
[Wed Nov 01 23:04:48.763382 2017] [access_compat:error] [pid 2952:tid 8324] [client 101.201.209.75:46200] AH01797: client denied by server configuration: E:/nuevo/htdocs/phpMyAdmin-2.5.5-pl1
[Wed Nov 01 23:04:49.688435 2017] [access_compat:error] [pid 2952:tid 12476] [client 101.201.209.75:47536] AH01797: client denied by server configuration: E:/nuevo/htdocs/phpMyAdmin-2.5.5-rc1
[Wed Nov 01 23:04:50.514482 2017] [access_compat:error] [pid 2952:tid 8364] [client 101.201.209.75:48780] AH01797: client denied by server configuration: E:/nuevo/htdocs/phpMyAdmin-2.5.5-rc2
[Wed Nov 01 23:04:51.347530 2017] [access_compat:error] [pid 2952:tid 8324] [client 101.201.209.75:49986] AH01797: client denied by server configuration: E:/nuevo/htdocs/phpMyAdmin-2.5.6
[Wed Nov 01 23:04:52.180577 2017] [access_compat:error] [pid 2952:tid 7984] [client 101.201.209.75:51150] AH01797: client denied by server configuration: E:/nuevo/htdocs/phpMyAdmin-2.5.6-rc1
[Wed Nov 01 23:04:53.017625 2017] [access_compat:error] [pid 2952:tid 12476] [client 101.201.209.75:52418] AH01797: client denied by server configuration: E:/nuevo/htdocs/phpMyAdmin-2.5.6-rc2
[Wed Nov 01 23:04:53.826671 2017] [access_compat:error] [pid 2952:tid 8364] [client 101.201.209.75:53610] AH01797: client denied by server configuration: E:/nuevo/htdocs/phpMyAdmin-2.5.7
[Wed Nov 01 23:04:54.644718 2017] [access_compat:error] [pid 2952:tid 16912] [client 101.201.209.75:54842] AH01797: client denied by server configuration: E:/nuevo/htdocs/phpMyAdmin-2.5.7-pl1
[Wed Nov 01 23:04:55.431763 2017] [access_compat:error] [pid 2952:tid 7400] [client 101.201.209.75:56078] AH01797: client denied by server configuration: E:/nuevo/htdocs/phpMyAdmin-2.6.0
[Wed Nov 01 23:04:56.685835 2017] [access_compat:error] [pid 2952:tid 8364] [client 101.201.209.75:57932] AH01797: client denied by server configuration: E:/nuevo/htdocs/phpMyAdmin-2.6.0-alpha
[Wed Nov 01 23:04:58.629946 2017] [access_compat:error] [pid 2952:tid 16912] [client 101.201.209.75:60948] AH01797: client denied by server configuration: E:/nuevo/htdocs/phpMyAdmin-2.6.0-alpha2
[Wed Nov 01 23:04:59.466994 2017] [access_compat:error] [pid 2952:tid 11360] [client 101.201.209.75:33922] AH01797: client denied by server configuration: E:/nuevo/htdocs/phpMyAdmin-2.6.0-beta1
[Wed Nov 01 23:05:00.309042 2017] [access_compat:error] [pid 2952:tid 7456] [client 101.201.209.75:35086] AH01797: client denied by server configuration: E:/nuevo/htdocs/phpMyAdmin-2.6.0-beta2
[Wed Nov 01 23:05:01.145090 2017] [access_compat:error] [pid 2952:tid 16912] [client 101.201.209.75:36352] AH01797: client denied by server configuration: E:/nuevo/htdocs/phpMyAdmin-2.6.0-pl1
[Wed Nov 01 23:05:01.964137 2017] [access_compat:error] [pid 2952:tid 8364] [client 101.201.209.75:37566] AH01797: client denied by server configuration: E:/nuevo/htdocs/phpMyAdmin-2.6.0-pl2
[Wed Nov 01 23:05:02.797185 2017] [access_compat:error] [pid 2952:tid 8000] [client 101.201.209.75:38756] AH01797: client denied by server configuration: E:/nuevo/htdocs/phpMyAdmin-2.6.0-pl3
[Wed Nov 01 23:05:03.616231 2017] [access_compat:error] [pid 2952:tid 8104] [client 101.201.209.75:40046] AH01797: client denied by server configuration: E:/nuevo/htdocs/phpMyAdmin-2.6.0-rc1
[Wed Nov 01 23:05:04.451279 2017] [access_compat:error] [pid 2952:tid 8588] [client 101.201.209.75:41308] AH01797: client denied by server configuration: E:/nuevo/htdocs/phpMyAdmin-2.6.0-rc2
[Wed Nov 01 23:05:05.241324 2017] [access_compat:error] [pid 2952:tid 8364] [client 101.201.209.75:42468] AH01797: client denied by server configuration: E:/nuevo/htdocs/phpMyAdmin-2.6.0-rc3
[Wed Nov 01 23:05:06.013369 2017] [access_compat:error] [pid 2952:tid 8000] [client 101.201.209.75:43656] AH01797: client denied by server configuration: E:/nuevo/htdocs/phpMyAdmin-2.6.1
[Wed Nov 01 23:05:06.834415 2017] [access_compat:error] [pid 2952:tid 8104] [client 101.201.209.75:44996] AH01797: client denied by server configuration: E:/nuevo/htdocs/phpMyAdmin-2.6.1-pl1
[Wed Nov 01 23:05:07.649462 2017] [access_compat:error] [pid 2952:tid 14644] [client 101.201.209.75:46270] AH01797: client denied by server configuration: E:/nuevo/htdocs/phpMyAdmin-2.6.1-pl2
[Wed Nov 01 23:05:08.482510 2017] [access_compat:error] [pid 2952:tid 8364] [client 101.201.209.75:47486] AH01797: client denied by server configuration: E:/nuevo/htdocs/phpMyAdmin-2.6.1-pl3
[Wed Nov 01 23:05:09.315557 2017] [access_compat:error] [pid 2952:tid 8980] [client 101.201.209.75:48722] AH01797: client denied by server configuration: E:/nuevo/htdocs/phpMyAdmin-2.6.1-rc1
[Wed Nov 01 23:05:10.160606 2017] [access_compat:error] [pid 2952:tid 14644] [client 101.201.209.75:49798] AH01797: client denied by server configuration: E:/nuevo/htdocs/phpMyAdmin-2.6.1-rc2
[Wed Nov 01 23:05:12.153720 2017] [access_compat:error] [pid 2952:tid 8980] [client 101.201.209.75:52446] AH01797: client denied by server configuration: E:/nuevo/htdocs/phpMyAdmin-2.6.2
[Wed Nov 01 23:05:14.480853 2017] [access_compat:error] [pid 2952:tid 7400] [client 101.201.209.75:55520] AH01797: client denied by server configuration: E:/nuevo/htdocs/phpMyAdmin-2.6.2-beta1
[Wed Nov 01 23:05:15.301900 2017] [access_compat:error] [pid 2952:tid 8980] [client 101.201.209.75:56496] AH01797: client denied by server configuration: E:/nuevo/htdocs/phpMyAdmin-2.6.2-pl1
[Wed Nov 01 23:05:19.126119 2017] [access_compat:error] [pid 2952:tid 8980] [client 101.201.209.75:33252] AH01797: client denied by server configuration: E:/nuevo/htdocs/phpMyAdmin-2.6.3
[Wed Nov 01 23:05:20.371190 2017] [access_compat:error] [pid 2952:tid 7400] [client 101.201.209.75:34922] AH01797: client denied by server configuration: E:/nuevo/htdocs/phpMyAdmin-2.6.3-pl1
[Wed Nov 01 23:05:21.221238 2017] [access_compat:error] [pid 2952:tid 8676] [client 101.201.209.75:35884] AH01797: client denied by server configuration: E:/nuevo/htdocs/phpMyAdmin-2.6.3-rc1
[Wed Nov 01 23:05:22.066287 2017] [access_compat:error] [pid 2952:tid 8980] [client 101.201.209.75:37032] AH01797: client denied by server configuration: E:/nuevo/htdocs/phpMyAdmin-2.6.4
[Wed Nov 01 23:05:22.903335 2017] [access_compat:error] [pid 2952:tid 7400] [client 101.201.209.75:38118] AH01797: client denied by server configuration: E:/nuevo/htdocs/phpMyAdmin-2.6.4-pl1
[Wed Nov 01 23:05:25.023456 2017] [access_compat:error] [pid 2952:tid 8980] [client 101.201.209.75:40748] AH01797: client denied by server configuration: E:/nuevo/htdocs/phpMyAdmin-2.6.4-pl2
[Wed Nov 01 23:05:28.842674 2017] [access_compat:error] [pid 2952:tid 8980] [client 101.201.209.75:45300] AH01797: client denied by server configuration: E:/nuevo/htdocs/phpMyAdmin-2.6.4-pl4
[Wed Nov 01 23:05:29.699723 2017] [access_compat:error] [pid 2952:tid 7312] [client 101.201.209.75:46250] AH01797: client denied by server configuration: E:/nuevo/htdocs/phpMyAdmin-2.6.4-rc1
[Wed Nov 01 23:05:30.535771 2017] [access_compat:error] [pid 2952:tid 17024] [client 101.201.209.75:47284] AH01797: client denied by server configuration: E:/nuevo/htdocs/phpMyAdmin-2.7.0
[Wed Nov 01 23:05:32.486883 2017] [access_compat:error] [pid 2952:tid 7312] [client 101.201.209.75:49636] AH01797: client denied by server configuration: E:/nuevo/htdocs/phpMyAdmin-2.7.0-beta1
[Wed Nov 01 23:05:34.412993 2017] [access_compat:error] [pid 2952:tid 17024] [client 101.201.209.75:51936] AH01797: client denied by server configuration: E:/nuevo/htdocs/phpMyAdmin-2.7.0-pl1
[Wed Nov 01 23:05:35.701067 2017] [access_compat:error] [pid 2952:tid 8324] [client 101.201.209.75:53392] AH01797: client denied by server configuration: E:/nuevo/htdocs/phpMyAdmin-2.7.0-pl2
[Wed Nov 01 23:05:37.625177 2017] [access_compat:error] [pid 2952:tid 7312] [client 101.201.209.75:55594] AH01797: client denied by server configuration: E:/nuevo/htdocs/phpMyAdmin-2.7.0-rc1
[Wed Nov 01 23:05:39.728297 2017] [access_compat:error] [pid 2952:tid 8324] [client 101.201.209.75:58000] AH01797: client denied by server configuration: E:/nuevo/htdocs/phpMyAdmin-2.8.0.1
[Wed Nov 01 23:05:40.546344 2017] [access_compat:error] [pid 2952:tid 7312] [client 101.201.209.75:59028] AH01797: client denied by server configuration: E:/nuevo/htdocs/phpMyAdmin-2.8.0.2
[Wed Nov 01 23:05:41.361390 2017] [access_compat:error] [pid 2952:tid 15944] [client 101.201.209.75:60070] AH01797: client denied by server configuration: E:/nuevo/htdocs/phpMyAdmin-2.8.0.3
[Wed Nov 01 23:05:42.179437 2017] [access_compat:error] [pid 2952:tid 8692] [client 101.201.209.75:32784] AH01797: client denied by server configuration: E:/nuevo/htdocs/phpMyAdmin-2.8.0.4
[Wed Nov 01 23:05:43.017485 2017] [access_compat:error] [pid 2952:tid 7656] [client 101.201.209.75:33912] AH01797: client denied by server configuration: E:/nuevo/htdocs/phpMyAdmin-2.8.0
[Wed Nov 01 23:05:43.850533 2017] [access_compat:error] [pid 2952:tid 7312] [client 101.201.209.75:35068] AH01797: client denied by server configuration: E:/nuevo/htdocs/phpMyAdmin-2.8.0-beta1
[Wed Nov 01 23:05:44.681580 2017] [access_compat:error] [pid 2952:tid 12476] [client 101.201.209.75:36118] AH01797: client denied by server configuration: E:/nuevo/htdocs/phpMyAdmin-2.8.0-rc1
[Wed Nov 01 23:05:45.529629 2017] [access_compat:error] [pid 2952:tid 7656] [client 101.201.209.75:37208] AH01797: client denied by server configuration: E:/nuevo/htdocs/phpMyAdmin-2.8.0-rc2
[Wed Nov 01 23:05:49.380849 2017] [access_compat:error] [pid 2952:tid 7656] [client 101.201.209.75:42074] AH01797: client denied by server configuration: E:/nuevo/htdocs/phpMyAdmin-2.8.1-rc1
[Wed Nov 01 23:05:50.222897 2017] [access_compat:error] [pid 2952:tid 15944] [client 101.201.209.75:43094] AH01797: client denied by server configuration: E:/nuevo/htdocs/phpMyAdmin-2.8.2
[Wed Nov 01 23:24:21.376451 2017] [mpm_winnt:warn] [pid 2952:tid 18904] (OS 64)The specified network name is no longer available.  : AH00341: winnt_accept: Asynchronous AcceptEx failed.
[Wed Nov 01 23:53:20.434920 2017] [mpm_winnt:warn] [pid 2952:tid 18904] (OS 64)The specified network name is no longer available.  : AH00341: winnt_accept: Asynchronous AcceptEx failed.

:: Command execute ::

Enter:
 
Select:
 

:: Search ::
regexp 

:: Upload ::
 
[ ok ]

:: Make Dir ::
 
[ ok ]
:: Make File ::
 
[ ok ]

:: Go Dir ::
 
:: Go File ::
 

--[ c99shell v. 1.0 pre-release build #13 powered by Captain Crunch Security Team | http://ccteam.ru | Generation time: 0.0936 ]--