!C99Shell v. 1.0 pre-release build #13!

Software: Apache. PHP/5.5.15 

uname -a: Windows NT SVR-DMZ 6.1 build 7600 (Windows Server 2008 R2 Enterprise Edition) i586 

SYSTEM 

Safe-mode: OFF (not secure)

E:\nuevo\apache\logs\   drwxrwxrwx
Free 8.02 GB of 239.26 GB (3.35%)
Detected drives: [ a ] [ c ] [ d ] [ e ] [ f ]
Home    Back    Forward    UPDIR    Refresh    Search    Buffer    Encoder    Tools    Proc.    FTP brute    Sec.    SQL    PHP-code    Update    Feedback    Self remove    Logout    


Viewing file:     error.2017.12.28.log (164.46 KB)      -rw-rw-rw-
Select action/file-type:
(+) | (+) | (+) | Code (+) | Session (+) | (+) | SDB (+) | (+) | (+) | (+) | (+) | (+) |
[Thu Dec 28 01:02:37.963034 2017] [core:error] [pid 8672:tid 16424] (20024)The given path is misformatted or contained invalid characters: [client 40.77.167.96:7329] AH00127: Cannot map GET /www.ambientebogota.gov.co:81/ HTTP/1.1 to file
[Thu Dec 28 01:54:45.352911 2017] [mpm_winnt:warn] [pid 8672:tid 19848] (OS 64)The specified network name is no longer available.  : AH00341: winnt_accept: Asynchronous AcceptEx failed.
[Thu Dec 28 01:59:22.816781 2017] [mpm_winnt:warn] [pid 8672:tid 19848] (OS 64)The specified network name is no longer available.  : AH00341: winnt_accept: Asynchronous AcceptEx failed.
[Thu Dec 28 02:03:13.462973 2017] [proxy:error] [pid 8672:tid 16596] (OS 10060)A connection attempt failed because the connected party did not properly respond after a period of time, or established connection failed because connected host has failed to respond.  : AH00957: HTTP: attempt to connect to 172.22.1.51:8399 (172.22.1.51) failed
[Thu Dec 28 02:03:13.462973 2017] [proxy:error] [pid 8672:tid 16596] AH00959: ap_proxy_connect_backend disabling worker for (172.22.1.51) for 60s
[Thu Dec 28 02:03:13.462973 2017] [proxy_http:error] [pid 8672:tid 16596] [client 152.61.128.50:34096] AH01114: HTTP: failed to make connection to backend: 172.22.1.51
[Thu Dec 28 02:03:13.668985 2017] [proxy:error] [pid 8672:tid 16596] AH00940: HTTP: disabled connection for (172.22.1.51)
[Thu Dec 28 02:03:13.884997 2017] [proxy:error] [pid 8672:tid 16596] AH00940: HTTP: disabled connection for (172.22.1.51)
[Thu Dec 28 02:10:58.320561 2017] [core:error] [pid 8672:tid 16448] (20024)The given path is misformatted or contained invalid characters: [client 157.55.39.255:5957] AH00127: Cannot map GET /www.ambientebogota.gov.co:81/ HTTP/1.1 to file
[Thu Dec 28 03:04:23.578892 2017] [proxy:error] [pid 8672:tid 16956] (OS 10060)A connection attempt failed because the connected party did not properly respond after a period of time, or established connection failed because connected host has failed to respond.  : AH00957: HTTP: attempt to connect to 172.22.1.51:8399 (172.22.1.51) failed
[Thu Dec 28 03:04:23.578892 2017] [proxy:error] [pid 8672:tid 16956] AH00959: ap_proxy_connect_backend disabling worker for (172.22.1.51) for 60s
[Thu Dec 28 03:04:23.578892 2017] [proxy_http:error] [pid 8672:tid 16956] [client 152.61.192.232:50788] AH01114: HTTP: failed to make connection to backend: 172.22.1.51
[Thu Dec 28 03:04:23.794904 2017] [proxy:error] [pid 8672:tid 16956] AH00940: HTTP: disabled connection for (172.22.1.51)
[Thu Dec 28 03:04:24.037918 2017] [proxy:error] [pid 8672:tid 16956] AH00940: HTTP: disabled connection for (172.22.1.51)
[Thu Dec 28 03:46:50.363559 2017] [mpm_winnt:warn] [pid 8672:tid 19848] (OS 64)The specified network name is no longer available.  : AH00341: winnt_accept: Asynchronous AcceptEx failed.
[Thu Dec 28 03:47:21.369333 2017] [mpm_winnt:warn] [pid 8672:tid 19848] (OS 64)The specified network name is no longer available.  : AH00341: winnt_accept: Asynchronous AcceptEx failed.
[Thu Dec 28 04:02:34.919585 2017] [mpm_winnt:warn] [pid 8672:tid 19848] (OS 64)The specified network name is no longer available.  : AH00341: winnt_accept: Asynchronous AcceptEx failed.
[Thu Dec 28 04:02:34.919585 2017] [mpm_winnt:warn] [pid 8672:tid 19848] (OS 64)The specified network name is no longer available.  : AH00341: winnt_accept: Asynchronous AcceptEx failed.
[Thu Dec 28 05:09:59.779938 2017] [mpm_winnt:warn] [pid 8672:tid 19848] (OS 64)The specified network name is no longer available.  : AH00341: winnt_accept: Asynchronous AcceptEx failed.
[Thu Dec 28 05:10:08.810454 2017] [mpm_winnt:warn] [pid 8672:tid 19848] (OS 64)The specified network name is no longer available.  : AH00341: winnt_accept: Asynchronous AcceptEx failed.
[Thu Dec 28 05:10:30.779711 2017] [mpm_winnt:warn] [pid 8672:tid 19848] (OS 64)The specified network name is no longer available.  : AH00341: winnt_accept: Asynchronous AcceptEx failed.
[Thu Dec 28 05:10:30.782711 2017] [mpm_winnt:warn] [pid 8672:tid 19848] (OS 64)The specified network name is no longer available.  : AH00341: winnt_accept: Asynchronous AcceptEx failed.
[Thu Dec 28 05:52:20.228243 2017] [mpm_winnt:warn] [pid 8672:tid 19848] (OS 64)The specified network name is no longer available.  : AH00341: winnt_accept: Asynchronous AcceptEx failed.
[Thu Dec 28 05:52:51.227016 2017] [mpm_winnt:warn] [pid 8672:tid 19848] (OS 64)The specified network name is no longer available.  : AH00341: winnt_accept: Asynchronous AcceptEx failed.
[Thu Dec 28 05:55:38.335574 2017] [mpm_winnt:warn] [pid 8672:tid 19848] (OS 64)The specified network name is no longer available.  : AH00341: winnt_accept: Asynchronous AcceptEx failed.
[Thu Dec 28 05:56:09.339347 2017] [mpm_winnt:warn] [pid 8672:tid 19848] (OS 64)The specified network name is no longer available.  : AH00341: winnt_accept: Asynchronous AcceptEx failed.
[Thu Dec 28 06:02:24.718818 2017] [mpm_winnt:warn] [pid 8672:tid 19848] (OS 64)The specified network name is no longer available.  : AH00341: winnt_accept: Asynchronous AcceptEx failed.
[Thu Dec 28 06:02:55.719591 2017] [mpm_winnt:warn] [pid 8672:tid 19848] (OS 64)The specified network name is no longer available.  : AH00341: winnt_accept: Asynchronous AcceptEx failed.
[Thu Dec 28 06:56:25.646188 2017] [proxy_http:error] [pid 8672:tid 15456] (OS 10053)An established connection was aborted by the software in your host machine.  : [client 186.81.187.157:50093] AH01102: error reading status line from remote server 172.22.1.31:80, referer: http://190.27.245.106/isolucionsda/FrameSetGeneral.asp?Pagina1=FrameSetGeneral.asp&
[Thu Dec 28 06:56:25.646188 2017] [proxy:error] [pid 8672:tid 15456] [client 186.81.187.157:50093] AH00898: Error reading from remote server returned by /isolucionsda/BarraFavoritos.asp, referer: http://190.27.245.106/isolucionsda/FrameSetGeneral.asp?Pagina1=FrameSetGeneral.asp&
[Thu Dec 28 06:56:48.359487 2017] [proxy_http:error] [pid 8672:tid 17144] (OS 10053)An established connection was aborted by the software in your host machine.  : [client 186.81.187.157:50113] AH01102: error reading status line from remote server 172.22.1.31:80, referer: http://190.27.245.106/isolucionsda/Administracion/SalaEdicion/Articulo.asp?Id_Articulo=12023
[Thu Dec 28 06:56:48.360488 2017] [proxy_http:error] [pid 8672:tid 16188] (OS 10053)An established connection was aborted by the software in your host machine.  : [client 186.81.187.157:50111] AH01102: error reading status line from remote server 172.22.1.31:80, referer: http://190.27.245.106/isolucionsda/Administracion/SalaEdicion/Articulo.asp?Id_Articulo=12023
[Thu Dec 28 06:58:32.329434 2017] [mpm_winnt:warn] [pid 8672:tid 19848] (OS 64)The specified network name is no longer available.  : AH00341: winnt_accept: Asynchronous AcceptEx failed.
[Thu Dec 28 06:59:03.327207 2017] [mpm_winnt:warn] [pid 8672:tid 19848] (OS 64)The specified network name is no longer available.  : AH00341: winnt_accept: Asynchronous AcceptEx failed.
[Thu Dec 28 07:06:16.774999 2017] [mpm_winnt:warn] [pid 8672:tid 19848] (OS 64)The specified network name is no longer available.  : AH00341: winnt_accept: Asynchronous AcceptEx failed.
[Thu Dec 28 07:06:47.777772 2017] [mpm_winnt:warn] [pid 8672:tid 19848] (OS 64)The specified network name is no longer available.  : AH00341: winnt_accept: Asynchronous AcceptEx failed.
[Thu Dec 28 07:27:34.149061 2017] [mpm_winnt:warn] [pid 8672:tid 19848] (OS 64)The specified network name is no longer available.  : AH00341: winnt_accept: Asynchronous AcceptEx failed.
[Thu Dec 28 07:28:05.225838 2017] [mpm_winnt:warn] [pid 8672:tid 19848] (OS 64)The specified network name is no longer available.  : AH00341: winnt_accept: Asynchronous AcceptEx failed.
[Thu Dec 28 07:29:51.801934 2017] [mpm_winnt:warn] [pid 8672:tid 19848] (OS 64)The specified network name is no longer available.  : AH00341: winnt_accept: Asynchronous AcceptEx failed.
[Thu Dec 28 07:30:22.810707 2017] [mpm_winnt:warn] [pid 8672:tid 19848] (OS 64)The specified network name is no longer available.  : AH00341: winnt_accept: Asynchronous AcceptEx failed.
[Thu Dec 28 07:31:26.397344 2017] [mpm_winnt:warn] [pid 8672:tid 19848] (OS 64)The specified network name is no longer available.  : AH00341: winnt_accept: Asynchronous AcceptEx failed.
[Thu Dec 28 07:31:57.406118 2017] [mpm_winnt:warn] [pid 8672:tid 19848] (OS 64)The specified network name is no longer available.  : AH00341: winnt_accept: Asynchronous AcceptEx failed.
[Thu Dec 28 07:35:18.651629 2017] [mpm_winnt:warn] [pid 8672:tid 19848] (OS 64)The specified network name is no longer available.  : AH00341: winnt_accept: Asynchronous AcceptEx failed.
[Thu Dec 28 07:35:49.655402 2017] [mpm_winnt:warn] [pid 8672:tid 19848] (OS 64)The specified network name is no longer available.  : AH00341: winnt_accept: Asynchronous AcceptEx failed.
[Thu Dec 28 07:39:10.910913 2017] [mpm_winnt:warn] [pid 8672:tid 19848] (OS 64)The specified network name is no longer available.  : AH00341: winnt_accept: Asynchronous AcceptEx failed.
[Thu Dec 28 07:39:41.891685 2017] [mpm_winnt:warn] [pid 8672:tid 19848] (OS 64)The specified network name is no longer available.  : AH00341: winnt_accept: Asynchronous AcceptEx failed.
[Thu Dec 28 07:58:04.040724 2017] [proxy_http:error] [pid 8672:tid 14800] (OS 10053)An established connection was aborted by the software in your host machine.  : [client 181.61.46.185:50360] AH01102: error reading status line from remote server 172.22.1.31:80, referer: http://190.27.245.106/isolucionsda/FrameSetGeneral.asp?Pagina=Menu.asp&IdModulo=4
[Thu Dec 28 08:02:24.389616 2017] [mpm_winnt:warn] [pid 8672:tid 19848] (OS 64)The specified network name is no longer available.  : AH00341: winnt_accept: Asynchronous AcceptEx failed.
[Thu Dec 28 08:02:55.385388 2017] [mpm_winnt:warn] [pid 8672:tid 19848] (OS 64)The specified network name is no longer available.  : AH00341: winnt_accept: Asynchronous AcceptEx failed.
[Thu Dec 28 08:28:15.182316 2017] [proxy_http:error] [pid 8672:tid 16108] (OS 10053)An established connection was aborted by the software in your host machine.  : [client 201.245.192.253:56943] AH01102: error reading status line from remote server 172.22.1.31:80, referer: http://190.27.245.106/isolucionsda/FrameSetGeneral.asp?Pagina1=FrameSetGeneral.asp&
[Thu Dec 28 08:28:15.182316 2017] [proxy:error] [pid 8672:tid 16108] [client 201.245.192.253:56943] AH00898: Error reading from remote server returned by /isolucionsda/MagazinHome.asp, referer: http://190.27.245.106/isolucionsda/FrameSetGeneral.asp?Pagina1=FrameSetGeneral.asp&
[Thu Dec 28 08:28:15.185316 2017] [proxy_http:error] [pid 8672:tid 14632] (OS 10053)An established connection was aborted by the software in your host machine.  : [client 201.245.192.253:56947] AH01102: error reading status line from remote server 172.22.1.31:80, referer: http://190.27.245.106/isolucionsda/FrameSetGeneral.asp?Pagina1=FrameSetGeneral.asp&
[Thu Dec 28 08:28:15.185316 2017] [proxy:error] [pid 8672:tid 14632] [client 201.245.192.253:56947] AH00898: Error reading from remote server returned by /isolucionsda/BarraFavoritos.asp, referer: http://190.27.245.106/isolucionsda/FrameSetGeneral.asp?Pagina1=FrameSetGeneral.asp&
[Thu Dec 28 08:38:53.312815 2017] [proxy_http:error] [pid 8672:tid 14576] (OS 10053)An established connection was aborted by the software in your host machine.  : [client 130.36.27.29:15683] AH01102: error reading status line from remote server 172.22.1.31:80
[Thu Dec 28 08:38:53.312815 2017] [proxy:error] [pid 8672:tid 14576] [client 130.36.27.29:15683] AH00898: Error reading from remote server returned by /IsolucionSDA/StyleSheet/StyleSheet.css
[Thu Dec 28 08:42:25.956977 2017] [mpm_winnt:warn] [pid 8672:tid 19848] (OS 64)The specified network name is no longer available.  : AH00341: winnt_accept: Asynchronous AcceptEx failed.
[Thu Dec 28 08:43:03.039098 2017] [mpm_winnt:warn] [pid 8672:tid 19848] (OS 64)The specified network name is no longer available.  : AH00341: winnt_accept: Asynchronous AcceptEx failed.
[Thu Dec 28 08:43:34.042872 2017] [mpm_winnt:warn] [pid 8672:tid 19848] (OS 64)The specified network name is no longer available.  : AH00341: winnt_accept: Asynchronous AcceptEx failed.
[Thu Dec 28 08:52:43.631306 2017] [mpm_winnt:warn] [pid 8672:tid 19848] (OS 64)The specified network name is no longer available.  : AH00341: winnt_accept: Asynchronous AcceptEx failed.
[Thu Dec 28 08:53:14.631079 2017] [mpm_winnt:warn] [pid 8672:tid 19848] (OS 64)The specified network name is no longer available.  : AH00341: winnt_accept: Asynchronous AcceptEx failed.
[Thu Dec 28 09:03:26.885098 2017] [proxy_http:error] [pid 8672:tid 14360] (OS 10053)An established connection was aborted by the software in your host machine.  : [client 201.245.192.253:50010] AH01102: error reading status line from remote server 172.22.1.31:80, referer: http://190.27.245.106/isolucionsda/FrameSetGeneral.asp?Pagina1=FrameSetGeneral.asp&
[Thu Dec 28 09:06:16.538802 2017] [mpm_winnt:warn] [pid 8672:tid 19848] (OS 64)The specified network name is no longer available.  : AH00341: winnt_accept: Asynchronous AcceptEx failed.
[Thu Dec 28 09:06:47.537575 2017] [mpm_winnt:warn] [pid 8672:tid 19848] (OS 64)The specified network name is no longer available.  : AH00341: winnt_accept: Asynchronous AcceptEx failed.
[Thu Dec 28 09:07:00.715329 2017] [proxy_http:error] [pid 8672:tid 16860] (OS 10053)An established connection was aborted by the software in your host machine.  : [client 186.81.187.157:53678] AH01102: error reading status line from remote server 172.22.1.31:80
[Thu Dec 28 09:07:00.715329 2017] [proxy:error] [pid 8672:tid 16860] [client 186.81.187.157:53678] AH00898: Error reading from remote server returned by /IsolucionSDA/Session.asp
[Thu Dec 28 09:08:56.377944 2017] [proxy_http:error] [pid 8672:tid 16500] (OS 10053)An established connection was aborted by the software in your host machine.  : [client 201.245.192.253:59294] AH01102: error reading status line from remote server 172.22.1.31:80, referer: http://190.27.245.106/isolucionsda/FrameSetGeneral.asp?Pagina=Magazin.asp&Sigla=MAC&IdModulo=2
[Thu Dec 28 09:08:56.377944 2017] [proxy:error] [pid 8672:tid 16500] [client 201.245.192.253:59294] AH00898: Error reading from remote server returned by /isolucionsda/BarraTitulos.asp, referer: http://190.27.245.106/isolucionsda/FrameSetGeneral.asp?Pagina=Magazin.asp&Sigla=MAC&IdModulo=2
[Thu Dec 28 09:09:42.036556 2017] [proxy_http:error] [pid 8672:tid 16548] (OS 10053)An established connection was aborted by the software in your host machine.  : [client 201.245.192.253:59309] AH01102: error reading status line from remote server 172.22.1.31:80, referer: http://190.27.245.106/isolucionsda/modulomeci.asp?codmodulo=1&CodComponente=3
[Thu Dec 28 09:09:42.036556 2017] [proxy:error] [pid 8672:tid 16548] [client 201.245.192.253:59309] AH00898: Error reading from remote server returned by /isolucionsda/g/img_flecha01.jpg, referer: http://190.27.245.106/isolucionsda/modulomeci.asp?codmodulo=1&CodComponente=3
[Thu Dec 28 09:27:20.462094 2017] [proxy_http:error] [pid 8672:tid 16784] (OS 10053)An established connection was aborted by the software in your host machine.  : [client 201.245.192.253:62003] AH01102: error reading status line from remote server 172.22.1.31:80, referer: http://190.27.245.106/ISOlucionSDA/bancoconocimiento/m/mapadeprocesos__v4/mapadeprocesos__v4.asp
[Thu Dec 28 09:27:20.462094 2017] [proxy_http:error] [pid 8672:tid 14892] (OS 10053)An established connection was aborted by the software in your host machine.  : [client 201.245.192.253:62001] AH01102: error reading status line from remote server 172.22.1.31:80, referer: http://190.27.245.106/ISOlucionSDA/bancoconocimiento/m/mapadeprocesos__v4/mapadeprocesos__v4.asp
[Thu Dec 28 09:27:20.466094 2017] [proxy_http:error] [pid 8672:tid 14684] (OS 10053)An established connection was aborted by the software in your host machine.  : [client 201.245.192.253:62019] AH01102: error reading status line from remote server 172.22.1.31:80, referer: http://190.27.245.106/ISOlucionSDA/bancoconocimiento/m/mapadeprocesos__v4/mapadeprocesos__v4.asp
[Thu Dec 28 09:27:20.466094 2017] [proxy:error] [pid 8672:tid 14684] [client 201.245.192.253:62019] AH00898: Error reading from remote server returned by /ISOlucionSDA/g/Plantillas/ModeloMP2/FlechaSup.png, referer: http://190.27.245.106/ISOlucionSDA/bancoconocimiento/m/mapadeprocesos__v4/mapadeprocesos__v4.asp
[Thu Dec 28 09:27:20.469095 2017] [proxy_http:error] [pid 8672:tid 14576] (OS 10053)An established connection was aborted by the software in your host machine.  : [client 201.245.192.253:61990] AH01102: error reading status line from remote server 172.22.1.31:80, referer: http://190.27.245.106/ISOlucionSDA/bancoconocimiento/m/mapadeprocesos__v4/mapadeprocesos__v4.asp
[Thu Dec 28 09:29:30.013504 2017] [mpm_winnt:warn] [pid 8672:tid 19848] (OS 64)The specified network name is no longer available.  : AH00341: winnt_accept: Asynchronous AcceptEx failed.
[Thu Dec 28 09:30:01.016277 2017] [mpm_winnt:warn] [pid 8672:tid 19848] (OS 64)The specified network name is no longer available.  : AH00341: winnt_accept: Asynchronous AcceptEx failed.
[Thu Dec 28 09:50:38.349049 2017] [mpm_winnt:warn] [pid 8672:tid 19848] (OS 64)The specified network name is no longer available.  : AH00341: winnt_accept: Asynchronous AcceptEx failed.
[Thu Dec 28 10:33:30.433164 2017] [proxy_http:error] [pid 8672:tid 14668] (OS 10053)An established connection was aborted by the software in your host machine.  : [client 201.245.192.253:59887] AH01102: error reading status line from remote server 172.22.1.31:80, referer: http://190.27.245.106/isolucionsda/FrameSetGeneral.asp?Pagina=BancoConocimiento/M/MECINuevo/MECINuevo.asp&IdModulo=16
[Thu Dec 28 10:33:30.433164 2017] [proxy:error] [pid 8672:tid 14668] [client 201.245.192.253:59887] AH00898: Error reading from remote server returned by /isolucionsda/BarraFavoritos.asp, referer: http://190.27.245.106/isolucionsda/FrameSetGeneral.asp?Pagina=BancoConocimiento/M/MECINuevo/MECINuevo.asp&IdModulo=16
[Thu Dec 28 10:49:55.332497 2017] [proxy_http:error] [pid 8672:tid 14632] (OS 10053)An established connection was aborted by the software in your host machine.  : [client 201.245.192.253:63513] AH01102: error reading status line from remote server 172.22.1.31:80, referer: http://190.27.245.106/isolucionsda/FrameSetGeneral.asp?Pagina=Menu.asp&IdModulo=4
[Thu Dec 28 10:49:55.332497 2017] [proxy:error] [pid 8672:tid 14632] [client 201.245.192.253:63513] AH00898: Error reading from remote server returned by /isolucionsda/BarraFavoritos.asp, referer: http://190.27.245.106/isolucionsda/FrameSetGeneral.asp?Pagina=Menu.asp&IdModulo=4
[Thu Dec 28 10:51:55.172351 2017] [proxy_http:error] [pid 8672:tid 15376] (OS 10053)An established connection was aborted by the software in your host machine.  : [client 201.245.192.253:56294] AH01102: error reading status line from remote server 172.22.1.31:80, referer: http://190.27.245.106/isolucionsda/Encabezado.asp?Pagina1=FrameSetGeneral.asp&&Pagina=MagazinHome.asp
[Thu Dec 28 10:52:52.480629 2017] [mpm_winnt:warn] [pid 8672:tid 19848] (OS 64)The specified network name is no longer available.  : AH00341: winnt_accept: Asynchronous AcceptEx failed.
[Thu Dec 28 10:53:23.510404 2017] [mpm_winnt:warn] [pid 8672:tid 19848] (OS 64)The specified network name is no longer available.  : AH00341: winnt_accept: Asynchronous AcceptEx failed.
[Thu Dec 28 11:06:05.806004 2017] [proxy_http:error] [pid 8672:tid 15696] (OS 10053)An established connection was aborted by the software in your host machine.  : [client 66.249.88.62:58168] AH01102: error reading status line from remote server 172.22.1.31:80, referer: http://190.27.245.106/isolucionsda/Encabezado.asp?Pagina1=FrameSetGeneral.asp&&Pagina=MagazinHome.asp
[Thu Dec 28 11:25:37.439018 2017] [mpm_winnt:warn] [pid 8672:tid 19848] (OS 64)The specified network name is no longer available.  : AH00341: winnt_accept: Asynchronous AcceptEx failed.
[Thu Dec 28 11:26:08.442791 2017] [mpm_winnt:warn] [pid 8672:tid 19848] (OS 64)The specified network name is no longer available.  : AH00341: winnt_accept: Asynchronous AcceptEx failed.
[Thu Dec 28 11:27:37.590890 2017] [proxy_http:error] [pid 8672:tid 15548] (OS 10053)An established connection was aborted by the software in your host machine.  : [client 201.245.192.253:65156] AH01102: error reading status line from remote server 172.22.1.31:80, referer: http://190.27.245.106/isolucionsda/FramesetArticulo.asp?Pagina=BancoConocimiento%2FA%2FAdiciony%5FoProrroga%5F%5F%5Fv3%2FAdiciony%5FoProrroga%5F%5F%5Fv3%2Easp&IdArticulo=10699
[Thu Dec 28 11:27:37.590890 2017] [proxy:error] [pid 8672:tid 15548] [client 201.245.192.253:65156] AH00898: Error reading from remote server returned by /isolucionsda/BancoConocimiento/A/Adiciony_oProrroga___v3/Adiciony_oProrroga___v3.asp, referer: http://190.27.245.106/isolucionsda/FramesetArticulo.asp?Pagina=BancoConocimiento%2FA%2FAdiciony%5FoProrroga%5F%5F%5Fv3%2FAdiciony%5FoProrroga%5F%5F%5Fv3%2Easp&IdArticulo=10699
[Thu Dec 28 11:37:45.636669 2017] [core:error] [pid 8672:tid 16996] (20024)The given path is misformatted or contained invalid characters: [client 69.167.9.30:32884] AH00127: Cannot map GET /galeria/carrusel/Carrusel/jquery-ui-%0A%0A1.8.13.custom.min.js HTTP/1.1 to file, referer: http://www.ambientebogota.gov.co/
[Thu Dec 28 11:45:44.112036 2017] [proxy:error] [pid 8672:tid 15972] (OS 10061)No connection could be made because the target machine actively refused it.  : AH00957: HTTP: attempt to connect to 172.22.1.61:8080 (172.22.1.61) failed
[Thu Dec 28 11:45:44.112036 2017] [proxy:error] [pid 8672:tid 15972] AH00959: ap_proxy_connect_backend disabling worker for (172.22.1.61) for 60s
[Thu Dec 28 11:45:44.112036 2017] [proxy_http:error] [pid 8672:tid 15972] [client 201.245.192.253:52716] AH01114: HTTP: failed to make connection to backend: 172.22.1.61
[Thu Dec 28 11:45:49.360336 2017] [proxy:error] [pid 8672:tid 16196] AH00940: HTTP: disabled connection for (172.22.1.61)
[Thu Dec 28 11:45:51.816476 2017] [proxy:error] [pid 8672:tid 15532] AH00940: HTTP: disabled connection for (172.22.1.61)
[Thu Dec 28 11:45:55.168668 2017] [proxy:error] [pid 8672:tid 14464] AH00940: HTTP: disabled connection for (172.22.1.61)
[Thu Dec 28 11:45:55.223671 2017] [proxy:error] [pid 8672:tid 14464] AH00940: HTTP: disabled connection for (172.22.1.61)
[Thu Dec 28 11:45:55.252673 2017] [proxy:error] [pid 8672:tid 14464] AH00940: HTTP: disabled connection for (172.22.1.61)
[Thu Dec 28 11:46:00.346964 2017] [proxy:error] [pid 8672:tid 16968] AH00940: HTTP: disabled connection for (172.22.1.61)
[Thu Dec 28 11:46:04.020174 2017] [proxy:error] [pid 8672:tid 16272] AH00940: HTTP: disabled connection for (172.22.1.61)
[Thu Dec 28 11:46:05.843279 2017] [proxy:error] [pid 8672:tid 16272] AH00940: HTTP: disabled connection for (172.22.1.61)
[Thu Dec 28 11:46:13.354708 2017] [proxy:error] [pid 8672:tid 17288] AH00940: HTTP: disabled connection for (172.22.1.61)
[Thu Dec 28 11:46:14.688785 2017] [proxy:error] [pid 8672:tid 17288] AH00940: HTTP: disabled connection for (172.22.1.61)
[Thu Dec 28 11:46:21.147154 2017] [proxy:error] [pid 8672:tid 15256] AH00940: HTTP: disabled connection for (172.22.1.61)
[Thu Dec 28 11:46:31.354738 2017] [proxy:error] [pid 8672:tid 15604] AH00940: HTTP: disabled connection for (172.22.1.61)
[Thu Dec 28 11:46:31.757761 2017] [proxy:error] [pid 8672:tid 15604] AH00940: HTTP: disabled connection for (172.22.1.61)
[Thu Dec 28 11:46:35.538977 2017] [proxy:error] [pid 8672:tid 14632] AH00940: HTTP: disabled connection for (172.22.1.61)
[Thu Dec 28 11:46:40.531263 2017] [proxy:error] [pid 8672:tid 15456] AH00940: HTTP: disabled connection for (172.22.1.61)
[Thu Dec 28 12:06:14.090387 2017] [proxy:error] [pid 8672:tid 16172] (OS 10061)No connection could be made because the target machine actively refused it.  : AH00957: HTTP: attempt to connect to 172.22.1.61:8080 (172.22.1.61) failed
[Thu Dec 28 12:06:14.090387 2017] [proxy:error] [pid 8672:tid 16172] AH00959: ap_proxy_connect_backend disabling worker for (172.22.1.61) for 60s
[Thu Dec 28 12:06:14.090387 2017] [proxy_http:error] [pid 8672:tid 16172] [client 201.245.192.253:50646] AH01114: HTTP: failed to make connection to backend: 172.22.1.61, referer: http://190.27.245.106/sipse/faces/presentacion/financiero/solicitudProceso/crearModificarSolicitudProceso.xhtml
[Thu Dec 28 12:06:16.615531 2017] [proxy:error] [pid 8672:tid 15972] AH00940: HTTP: disabled connection for (172.22.1.61)
[Thu Dec 28 12:06:22.511868 2017] [proxy:error] [pid 8672:tid 15008] AH00940: HTTP: disabled connection for (172.22.1.61)
[Thu Dec 28 12:06:45.835202 2017] [proxy:error] [pid 8672:tid 16816] AH00940: HTTP: disabled connection for (172.22.1.61)
[Thu Dec 28 12:06:54.076674 2017] [proxy:error] [pid 8672:tid 17292] AH00940: HTTP: disabled connection for (172.22.1.61)
[Thu Dec 28 12:06:54.119676 2017] [proxy:error] [pid 8672:tid 14492] AH00940: HTTP: disabled connection for (172.22.1.61)
[Thu Dec 28 12:06:54.143677 2017] [proxy:error] [pid 8672:tid 14492] AH00940: HTTP: disabled connection for (172.22.1.61)
[Thu Dec 28 12:06:54.159678 2017] [proxy:error] [pid 8672:tid 14492] AH00940: HTTP: disabled connection for (172.22.1.61)
[Thu Dec 28 12:06:54.165679 2017] [proxy:error] [pid 8672:tid 15536] AH00940: HTTP: disabled connection for (172.22.1.61)
[Thu Dec 28 12:06:54.187680 2017] [proxy:error] [pid 8672:tid 15536] AH00940: HTTP: disabled connection for (172.22.1.61)
[Thu Dec 28 12:06:55.204738 2017] [proxy:error] [pid 8672:tid 15080] AH00940: HTTP: disabled connection for (172.22.1.61)
[Thu Dec 28 12:07:01.035072 2017] [proxy:error] [pid 8672:tid 14736] AH00940: HTTP: disabled connection for (172.22.1.61)
[Thu Dec 28 12:07:03.195195 2017] [proxy:error] [pid 8672:tid 15312] AH00940: HTTP: disabled connection for (172.22.1.61)
[Thu Dec 28 12:07:07.069417 2017] [proxy:error] [pid 8672:tid 16300] AH00940: HTTP: disabled connection for (172.22.1.61)
[Thu Dec 28 12:07:08.533500 2017] [proxy:error] [pid 8672:tid 16300] AH00940: HTTP: disabled connection for (172.22.1.61)
[Thu Dec 28 12:07:08.979526 2017] [proxy:error] [pid 8672:tid 15312] AH00940: HTTP: disabled connection for (172.22.1.61)
[Thu Dec 28 12:07:09.260542 2017] [proxy:error] [pid 8672:tid 15312] AH00940: HTTP: disabled connection for (172.22.1.61)
[Thu Dec 28 12:07:10.078589 2017] [proxy:error] [pid 8672:tid 15312] AH00940: HTTP: disabled connection for (172.22.1.61)
[Thu Dec 28 12:07:12.662737 2017] [proxy:error] [pid 8672:tid 16148] AH00940: HTTP: disabled connection for (172.22.1.61)
[Thu Dec 28 12:07:13.589790 2017] [proxy:error] [pid 8672:tid 15748] AH00940: HTTP: disabled connection for (172.22.1.61)
[Thu Dec 28 12:08:50.146312 2017] [mpm_winnt:warn] [pid 8672:tid 19848] (OS 64)The specified network name is no longer available.  : AH00341: winnt_accept: Asynchronous AcceptEx failed.
[Thu Dec 28 12:09:21.136085 2017] [mpm_winnt:warn] [pid 8672:tid 19848] (OS 64)The specified network name is no longer available.  : AH00341: winnt_accept: Asynchronous AcceptEx failed.
[Thu Dec 28 13:03:17.997223 2017] [proxy_http:error] [pid 8672:tid 15532] (OS 10053)An established connection was aborted by the software in your host machine.  : [client 190.60.224.146:40421] AH01102: error reading status line from remote server 172.22.1.31:80, referer: http://190.27.245.106/isolucionsda/ActualizarActividad.aspx?number=31363,UwBJAEcAUwBHAEMARAA=
[Thu Dec 28 13:40:11.431824 2017] [proxy:error] [pid 8672:tid 16528] (OS 10060)A connection attempt failed because the connected party did not properly respond after a period of time, or established connection failed because connected host has failed to respond.  : AH00957: HTTP: attempt to connect to 172.22.1.51:8399 (172.22.1.51) failed
[Thu Dec 28 13:40:11.431824 2017] [proxy:error] [pid 8672:tid 16528] AH00959: ap_proxy_connect_backend disabling worker for (172.22.1.51) for 60s
[Thu Dec 28 13:40:11.431824 2017] [proxy_http:error] [pid 8672:tid 16528] [client 216.244.66.232:55618] AH01114: HTTP: failed to make connection to backend: 172.22.1.51
[Thu Dec 28 14:08:23.687616 2017] [proxy_http:error] [pid 8672:tid 16516] (OS 10053)An established connection was aborted by the software in your host machine.  : [client 201.245.192.253:55945] AH01102: error reading status line from remote server 172.22.1.31:80, referer: http://190.27.245.106/isolucionsda/modulomeci.asp?codmodulo=1&CodComponente=3
[Thu Dec 28 14:08:23.687616 2017] [proxy:error] [pid 8672:tid 16516] [client 201.245.192.253:55945] AH00898: Error reading from remote server returned by /isolucionsda/g/img_flecha01.jpg, referer: http://190.27.245.106/isolucionsda/modulomeci.asp?codmodulo=1&CodComponente=3
[Thu Dec 28 14:57:36.437503 2017] [proxy_http:error] [pid 8672:tid 16448] (OS 10053)An established connection was aborted by the software in your host machine.  : [client 201.245.192.253:51698] AH01102: error reading status line from remote server 172.22.1.31:80
[Thu Dec 28 14:57:36.437503 2017] [proxy:error] [pid 8672:tid 16448] [client 201.245.192.253:51698] AH00898: Error reading from remote server returned by /isolucionsda/Session.asp
[Thu Dec 28 14:57:40.710748 2017] [proxy_http:error] [pid 8672:tid 16456] (OS 10053)An established connection was aborted by the software in your host machine.  : [client 201.245.192.253:49820] AH01102: error reading status line from remote server 172.22.1.31:80, referer: http://190.27.245.106/isolucionsda/FrameSetGeneral.asp?Pagina1=FrameSetGeneral.asp&
[Thu Dec 28 14:57:40.710748 2017] [proxy:error] [pid 8672:tid 16456] [client 201.245.192.253:49820] AH00898: Error reading from remote server returned by /isolucionsda/MagazinHome.asp, referer: http://190.27.245.106/isolucionsda/FrameSetGeneral.asp?Pagina1=FrameSetGeneral.asp&
[Thu Dec 28 15:04:22.686739 2017] [mpm_winnt:warn] [pid 8672:tid 19848] (OS 64)The specified network name is no longer available.  : AH00341: winnt_accept: Asynchronous AcceptEx failed.
[Thu Dec 28 15:04:53.688512 2017] [mpm_winnt:warn] [pid 8672:tid 19848] (OS 64)The specified network name is no longer available.  : AH00341: winnt_accept: Asynchronous AcceptEx failed.
[Thu Dec 28 15:07:02.196863 2017] [proxy_http:error] [pid 8672:tid 14360] (OS 10053)An established connection was aborted by the software in your host machine.  : [client 201.245.192.253:63664] AH01102: error reading status line from remote server 172.22.1.31:80, referer: http://190.27.245.106/isolucionsda/FrameSetGeneral.asp?Pagina=SucursalSeleccion.asp&CargaPagina=ModuloProcesos&IdModulo=3
[Thu Dec 28 15:16:09.728180 2017] [proxy_http:error] [pid 8672:tid 16356] (OS 10053)An established connection was aborted by the software in your host machine.  : [client 201.245.192.253:63235] AH01102: error reading status line from remote server 172.22.1.31:80, referer: http://190.27.245.106/isolucionsda/Encabezado.asp?Pagina1=FrameSetGeneral.asp&&Pagina=MagazinHome.asp
[Thu Dec 28 15:36:26.035749 2017] [mpm_winnt:warn] [pid 8672:tid 19848] (OS 64)The specified network name is no longer available.  : AH00341: winnt_accept: Asynchronous AcceptEx failed.
[Thu Dec 28 15:36:57.017521 2017] [mpm_winnt:warn] [pid 8672:tid 19848] (OS 64)The specified network name is no longer available.  : AH00341: winnt_accept: Asynchronous AcceptEx failed.
[Thu Dec 28 15:43:49.712125 2017] [mpm_winnt:warn] [pid 8672:tid 19848] (OS 64)The specified network name is no longer available.  : AH00341: winnt_accept: Asynchronous AcceptEx failed.
[Thu Dec 28 15:44:20.712899 2017] [mpm_winnt:warn] [pid 8672:tid 19848] (OS 64)The specified network name is no longer available.  : AH00341: winnt_accept: Asynchronous AcceptEx failed.
[Thu Dec 28 15:44:44.135238 2017] [proxy_http:error] [pid 8672:tid 16816] (OS 10053)An established connection was aborted by the software in your host machine.  : [client 201.245.192.253:51076] AH01102: error reading status line from remote server 172.22.1.31:80, referer: http://190.27.245.106/isolucionsda/FrameSetGeneral.asp?Pagina1=FrameSetGeneral.asp&
[Thu Dec 28 15:44:44.135238 2017] [proxy:error] [pid 8672:tid 16816] [client 201.245.192.253:51076] AH00898: Error reading from remote server returned by /isolucionsda/MagazinHome.asp, referer: http://190.27.245.106/isolucionsda/FrameSetGeneral.asp?Pagina1=FrameSetGeneral.asp&
[Thu Dec 28 15:44:44.135238 2017] [proxy_http:error] [pid 8672:tid 16944] (OS 10053)An established connection was aborted by the software in your host machine.  : [client 201.245.192.253:51077] AH01102: error reading status line from remote server 172.22.1.31:80, referer: http://190.27.245.106/isolucionsda/FrameSetGeneral.asp?Pagina1=FrameSetGeneral.asp&
[Thu Dec 28 15:44:44.135238 2017] [proxy:error] [pid 8672:tid 16944] [client 201.245.192.253:51077] AH00898: Error reading from remote server returned by /isolucionsda/BarraFavoritos.asp, referer: http://190.27.245.106/isolucionsda/FrameSetGeneral.asp?Pagina1=FrameSetGeneral.asp&
[Thu Dec 28 15:59:15.766093 2017] [proxy_http:error] [pid 8672:tid 17204] (OS 10053)An established connection was aborted by the software in your host machine.  : [client 190.60.224.146:58876] AH01102: error reading status line from remote server 172.22.1.31:80, referer: http://190.27.245.106/IsolucionSDA/FrameSetGeneral.asp?Pagina1=FrameSetGeneral.asp&
[Thu Dec 28 15:59:15.766093 2017] [proxy:error] [pid 8672:tid 17204] [client 190.60.224.146:58876] AH00898: Error reading from remote server returned by /IsolucionSDA/BarraTitulos.asp, referer: http://190.27.245.106/IsolucionSDA/FrameSetGeneral.asp?Pagina1=FrameSetGeneral.asp&
[Thu Dec 28 16:01:05.356361 2017] [mpm_winnt:warn] [pid 8672:tid 19848] (OS 64)The specified network name is no longer available.  : AH00341: winnt_accept: Asynchronous AcceptEx failed.
[Thu Dec 28 16:01:36.364134 2017] [mpm_winnt:warn] [pid 8672:tid 19848] (OS 64)The specified network name is no longer available.  : AH00341: winnt_accept: Asynchronous AcceptEx failed.
[Thu Dec 28 16:30:18.185617 2017] [proxy:error] [pid 8672:tid 15620] (OS 10060)A connection attempt failed because the connected party did not properly respond after a period of time, or established connection failed because connected host has failed to respond.  : AH00957: HTTP: attempt to connect to 172.22.1.32:80 (172.22.1.32) failed
[Thu Dec 28 16:30:18.186617 2017] [proxy:error] [pid 8672:tid 15620] AH00959: ap_proxy_connect_backend disabling worker for (172.22.1.32) for 60s
[Thu Dec 28 16:30:18.186617 2017] [proxy_http:error] [pid 8672:tid 15620] [client 216.244.66.232:58838] AH01114: HTTP: failed to make connection to backend: 172.22.1.32
[Thu Dec 28 16:43:11.541850 2017] [ssl:error] [pid 8672:tid 15748] [client 139.162.172.241:59312] AH02042: rejecting client initiated renegotiation
[Thu Dec 28 16:45:43.124520 2017] [proxy:error] [pid 8672:tid 16448] (OS 10061)No connection could be made because the target machine actively refused it.  : AH00957: HTTP: attempt to connect to 172.22.1.61:8080 (172.22.1.61) failed
[Thu Dec 28 16:45:43.124520 2017] [proxy:error] [pid 8672:tid 16448] AH00959: ap_proxy_connect_backend disabling worker for (172.22.1.61) for 60s
[Thu Dec 28 16:45:43.124520 2017] [proxy_http:error] [pid 8672:tid 16448] [client 201.245.192.253:58395] AH01114: HTTP: failed to make connection to backend: 172.22.1.61, referer: http://190.27.245.106/sipse/faces/presentacion/financiero/solicitudAnulacion/consultarSolicitudAnulacion.xhtml
[Thu Dec 28 16:45:44.108577 2017] [proxy:error] [pid 8672:tid 15752] AH00940: HTTP: disabled connection for (172.22.1.61)
[Thu Dec 28 16:45:59.326447 2017] [proxy:error] [pid 8672:tid 14328] AH00940: HTTP: disabled connection for (172.22.1.61)
[Thu Dec 28 16:46:00.817532 2017] [proxy:error] [pid 8672:tid 14328] AH00940: HTTP: disabled connection for (172.22.1.61)
[Thu Dec 28 16:46:15.138351 2017] [proxy:error] [pid 8672:tid 15760] AH00940: HTTP: disabled connection for (172.22.1.61)
[Thu Dec 28 16:46:29.607179 2017] [proxy:error] [pid 8672:tid 16448] AH00940: HTTP: disabled connection for (172.22.1.61)
[Thu Dec 28 16:46:31.063262 2017] [proxy:error] [pid 8672:tid 14308] AH00940: HTTP: disabled connection for (172.22.1.61)
[Thu Dec 28 16:46:34.810477 2017] [proxy:error] [pid 8672:tid 14976] AH00940: HTTP: disabled connection for (172.22.1.61)
[Thu Dec 28 16:46:37.835650 2017] [proxy:error] [pid 8672:tid 14328] AH00940: HTTP: disabled connection for (172.22.1.61)
[Thu Dec 28 16:46:39.612751 2017] [proxy:error] [pid 8672:tid 14976] AH00940: HTTP: disabled connection for (172.22.1.61)
[Thu Dec 28 16:46:39.704757 2017] [proxy:error] [pid 8672:tid 14976] AH00940: HTTP: disabled connection for (172.22.1.61)
[Thu Dec 28 16:46:42.715929 2017] [proxy:error] [pid 8672:tid 16576] AH00940: HTTP: disabled connection for (172.22.1.61)
[Thu Dec 28 16:55:20.373537 2017] [mpm_winnt:warn] [pid 8672:tid 19848] (OS 64)The specified network name is no longer available.  : AH00341: winnt_accept: Asynchronous AcceptEx failed.
[Thu Dec 28 16:55:51.371310 2017] [mpm_winnt:warn] [pid 8672:tid 19848] (OS 64)The specified network name is no longer available.  : AH00341: winnt_accept: Asynchronous AcceptEx failed.
[Thu Dec 28 17:05:11.703359 2017] [mpm_winnt:warn] [pid 8672:tid 19848] (OS 64)The specified network name is no longer available.  : AH00341: winnt_accept: Asynchronous AcceptEx failed.
[Thu Dec 28 17:05:42.706133 2017] [mpm_winnt:warn] [pid 8672:tid 19848] (OS 64)The specified network name is no longer available.  : AH00341: winnt_accept: Asynchronous AcceptEx failed.
[Thu Dec 28 17:19:59.346130 2017] [mpm_winnt:warn] [pid 8672:tid 19848] (OS 64)The specified network name is no longer available.  : AH00341: winnt_accept: Asynchronous AcceptEx failed.
[Thu Dec 28 17:20:30.344903 2017] [mpm_winnt:warn] [pid 8672:tid 19848] (OS 64)The specified network name is no longer available.  : AH00341: winnt_accept: Asynchronous AcceptEx failed.
[Thu Dec 28 17:28:26.104114 2017] [access_compat:error] [pid 8672:tid 15924] [client 191.96.249.136:36148] AH01797: client denied by server configuration: E:/nuevo/phpMyAdmin/scripts
[Thu Dec 28 17:30:04.657751 2017] [proxy_http:error] [pid 8672:tid 15020] (OS 10053)An established connection was aborted by the software in your host machine.  : [client 201.245.192.253:51646] AH01102: error reading status line from remote server 172.22.1.31:80, referer: http://190.27.245.106/IsolucionSDA/Encabezado.asp?Pagina1=FrameSetGeneral.asp&&Pagina=MagazinHome.asp
[Thu Dec 28 17:48:52.915284 2017] [mpm_winnt:warn] [pid 8672:tid 19848] (OS 64)The specified network name is no longer available.  : AH00341: winnt_accept: Asynchronous AcceptEx failed.
[Thu Dec 28 18:04:41.762555 2017] [proxy_http:error] [pid 8672:tid 16260] (OS 10053)An established connection was aborted by the software in your host machine.  : [client 201.245.192.253:51302] AH01102: error reading status line from remote server 172.22.1.31:80
[Thu Dec 28 18:04:41.762555 2017] [proxy:error] [pid 8672:tid 16260] [client 201.245.192.253:51302] AH00898: Error reading from remote server returned by /isolucionsda/Session.asp
[Thu Dec 28 18:08:45.038470 2017] [proxy_http:error] [pid 8672:tid 15912] (OS 10053)An established connection was aborted by the software in your host machine.  : [client 201.245.192.253:51342] AH01102: error reading status line from remote server 172.22.1.31:80, referer: http://190.27.245.106/isolucionsda/FrameSetGeneral.asp?Pagina=SucursalSeleccion.asp&CargaPagina=ModuloProcesos&IdModulo=3
[Thu Dec 28 18:08:45.038470 2017] [proxy:error] [pid 8672:tid 15912] [client 201.245.192.253:51342] AH00898: Error reading from remote server returned by /isolucionsda/BarraFavoritos.asp, referer: http://190.27.245.106/isolucionsda/FrameSetGeneral.asp?Pagina=SucursalSeleccion.asp&CargaPagina=ModuloProcesos&IdModulo=3
[Thu Dec 28 18:10:03.957984 2017] [proxy_http:error] [pid 8672:tid 16596] (OS 10053)An established connection was aborted by the software in your host machine.  : [client 201.245.192.253:51347] AH01102: error reading status line from remote server 172.22.1.31:80, referer: http://190.27.245.106/isolucionsda/FrameSetGeneral.asp?Pagina=Menu.asp&IdModulo=32
[Thu Dec 28 18:10:03.957984 2017] [proxy:error] [pid 8672:tid 16596] [client 201.245.192.253:51347] AH00898: Error reading from remote server returned by /isolucionsda/BarraFavoritos.asp, referer: http://190.27.245.106/isolucionsda/FrameSetGeneral.asp?Pagina=Menu.asp&IdModulo=32
[Thu Dec 28 18:12:54.031711 2017] [proxy_http:error] [pid 8672:tid 15812] (OS 10053)An established connection was aborted by the software in your host machine.  : [client 201.245.192.253:51363] AH01102: error reading status line from remote server 172.22.1.31:80, referer: http://190.27.245.106/isolucionsda/FrameSetGeneral.asp?Pagina=Menu.asp&IdModulo=7
[Thu Dec 28 18:12:54.031711 2017] [proxy:error] [pid 8672:tid 15812] [client 201.245.192.253:51363] AH00898: Error reading from remote server returned by /isolucionsda/BarraTitulos.asp, referer: http://190.27.245.106/isolucionsda/FrameSetGeneral.asp?Pagina=Menu.asp&IdModulo=7
[Thu Dec 28 18:13:07.602487 2017] [proxy_http:error] [pid 8672:tid 15400] (OS 10053)An established connection was aborted by the software in your host machine.  : [client 201.245.192.253:51364] AH01102: error reading status line from remote server 172.22.1.31:80, referer: http://190.27.245.106/isolucionsda/FrameSetGeneral.asp?Pagina=Menu.asp&IdModulo=32
[Thu Dec 28 18:20:37.063195 2017] [core:error] [pid 8672:tid 16944] (20024)The given path is misformatted or contained invalid characters: [client 23.237.4.26:57544] AH00127: Cannot map GET /www.ambientebogota.gov.co:81/ HTTP/1.1 to file
[Thu Dec 28 18:22:03.236124 2017] [proxy_http:error] [pid 8672:tid 16944] (OS 10053)An established connection was aborted by the software in your host machine.  : [client 201.245.192.253:49476] AH01102: error reading status line from remote server 172.22.1.31:80, referer: http://190.27.245.106/isolucionsda/Session.asp
[Thu Dec 28 18:22:03.236124 2017] [proxy:error] [pid 8672:tid 16944] [client 201.245.192.253:49476] AH00898: Error reading from remote server returned by /isolucionsda/Session.asp, referer: http://190.27.245.106/isolucionsda/Session.asp
[Thu Dec 28 18:26:25.517126 2017] [proxy_http:error] [pid 8672:tid 16272] (OS 10053)An established connection was aborted by the software in your host machine.  : [client 201.245.192.253:53041] AH01102: error reading status line from remote server 172.22.1.31:80, referer: http://190.27.245.106/isolucionsda/FrameSetGeneral.asp?Pagina1=FrameSetGeneral.asp&
[Thu Dec 28 18:26:25.517126 2017] [proxy:error] [pid 8672:tid 16272] [client 201.245.192.253:53041] AH00898: Error reading from remote server returned by /isolucionsda/MagazinHome.asp, referer: http://190.27.245.106/isolucionsda/FrameSetGeneral.asp?Pagina1=FrameSetGeneral.asp&
[Thu Dec 28 18:26:25.544127 2017] [proxy_http:error] [pid 8672:tid 15588] (OS 10053)An established connection was aborted by the software in your host machine.  : [client 201.245.192.253:53042] AH01102: error reading status line from remote server 172.22.1.31:80, referer: http://190.27.245.106/isolucionsda/FrameSetGeneral.asp?Pagina1=FrameSetGeneral.asp&
[Thu Dec 28 18:26:25.544127 2017] [proxy:error] [pid 8672:tid 15588] [client 201.245.192.253:53042] AH00898: Error reading from remote server returned by /isolucionsda/BarraFavoritos.asp, referer: http://190.27.245.106/isolucionsda/FrameSetGeneral.asp?Pagina1=FrameSetGeneral.asp&
[Thu Dec 28 18:26:27.126218 2017] [proxy_http:error] [pid 8672:tid 15740] (OS 10053)An established connection was aborted by the software in your host machine.  : [client 201.245.192.253:53036] AH01102: error reading status line from remote server 172.22.1.31:80, referer: http://190.27.245.106/isolucionsda/FrameSetGeneral.asp?Pagina=SucursalSeleccion.asp&CargaPagina=ModuloProcesos&IdModulo=3
[Thu Dec 28 18:30:42.817842 2017] [mpm_winnt:warn] [pid 8672:tid 19848] (OS 64)The specified network name is no longer available.  : AH00341: winnt_accept: Asynchronous AcceptEx failed.
[Thu Dec 28 18:30:42.818842 2017] [mpm_winnt:warn] [pid 8672:tid 19848] (OS 64)The specified network name is no longer available.  : AH00341: winnt_accept: Asynchronous AcceptEx failed.
[Thu Dec 28 18:30:42.818842 2017] [mpm_winnt:warn] [pid 8672:tid 19848] (OS 64)The specified network name is no longer available.  : AH00341: winnt_accept: Asynchronous AcceptEx failed.
[Thu Dec 28 18:30:42.818842 2017] [mpm_winnt:warn] [pid 8672:tid 19848] (OS 64)The specified network name is no longer available.  : AH00341: winnt_accept: Asynchronous AcceptEx failed.
[Thu Dec 28 18:30:42.818842 2017] [mpm_winnt:warn] [pid 8672:tid 19848] (OS 64)The specified network name is no longer available.  : AH00341: winnt_accept: Asynchronous AcceptEx failed.
[Thu Dec 28 18:30:42.819842 2017] [mpm_winnt:warn] [pid 8672:tid 19848] (OS 64)The specified network name is no longer available.  : AH00341: winnt_accept: Asynchronous AcceptEx failed.
[Thu Dec 28 18:36:25.453440 2017] [mpm_winnt:warn] [pid 8672:tid 19848] (OS 64)The specified network name is no longer available.  : AH00341: winnt_accept: Asynchronous AcceptEx failed.
[Thu Dec 28 18:36:56.458213 2017] [mpm_winnt:warn] [pid 8672:tid 19848] (OS 64)The specified network name is no longer available.  : AH00341: winnt_accept: Asynchronous AcceptEx failed.
[Thu Dec 28 18:45:26.835405 2017] [proxy_http:error] [pid 8672:tid 16424] (OS 10053)An established connection was aborted by the software in your host machine.  : [client 201.245.192.253:51885] AH01102: error reading status line from remote server 172.22.1.31:80, referer: http://190.27.245.106/isolucionsda/Session.asp?Continue=1
[Thu Dec 28 18:45:26.835405 2017] [proxy:error] [pid 8672:tid 16424] [client 201.245.192.253:51885] AH00898: Error reading from remote server returned by /isolucionsda/Session.asp, referer: http://190.27.245.106/isolucionsda/Session.asp?Continue=1
[Thu Dec 28 18:57:58.498398 2017] [proxy_http:error] [pid 8672:tid 17212] (OS 10053)An established connection was aborted by the software in your host machine.  : [client 201.245.192.253:51614] AH01102: error reading status line from remote server 172.22.1.31:80, referer: http://190.27.245.106/isolucionsda/FrameSetGeneral.asp?Pagina=SucursalSeleccion.asp&CargaPagina=ModuloProcesos&IdModulo=3
[Thu Dec 28 19:03:32.827520 2017] [mpm_winnt:warn] [pid 8672:tid 19848] (OS 64)The specified network name is no longer available.  : AH00341: winnt_accept: Asynchronous AcceptEx failed.
[Thu Dec 28 19:04:03.828294 2017] [mpm_winnt:warn] [pid 8672:tid 19848] (OS 64)The specified network name is no longer available.  : AH00341: winnt_accept: Asynchronous AcceptEx failed.
[Thu Dec 28 19:50:20.524111 2017] [mpm_winnt:warn] [pid 8672:tid 19848] (OS 64)The specified network name is no longer available.  : AH00341: winnt_accept: Asynchronous AcceptEx failed.
[Thu Dec 28 20:12:57.004698 2017] [mpm_winnt:warn] [pid 8672:tid 19848] (OS 64)The specified network name is no longer available.  : AH00341: winnt_accept: Asynchronous AcceptEx failed.
[Thu Dec 28 20:18:34.026974 2017] [core:error] [pid 8672:tid 14924] (20024)The given path is misformatted or contained invalid characters: [client 40.77.167.34:3275] AH00127: Cannot map GET /www.ambientebogota.gov.co:81/ HTTP/1.1 to file
[Thu Dec 28 20:35:45.091948 2017] [proxy_http:error] [pid 8672:tid 15972] (OS 10053)An established connection was aborted by the software in your host machine.  : [client 201.245.192.253:52182] AH01102: error reading status line from remote server 172.22.1.31:80, referer: http://190.27.245.106/isolucionsda/FrameSetGeneral.asp?Pagina=SucursalSeleccion.asp&CargaPagina=ModuloProcesos&IdModulo=3
[Thu Dec 28 20:35:45.091948 2017] [proxy:error] [pid 8672:tid 15972] [client 201.245.192.253:52182] AH00898: Error reading from remote server returned by /isolucionsda/BarraFavoritos.asp, referer: http://190.27.245.106/isolucionsda/FrameSetGeneral.asp?Pagina=SucursalSeleccion.asp&CargaPagina=ModuloProcesos&IdModulo=3
[Thu Dec 28 20:35:46.981056 2017] [proxy_http:error] [pid 8672:tid 14800] (OS 10053)An established connection was aborted by the software in your host machine.  : [client 201.245.192.253:52180] AH01102: error reading status line from remote server 172.22.1.31:80, referer: http://190.27.245.106/isolucionsda/FrameSetGeneral.asp?Pagina=SucursalSeleccion.asp&CargaPagina=ModuloProcesos&IdModulo=3
[Thu Dec 28 20:35:46.981056 2017] [proxy:error] [pid 8672:tid 14800] [client 201.245.192.253:52180] AH00898: Error reading from remote server returned by /isolucionsda/BarraTitulos.asp, referer: http://190.27.245.106/isolucionsda/FrameSetGeneral.asp?Pagina=SucursalSeleccion.asp&CargaPagina=ModuloProcesos&IdModulo=3
[Thu Dec 28 20:52:18.229752 2017] [proxy_http:error] [pid 8672:tid 15456] (OS 10054)An existing connection was forcibly closed by the remote host.  : [client 181.49.69.136:36345] AH01102: error reading status line from remote server 172.22.1.61:8080, referer: http://www.ambientebogota.gov.co/web/intranet/aplicaciones-para-acceder-fuera-de-la-sda
