!C99Shell v. 1.0 pre-release build #13!

Software: Apache. PHP/5.5.15 

uname -a: Windows NT SVR-DMZ 6.1 build 7600 (Windows Server 2008 R2 Enterprise Edition) i586 

SYSTEM 

Safe-mode: OFF (not secure)

E:\nuevo\apache\logs\   drwxrwxrwx
Free 8.02 GB of 239.26 GB (3.35%)
Detected drives: [ a ] [ c ] [ d ] [ e ] [ f ]
Home    Back    Forward    UPDIR    Refresh    Search    Buffer    Encoder    Tools    Proc.    FTP brute    Sec.    SQL    PHP-code    Update    Feedback    Self remove    Logout    


Viewing file:     error.2018.01.12.log (37.45 KB)      -rw-rw-rw-
Select action/file-type:
(+) | (+) | (+) | Code (+) | Session (+) | (+) | SDB (+) | (+) | (+) | (+) | (+) | (+) |
[Fri Jan 12 00:07:20.801263 2018] [proxy_http:error] [pid 12264:tid 14312] (OS 10053)An established connection was aborted by the software in your host machine.  : [client 186.84.177.207:53460] AH01102: error reading status line from remote server 172.22.1.31:80, referer: http://190.27.245.106/IsolucionSDA/FrameSetGeneral.asp?Pagina=SucursalSeleccion.asp&CargaPagina=ModuloProcesos&IdModulo=3
[Fri Jan 12 00:34:13.860525 2018] [proxy_http:error] [pid 12264:tid 17004] (OS 10053)An established connection was aborted by the software in your host machine.  : [client 186.84.177.207:53499] AH01102: error reading status line from remote server 172.22.1.31:80, referer: http://190.27.245.106/IsolucionSDA/FrameSetArticulo.asp?Pagina=/IsolucionSDA/bancoconocimiento/A/Actavisitatecnicadecontrolalmanejoambientalenobraspublicasyprivadas_v1/Actavisitatecnicadecontrolalmanejoambientalenobraspublicasyprivadas_v1.asp?IdArticulo=10283
[Fri Jan 12 00:34:13.860525 2018] [proxy:error] [pid 12264:tid 17004] [client 186.84.177.207:53499] AH00898: Error reading from remote server returned by /IsolucionSDA/bancoconocimiento/A/Actavisitatecnicadecontrolalmanejoambientalenobraspublicasyprivadas_v1/Actavisitatecnicadecontrolalmanejoambientalenobraspublicasyprivadas_v1.asp, referer: http://190.27.245.106/IsolucionSDA/FrameSetArticulo.asp?Pagina=/IsolucionSDA/bancoconocimiento/A/Actavisitatecnicadecontrolalmanejoambientalenobraspublicasyprivadas_v1/Actavisitatecnicadecontrolalmanejoambientalenobraspublicasyprivadas_v1.asp?IdArticulo=10283
[Fri Jan 12 00:48:13.106527 2018] [proxy_http:error] [pid 12264:tid 14656] (OS 10053)An established connection was aborted by the software in your host machine.  : [client 190.24.56.199:29697] AH01102: error reading status line from remote server 172.22.1.31:80, referer: http://190.27.245.106/isolucionsda/IdentificaUsuario.asp?Pagina1=FrameSetGeneral.asp&
[Fri Jan 12 00:48:13.106527 2018] [proxy:error] [pid 12264:tid 14656] [client 190.24.56.199:29697] AH00898: Error reading from remote server returned by /isolucionsda/g/Img_LogoIsoCabezote.jpg, referer: http://190.27.245.106/isolucionsda/IdentificaUsuario.asp?Pagina1=FrameSetGeneral.asp&
[Fri Jan 12 00:48:13.660559 2018] [proxy_http:error] [pid 12264:tid 16984] (OS 10053)An established connection was aborted by the software in your host machine.  : [client 190.24.56.199:29709] AH01102: error reading status line from remote server 172.22.1.31:80, referer: http://190.27.245.106/isolucionsda/IdentificaUsuario.asp?Pagina1=FrameSetGeneral.asp&
[Fri Jan 12 00:48:13.660559 2018] [proxy:error] [pid 12264:tid 16984] [client 190.24.56.199:29709] AH00898: Error reading from remote server returned by /isolucionsda/g/Bgr_BarraSuperior.jpg, referer: http://190.27.245.106/isolucionsda/IdentificaUsuario.asp?Pagina1=FrameSetGeneral.asp&
[Fri Jan 12 01:03:11.726925 2018] [mpm_winnt:warn] [pid 12264:tid 17580] (OS 64)The specified network name is no longer available.  : AH00341: winnt_accept: Asynchronous AcceptEx failed.
[Fri Jan 12 01:03:11.727925 2018] [mpm_winnt:warn] [pid 12264:tid 17580] (OS 64)The specified network name is no longer available.  : AH00341: winnt_accept: Asynchronous AcceptEx failed.
[Fri Jan 12 01:22:42.062865 2018] [mpm_winnt:warn] [pid 12264:tid 17580] (OS 64)The specified network name is no longer available.  : AH00341: winnt_accept: Asynchronous AcceptEx failed.
[Fri Jan 12 01:22:42.064865 2018] [mpm_winnt:warn] [pid 12264:tid 17580] (OS 64)The specified network name is no longer available.  : AH00341: winnt_accept: Asynchronous AcceptEx failed.
[Fri Jan 12 02:22:48.866162 2018] [proxy:error] [pid 12264:tid 17320] (OS 10060)A connection attempt failed because the connected party did not properly respond after a period of time, or established connection failed because connected host has failed to respond.  : AH00957: HTTP: attempt to connect to 172.22.1.51:8399 (172.22.1.51) failed
[Fri Jan 12 02:22:48.866162 2018] [proxy:error] [pid 12264:tid 17320] AH00959: ap_proxy_connect_backend disabling worker for (172.22.1.51) for 60s
[Fri Jan 12 02:22:48.866162 2018] [proxy_http:error] [pid 12264:tid 17320] [client 152.61.128.50:41410] AH01114: HTTP: failed to make connection to backend: 172.22.1.51
[Fri Jan 12 02:22:49.111176 2018] [proxy:error] [pid 12264:tid 17320] AH00940: HTTP: disabled connection for (172.22.1.51)
[Fri Jan 12 02:22:49.340189 2018] [proxy:error] [pid 12264:tid 17320] AH00940: HTTP: disabled connection for (172.22.1.51)
[Fri Jan 12 02:50:19.662582 2018] [core:error] [pid 12264:tid 14532] (20024)The given path is misformatted or contained invalid characters: [client 157.55.39.112:14082] AH00127: Cannot map GET /www.ambientebogota.gov.co:81/ HTTP/1.1 to file
[Fri Jan 12 03:07:19.800931 2018] [core:error] [pid 12264:tid 16520] (20024)The given path is misformatted or contained invalid characters: [client 69.58.178.58:34473] AH00127: Cannot map GET /www.ambientebogota.gov.co:81/ HTTP/1.1 to file
[Fri Jan 12 03:37:04.226994 2018] [mpm_winnt:warn] [pid 12264:tid 17580] (OS 64)The specified network name is no longer available.  : AH00341: winnt_accept: Asynchronous AcceptEx failed.
[Fri Jan 12 04:00:29.363363 2018] [proxy:error] [pid 12264:tid 14752] (OS 10060)A connection attempt failed because the connected party did not properly respond after a period of time, or established connection failed because connected host has failed to respond.  : AH00957: HTTP: attempt to connect to 172.22.1.51:8399 (172.22.1.51) failed
[Fri Jan 12 04:00:29.363363 2018] [proxy:error] [pid 12264:tid 14752] AH00959: ap_proxy_connect_backend disabling worker for (172.22.1.51) for 60s
[Fri Jan 12 04:00:29.363363 2018] [proxy_http:error] [pid 12264:tid 14752] [client 152.61.192.232:54660] AH01114: HTTP: failed to make connection to backend: 172.22.1.51
[Fri Jan 12 04:00:29.640379 2018] [proxy:error] [pid 12264:tid 14752] AH00940: HTTP: disabled connection for (172.22.1.51)
[Fri Jan 12 04:00:29.877393 2018] [proxy:error] [pid 12264:tid 14752] AH00940: HTTP: disabled connection for (172.22.1.51)
[Fri Jan 12 05:17:43.536423 2018] [mpm_winnt:warn] [pid 12264:tid 17580] (OS 64)The specified network name is no longer available.  : AH00341: winnt_accept: Asynchronous AcceptEx failed.
[Fri Jan 12 06:51:51.176449 2018] [mpm_winnt:warn] [pid 12264:tid 17580] (OS 64)The specified network name is no longer available.  : AH00341: winnt_accept: Asynchronous AcceptEx failed.
[Fri Jan 12 06:55:20.169403 2018] [mpm_winnt:warn] [pid 12264:tid 17580] (OS 64)The specified network name is no longer available.  : AH00341: winnt_accept: Asynchronous AcceptEx failed.
[Fri Jan 12 07:15:00.540917 2018] [proxy_http:error] [pid 12264:tid 14372] (OS 10053)An established connection was aborted by the software in your host machine.  : [client 186.155.14.23:36515] AH01102: error reading status line from remote server 172.22.1.31:80, referer: http://190.27.245.106/isolucionsda/FrameSetGeneral.asp?Pagina1=FrameSetGeneral.asp&
[Fri Jan 12 07:15:00.540917 2018] [proxy:error] [pid 12264:tid 14372] [client 186.155.14.23:36515] AH00898: Error reading from remote server returned by /isolucionsda/BarraTitulos.asp, referer: http://190.27.245.106/isolucionsda/FrameSetGeneral.asp?Pagina1=FrameSetGeneral.asp&
[Fri Jan 12 07:15:00.550917 2018] [proxy_http:error] [pid 12264:tid 14656] (OS 10053)An established connection was aborted by the software in your host machine.  : [client 186.155.14.23:36497] AH01102: error reading status line from remote server 172.22.1.31:80, referer: http://190.27.245.106/isolucionsda/FrameSetGeneral.asp?Pagina1=FrameSetGeneral.asp&
[Fri Jan 12 07:15:00.550917 2018] [proxy:error] [pid 12264:tid 14656] [client 186.155.14.23:36497] AH00898: Error reading from remote server returned by /isolucionsda/BarraFavoritos.asp, referer: http://190.27.245.106/isolucionsda/FrameSetGeneral.asp?Pagina1=FrameSetGeneral.asp&
[Fri Jan 12 07:15:11.150523 2018] [proxy_http:error] [pid 12264:tid 15524] (OS 10053)An established connection was aborted by the software in your host machine.  : [client 186.155.14.23:36540] AH01102: error reading status line from remote server 172.22.1.31:80, referer: http://190.27.245.106/isolucionsda/FrameSetGeneral.asp?Pagina=SucursalSeleccion.asp&CargaPagina=ModuloProcesos&IdModulo=3
[Fri Jan 12 07:41:50.335992 2018] [proxy_http:error] [pid 12264:tid 16768] (OS 10053)An established connection was aborted by the software in your host machine.  : [client 186.155.14.23:36534] AH01102: error reading status line from remote server 172.22.1.31:80, referer: http://190.27.245.106/IsolucionSDA/Arriba.asp?Pagina=/IsolucionSDA/bancoconocimiento/I/InformeContableyFinanciero_v5/InformeContableyFinanciero_v5.asp?IdArticulo=10625
[Fri Jan 12 07:41:50.336992 2018] [proxy:error] [pid 12264:tid 16768] [client 186.155.14.23:36534] AH00898: Error reading from remote server returned by /IsolucionSDA/StyleSheet.css, referer: http://190.27.245.106/IsolucionSDA/Arriba.asp?Pagina=/IsolucionSDA/bancoconocimiento/I/InformeContableyFinanciero_v5/InformeContableyFinanciero_v5.asp?IdArticulo=10625
[Fri Jan 12 07:41:50.344992 2018] [proxy_http:error] [pid 12264:tid 14456] (OS 10053)An established connection was aborted by the software in your host machine.  : [client 186.155.14.23:36538] AH01102: error reading status line from remote server 172.22.1.31:80, referer: http://190.27.245.106/IsolucionSDA/Arriba.asp?Pagina=/IsolucionSDA/bancoconocimiento/I/InformeContableyFinanciero_v5/InformeContableyFinanciero_v5.asp?IdArticulo=10625
[Fri Jan 12 07:41:50.344992 2018] [proxy:error] [pid 12264:tid 14456] [client 186.155.14.23:36538] AH00898: Error reading from remote server returned by /IsolucionSDA/g/icono_noconformidad.jpg, referer: http://190.27.245.106/IsolucionSDA/Arriba.asp?Pagina=/IsolucionSDA/bancoconocimiento/I/InformeContableyFinanciero_v5/InformeContableyFinanciero_v5.asp?IdArticulo=10625
[Fri Jan 12 07:41:50.355993 2018] [proxy_http:error] [pid 12264:tid 15332] (OS 10053)An established connection was aborted by the software in your host machine.  : [client 186.155.14.23:36539] AH01102: error reading status line from remote server 172.22.1.31:80, referer: http://190.27.245.106/IsolucionSDA/Arriba.asp?Pagina=/IsolucionSDA/bancoconocimiento/I/InformeContableyFinanciero_v5/InformeContableyFinanciero_v5.asp?IdArticulo=10625
[Fri Jan 12 07:41:50.355993 2018] [proxy:error] [pid 12264:tid 15332] [client 186.155.14.23:36539] AH00898: Error reading from remote server returned by /IsolucionSDA/g/icono_alerta.jpg, referer: http://190.27.245.106/IsolucionSDA/Arriba.asp?Pagina=/IsolucionSDA/bancoconocimiento/I/InformeContableyFinanciero_v5/InformeContableyFinanciero_v5.asp?IdArticulo=10625
[Fri Jan 12 07:44:53.807486 2018] [mpm_winnt:warn] [pid 12264:tid 17580] (OS 64)The specified network name is no longer available.  : AH00341: winnt_accept: Asynchronous AcceptEx failed.
[Fri Jan 12 07:53:32.894176 2018] [proxy_http:error] [pid 12264:tid 17024] (OS 10053)An established connection was aborted by the software in your host machine.  : [client 201.245.192.253:53859] AH01102: error reading status line from remote server 172.22.1.31:80, referer: http://190.27.245.106/isolucionsda/FrameSetGeneral.asp?Pagina=SucursalSeleccion.asp&CargaPagina=ModuloProcesos&IdModulo=3
[Fri Jan 12 07:53:32.894176 2018] [proxy:error] [pid 12264:tid 17024] [client 201.245.192.253:53859] AH00898: Error reading from remote server returned by /isolucionsda/BarraFavoritos.asp, referer: http://190.27.245.106/isolucionsda/FrameSetGeneral.asp?Pagina=SucursalSeleccion.asp&CargaPagina=ModuloProcesos&IdModulo=3
[Fri Jan 12 07:53:32.943178 2018] [proxy_http:error] [pid 12264:tid 15332] (OS 10053)An established connection was aborted by the software in your host machine.  : [client 201.245.192.253:53856] AH01102: error reading status line from remote server 172.22.1.31:80, referer: http://190.27.245.106/isolucionsda/FrameSetGeneral.asp?Pagina=SucursalSeleccion.asp&CargaPagina=ModuloProcesos&IdModulo=3
[Fri Jan 12 08:05:18.309523 2018] [proxy_http:error] [pid 12264:tid 16760] (OS 10053)An established connection was aborted by the software in your host machine.  : [client 186.155.14.23:20118] AH01102: error reading status line from remote server 172.22.1.31:80, referer: http://190.27.245.106/IsolucionSDA/bancoconocimiento/G/GESTIONJURIDICA_v6/GESTIONJURIDICA_v6.asp?IdArticulo=6837
[Fri Jan 12 08:05:18.309523 2018] [proxy:error] [pid 12264:tid 16760] [client 186.155.14.23:20118] AH00898: Error reading from remote server returned by /IsolucionSDA/BancoConocimiento/E/EmisionDirectivasyCirculares_v1/EmisionDirectivasyCirculares_v1.asp, referer: http://190.27.245.106/IsolucionSDA/bancoconocimiento/G/GESTIONJURIDICA_v6/GESTIONJURIDICA_v6.asp?IdArticulo=6837
[Fri Jan 12 08:10:53.327685 2018] [proxy_http:error] [pid 12264:tid 15528] (OS 10060)A connection attempt failed because the connected party did not properly respond after a period of time, or established connection failed because connected host has failed to respond.  : [client 181.57.242.2:1759] AH01095: prefetch request body failed to 172.22.1.61:8080 (172.22.1.61) from 181.57.242.2 (), referer: http://190.27.245.106/sipse/faces/presentacion/financiero/solicitudProceso/consultarSolicitudProceso.xhtml
[Fri Jan 12 08:14:22.509650 2018] [proxy_http:error] [pid 12264:tid 14424] (OS 10053)An established connection was aborted by the software in your host machine.  : [client 201.245.192.253:60370] AH01102: error reading status line from remote server 172.22.1.31:80, referer: http://190.27.245.106/isolucionsda/IdentificaUsuario.asp?Pagina1=FrameSetGeneral.asp&
[Fri Jan 12 08:14:22.509650 2018] [proxy:error] [pid 12264:tid 14424] [client 201.245.192.253:60370] AH00898: Error reading from remote server returned by /isolucionsda/g/shim.gif, referer: http://190.27.245.106/isolucionsda/IdentificaUsuario.asp?Pagina1=FrameSetGeneral.asp&
[Fri Jan 12 08:14:22.512650 2018] [proxy_http:error] [pid 12264:tid 17080] (OS 10053)An established connection was aborted by the software in your host machine.  : [client 201.245.192.253:60367] AH01102: error reading status line from remote server 172.22.1.31:80, referer: http://190.27.245.106/isolucionsda/IdentificaUsuario.asp?Pagina1=FrameSetGeneral.asp&
[Fri Jan 12 08:14:45.893987 2018] [proxy_http:error] [pid 12264:tid 14368] (OS 10053)An established connection was aborted by the software in your host machine.  : [client 201.245.192.253:60383] AH01102: error reading status line from remote server 172.22.1.31:80, referer: http://190.27.245.106/isolucionsda/BarraTitulos.asp?Pagina1=FrameSetGeneral.asp&&Pagina=MagazinHome.asp
[Fri Jan 12 08:14:45.893987 2018] [proxy:error] [pid 12264:tid 14368] [client 201.245.192.253:60383] AH00898: Error reading from remote server returned by /isolucionsda/g/Bgr_BarraCurva2.jpg, referer: http://190.27.245.106/isolucionsda/BarraTitulos.asp?Pagina1=FrameSetGeneral.asp&&Pagina=MagazinHome.asp
[Fri Jan 12 08:24:20.205836 2018] [proxy_http:error] [pid 12264:tid 16640] (OS 10053)An established connection was aborted by the software in your host machine.  : [client 201.245.192.253:49783] AH01102: error reading status line from remote server 172.22.1.31:80, referer: http://www.ambientebogota.gov.co/web/intranet/aplicaciones-para-acceder-fuera-de-la-sda
[Fri Jan 12 08:24:20.205836 2018] [proxy:error] [pid 12264:tid 16640] [client 201.245.192.253:49783] AH00898: Error reading from remote server returned by /isolucionsda/, referer: http://www.ambientebogota.gov.co/web/intranet/aplicaciones-para-acceder-fuera-de-la-sda
[Fri Jan 12 08:39:43.978673 2018] [proxy_http:error] [pid 12264:tid 14912] (OS 10053)An established connection was aborted by the software in your host machine.  : [client 201.245.192.253:50045] AH01102: error reading status line from remote server 172.22.1.31:80, referer: http://190.27.245.106/isolucionsda/FrameSetGeneral.asp?Pagina=Menu.asp&IdModulo=4
[Fri Jan 12 09:41:09.010444 2018] [proxy_http:error] [pid 12264:tid 14340] (OS 10053)An established connection was aborted by the software in your host machine.  : [client 201.245.192.253:49388] AH01102: error reading status line from remote server 172.22.1.31:80, referer: http://190.27.245.106/isolucionsda/FramesetArticulo.asp?Pagina=bancoconocimiento%2FR%2FRegistrodelapublicidadexteriorvisualenelDistrito%5Fv6%2FRegistrodelapublicidadexteriorvisualenelDistrito%5Fv6%2Easp&IdArticulo=10320
[Fri Jan 12 09:41:09.010444 2018] [proxy:error] [pid 12264:tid 14340] [client 201.245.192.253:49388] AH00898: Error reading from remote server returned by /isolucionsda/bancoconocimiento/R/RegistrodelapublicidadexteriorvisualenelDistrito_v6/RegistrodelapublicidadexteriorvisualenelDistrito_v6.asp, referer: http://190.27.245.106/isolucionsda/FramesetArticulo.asp?Pagina=bancoconocimiento%2FR%2FRegistrodelapublicidadexteriorvisualenelDistrito%5Fv6%2FRegistrodelapublicidadexteriorvisualenelDistrito%5Fv6%2Easp&IdArticulo=10320
[Fri Jan 12 10:17:58.375813 2018] [proxy_http:error] [pid 12264:tid 15024] (OS 10053)An established connection was aborted by the software in your host machine.  : [client 201.245.192.253:62120] AH01102: error reading status line from remote server 172.22.1.31:80, referer: http://190.27.245.106/isolucionsda/FrameSetGeneral.asp?Pagina=Menu.asp&IdModulo=7
[Fri Jan 12 10:17:58.375813 2018] [proxy:error] [pid 12264:tid 15024] [client 201.245.192.253:62120] AH00898: Error reading from remote server returned by /isolucionsda/BarraFavoritos.asp, referer: http://190.27.245.106/isolucionsda/FrameSetGeneral.asp?Pagina=Menu.asp&IdModulo=7
[Fri Jan 12 10:30:25.652555 2018] [proxy_http:error] [pid 12264:tid 16904] (OS 10053)An established connection was aborted by the software in your host machine.  : [client 201.245.192.253:62413] AH01102: error reading status line from remote server 172.22.1.31:80, referer: http://190.27.245.106/isolucionsda/FrameSetGeneral.asp?Pagina=SucursalSeleccion.asp&CargaPagina=ModuloProcesos&IdModulo=3
[Fri Jan 12 10:30:25.652555 2018] [proxy:error] [pid 12264:tid 16904] [client 201.245.192.253:62413] AH00898: Error reading from remote server returned by /isolucionsda/SucursalSeleccion.asp, referer: http://190.27.245.106/isolucionsda/FrameSetGeneral.asp?Pagina=SucursalSeleccion.asp&CargaPagina=ModuloProcesos&IdModulo=3
[Fri Jan 12 10:30:26.276590 2018] [proxy_http:error] [pid 12264:tid 16648] (OS 10053)An established connection was aborted by the software in your host machine.  : [client 201.245.192.253:62412] AH01102: error reading status line from remote server 172.22.1.31:80, referer: http://190.27.245.106/isolucionsda/FrameSetGeneral.asp?Pagina=SucursalSeleccion.asp&CargaPagina=ModuloProcesos&IdModulo=3
[Fri Jan 12 10:30:26.276590 2018] [proxy:error] [pid 12264:tid 16648] [client 201.245.192.253:62412] AH00898: Error reading from remote server returned by /isolucionsda/BarraTitulos.asp, referer: http://190.27.245.106/isolucionsda/FrameSetGeneral.asp?Pagina=SucursalSeleccion.asp&CargaPagina=ModuloProcesos&IdModulo=3
[Fri Jan 12 11:46:43.188375 2018] [proxy_http:error] [pid 12264:tid 14272] (OS 10054)An existing connection was forcibly closed by the remote host.  : [client 201.245.192.253:51216] AH01102: error reading status line from remote server 172.22.1.61:8080, referer: http://190.27.245.106/sipse/faces/presentacion/financiero/solicitudProceso/consultarSolicitudProceso.xhtml
[Fri Jan 12 11:46:43.188375 2018] [proxy:error] [pid 12264:tid 14272] [client 201.245.192.253:51216] AH00898: Error reading from remote server returned by /sipse/faces/javax.faces.resource/primefaces.js, referer: http://190.27.245.106/sipse/faces/presentacion/financiero/solicitudProceso/consultarSolicitudProceso.xhtml
[Fri Jan 12 12:32:23.035085 2018] [core:error] [pid 12264:tid 15812] (20024)The given path is misformatted or contained invalid characters: [client 157.55.39.165:16895] AH00127: Cannot map GET /www.ambientebogota.gov.co:81/ HTTP/1.1 to file
[Fri Jan 12 12:33:14.377022 2018] [proxy_http:error] [pid 12264:tid 14424] (OS 10053)An established connection was aborted by the software in your host machine.  : [client 190.159.181.195:50672] AH01102: error reading status line from remote server 172.22.1.31:80, referer: http://190.27.245.106/isolucionsda/Administracion/SalaEdicion/ArticuloMenu.asp?Palabra=&Buscar=Buscar&Letra=TODO
[Fri Jan 12 12:47:28.961901 2018] [proxy_http:error] [pid 12264:tid 16324] (OS 10053)An established connection was aborted by the software in your host machine.  : [client 190.159.181.195:50884] AH01102: error reading status line from remote server 172.22.1.31:80, referer: http://190.27.245.106/isolucionsda/Administracion/SalaEdicion/Articulo.asp
[Fri Jan 12 12:47:28.961901 2018] [proxy:error] [pid 12264:tid 16324] [client 190.159.181.195:50884] AH00898: Error reading from remote server returned by /isolucionsda/javascript/ClickValidation.js, referer: http://190.27.245.106/isolucionsda/Administracion/SalaEdicion/Articulo.asp
[Fri Jan 12 13:07:14.044684 2018] [mpm_winnt:warn] [pid 12264:tid 17580] (OS 64)The specified network name is no longer available.  : AH00341: winnt_accept: Asynchronous AcceptEx failed.
[Fri Jan 12 13:29:58.347718 2018] [proxy_http:error] [pid 12264:tid 15864] (OS 10053)An established connection was aborted by the software in your host machine.  : [client 181.55.238.238:61205] AH01102: error reading status line from remote server 172.22.1.31:80, referer: http://190.27.245.106/isolucionsda/BarraTitulos.asp?Pagina1=FrameSetGeneral.asp&&Pagina=MagazinHome.asp
[Fri Jan 12 14:58:35.836861 2018] [mpm_winnt:warn] [pid 12264:tid 17580] (OS 64)The specified network name is no longer available.  : AH00341: winnt_accept: Asynchronous AcceptEx failed.
[Fri Jan 12 15:16:18.963668 2018] [proxy_http:error] [pid 12264:tid 16180] (OS 10053)An established connection was aborted by the software in your host machine.  : [client 190.159.181.195:51678] AH01102: error reading status line from remote server 172.22.1.31:80, referer: http://190.27.245.106/ISOlucionSDA/CalendarioDisplayHidden.asp?Form=Admon&Campo=FechaElaboracion&Campo1=FechaElaboracion_Display&MONTH=12&YEAR=2017
[Fri Jan 12 15:16:18.963668 2018] [proxy:error] [pid 12264:tid 16180] [client 190.159.181.195:51678] AH00898: Error reading from remote server returned by /ISOlucionSDA/Graficas/line.gif, referer: http://190.27.245.106/ISOlucionSDA/CalendarioDisplayHidden.asp?Form=Admon&Campo=FechaElaboracion&Campo1=FechaElaboracion_Display&MONTH=12&YEAR=2017
[Fri Jan 12 15:32:03.641700 2018] [proxy_http:error] [pid 12264:tid 17072] (OS 10053)An established connection was aborted by the software in your host machine.  : [client 201.245.192.253:49267] AH01102: error reading status line from remote server 172.22.1.31:80, referer: http://190.27.245.106/ISOlucionSDA/bancoconocimiento/m/mapadeprocesos__v4/mapadeprocesos__v4.asp
[Fri Jan 12 15:32:03.641700 2018] [proxy:error] [pid 12264:tid 17072] [client 201.245.192.253:49267] AH00898: Error reading from remote server returned by /ISOlucionSDA/g/Plantillas/ModeloMP2/FlechaEstrategico.png, referer: http://190.27.245.106/ISOlucionSDA/bancoconocimiento/m/mapadeprocesos__v4/mapadeprocesos__v4.asp
[Fri Jan 12 15:32:03.685703 2018] [proxy_http:error] [pid 12264:tid 17192] (OS 10053)An established connection was aborted by the software in your host machine.  : [client 201.245.192.253:49265] AH01102: error reading status line from remote server 172.22.1.31:80, referer: http://190.27.245.106/ISOlucionSDA/bancoconocimiento/m/mapadeprocesos__v4/mapadeprocesos__v4.asp
[Fri Jan 12 15:59:15.367030 2018] [mpm_winnt:warn] [pid 12264:tid 17580] (OS 64)The specified network name is no longer available.  : AH00341: winnt_accept: Asynchronous AcceptEx failed.
[Fri Jan 12 15:59:46.365803 2018] [mpm_winnt:warn] [pid 12264:tid 17580] (OS 64)The specified network name is no longer available.  : AH00341: winnt_accept: Asynchronous AcceptEx failed.
[Fri Jan 12 16:00:06.007926 2018] [mpm_winnt:warn] [pid 12264:tid 17580] (OS 64)The specified network name is no longer available.  : AH00341: winnt_accept: Asynchronous AcceptEx failed.
[Fri Jan 12 16:00:37.005699 2018] [mpm_winnt:warn] [pid 12264:tid 17580] (OS 64)The specified network name is no longer available.  : AH00341: winnt_accept: Asynchronous AcceptEx failed.
[Fri Jan 12 16:27:38.951469 2018] [mpm_winnt:warn] [pid 12264:tid 17580] (OS 64)The specified network name is no longer available.  : AH00341: winnt_accept: Asynchronous AcceptEx failed.
[Fri Jan 12 16:45:38.417211 2018] [proxy_http:error] [pid 12264:tid 16752] (OS 10053)An established connection was aborted by the software in your host machine.  : [client 201.245.192.253:53735] AH01102: error reading status line from remote server 172.22.1.31:80, referer: http://190.27.245.106/IsolucionSDA/Encabezado.asp?Pagina=ListadoMaestroDocumentos3.asp
[Fri Jan 12 16:45:38.417211 2018] [proxy:error] [pid 12264:tid 16752] [client 201.245.192.253:53735] AH00898: Error reading from remote server returned by /IsolucionSDA/g/Bot_GlosarioOver.jpg, referer: http://190.27.245.106/IsolucionSDA/Encabezado.asp?Pagina=ListadoMaestroDocumentos3.asp
[Fri Jan 12 17:16:20.677582 2018] [proxy_http:error] [pid 12264:tid 17160] (OS 10053)An established connection was aborted by the software in your host machine.  : [client 201.245.192.253:52139] AH01102: error reading status line from remote server 172.22.1.31:80, referer: http://190.27.245.106/isolucionsda/FrameSetGeneral.asp?Pagina1=FrameSetGeneral.asp&
[Fri Jan 12 17:16:20.677582 2018] [proxy:error] [pid 12264:tid 17160] [client 201.245.192.253:52139] AH00898: Error reading from remote server returned by /isolucionsda/MagazinHome.asp, referer: http://190.27.245.106/isolucionsda/FrameSetGeneral.asp?Pagina1=FrameSetGeneral.asp&
[Fri Jan 12 17:16:20.680583 2018] [proxy_http:error] [pid 12264:tid 16200] (OS 10053)An established connection was aborted by the software in your host machine.  : [client 201.245.192.253:52140] AH01102: error reading status line from remote server 172.22.1.31:80, referer: http://190.27.245.106/isolucionsda/FrameSetGeneral.asp?Pagina1=FrameSetGeneral.asp&
[Fri Jan 12 17:16:20.681583 2018] [proxy:error] [pid 12264:tid 16200] [client 201.245.192.253:52140] AH00898: Error reading from remote server returned by /isolucionsda/BarraFavoritos.asp, referer: http://190.27.245.106/isolucionsda/FrameSetGeneral.asp?Pagina1=FrameSetGeneral.asp&
[Fri Jan 12 17:22:21.603226 2018] [proxy_http:error] [pid 12264:tid 16984] (OS 10053)An established connection was aborted by the software in your host machine.  : [client 201.228.237.95:49324] AH01102: error reading status line from remote server 172.22.1.31:80, referer: http://190.27.245.106/isolucionsda/FrameSetGeneral.asp?Pagina1=FrameSetGeneral.asp&
[Fri Jan 12 17:22:21.603226 2018] [proxy:error] [pid 12264:tid 16984] [client 201.228.237.95:49324] AH00898: Error reading from remote server returned by /isolucionsda/BarraTitulos.asp, referer: http://190.27.245.106/isolucionsda/FrameSetGeneral.asp?Pagina1=FrameSetGeneral.asp&
[Fri Jan 12 17:31:32.840755 2018] [proxy_http:error] [pid 12264:tid 14488] (OS 10053)An established connection was aborted by the software in your host machine.  : [client 190.145.134.217:51034] AH01102: error reading status line from remote server 172.22.1.31:80
[Fri Jan 12 17:31:32.840755 2018] [proxy:error] [pid 12264:tid 14488] [client 190.145.134.217:51034] AH00898: Error reading from remote server returned by /isolucionsda/ControlDeInicio.asp
[Fri Jan 12 17:32:13.976108 2018] [proxy_http:error] [pid 12264:tid 16420] (OS 10053)An established connection was aborted by the software in your host machine.  : [client 190.145.134.217:51068] AH01102: error reading status line from remote server 172.22.1.31:80, referer: http://190.27.245.106/isolucionsda/FrameSetGeneral.asp?Pagina1=FrameSetGeneral.asp&
[Fri Jan 12 17:32:13.976108 2018] [proxy:error] [pid 12264:tid 16420] [client 190.145.134.217:51068] AH00898: Error reading from remote server returned by /isolucionsda/MagazinHome.asp, referer: http://190.27.245.106/isolucionsda/FrameSetGeneral.asp?Pagina1=FrameSetGeneral.asp&
[Fri Jan 12 17:32:13.978108 2018] [proxy_http:error] [pid 12264:tid 17144] (OS 10053)An established connection was aborted by the software in your host machine.  : [client 190.145.134.217:51069] AH01102: error reading status line from remote server 172.22.1.31:80, referer: http://190.27.245.106/isolucionsda/FrameSetGeneral.asp?Pagina1=FrameSetGeneral.asp&
[Fri Jan 12 17:32:13.978108 2018] [proxy:error] [pid 12264:tid 17144] [client 190.145.134.217:51069] AH00898: Error reading from remote server returned by /isolucionsda/BarraTitulos.asp, referer: http://190.27.245.106/isolucionsda/FrameSetGeneral.asp?Pagina1=FrameSetGeneral.asp&
[Fri Jan 12 17:32:16.651261 2018] [proxy_http:error] [pid 12264:tid 14740] (OS 10053)An established connection was aborted by the software in your host machine.  : [client 190.145.134.217:51081] AH01102: error reading status line from remote server 172.22.1.31:80, referer: http://190.27.245.106/isolucionsda/FrameSetGeneral.asp?Pagina=SucursalSeleccion.asp&CargaPagina=ModuloProcesos&IdModulo=3
[Fri Jan 12 17:32:16.651261 2018] [proxy:error] [pid 12264:tid 14740] [client 190.145.134.217:51081] AH00898: Error reading from remote server returned by /isolucionsda/SucursalSeleccion.asp, referer: http://190.27.245.106/isolucionsda/FrameSetGeneral.asp?Pagina=SucursalSeleccion.asp&CargaPagina=ModuloProcesos&IdModulo=3
[Fri Jan 12 17:32:49.527141 2018] [proxy_http:error] [pid 12264:tid 17144] (OS 10053)An established connection was aborted by the software in your host machine.  : [client 190.145.134.217:51104] AH01102: error reading status line from remote server 172.22.1.31:80, referer: http://190.27.245.106/isolucionsda/FrameSetGeneral.asp?Pagina=SucursalSeleccion.asp&CargaPagina=ModuloProcesos&IdModulo=3
[Fri Jan 12 17:35:39.791880 2018] [proxy_http:error] [pid 12264:tid 16420] (OS 10053)An established connection was aborted by the software in your host machine.  : [client 190.145.134.217:51237] AH01102: error reading status line from remote server 172.22.1.31:80, referer: http://190.27.245.106/IsolucionSDA/FrameSetArticulo.asp?Pagina=/IsolucionSDA/BancoConocimiento/F/Flujogramadelprocedimiento126PM04-PR12_v6/Flujogramadelprocedimiento126PM04-PR12_v6.asp?IdArticulo=7385
[Fri Jan 12 17:35:39.791880 2018] [proxy:error] [pid 12264:tid 16420] [client 190.145.134.217:51237] AH00898: Error reading from remote server returned by /IsolucionSDA/BancoConocimiento/F/Flujogramadelprocedimiento126PM04-PR12_v6/Flujogramadelprocedimiento126PM04-PR12_v6.asp, referer: http://190.27.245.106/IsolucionSDA/FrameSetArticulo.asp?Pagina=/IsolucionSDA/BancoConocimiento/F/Flujogramadelprocedimiento126PM04-PR12_v6/Flujogramadelprocedimiento126PM04-PR12_v6.asp?IdArticulo=7385
[Fri Jan 12 17:39:05.504646 2018] [proxy_http:error] [pid 12264:tid 14560] (OS 10053)An established connection was aborted by the software in your host machine.  : [client 201.245.192.253:54253] AH01102: error reading status line from remote server 172.22.1.31:80, referer: http://190.27.245.106/isolucionsda/Encabezado.asp?Pagina1=FrameSetGeneral.asp&&Pagina=MagazinHome.asp
[Fri Jan 12 17:57:25.256548 2018] [mpm_winnt:warn] [pid 12264:tid 17580] (OS 64)The specified network name is no longer available.  : AH00341: winnt_accept: Asynchronous AcceptEx failed.
[Fri Jan 12 18:43:30.984739 2018] [proxy_http:error] [pid 12264:tid 17312] (OS 10053)An established connection was aborted by the software in your host machine.  : [client 201.245.192.253:56515] AH01102: error reading status line from remote server 172.22.1.31:80, referer: http://190.27.245.106/isolucionsda/FrameSetGeneral.asp?Pagina1=FrameSetGeneral.asp&
[Fri Jan 12 18:43:30.984739 2018] [proxy:error] [pid 12264:tid 17312] [client 201.245.192.253:56515] AH00898: Error reading from remote server returned by /isolucionsda/MagazinHome.asp, referer: http://190.27.245.106/isolucionsda/FrameSetGeneral.asp?Pagina1=FrameSetGeneral.asp&
[Fri Jan 12 19:17:12.985391 2018] [mpm_winnt:warn] [pid 12264:tid 17580] (OS 64)The specified network name is no longer available.  : AH00341: winnt_accept: Asynchronous AcceptEx failed.
[Fri Jan 12 19:22:30.464549 2018] [proxy_http:error] [pid 12264:tid 17192] (OS 10060)A connection attempt failed because the connected party did not properly respond after a period of time, or established connection failed because connected host has failed to respond.  : [client 181.57.242.248:25653] AH01095: prefetch request body failed to 172.22.1.61:8080 (172.22.1.61) from 181.57.242.248 (), referer: http://190.27.245.106/sipse/faces/faces/faces/autenticacion.xhtml
[Fri Jan 12 19:40:33.302484 2018] [proxy_http:error] [pid 12264:tid 16340] (OS 10054)An existing connection was forcibly closed by the remote host.  : [client 181.57.242.248:31065] AH01095: prefetch request body failed to 172.22.1.61:8080 (172.22.1.61) from 181.57.242.248 (), referer: http://190.27.245.106/sipse/faces/presentacion/financiero/solicitudProceso/consultarSolicitudProceso.xhtml
[Fri Jan 12 20:30:30.344905 2018] [proxy_http:error] [pid 12264:tid 14528] (OS 10053)An established connection was aborted by the software in your host machine.  : [client 190.27.157.120:20356] AH01102: error reading status line from remote server 172.22.1.31:80, referer: http://www.ambientebogota.gov.co/web/intranet/aplicaciones-para-acceder-fuera-de-la-sda
[Fri Jan 12 20:30:30.344905 2018] [proxy:error] [pid 12264:tid 14528] [client 190.27.157.120:20356] AH00898: Error reading from remote server returned by /isolucionsda/, referer: http://www.ambientebogota.gov.co/web/intranet/aplicaciones-para-acceder-fuera-de-la-sda
[Fri Jan 12 20:31:28.759246 2018] [proxy_http:error] [pid 12264:tid 16904] (OS 10054)An existing connection was forcibly closed by the remote host.  : [client 181.57.242.248:6506] AH01095: prefetch request body failed to 172.22.1.61:8080 (172.22.1.61) from 181.57.242.248 (), referer: http://190.27.245.106/sipse/faces/presentacion/sistema/anexos/cargarAnexoSolicitudProceso.xhtml
[Fri Jan 12 20:47:46.331160 2018] [proxy_http:error] [pid 12264:tid 14488] (OS 10053)An established connection was aborted by the software in your host machine.  : [client 190.24.98.177:50556] AH01102: error reading status line from remote server 172.22.1.31:80, referer: http://190.27.245.106/isolucionsda/IdentificaUsuario.asp?Pagina1=FrameSetGeneral.asp&
[Fri Jan 12 20:47:46.331160 2018] [proxy:error] [pid 12264:tid 14488] [client 190.24.98.177:50556] AH00898: Error reading from remote server returned by /isolucionsda/g/Img_LogoIsoCabezote.jpg, referer: http://190.27.245.106/isolucionsda/IdentificaUsuario.asp?Pagina1=FrameSetGeneral.asp&
[Fri Jan 12 20:48:11.635608 2018] [proxy_http:error] [pid 12264:tid 15576] (OS 10053)An established connection was aborted by the software in your host machine.  : [client 190.24.98.177:50559] AH01102: error reading status line from remote server 172.22.1.31:80, referer: http://190.27.245.106/isolucionsda/Encabezado.asp?Pagina1=FrameSetGeneral.asp&&Pagina=MagazinHome.asp
[Fri Jan 12 20:48:19.145037 2018] [proxy_http:error] [pid 12264:tid 15528] (OS 10053)An established connection was aborted by the software in your host machine.  : [client 190.24.98.177:50557] AH01102: error reading status line from remote server 172.22.1.31:80, referer: http://190.27.245.106/ISOlucionSDA/bancoconocimiento/m/mapadeprocesos__v4/mapadeprocesos__v4.asp
[Fri Jan 12 20:48:19.145037 2018] [proxy_http:error] [pid 12264:tid 14488] (OS 10053)An established connection was aborted by the software in your host machine.  : [client 190.24.98.177:50563] AH01102: error reading status line from remote server 172.22.1.31:80, referer: http://190.27.245.106/ISOlucionSDA/bancoconocimiento/m/mapadeprocesos__v4/mapadeprocesos__v4.asp
[Fri Jan 12 20:48:19.152038 2018] [proxy_http:error] [pid 12264:tid 15268] (OS 10053)An established connection was aborted by the software in your host machine.  : [client 190.24.98.177:50566] AH01102: error reading status line from remote server 172.22.1.31:80, referer: http://190.27.245.106/ISOlucionSDA/bancoconocimiento/m/mapadeprocesos__v4/mapadeprocesos__v4.asp
[Fri Jan 12 20:48:19.152038 2018] [proxy:error] [pid 12264:tid 15268] [client 190.24.98.177:50566] AH00898: Error reading from remote server returned by /ISOlucionSDA/g/Plantillas/ModeloMP2/img_interAzul_r1_c1.png, referer: http://190.27.245.106/ISOlucionSDA/bancoconocimiento/m/mapadeprocesos__v4/mapadeprocesos__v4.asp
[Fri Jan 12 20:48:19.155038 2018] [proxy_http:error] [pid 12264:tid 14324] (OS 10053)An established connection was aborted by the software in your host machine.  : [client 190.24.98.177:50561] AH01102: error reading status line from remote server 172.22.1.31:80, referer: http://190.27.245.106/ISOlucionSDA/bancoconocimiento/m/mapadeprocesos__v4/mapadeprocesos__v4.asp
[Fri Jan 12 21:15:20.412768 2018] [mpm_winnt:warn] [pid 12264:tid 17580] (OS 64)The specified network name is no longer available.  : AH00341: winnt_accept: Asynchronous AcceptEx failed.
[Fri Jan 12 21:59:12.217299 2018] [access_compat:error] [pid 12264:tid 15788] [client 80.82.70.33:47476] AH01797: client denied by server configuration: E:/nuevo/htdocs/phpMyAdmin
[Fri Jan 12 21:59:12.567319 2018] [access_compat:error] [pid 12264:tid 14672] [client 80.82.70.33:47970] AH01797: client denied by server configuration: E:/nuevo/phpMyAdmin/scripts
[Fri Jan 12 22:28:27.200678 2018] [mpm_winnt:warn] [pid 12264:tid 17580] (OS 64)The specified network name is no longer available.  : AH00341: winnt_accept: Asynchronous AcceptEx failed.
[Fri Jan 12 22:28:58.188451 2018] [mpm_winnt:warn] [pid 12264:tid 17580] (OS 64)The specified network name is no longer available.  : AH00341: winnt_accept: Asynchronous AcceptEx failed.
[Fri Jan 12 22:42:32.119005 2018] [mpm_winnt:warn] [pid 12264:tid 17580] (OS 64)The specified network name is no longer available.  : AH00341: winnt_accept: Asynchronous AcceptEx failed.
[Fri Jan 12 22:42:32.120005 2018] [mpm_winnt:warn] [pid 12264:tid 17580] (OS 64)The specified network name is no longer available.  : AH00341: winnt_accept: Asynchronous AcceptEx failed.

:: Command execute ::

Enter:
 
Select:
 

:: Search ::
regexp 

:: Upload ::
 
[ ok ]

:: Make Dir ::
 
[ ok ]
:: Make File ::
 
[ ok ]

:: Go Dir ::
 
:: Go File ::
 

--[ c99shell v. 1.0 pre-release build #13 powered by Captain Crunch Security Team | http://ccteam.ru | Generation time: 0.0312 ]--