!C99Shell v. 1.0 pre-release build #13!

Software: Apache. PHP/5.5.15 

uname -a: Windows NT SVR-DMZ 6.1 build 7600 (Windows Server 2008 R2 Enterprise Edition) i586 

SYSTEM 

Safe-mode: OFF (not secure)

E:\nuevo\apache\logs\   drwxrwxrwx
Free 9.41 GB of 239.26 GB (3.93%)
Detected drives: [ a ] [ c ] [ d ] [ e ] [ f ]
Home    Back    Forward    UPDIR    Refresh    Search    Buffer    Encoder    Tools    Proc.    FTP brute    Sec.    SQL    PHP-code    Update    Feedback    Self remove    Logout    


Viewing file:     error.2018.08.16.log (31.27 KB)      -rw-rw-rw-
Select action/file-type:
(+) | (+) | (+) | Code (+) | Session (+) | (+) | SDB (+) | (+) | (+) | (+) | (+) | (+) |
[Thu Aug 16 00:03:52.627611 2018] [mpm_winnt:warn] [pid 7568:tid 19540] (OS 64)The specified network name is no longer available.  : AH00341: winnt_accept: Asynchronous AcceptEx failed.
[Thu Aug 16 00:03:52.627611 2018] [mpm_winnt:warn] [pid 7568:tid 19540] (OS 64)The specified network name is no longer available.  : AH00341: winnt_accept: Asynchronous AcceptEx failed.
[Thu Aug 16 00:14:57.672379 2018] [mpm_winnt:warn] [pid 7568:tid 19540] (OS 64)The specified network name is no longer available.  : AH00341: winnt_accept: Asynchronous AcceptEx failed.
[Thu Aug 16 00:54:49.173180 2018] [mpm_winnt:warn] [pid 7568:tid 19540] (OS 64)The specified network name is no longer available.  : AH00341: winnt_accept: Asynchronous AcceptEx failed.
[Thu Aug 16 00:54:49.173180 2018] [mpm_winnt:warn] [pid 7568:tid 19540] (OS 64)The specified network name is no longer available.  : AH00341: winnt_accept: Asynchronous AcceptEx failed.
[Thu Aug 16 00:56:56.157403 2018] [mpm_winnt:warn] [pid 7568:tid 19540] (OS 64)The specified network name is no longer available.  : AH00341: winnt_accept: Asynchronous AcceptEx failed.
[Thu Aug 16 00:56:56.157403 2018] [mpm_winnt:warn] [pid 7568:tid 19540] (OS 64)The specified network name is no longer available.  : AH00341: winnt_accept: Asynchronous AcceptEx failed.
[Thu Aug 16 01:30:08.187302 2018] [proxy:error] [pid 7568:tid 18112] (OS 10060)A connection attempt failed because the connected party did not properly respond after a period of time, or established connection failed because connected host has failed to respond.  : AH00957: HTTP: attempt to connect to 172.22.1.51:8399 (172.22.1.51) failed
[Thu Aug 16 01:30:08.187302 2018] [proxy:error] [pid 7568:tid 18112] AH00959: ap_proxy_connect_backend disabling worker for (172.22.1.51) for 60s
[Thu Aug 16 01:30:08.187302 2018] [proxy_http:error] [pid 7568:tid 18112] [client 152.61.192.232:45572] AH01114: HTTP: failed to make connection to backend: 172.22.1.51
[Thu Aug 16 01:30:08.483702 2018] [proxy:error] [pid 7568:tid 18112] AH00940: HTTP: disabled connection for (172.22.1.51)
[Thu Aug 16 01:30:08.780103 2018] [proxy:error] [pid 7568:tid 18112] AH00940: HTTP: disabled connection for (172.22.1.51)
[Thu Aug 16 01:34:26.352155 2018] [mpm_winnt:warn] [pid 7568:tid 19540] (OS 64)The specified network name is no longer available.  : AH00341: winnt_accept: Asynchronous AcceptEx failed.
[Thu Aug 16 01:52:36.731670 2018] [proxy:error] [pid 7568:tid 17292] (OS 10060)A connection attempt failed because the connected party did not properly respond after a period of time, or established connection failed because connected host has failed to respond.  : AH00957: HTTP: attempt to connect to 172.22.1.51:8399 (172.22.1.51) failed
[Thu Aug 16 01:52:36.731670 2018] [proxy:error] [pid 7568:tid 17292] AH00959: ap_proxy_connect_backend disabling worker for (172.22.1.51) for 60s
[Thu Aug 16 01:52:36.731670 2018] [proxy_http:error] [pid 7568:tid 17292] [client 152.61.128.50:50438] AH01114: HTTP: failed to make connection to backend: 172.22.1.51
[Thu Aug 16 01:52:36.981271 2018] [proxy:error] [pid 7568:tid 17292] AH00940: HTTP: disabled connection for (172.22.1.51)
[Thu Aug 16 01:52:37.230871 2018] [proxy:error] [pid 7568:tid 17292] AH00940: HTTP: disabled connection for (172.22.1.51)
[Thu Aug 16 04:11:57.147155 2018] [mpm_winnt:warn] [pid 7568:tid 19540] (OS 64)The specified network name is no longer available.  : AH00341: winnt_accept: Asynchronous AcceptEx failed.
[Thu Aug 16 04:48:16.877583 2018] [core:error] [pid 7568:tid 18220] (20024)The given path is misformatted or contained invalid characters: [client 213.222.56.130:57794] AH00127: Cannot map GET /w00tw00t.at.blackhats.romanian.anti-sec:) HTTP/1.1 to file
[Thu Aug 16 04:48:17.314384 2018] [access_compat:error] [pid 7568:tid 17800] [client 213.222.56.130:58022] AH01797: client denied by server configuration: E:/nuevo/htdocs/phpMyAdmin
[Thu Aug 16 04:48:17.782385 2018] [access_compat:error] [pid 7568:tid 17952] [client 213.222.56.130:58275] AH01797: client denied by server configuration: E:/nuevo/phpMyAdmin/scripts
[Thu Aug 16 05:03:48.339619 2018] [negotiation:error] [pid 7568:tid 17292] [client 46.229.168.81:21534] AH00690: no acceptable variant: E:/nuevo/apache/error/HTTP_NOT_FOUND.html.var
[Thu Aug 16 06:10:58.170897 2018] [mpm_winnt:warn] [pid 7568:tid 19540] (OS 64)The specified network name is no longer available.  : AH00341: winnt_accept: Asynchronous AcceptEx failed.
[Thu Aug 16 06:10:58.170897 2018] [mpm_winnt:warn] [pid 7568:tid 19540] (OS 64)The specified network name is no longer available.  : AH00341: winnt_accept: Asynchronous AcceptEx failed.
[Thu Aug 16 06:42:44.697046 2018] [core:error] [pid 7568:tid 18148] [client 192.99.32.70:37252] AH00126: Invalid URI in request Connection: close
[Thu Aug 16 06:50:03.026616 2018] [negotiation:error] [pid 7568:tid 17812] [client 41.32.133.127:36136] AH00690: no acceptable variant: E:/nuevo/apache/error/HTTP_BAD_REQUEST.html.var
[Thu Aug 16 06:55:40.143208 2018] [negotiation:error] [pid 7568:tid 17920] [client 46.229.168.75:4176] AH00690: no acceptable variant: E:/nuevo/apache/error/HTTP_NOT_FOUND.html.var
[Thu Aug 16 07:45:59.545111 2018] [mpm_winnt:warn] [pid 7568:tid 19540] (OS 64)The specified network name is no longer available.  : AH00341: winnt_accept: Asynchronous AcceptEx failed.
[Thu Aug 16 07:49:24.451471 2018] [negotiation:error] [pid 7568:tid 18184] [client 122.147.29.144:45380] AH00690: no acceptable variant: E:/nuevo/apache/error/HTTP_BAD_REQUEST.html.var
[Thu Aug 16 08:20:15.332322 2018] [negotiation:error] [pid 7568:tid 18080] [client 46.229.168.74:43790] AH00690: no acceptable variant: E:/nuevo/apache/error/HTTP_NOT_FOUND.html.var
[Thu Aug 16 08:21:56.810500 2018] [proxy:error] [pid 7568:tid 17976] (OS 10060)A connection attempt failed because the connected party did not properly respond after a period of time, or established connection failed because connected host has failed to respond.  : AH00957: HTTP: attempt to connect to 172.22.1.31:80 (172.22.1.31) failed
[Thu Aug 16 08:21:56.810500 2018] [proxy:error] [pid 7568:tid 17976] AH00959: ap_proxy_connect_backend disabling worker for (172.22.1.31) for 60s
[Thu Aug 16 08:21:56.810500 2018] [proxy_http:error] [pid 7568:tid 17976] [client 201.245.192.253:61109] AH01114: HTTP: failed to make connection to backend: 172.22.1.31
[Thu Aug 16 09:09:32.458916 2018] [proxy:error] [pid 7568:tid 18180] (OS 10060)A connection attempt failed because the connected party did not properly respond after a period of time, or established connection failed because connected host has failed to respond.  : AH00957: HTTP: attempt to connect to 172.22.1.31:80 (172.22.1.31) failed
[Thu Aug 16 09:09:32.458916 2018] [proxy:error] [pid 7568:tid 18180] AH00959: ap_proxy_connect_backend disabling worker for (172.22.1.31) for 60s
[Thu Aug 16 09:09:32.458916 2018] [proxy_http:error] [pid 7568:tid 18180] [client 181.57.31.254:51931] AH01114: HTTP: failed to make connection to backend: 172.22.1.31
[Thu Aug 16 09:10:37.027429 2018] [mpm_winnt:warn] [pid 7568:tid 19540] (OS 64)The specified network name is no longer available.  : AH00341: winnt_accept: Asynchronous AcceptEx failed.
[Thu Aug 16 09:51:34.390546 2018] [mpm_winnt:warn] [pid 7568:tid 19540] (OS 64)The specified network name is no longer available.  : AH00341: winnt_accept: Asynchronous AcceptEx failed.
[Thu Aug 16 09:51:34.390546 2018] [mpm_winnt:warn] [pid 7568:tid 19540] (OS 64)The specified network name is no longer available.  : AH00341: winnt_accept: Asynchronous AcceptEx failed.
[Thu Aug 16 09:52:04.685799 2018] [mpm_winnt:warn] [pid 7568:tid 19540] (OS 64)The specified network name is no longer available.  : AH00341: winnt_accept: Asynchronous AcceptEx failed.
[Thu Aug 16 09:52:04.701399 2018] [mpm_winnt:warn] [pid 7568:tid 19540] (OS 64)The specified network name is no longer available.  : AH00341: winnt_accept: Asynchronous AcceptEx failed.
[Thu Aug 16 09:52:39.848260 2018] [mpm_winnt:warn] [pid 7568:tid 19540] (OS 64)The specified network name is no longer available.  : AH00341: winnt_accept: Asynchronous AcceptEx failed.
[Thu Aug 16 09:52:39.848260 2018] [mpm_winnt:warn] [pid 7568:tid 19540] (OS 64)The specified network name is no longer available.  : AH00341: winnt_accept: Asynchronous AcceptEx failed.
[Thu Aug 16 09:52:39.848260 2018] [mpm_winnt:warn] [pid 7568:tid 19540] (OS 64)The specified network name is no longer available.  : AH00341: winnt_accept: Asynchronous AcceptEx failed.
[Thu Aug 16 09:53:39.923966 2018] [mpm_winnt:warn] [pid 7568:tid 19540] (OS 64)The specified network name is no longer available.  : AH00341: winnt_accept: Asynchronous AcceptEx failed.
[Thu Aug 16 09:53:39.923966 2018] [mpm_winnt:warn] [pid 7568:tid 19540] (OS 64)The specified network name is no longer available.  : AH00341: winnt_accept: Asynchronous AcceptEx failed.
[Thu Aug 16 09:53:40.001966 2018] [mpm_winnt:warn] [pid 7568:tid 19540] (OS 64)The specified network name is no longer available.  : AH00341: winnt_accept: Asynchronous AcceptEx failed.
[Thu Aug 16 09:53:40.001966 2018] [mpm_winnt:warn] [pid 7568:tid 19540] (OS 64)The specified network name is no longer available.  : AH00341: winnt_accept: Asynchronous AcceptEx failed.
[Thu Aug 16 09:53:40.001966 2018] [mpm_winnt:warn] [pid 7568:tid 19540] (OS 64)The specified network name is no longer available.  : AH00341: winnt_accept: Asynchronous AcceptEx failed.
[Thu Aug 16 09:53:40.017566 2018] [mpm_winnt:warn] [pid 7568:tid 19540] (OS 64)The specified network name is no longer available.  : AH00341: winnt_accept: Asynchronous AcceptEx failed.
[Thu Aug 16 09:53:40.017566 2018] [mpm_winnt:warn] [pid 7568:tid 19540] (OS 64)The specified network name is no longer available.  : AH00341: winnt_accept: Asynchronous AcceptEx failed.
[Thu Aug 16 09:53:40.017566 2018] [mpm_winnt:warn] [pid 7568:tid 19540] (OS 64)The specified network name is no longer available.  : AH00341: winnt_accept: Asynchronous AcceptEx failed.
[Thu Aug 16 09:53:40.017566 2018] [mpm_winnt:warn] [pid 7568:tid 19540] (OS 64)The specified network name is no longer available.  : AH00341: winnt_accept: Asynchronous AcceptEx failed.
[Thu Aug 16 09:53:40.017566 2018] [mpm_winnt:warn] [pid 7568:tid 19540] (OS 64)The specified network name is no longer available.  : AH00341: winnt_accept: Asynchronous AcceptEx failed.
[Thu Aug 16 09:53:40.017566 2018] [mpm_winnt:warn] [pid 7568:tid 19540] (OS 64)The specified network name is no longer available.  : AH00341: winnt_accept: Asynchronous AcceptEx failed.
[Thu Aug 16 10:43:56.954665 2018] [mpm_winnt:warn] [pid 7568:tid 19540] (OS 64)The specified network name is no longer available.  : AH00341: winnt_accept: Asynchronous AcceptEx failed.
[Thu Aug 16 10:53:41.628092 2018] [mpm_winnt:warn] [pid 7568:tid 19540] (OS 64)The specified network name is no longer available.  : AH00341: winnt_accept: Asynchronous AcceptEx failed.
[Thu Aug 16 10:53:41.628092 2018] [mpm_winnt:warn] [pid 7568:tid 19540] (OS 64)The specified network name is no longer available.  : AH00341: winnt_accept: Asynchronous AcceptEx failed.
[Thu Aug 16 10:53:41.628092 2018] [mpm_winnt:warn] [pid 7568:tid 19540] (OS 64)The specified network name is no longer available.  : AH00341: winnt_accept: Asynchronous AcceptEx failed.
[Thu Aug 16 10:53:41.628092 2018] [mpm_winnt:warn] [pid 7568:tid 19540] (OS 64)The specified network name is no longer available.  : AH00341: winnt_accept: Asynchronous AcceptEx failed.
[Thu Aug 16 10:53:41.628092 2018] [mpm_winnt:warn] [pid 7568:tid 19540] (OS 64)The specified network name is no longer available.  : AH00341: winnt_accept: Asynchronous AcceptEx failed.
[Thu Aug 16 10:53:41.628092 2018] [mpm_winnt:warn] [pid 7568:tid 19540] (OS 64)The specified network name is no longer available.  : AH00341: winnt_accept: Asynchronous AcceptEx failed.
[Thu Aug 16 11:12:09.417238 2018] [proxy:error] [pid 7568:tid 18036] (OS 10060)A connection attempt failed because the connected party did not properly respond after a period of time, or established connection failed because connected host has failed to respond.  : AH00957: HTTP: attempt to connect to 172.22.1.31:80 (172.22.1.31) failed
[Thu Aug 16 11:12:09.417238 2018] [proxy:error] [pid 7568:tid 18036] AH00959: ap_proxy_connect_backend disabling worker for (172.22.1.31) for 60s
[Thu Aug 16 11:12:09.417238 2018] [proxy_http:error] [pid 7568:tid 18036] [client 201.245.192.253:58525] AH01114: HTTP: failed to make connection to backend: 172.22.1.31
[Thu Aug 16 11:28:21.033744 2018] [mpm_winnt:warn] [pid 7568:tid 19540] (OS 64)The specified network name is no longer available.  : AH00341: winnt_accept: Asynchronous AcceptEx failed.
[Thu Aug 16 11:28:21.033744 2018] [mpm_winnt:warn] [pid 7568:tid 19540] (OS 64)The specified network name is no longer available.  : AH00341: winnt_accept: Asynchronous AcceptEx failed.
[Thu Aug 16 11:35:56.836345 2018] [negotiation:error] [pid 7568:tid 17608] [client 156.218.168.148:59872] AH00690: no acceptable variant: E:/nuevo/apache/error/HTTP_BAD_REQUEST.html.var
[Thu Aug 16 11:43:13.278312 2018] [proxy:error] [pid 7568:tid 17976] (OS 10060)A connection attempt failed because the connected party did not properly respond after a period of time, or established connection failed because connected host has failed to respond.  : AH00957: HTTP: attempt to connect to 172.22.1.31:80 (172.22.1.31) failed
[Thu Aug 16 11:43:13.278312 2018] [proxy:error] [pid 7568:tid 17976] AH00959: ap_proxy_connect_backend disabling worker for (172.22.1.31) for 60s
[Thu Aug 16 11:43:13.278312 2018] [proxy_http:error] [pid 7568:tid 17976] [client 220.181.125.82:39842] AH01114: HTTP: failed to make connection to backend: 172.22.1.31
[Thu Aug 16 11:50:17.240256 2018] [mpm_winnt:warn] [pid 7568:tid 19540] (OS 64)The specified network name is no longer available.  : AH00341: winnt_accept: Asynchronous AcceptEx failed.
[Thu Aug 16 11:50:17.240256 2018] [mpm_winnt:warn] [pid 7568:tid 19540] (OS 64)The specified network name is no longer available.  : AH00341: winnt_accept: Asynchronous AcceptEx failed.
[Thu Aug 16 11:50:17.240256 2018] [mpm_winnt:warn] [pid 7568:tid 19540] (OS 64)The specified network name is no longer available.  : AH00341: winnt_accept: Asynchronous AcceptEx failed.
[Thu Aug 16 11:51:29.281183 2018] [proxy:error] [pid 7568:tid 17792] (OS 10060)A connection attempt failed because the connected party did not properly respond after a period of time, or established connection failed because connected host has failed to respond.  : AH00957: HTTP: attempt to connect to 172.22.1.31:80 (172.22.1.31) failed
[Thu Aug 16 11:51:29.281183 2018] [proxy:error] [pid 7568:tid 17792] AH00959: ap_proxy_connect_backend disabling worker for (172.22.1.31) for 60s
[Thu Aug 16 11:51:29.281183 2018] [proxy_http:error] [pid 7568:tid 17792] [client 191.102.118.226:36286] AH01114: HTTP: failed to make connection to backend: 172.22.1.31
[Thu Aug 16 12:01:29.039836 2018] [negotiation:error] [pid 7568:tid 17800] [client 46.229.168.71:23962] AH00690: no acceptable variant: E:/nuevo/apache/error/HTTP_NOT_FOUND.html.var
[Thu Aug 16 12:06:02.773517 2018] [mpm_winnt:warn] [pid 7568:tid 19540] (OS 64)The specified network name is no longer available.  : AH00341: winnt_accept: Asynchronous AcceptEx failed.
[Thu Aug 16 12:06:02.773517 2018] [mpm_winnt:warn] [pid 7568:tid 19540] (OS 64)The specified network name is no longer available.  : AH00341: winnt_accept: Asynchronous AcceptEx failed.
[Thu Aug 16 12:06:02.773517 2018] [mpm_winnt:warn] [pid 7568:tid 19540] (OS 64)The specified network name is no longer available.  : AH00341: winnt_accept: Asynchronous AcceptEx failed.
[Thu Aug 16 12:06:02.773517 2018] [mpm_winnt:warn] [pid 7568:tid 19540] (OS 64)The specified network name is no longer available.  : AH00341: winnt_accept: Asynchronous AcceptEx failed.
[Thu Aug 16 12:06:02.773517 2018] [mpm_winnt:warn] [pid 7568:tid 19540] (OS 64)The specified network name is no longer available.  : AH00341: winnt_accept: Asynchronous AcceptEx failed.
[Thu Aug 16 12:06:02.773517 2018] [mpm_winnt:warn] [pid 7568:tid 19540] (OS 64)The specified network name is no longer available.  : AH00341: winnt_accept: Asynchronous AcceptEx failed.
[Thu Aug 16 12:06:02.773517 2018] [mpm_winnt:warn] [pid 7568:tid 19540] (OS 64)The specified network name is no longer available.  : AH00341: winnt_accept: Asynchronous AcceptEx failed.
[Thu Aug 16 12:06:02.773517 2018] [mpm_winnt:warn] [pid 7568:tid 19540] (OS 64)The specified network name is no longer available.  : AH00341: winnt_accept: Asynchronous AcceptEx failed.
[Thu Aug 16 12:06:02.773517 2018] [mpm_winnt:warn] [pid 7568:tid 19540] (OS 64)The specified network name is no longer available.  : AH00341: winnt_accept: Asynchronous AcceptEx failed.
[Thu Aug 16 12:06:02.773517 2018] [mpm_winnt:warn] [pid 7568:tid 19540] (OS 64)The specified network name is no longer available.  : AH00341: winnt_accept: Asynchronous AcceptEx failed.
[Thu Aug 16 12:06:02.773517 2018] [mpm_winnt:warn] [pid 7568:tid 19540] (OS 64)The specified network name is no longer available.  : AH00341: winnt_accept: Asynchronous AcceptEx failed.
[Thu Aug 16 12:06:02.773517 2018] [mpm_winnt:warn] [pid 7568:tid 19540] (OS 64)The specified network name is no longer available.  : AH00341: winnt_accept: Asynchronous AcceptEx failed.
[Thu Aug 16 12:06:02.773517 2018] [mpm_winnt:warn] [pid 7568:tid 19540] (OS 64)The specified network name is no longer available.  : AH00341: winnt_accept: Asynchronous AcceptEx failed.
[Thu Aug 16 12:06:02.773517 2018] [mpm_winnt:warn] [pid 7568:tid 19540] (OS 64)The specified network name is no longer available.  : AH00341: winnt_accept: Asynchronous AcceptEx failed.
[Thu Aug 16 12:06:02.773517 2018] [mpm_winnt:warn] [pid 7568:tid 19540] (OS 64)The specified network name is no longer available.  : AH00341: winnt_accept: Asynchronous AcceptEx failed.
[Thu Aug 16 12:06:02.773517 2018] [mpm_winnt:warn] [pid 7568:tid 19540] (OS 64)The specified network name is no longer available.  : AH00341: winnt_accept: Asynchronous AcceptEx failed.
[Thu Aug 16 12:06:02.773517 2018] [mpm_winnt:warn] [pid 7568:tid 19540] (OS 64)The specified network name is no longer available.  : AH00341: winnt_accept: Asynchronous AcceptEx failed.
[Thu Aug 16 12:06:02.773517 2018] [mpm_winnt:warn] [pid 7568:tid 19540] (OS 64)The specified network name is no longer available.  : AH00341: winnt_accept: Asynchronous AcceptEx failed.
[Thu Aug 16 12:06:02.773517 2018] [mpm_winnt:warn] [pid 7568:tid 19540] (OS 64)The specified network name is no longer available.  : AH00341: winnt_accept: Asynchronous AcceptEx failed.
[Thu Aug 16 12:06:02.773517 2018] [mpm_winnt:warn] [pid 7568:tid 19540] (OS 64)The specified network name is no longer available.  : AH00341: winnt_accept: Asynchronous AcceptEx failed.
[Thu Aug 16 12:06:02.773517 2018] [mpm_winnt:warn] [pid 7568:tid 19540] (OS 64)The specified network name is no longer available.  : AH00341: winnt_accept: Asynchronous AcceptEx failed.
[Thu Aug 16 12:06:02.773517 2018] [mpm_winnt:warn] [pid 7568:tid 19540] (OS 64)The specified network name is no longer available.  : AH00341: winnt_accept: Asynchronous AcceptEx failed.
[Thu Aug 16 12:06:02.773517 2018] [mpm_winnt:warn] [pid 7568:tid 19540] (OS 64)The specified network name is no longer available.  : AH00341: winnt_accept: Asynchronous AcceptEx failed.
[Thu Aug 16 12:06:02.773517 2018] [mpm_winnt:warn] [pid 7568:tid 19540] (OS 64)The specified network name is no longer available.  : AH00341: winnt_accept: Asynchronous AcceptEx failed.
[Thu Aug 16 12:09:49.176715 2018] [mpm_winnt:warn] [pid 7568:tid 19540] (OS 64)The specified network name is no longer available.  : AH00341: winnt_accept: Asynchronous AcceptEx failed.
[Thu Aug 16 12:10:15.759161 2018] [ssl:error] [pid 7568:tid 17416] AH02032: Hostname 190.27.245.106:443 provided via SNI and hostname www.dama.gov.co provided via HTTP are different
[Thu Aug 16 12:13:02.726255 2018] [proxy_http:error] [pid 7568:tid 18316] (20014)Internal error: [client 201.245.192.253:49846] AH01102: error reading status line from remote server 172.22.1.61:8080, referer: http://190.27.245.106/sipse/faces/faces/autenticacion.xhtml
[Thu Aug 16 12:13:03.771456 2018] [proxy:error] [pid 7568:tid 18032] (OS 10061)No connection could be made because the target machine actively refused it.  : AH00957: HTTP: attempt to connect to 172.22.1.61:8080 (172.22.1.61) failed
[Thu Aug 16 12:13:03.771456 2018] [proxy:error] [pid 7568:tid 18032] AH00959: ap_proxy_connect_backend disabling worker for (172.22.1.61) for 60s
[Thu Aug 16 12:13:03.771456 2018] [proxy_http:error] [pid 7568:tid 18032] [client 201.245.192.253:49844] AH01114: HTTP: failed to make connection to backend: 172.22.1.61, referer: http://190.27.245.106/sipse/faces/faces/autenticacion.xhtml
[Thu Aug 16 12:13:06.844662 2018] [proxy:error] [pid 7568:tid 17772] AH00940: HTTP: disabled connection for (172.22.1.61)
[Thu Aug 16 12:13:25.252694 2018] [proxy:error] [pid 7568:tid 18256] AH00940: HTTP: disabled connection for (172.22.1.61)
[Thu Aug 16 12:13:27.327498 2018] [proxy:error] [pid 7568:tid 17976] AH00940: HTTP: disabled connection for (172.22.1.61)
[Thu Aug 16 12:13:28.232299 2018] [proxy:error] [pid 7568:tid 18276] AH00940: HTTP: disabled connection for (172.22.1.61)
[Thu Aug 16 12:13:28.247899 2018] [proxy:error] [pid 7568:tid 17772] AH00940: HTTP: disabled connection for (172.22.1.61)
[Thu Aug 16 12:24:58.595912 2018] [proxy:error] [pid 7568:tid 18284] (OS 10060)A connection attempt failed because the connected party did not properly respond after a period of time, or established connection failed because connected host has failed to respond.  : AH00957: HTTP: attempt to connect to 172.22.1.31:80 (172.22.1.31) failed
[Thu Aug 16 12:24:58.595912 2018] [proxy:error] [pid 7568:tid 18284] AH00959: ap_proxy_connect_backend disabling worker for (172.22.1.31) for 60s
[Thu Aug 16 12:24:58.595912 2018] [proxy_http:error] [pid 7568:tid 18284] [client 194.187.170.123:10694] AH01114: HTTP: failed to make connection to backend: 172.22.1.31
[Thu Aug 16 12:31:22.746587 2018] [proxy:error] [pid 7568:tid 17792] (OS 10060)A connection attempt failed because the connected party did not properly respond after a period of time, or established connection failed because connected host has failed to respond.  : AH00957: HTTP: attempt to connect to 172.22.1.31:80 (172.22.1.31) failed
[Thu Aug 16 12:31:22.746587 2018] [proxy:error] [pid 7568:tid 17792] AH00959: ap_proxy_connect_backend disabling worker for (172.22.1.31) for 60s
[Thu Aug 16 12:31:22.746587 2018] [proxy_http:error] [pid 7568:tid 17792] [client 209.87.212.113:60482] AH01114: HTTP: failed to make connection to backend: 172.22.1.31
[Thu Aug 16 12:31:24.290989 2018] [proxy:error] [pid 7568:tid 18264] (OS 10060)A connection attempt failed because the connected party did not properly respond after a period of time, or established connection failed because connected host has failed to respond.  : AH00957: HTTP: attempt to connect to 172.22.1.31:80 (172.22.1.31) failed
[Thu Aug 16 12:31:24.290989 2018] [proxy_http:error] [pid 7568:tid 18264] [client 209.87.212.113:60484] AH01114: HTTP: failed to make connection to backend: 172.22.1.31
[Thu Aug 16 12:31:25.835392 2018] [proxy:error] [pid 7568:tid 17808] (OS 10060)A connection attempt failed because the connected party did not properly respond after a period of time, or established connection failed because connected host has failed to respond.  : AH00957: HTTP: attempt to connect to 172.22.1.31:80 (172.22.1.31) failed
[Thu Aug 16 12:31:25.835392 2018] [proxy_http:error] [pid 7568:tid 17808] [client 209.87.212.113:60486] AH01114: HTTP: failed to make connection to backend: 172.22.1.31
[Thu Aug 16 12:31:27.395395 2018] [proxy:error] [pid 7568:tid 18180] (OS 10060)A connection attempt failed because the connected party did not properly respond after a period of time, or established connection failed because connected host has failed to respond.  : AH00957: HTTP: attempt to connect to 172.22.1.31:80 (172.22.1.31) failed
[Thu Aug 16 12:31:27.395395 2018] [proxy_http:error] [pid 7568:tid 18180] [client 209.87.212.113:60488] AH01114: HTTP: failed to make connection to backend: 172.22.1.31
[Thu Aug 16 12:31:28.924198 2018] [proxy:error] [pid 7568:tid 17608] (OS 10060)A connection attempt failed because the connected party did not properly respond after a period of time, or established connection failed because connected host has failed to respond.  : AH00957: HTTP: attempt to connect to 172.22.1.31:80 (172.22.1.31) failed
[Thu Aug 16 12:31:28.924198 2018] [proxy_http:error] [pid 7568:tid 17608] [client 209.87.212.113:60492] AH01114: HTTP: failed to make connection to backend: 172.22.1.31
[Thu Aug 16 12:31:30.780601 2018] [proxy:error] [pid 7568:tid 17940] (OS 10060)A connection attempt failed because the connected party did not properly respond after a period of time, or established connection failed because connected host has failed to respond.  : AH00957: HTTP: attempt to connect to 172.22.1.31:80 (172.22.1.31) failed
[Thu Aug 16 12:31:30.780601 2018] [proxy_http:error] [pid 7568:tid 17940] [client 209.87.212.113:60494] AH01114: HTTP: failed to make connection to backend: 172.22.1.31
[Thu Aug 16 12:43:31.361466 2018] [mpm_winnt:warn] [pid 7568:tid 19540] (OS 64)The specified network name is no longer available.  : AH00341: winnt_accept: Asynchronous AcceptEx failed.
[Thu Aug 16 12:55:16.904906 2018] [mpm_winnt:warn] [pid 7568:tid 19540] (OS 64)The specified network name is no longer available.  : AH00341: winnt_accept: Asynchronous AcceptEx failed.
[Thu Aug 16 13:51:53.514472 2018] [negotiation:error] [pid 7568:tid 18236] [client 46.229.168.73:65532] AH00690: no acceptable variant: E:/nuevo/apache/error/HTTP_NOT_FOUND.html.var
[Thu Aug 16 15:16:33.679994 2018] [mpm_winnt:warn] [pid 7568:tid 19540] (OS 64)The specified network name is no longer available.  : AH00341: winnt_accept: Asynchronous AcceptEx failed.
[Thu Aug 16 15:37:38.172415 2018] [negotiation:error] [pid 7568:tid 17552] [client 181.56.167.116:46434] AH00690: no acceptable variant: E:/nuevo/apache/error/HTTP_BAD_REQUEST.html.var
[Thu Aug 16 15:42:50.406964 2018] [mpm_winnt:warn] [pid 7568:tid 19540] (OS 64)The specified network name is no longer available.  : AH00341: winnt_accept: Asynchronous AcceptEx failed.
[Thu Aug 16 15:52:48.496414 2018] [negotiation:error] [pid 7568:tid 17724] [client 46.229.168.83:23542] AH00690: no acceptable variant: E:/nuevo/apache/error/HTTP_NOT_FOUND.html.var
[Thu Aug 16 16:13:12.958165 2018] [mpm_winnt:warn] [pid 7568:tid 19540] (OS 64)The specified network name is no longer available.  : AH00341: winnt_accept: Asynchronous AcceptEx failed.
[Thu Aug 16 16:13:50.008230 2018] [ssl:error] [pid 7568:tid 18180] AH02032: Hostname 190.27.245.106:443 provided via SNI and hostname static-190-27-245-106.static.etb.net.co provided via HTTP are different
[Thu Aug 16 16:14:19.975883 2018] [mpm_winnt:warn] [pid 7568:tid 19540] (OS 64)The specified network name is no longer available.  : AH00341: winnt_accept: Asynchronous AcceptEx failed.
[Thu Aug 16 16:14:19.975883 2018] [mpm_winnt:warn] [pid 7568:tid 19540] (OS 64)The specified network name is no longer available.  : AH00341: winnt_accept: Asynchronous AcceptEx failed.
[Thu Aug 16 16:21:29.382237 2018] [core:error] [pid 7568:tid 18144] (20024)The given path is misformatted or contained invalid characters: [client 157.55.39.253:17880] AH00127: Cannot map GET /www.ambientebogota.gov.co:81/ HTTP/1.1 to file
[Thu Aug 16 16:36:40.002636 2018] [mpm_winnt:warn] [pid 7568:tid 19540] (OS 64)The specified network name is no longer available.  : AH00341: winnt_accept: Asynchronous AcceptEx failed.
[Thu Aug 16 17:44:35.167594 2018] [proxy:error] [pid 7568:tid 17840] (OS 10060)A connection attempt failed because the connected party did not properly respond after a period of time, or established connection failed because connected host has failed to respond.  : AH00957: HTTP: attempt to connect to 172.22.1.31:80 (172.22.1.31) failed
[Thu Aug 16 17:44:35.167594 2018] [proxy:error] [pid 7568:tid 17840] AH00959: ap_proxy_connect_backend disabling worker for (172.22.1.31) for 60s
[Thu Aug 16 17:44:35.167594 2018] [proxy_http:error] [pid 7568:tid 17840] [client 181.57.248.148:43843] AH01114: HTTP: failed to make connection to backend: 172.22.1.31
[Thu Aug 16 17:44:39.785202 2018] [proxy:error] [pid 7568:tid 17332] (OS 10060)A connection attempt failed because the connected party did not properly respond after a period of time, or established connection failed because connected host has failed to respond.  : AH00957: HTTP: attempt to connect to 172.22.1.31:80 (172.22.1.31) failed
[Thu Aug 16 17:44:39.785202 2018] [proxy_http:error] [pid 7568:tid 17332] [client 181.57.248.148:11206] AH01114: HTTP: failed to make connection to backend: 172.22.1.31
[Thu Aug 16 17:55:04.722300 2018] [cgi:error] [pid 7568:tid 18204] (OS 10060)A connection attempt failed because the connected party did not properly respond after a period of time, or established connection failed because connected host has failed to respond.  : [client 192.168.171.14:52743] AH01224: Timeout during reading request entity data, referer: http://172.22.2.2/BLA/boletinlegal/ADMIN/actos/ingresar.php
[Thu Aug 16 17:55:29.417143 2018] [cgi:error] [pid 7568:tid 17404] (OS 10060)A connection attempt failed because the connected party did not properly respond after a period of time, or established connection failed because connected host has failed to respond.  : [client 192.168.171.14:52747] AH01224: Timeout during reading request entity data, referer: http://172.22.2.2/BLA/boletinlegal/ADMIN/actos/ingresar.php
[Thu Aug 16 17:55:49.431978 2018] [cgi:error] [pid 7568:tid 17592] (OS 10060)A connection attempt failed because the connected party did not properly respond after a period of time, or established connection failed because connected host has failed to respond.  : [client 192.168.171.14:52750] AH01224: Timeout during reading request entity data, referer: http://172.22.2.2/BLA/boletinlegal/ADMIN/actos/ingresar.php
[Thu Aug 16 17:59:46.068794 2018] [mpm_winnt:warn] [pid 7568:tid 19540] (OS 64)The specified network name is no longer available.  : AH00341: winnt_accept: Asynchronous AcceptEx failed.
[Thu Aug 16 18:01:04.412132 2018] [mpm_winnt:warn] [pid 7568:tid 19540] (OS 64)The specified network name is no longer available.  : AH00341: winnt_accept: Asynchronous AcceptEx failed.
[Thu Aug 16 18:48:01.356879 2018] [mpm_winnt:warn] [pid 7568:tid 19540] (OS 64)The specified network name is no longer available.  : AH00341: winnt_accept: Asynchronous AcceptEx failed.
[Thu Aug 16 19:16:54.956724 2018] [negotiation:error] [pid 7568:tid 18212] [client 46.229.168.68:53304] AH00690: no acceptable variant: E:/nuevo/apache/error/HTTP_NOT_FOUND.html.var
[Thu Aug 16 21:51:32.575820 2018] [mpm_winnt:warn] [pid 7568:tid 19540] (OS 64)The specified network name is no longer available.  : AH00341: winnt_accept: Asynchronous AcceptEx failed.
[Thu Aug 16 21:51:32.575820 2018] [mpm_winnt:warn] [pid 7568:tid 19540] (OS 64)The specified network name is no longer available.  : AH00341: winnt_accept: Asynchronous AcceptEx failed.
[Thu Aug 16 22:29:15.454394 2018] [mpm_winnt:warn] [pid 7568:tid 19540] (OS 64)The specified network name is no longer available.  : AH00341: winnt_accept: Asynchronous AcceptEx failed.
[Thu Aug 16 22:34:45.784974 2018] [mpm_winnt:warn] [pid 7568:tid 19540] (OS 64)The specified network name is no longer available.  : AH00341: winnt_accept: Asynchronous AcceptEx failed.
[Thu Aug 16 22:34:45.784974 2018] [mpm_winnt:warn] [pid 7568:tid 19540] (OS 64)The specified network name is no longer available.  : AH00341: winnt_accept: Asynchronous AcceptEx failed.

:: Command execute ::

Enter:
 
Select:
 

:: Search ::
regexp 

:: Upload ::
 
[ ok ]

:: Make Dir ::
 
[ ok ]
:: Make File ::
 
[ ok ]

:: Go Dir ::
 
:: Go File ::
 

--[ c99shell v. 1.0 pre-release build #13 powered by Captain Crunch Security Team | http://ccteam.ru | Generation time: 0.0312 ]--