!C99Shell v. 1.0 pre-release build #13!

Software: Apache. PHP/5.5.15 

uname -a: Windows NT SVR-DMZ 6.1 build 7600 (Windows Server 2008 R2 Enterprise Edition) i586 

SYSTEM 

Safe-mode: OFF (not secure)

E:\nuevo\apache\logs\   drwxrwxrwx
Free 9.41 GB of 239.26 GB (3.93%)
Detected drives: [ a ] [ c ] [ d ] [ e ] [ f ]
Home    Back    Forward    UPDIR    Refresh    Search    Buffer    Encoder    Tools    Proc.    FTP brute    Sec.    SQL    PHP-code    Update    Feedback    Self remove    Logout    


Viewing file:     error.2019.02.03.log (85.14 KB)      -rw-rw-rw-
Select action/file-type:
(+) | (+) | (+) | Code (+) | Session (+) | (+) | SDB (+) | (+) | (+) | (+) | (+) | (+) |
[Sun Feb 03 00:21:34.297120 2019] [mpm_winnt:warn] [pid 5376:tid 19504] (OS 64)The specified network name is no longer available.  : AH00341: winnt_accept: Asynchronous AcceptEx failed.
[Sun Feb 03 02:00:00.264694 2019] [proxy:error] [pid 5376:tid 13504] (OS 10060)A connection attempt failed because the connected party did not properly respond after a period of time, or established connection failed because connected host has failed to respond.  : AH00957: HTTP: attempt to connect to 172.22.1.51:8399 (172.22.1.51) failed
[Sun Feb 03 02:00:00.264694 2019] [proxy:error] [pid 5376:tid 13504] AH00959: ap_proxy_connect_backend disabling worker for (172.22.1.51) for 60s
[Sun Feb 03 02:00:00.264694 2019] [proxy_http:error] [pid 5376:tid 13504] [client 152.61.128.50:59990] AH01114: HTTP: failed to make connection to backend: 172.22.1.51
[Sun Feb 03 02:00:00.514294 2019] [proxy:error] [pid 5376:tid 13504] AH00940: HTTP: disabled connection for (172.22.1.51)
[Sun Feb 03 02:00:00.779494 2019] [proxy:error] [pid 5376:tid 13504] AH00940: HTTP: disabled connection for (172.22.1.51)
[Sun Feb 03 02:35:34.098841 2019] [access_compat:error] [pid 5376:tid 14748] [client 94.102.49.125:40700] AH01797: client denied by server configuration: E:/nuevo/phpMyAdmin/scripts
[Sun Feb 03 02:35:34.473242 2019] [access_compat:error] [pid 5376:tid 16648] [client 94.102.49.125:41382] AH01797: client denied by server configuration: E:/nuevo/htdocs/phpMyAdmin
[Sun Feb 03 02:35:35.222043 2019] [access_compat:error] [pid 5376:tid 14492] [client 94.102.49.125:42354] AH01797: client denied by server configuration: E:/nuevo/htdocs/phpmyadmin2
[Sun Feb 03 02:35:35.612044 2019] [access_compat:error] [pid 5376:tid 15432] [client 94.102.49.125:43096] AH01797: client denied by server configuration: E:/nuevo/htdocs/phpmyadmin3
[Sun Feb 03 02:35:35.986445 2019] [access_compat:error] [pid 5376:tid 16760] [client 94.102.49.125:43526] AH01797: client denied by server configuration: E:/nuevo/htdocs/phpmyadmin4
[Sun Feb 03 02:35:36.360845 2019] [access_compat:error] [pid 5376:tid 6636] [client 94.102.49.125:44210] AH01797: client denied by server configuration: E:/nuevo/htdocs/phpmyadmin5
[Sun Feb 03 02:35:36.750846 2019] [access_compat:error] [pid 5376:tid 14748] [client 94.102.49.125:44622] AH01797: client denied by server configuration: E:/nuevo/htdocs/phpmyadmin6
[Sun Feb 03 02:35:37.125247 2019] [access_compat:error] [pid 5376:tid 16648] [client 94.102.49.125:45162] AH01797: client denied by server configuration: E:/nuevo/htdocs/phpmyadmin7
[Sun Feb 03 02:35:39.028450 2019] [access_compat:error] [pid 5376:tid 6636] [client 94.102.49.125:47872] AH01797: client denied by server configuration: E:/nuevo/htdocs/phpMyAdmin-2.10.0.0
[Sun Feb 03 02:35:39.434051 2019] [access_compat:error] [pid 5376:tid 14748] [client 94.102.49.125:48640] AH01797: client denied by server configuration: E:/nuevo/htdocs/phpMyAdmin-2.11.11
[Sun Feb 03 02:35:39.808451 2019] [access_compat:error] [pid 5376:tid 16648] [client 94.102.49.125:49100] AH01797: client denied by server configuration: E:/nuevo/htdocs/phpMyAdmin-2.11.11.3
[Sun Feb 03 02:35:40.182852 2019] [access_compat:error] [pid 5376:tid 5368] [client 94.102.49.125:49598] AH01797: client denied by server configuration: E:/nuevo/htdocs/phpMyAdmin-3.0.0.0-all-languages
[Sun Feb 03 02:35:42.507256 2019] [access_compat:error] [pid 5376:tid 16648] [client 94.102.49.125:52978] AH01797: client denied by server configuration: E:/nuevo/phpMyAdmin/scripts
[Sun Feb 03 02:35:42.912857 2019] [access_compat:error] [pid 5376:tid 5368] [client 94.102.49.125:53494] AH01797: client denied by server configuration: E:/nuevo/htdocs/phpMyAdmin
[Sun Feb 03 03:21:34.804490 2019] [proxy:error] [pid 5376:tid 15084] (OS 10060)A connection attempt failed because the connected party did not properly respond after a period of time, or established connection failed because connected host has failed to respond.  : AH00957: HTTP: attempt to connect to 172.22.1.51:8399 (172.22.1.51) failed
[Sun Feb 03 03:21:34.804490 2019] [proxy:error] [pid 5376:tid 15084] AH00959: ap_proxy_connect_backend disabling worker for (172.22.1.51) for 60s
[Sun Feb 03 03:21:34.804490 2019] [proxy_http:error] [pid 5376:tid 15084] [client 152.61.192.232:60264] AH01114: HTTP: failed to make connection to backend: 172.22.1.51
[Sun Feb 03 03:21:35.116491 2019] [proxy:error] [pid 5376:tid 15084] AH00940: HTTP: disabled connection for (172.22.1.51)
[Sun Feb 03 03:21:35.459691 2019] [proxy:error] [pid 5376:tid 15084] AH00940: HTTP: disabled connection for (172.22.1.51)
[Sun Feb 03 03:21:45.350109 2019] [mpm_winnt:warn] [pid 5376:tid 19504] (OS 64)The specified network name is no longer available.  : AH00341: winnt_accept: Asynchronous AcceptEx failed.
[Sun Feb 03 03:35:32.697562 2019] [proxy:error] [pid 5376:tid 15084] (OS 10060)A connection attempt failed because the connected party did not properly respond after a period of time, or established connection failed because connected host has failed to respond.  : AH00957: HTTP: attempt to connect to 172.22.1.31:80 (172.22.1.31) failed
[Sun Feb 03 03:35:32.697562 2019] [proxy:error] [pid 5376:tid 15084] AH00959: ap_proxy_connect_backend disabling worker for (172.22.1.31) for 60s
[Sun Feb 03 03:35:32.697562 2019] [proxy_http:error] [pid 5376:tid 15084] [client 207.46.13.144:2311] AH01114: HTTP: failed to make connection to backend: 172.22.1.31
[Sun Feb 03 04:42:43.885042 2019] [mpm_winnt:warn] [pid 5376:tid 19504] (OS 64)The specified network name is no longer available.  : AH00341: winnt_accept: Asynchronous AcceptEx failed.
[Sun Feb 03 05:15:23.076884 2019] [proxy:error] [pid 5376:tid 15432] (OS 10060)A connection attempt failed because the connected party did not properly respond after a period of time, or established connection failed because connected host has failed to respond.  : AH00957: HTTP: attempt to connect to 172.22.1.31:80 (172.22.1.31) failed
[Sun Feb 03 05:15:23.076884 2019] [proxy:error] [pid 5376:tid 15432] AH00959: ap_proxy_connect_backend disabling worker for (172.22.1.31) for 60s
[Sun Feb 03 05:15:23.076884 2019] [proxy_http:error] [pid 5376:tid 15432] [client 157.55.39.206:16603] AH01114: HTTP: failed to make connection to backend: 172.22.1.31
[Sun Feb 03 05:23:40.624157 2019] [mpm_winnt:warn] [pid 5376:tid 19504] (OS 64)The specified network name is no longer available.  : AH00341: winnt_accept: Asynchronous AcceptEx failed.
[Sun Feb 03 05:43:32.481851 2019] [mpm_winnt:warn] [pid 5376:tid 19504] (OS 64)The specified network name is no longer available.  : AH00341: winnt_accept: Asynchronous AcceptEx failed.
[Sun Feb 03 06:31:20.515688 2019] [mpm_winnt:warn] [pid 5376:tid 19504] (OS 64)The specified network name is no longer available.  : AH00341: winnt_accept: Asynchronous AcceptEx failed.
[Sun Feb 03 06:47:00.432939 2019] [mpm_winnt:warn] [pid 5376:tid 19504] (OS 64)The specified network name is no longer available.  : AH00341: winnt_accept: Asynchronous AcceptEx failed.
[Sun Feb 03 08:52:14.872538 2019] [proxy:error] [pid 5376:tid 8356] (OS 10060)A connection attempt failed because the connected party did not properly respond after a period of time, or established connection failed because connected host has failed to respond.  : AH00957: HTTP: attempt to connect to 172.22.1.31:80 (172.22.1.31) failed
[Sun Feb 03 08:52:14.872538 2019] [proxy:error] [pid 5376:tid 8356] AH00959: ap_proxy_connect_backend disabling worker for (172.22.1.31) for 60s
[Sun Feb 03 08:52:14.872538 2019] [proxy_http:error] [pid 5376:tid 8356] [client 190.156.45.53:53730] AH01114: HTTP: failed to make connection to backend: 172.22.1.31
[Sun Feb 03 09:00:49.751442 2019] [proxy:error] [pid 5376:tid 15076] (OS 10060)A connection attempt failed because the connected party did not properly respond after a period of time, or established connection failed because connected host has failed to respond.  : AH00957: HTTP: attempt to connect to 172.22.1.31:80 (172.22.1.31) failed
[Sun Feb 03 09:00:49.751442 2019] [proxy:error] [pid 5376:tid 15076] AH00959: ap_proxy_connect_backend disabling worker for (172.22.1.31) for 60s
[Sun Feb 03 09:00:49.751442 2019] [proxy_http:error] [pid 5376:tid 15076] [client 161.18.55.6:50330] AH01114: HTTP: failed to make connection to backend: 172.22.1.31
[Sun Feb 03 09:10:08.107623 2019] [mpm_winnt:warn] [pid 5376:tid 19504] (OS 64)The specified network name is no longer available.  : AH00341: winnt_accept: Asynchronous AcceptEx failed.
[Sun Feb 03 09:38:11.974580 2019] [access_compat:error] [pid 5376:tid 13036] [client 154.91.201.201:5277] AH01797: client denied by server configuration: E:/nuevo/phpMyAdmin/index.php
[Sun Feb 03 10:32:54.220345 2019] [proxy:error] [pid 5376:tid 15244] (OS 10060)A connection attempt failed because the connected party did not properly respond after a period of time, or established connection failed because connected host has failed to respond.  : AH00957: HTTP: attempt to connect to 172.22.1.31:80 (172.22.1.31) failed
[Sun Feb 03 10:32:54.220345 2019] [proxy:error] [pid 5376:tid 15244] AH00959: ap_proxy_connect_backend disabling worker for (172.22.1.31) for 60s
[Sun Feb 03 10:32:54.220345 2019] [proxy_http:error] [pid 5376:tid 15244] [client 40.77.167.164:6297] AH01114: HTTP: failed to make connection to backend: 172.22.1.31
[Sun Feb 03 11:01:48.631391 2019] [access_compat:error] [pid 5376:tid 17464] [client 168.128.148.202:53438] AH01797: client denied by server configuration: E:/nuevo/phpMyAdmin/scripts
[Sun Feb 03 11:01:49.426993 2019] [access_compat:error] [pid 5376:tid 17464] [client 168.128.148.202:53591] AH01797: client denied by server configuration: E:/nuevo/htdocs/phpMyAdmin
[Sun Feb 03 11:01:50.394195 2019] [access_compat:error] [pid 5376:tid 15432] [client 168.128.148.202:53800] AH01797: client denied by server configuration: E:/nuevo/phpMyAdmin/scripts
[Sun Feb 03 11:01:52.640598 2019] [access_compat:error] [pid 5376:tid 15432] [client 168.128.148.202:54240] AH01797: client denied by server configuration: E:/nuevo/htdocs/phpMyAdmin
[Sun Feb 03 11:03:44.633195 2019] [access_compat:error] [pid 5376:tid 8524] [client 168.128.148.202:58415] AH01797: client denied by server configuration: E:/nuevo/htdocs/phpMyAdmin
[Sun Feb 03 11:04:20.560058 2019] [access_compat:error] [pid 5376:tid 15420] [client 168.128.148.202:65397] AH01797: client denied by server configuration: E:/nuevo/htdocs/phpmyadmin0
[Sun Feb 03 11:04:21.340060 2019] [access_compat:error] [pid 5376:tid 15420] [client 168.128.148.202:49453] AH01797: client denied by server configuration: E:/nuevo/htdocs/phpmyadmin1
[Sun Feb 03 11:04:22.463262 2019] [access_compat:error] [pid 5376:tid 15420] [client 168.128.148.202:49696] AH01797: client denied by server configuration: E:/nuevo/htdocs/phpmyadmin2
[Sun Feb 03 11:04:24.631665 2019] [access_compat:error] [pid 5376:tid 15420] [client 168.128.148.202:50192] AH01797: client denied by server configuration: E:/nuevo/htdocs/phpMyAdmin-4.4.0
[Sun Feb 03 11:04:28.906073 2019] [access_compat:error] [pid 5376:tid 13984] [client 168.128.148.202:51083] AH01797: client denied by server configuration: E:/nuevo/htdocs/xampp/phpmyadmin
[Sun Feb 03 11:04:29.701674 2019] [access_compat:error] [pid 5376:tid 13984] [client 168.128.148.202:51413] AH01797: client denied by server configuration: E:/nuevo/htdocs/phpMyadmin_bak
[Sun Feb 03 11:04:32.572079 2019] [access_compat:error] [pid 5376:tid 13984] [client 168.128.148.202:52089] AH01797: client denied by server configuration: E:/nuevo/htdocs/phpmyadmin-old
[Sun Feb 03 11:04:33.445681 2019] [access_compat:error] [pid 5376:tid 13984] [client 168.128.148.202:52326] AH01797: client denied by server configuration: E:/nuevo/htdocs/phpMyAdminold
[Sun Feb 03 11:04:34.537683 2019] [access_compat:error] [pid 5376:tid 13984] [client 168.128.148.202:52564] AH01797: client denied by server configuration: E:/nuevo/htdocs/phpMyAdmin.old
[Sun Feb 03 11:04:41.526495 2019] [access_compat:error] [pid 5376:tid 13984] [client 168.128.148.202:54250] AH01797: client denied by server configuration: E:/nuevo/phpMyAdmin/phpmyadmin
[Sun Feb 03 11:04:42.275296 2019] [access_compat:error] [pid 5376:tid 15244] [client 168.128.148.202:54478] AH01797: client denied by server configuration: E:/nuevo/htdocs/phpMyAdmin
[Sun Feb 03 11:04:44.849301 2019] [access_compat:error] [pid 5376:tid 10024] [client 168.128.148.202:55018] AH01797: client denied by server configuration: E:/nuevo/htdocs/phpMyAdmin__
[Sun Feb 03 11:04:45.660502 2019] [access_compat:error] [pid 5376:tid 10024] [client 168.128.148.202:55368] AH01797: client denied by server configuration: E:/nuevo/htdocs/phpMyAdmin+++---
[Sun Feb 03 11:04:54.380918 2019] [access_compat:error] [pid 5376:tid 15420] [client 168.128.148.202:58041] AH01797: client denied by server configuration: E:/nuevo/htdocs/phpMyAdmin1
[Sun Feb 03 11:04:55.223319 2019] [access_compat:error] [pid 5376:tid 15572] [client 168.128.148.202:58419] AH01797: client denied by server configuration: E:/nuevo/htdocs/phpMyAdmin123
[Sun Feb 03 11:27:49.726133 2019] [mpm_winnt:warn] [pid 5376:tid 19504] (OS 64)The specified network name is no longer available.  : AH00341: winnt_accept: Asynchronous AcceptEx failed.
[Sun Feb 03 11:28:00.770953 2019] [mpm_winnt:warn] [pid 5376:tid 19504] (OS 64)The specified network name is no longer available.  : AH00341: winnt_accept: Asynchronous AcceptEx failed.
[Sun Feb 03 11:28:01.270154 2019] [mpm_winnt:warn] [pid 5376:tid 19504] (OS 64)The specified network name is no longer available.  : AH00341: winnt_accept: Asynchronous AcceptEx failed.
[Sun Feb 03 11:28:02.783356 2019] [mpm_winnt:warn] [pid 5376:tid 19504] (OS 64)The specified network name is no longer available.  : AH00341: winnt_accept: Asynchronous AcceptEx failed.
[Sun Feb 03 11:28:05.279361 2019] [mpm_winnt:warn] [pid 5376:tid 19504] (OS 64)The specified network name is no longer available.  : AH00341: winnt_accept: Asynchronous AcceptEx failed.
[Sun Feb 03 11:28:05.794162 2019] [mpm_winnt:warn] [pid 5376:tid 19504] (OS 64)The specified network name is no longer available.  : AH00341: winnt_accept: Asynchronous AcceptEx failed.
[Sun Feb 03 11:28:17.166582 2019] [mpm_winnt:warn] [pid 5376:tid 19504] (OS 64)The specified network name is no longer available.  : AH00341: winnt_accept: Asynchronous AcceptEx failed.
[Sun Feb 03 11:28:18.679784 2019] [mpm_winnt:warn] [pid 5376:tid 19504] (OS 64)The specified network name is no longer available.  : AH00341: winnt_accept: Asynchronous AcceptEx failed.
[Sun Feb 03 11:28:20.676588 2019] [mpm_winnt:warn] [pid 5376:tid 19504] (OS 64)The specified network name is no longer available.  : AH00341: winnt_accept: Asynchronous AcceptEx failed.
[Sun Feb 03 11:28:21.674989 2019] [mpm_winnt:warn] [pid 5376:tid 19504] (OS 64)The specified network name is no longer available.  : AH00341: winnt_accept: Asynchronous AcceptEx failed.
[Sun Feb 03 11:28:34.498212 2019] [mpm_winnt:warn] [pid 5376:tid 19504] (OS 64)The specified network name is no longer available.  : AH00341: winnt_accept: Asynchronous AcceptEx failed.
[Sun Feb 03 11:28:34.513812 2019] [mpm_winnt:warn] [pid 5376:tid 19504] (OS 64)The specified network name is no longer available.  : AH00341: winnt_accept: Asynchronous AcceptEx failed.
[Sun Feb 03 11:29:00.628258 2019] [mpm_winnt:warn] [pid 5376:tid 19504] (OS 64)The specified network name is no longer available.  : AH00341: winnt_accept: Asynchronous AcceptEx failed.
[Sun Feb 03 11:29:12.453079 2019] [mpm_winnt:warn] [pid 5376:tid 19504] (OS 64)The specified network name is no longer available.  : AH00341: winnt_accept: Asynchronous AcceptEx failed.
[Sun Feb 03 11:29:12.468679 2019] [mpm_winnt:warn] [pid 5376:tid 19504] (OS 64)The specified network name is no longer available.  : AH00341: winnt_accept: Asynchronous AcceptEx failed.
[Sun Feb 03 11:30:17.239992 2019] [mpm_winnt:warn] [pid 5376:tid 19504] (OS 64)The specified network name is no longer available.  : AH00341: winnt_accept: Asynchronous AcceptEx failed.
[Sun Feb 03 11:30:18.269594 2019] [mpm_winnt:warn] [pid 5376:tid 19504] (OS 64)The specified network name is no longer available.  : AH00341: winnt_accept: Asynchronous AcceptEx failed.
[Sun Feb 03 11:32:49.324660 2019] [core:error] [pid 5376:tid 17092] [client 172.22.2.1:51469] AH00126: Invalid URI in request GNUTELLA CONNECT/0.6
[Sun Feb 03 11:32:49.449460 2019] [core:error] [pid 5376:tid 17092] [client 172.22.2.1:51472] AH00126: Invalid URI in request GNUTELLA CONNECT/0.4
[Sun Feb 03 11:32:49.745860 2019] [core:error] [pid 5376:tid 17092] [client 172.22.2.1:51476] AH00126: Invalid URI in request GNUTELLA CONNECT/0.6
[Sun Feb 03 11:32:49.948661 2019] [core:error] [pid 5376:tid 16648] (20025)The given path contained wildcard characters: [client 172.22.2.1:51482] AH00036: access to * failed (filesystem path 'E:/nuevo/htdocs/*')
[Sun Feb 03 11:32:49.964261 2019] [core:error] [pid 5376:tid 17092] [client 172.22.2.1:51480] AH00126: Invalid URI in request GNUTELLA CONNECT/0.4
[Sun Feb 03 11:32:50.229461 2019] [core:error] [pid 5376:tid 17092] (20025)The given path contained wildcard characters: [client 172.22.2.1:51484] AH00036: access to * failed (filesystem path 'E:/nuevo/htdocs/*')
[Sun Feb 03 11:32:56.063871 2019] [core:error] [pid 5376:tid 12136] [client 172.22.2.1:51553] AH00135: Invalid method in request JFWWTD / HTTP/1.1
[Sun Feb 03 11:32:57.873475 2019] [core:error] [pid 5376:tid 16648] [client 172.22.2.1:51584] AH00126: Invalid URI in request some invalid request
[Sun Feb 03 11:32:58.310275 2019] [core:error] [pid 5376:tid 12744] [client 172.22.2.1:51590] AH00126: Invalid URI in request some invalid request
[Sun Feb 03 11:33:02.444283 2019] [core:error] [pid 5376:tid 12744] [client 172.22.2.1:51609] AH00135: Invalid method in request WPYDFK / HTTP/1.1
[Sun Feb 03 11:33:10.774697 2019] [cgi:error] [pid 5376:tid 6636] [client 172.22.2.1:51665] script not found or unable to stat: E:/nuevo/htdocs/B3xE05ZiSCXw.cgi
[Sun Feb 03 11:33:12.007099 2019] [cgi:error] [pid 5376:tid 6636] [client 172.22.2.1:51665] script not found or unable to stat: E:/nuevo/htdocs/B3xE05ZiSCXw.pl
[Sun Feb 03 11:33:14.690304 2019] [cgi:error] [pid 5376:tid 6636] [client 172.22.2.1:51665] script not found or unable to stat: E:/nuevo/htdocs/B3xE05ZiSCXw.asp
[Sun Feb 03 11:33:17.233109 2019] [cgi:error] [pid 5376:tid 6636] [client 172.22.2.1:51665] script not found or unable to stat: E:/nuevo/cgi-bin/B3xE05ZiSCXw.html
[Sun Feb 03 11:33:17.794710 2019] [cgi:error] [pid 5376:tid 6636] [client 172.22.2.1:51665] script not found or unable to stat: E:/nuevo/cgi-bin/B3xE05ZiSCXw.cgi
[Sun Feb 03 11:33:19.183112 2019] [cgi:error] [pid 5376:tid 6636] [client 172.22.2.1:51665] script not found or unable to stat: E:/nuevo/cgi-bin/B3xE05ZiSCXw.sh
[Sun Feb 03 11:33:20.306314 2019] [cgi:error] [pid 5376:tid 6636] [client 172.22.2.1:51665] script not found or unable to stat: E:/nuevo/cgi-bin/B3xE05ZiSCXw.pl
[Sun Feb 03 11:33:21.148715 2019] [cgi:error] [pid 5376:tid 6636] [client 172.22.2.1:51665] script not found or unable to stat: E:/nuevo/cgi-bin/B3xE05ZiSCXw.inc
[Sun Feb 03 11:33:22.396718 2019] [cgi:error] [pid 5376:tid 6636] [client 172.22.2.1:51665] script not found or unable to stat: E:/nuevo/cgi-bin/B3xE05ZiSCXw.shtml
[Sun Feb 03 11:33:23.036319 2019] [cgi:error] [pid 5376:tid 6636] [client 172.22.2.1:51665] script not found or unable to stat: E:/nuevo/cgi-bin/B3xE05ZiSCXw.asp
[Sun Feb 03 11:33:24.050321 2019] [cgi:error] [pid 5376:tid 6636] [client 172.22.2.1:51665] script not found or unable to stat: E:/nuevo/cgi-bin/B3xE05ZiSCXw.php
[Sun Feb 03 11:33:25.345123 2019] [cgi:error] [pid 5376:tid 6636] [client 172.22.2.1:51665] script not found or unable to stat: E:/nuevo/cgi-bin/B3xE05ZiSCXw.php3
[Sun Feb 03 11:33:26.296725 2019] [cgi:error] [pid 5376:tid 6636] [client 172.22.2.1:51665] script not found or unable to stat: E:/nuevo/cgi-bin/B3xE05ZiSCXw.cfm
[Sun Feb 03 11:33:34.751939 2019] [cgi:error] [pid 5376:tid 6636] [client 172.22.2.1:51672] script not found or unable to stat: E:/nuevo/htdocs/B3xE05ZiSCXw.cgi
[Sun Feb 03 11:33:38.667546 2019] [cgi:error] [pid 5376:tid 6636] [client 172.22.2.1:51672] script not found or unable to stat: E:/nuevo/htdocs/B3xE05ZiSCXw.pl
[Sun Feb 03 11:33:40.539550 2019] [cgi:error] [pid 5376:tid 6636] [client 172.22.2.1:51672] script not found or unable to stat: E:/nuevo/htdocs/B3xE05ZiSCXw.asp
[Sun Feb 03 11:33:45.968359 2019] [cgi:error] [pid 5376:tid 6636] [client 172.22.2.1:51672] script not found or unable to stat: E:/nuevo/cgi-bin/B3xE05ZiSCXw.html
[Sun Feb 03 11:33:46.561160 2019] [cgi:error] [pid 5376:tid 6636] [client 172.22.2.1:51672] script not found or unable to stat: E:/nuevo/cgi-bin/B3xE05ZiSCXw.cgi
[Sun Feb 03 11:33:46.904361 2019] [cgi:error] [pid 5376:tid 6636] [client 172.22.2.1:51672] script not found or unable to stat: E:/nuevo/cgi-bin/B3xE05ZiSCXw.sh
[Sun Feb 03 11:33:47.278761 2019] [cgi:error] [pid 5376:tid 6636] [client 172.22.2.1:51672] script not found or unable to stat: E:/nuevo/cgi-bin/B3xE05ZiSCXw.pl
[Sun Feb 03 11:33:47.824762 2019] [cgi:error] [pid 5376:tid 6636] [client 172.22.2.1:51672] script not found or unable to stat: E:/nuevo/cgi-bin/B3xE05ZiSCXw.inc
[Sun Feb 03 11:33:48.682764 2019] [cgi:error] [pid 5376:tid 6636] [client 172.22.2.1:51672] script not found or unable to stat: E:/nuevo/cgi-bin/B3xE05ZiSCXw.shtml
[Sun Feb 03 11:33:49.384765 2019] [cgi:error] [pid 5376:tid 6636] [client 172.22.2.1:51672] script not found or unable to stat: E:/nuevo/cgi-bin/B3xE05ZiSCXw.asp
[Sun Feb 03 11:33:49.883966 2019] [cgi:error] [pid 5376:tid 6636] [client 172.22.2.1:51672] script not found or unable to stat: E:/nuevo/cgi-bin/B3xE05ZiSCXw.php
[Sun Feb 03 11:33:55.593576 2019] [core:error] [pid 5376:tid 15340] [client 172.22.2.1:51682] AH00126: Invalid URI in request t3 12.2.1
[Sun Feb 03 11:34:17.823615 2019] [core:error] [pid 5376:tid 13512] [client 172.22.2.1:51689] AH00126: Invalid URI in request t3s 12.2.1
[Sun Feb 03 11:34:18.822017 2019] [cgi:error] [pid 5376:tid 10192] [client 172.22.2.1:51692] script not found or unable to stat: E:/nuevo/cgi-bin/B3xE05ZiSCXw.php3
[Sun Feb 03 11:34:32.721641 2019] [cgi:error] [pid 5376:tid 10192] [client 172.22.2.1:51692] script not found or unable to stat: E:/nuevo/cgi-bin/B3xE05ZiSCXw.cfm
[Sun Feb 03 11:36:39.596664 2019] [mpm_winnt:warn] [pid 5376:tid 19504] (OS 64)The specified network name is no longer available.  : AH00341: winnt_accept: Asynchronous AcceptEx failed.
[Sun Feb 03 11:38:16.956435 2019] [core:error] [pid 5376:tid 14984] [client 172.22.2.1:51973] AH00126: Invalid URI in request GET /../../../../../../../../../../../../windows/win.ini HTTP/1.1
[Sun Feb 03 11:38:18.142037 2019] [core:error] [pid 5376:tid 14984] [client 172.22.2.1:51977] AH00126: Invalid URI in request GET /../../../../../../../../../../../../winnt/win.ini HTTP/1.1
[Sun Feb 03 11:38:18.532038 2019] [core:error] [pid 5376:tid 14984] [client 172.22.2.1:51980] AH00126: Invalid URI in request GET ../../../../../../../../../../../../windows/win.ini HTTP/1.1
[Sun Feb 03 11:38:18.781638 2019] [core:error] [pid 5376:tid 14984] [client 172.22.2.1:51982] AH00126: Invalid URI in request GET ../../../../../../../../../../../../winnt/win.ini HTTP/1.1
[Sun Feb 03 11:38:19.390039 2019] [core:error] [pid 5376:tid 14984] [client 172.22.2.1:51984] AH00126: Invalid URI in request GET ..\\..\\..\\..\\..\\..\\..\\..\\..\\..\\windows\\win.ini HTTP/1.1
[Sun Feb 03 11:38:19.889240 2019] [cgi:error] [pid 5376:tid 14732] [client 172.22.2.1:51986] script not found or unable to stat: E:/nuevo/htdocs/2iqapm7e.asp
[Sun Feb 03 11:38:19.920440 2019] [core:error] [pid 5376:tid 14984] [client 172.22.2.1:51987] AH00126: Invalid URI in request GET ..\\..\\..\\..\\..\\..\\..\\..\\..\\..\\winnt\\win.ini HTTP/1.1
[Sun Feb 03 11:38:20.107641 2019] [core:error] [pid 5376:tid 14984] [client 172.22.2.1:51988] AH00126: Invalid URI in request GET /..\\..\\..\\..\\..\\..\\..\\..\\..\\..\\windows\\win.ini HTTP/1.1
[Sun Feb 03 11:38:21.246443 2019] [core:error] [pid 5376:tid 14984] [client 172.22.2.1:51990] AH00126: Invalid URI in request GET /..\\..\\..\\..\\..\\..\\..\\..\\..\\..\\winnt\\win.ini HTTP/1.1
[Sun Feb 03 11:38:23.352446 2019] [cgi:error] [pid 5376:tid 14732] [client 172.22.2.1:51986] script not found or unable to stat: E:/nuevo/htdocs/2iqapm7e.asp
[Sun Feb 03 11:38:25.864051 2019] [core:error] [pid 5376:tid 6636] (20024)The given path is misformatted or contained invalid characters: [client 172.22.2.1:52003] AH00127: Cannot map GET /.|./.|./.|./.|./.|./.|./.|./.|./.|./.|./.|./windows/win.ini HTTP/1.1 to file
[Sun Feb 03 11:38:26.425652 2019] [core:error] [pid 5376:tid 6636] (20024)The given path is misformatted or contained invalid characters: [client 172.22.2.1:52003] AH00127: Cannot map GET /.|./.|./.|./.|./.|./.|./.|./.|./.|./.|./.|./winnt/win.ini HTTP/1.1 to file
[Sun Feb 03 11:38:26.909253 2019] [core:error] [pid 5376:tid 6636] [client 172.22.2.1:52003] AH00126: Invalid URI in request GET /%2e%2e/%2e%2e/%2e%2e/%2e%2e/%2e%2e/%2e%2e/%2e%2e/%2e%2e/%2e%2e/%2e%2e/%2e%2e/windows/win.ini HTTP/1.1
[Sun Feb 03 11:38:27.190053 2019] [cgi:error] [pid 5376:tid 14732] [client 172.22.2.1:51986] script not found or unable to stat: E:/nuevo/htdocs/2iqapm7e.pl
[Sun Feb 03 11:38:27.190053 2019] [core:error] [pid 5376:tid 6636] [client 172.22.2.1:52008] AH00126: Invalid URI in request GET /%2e%2e/%2e%2e/%2e%2e/%2e%2e/%2e%2e/%2e%2e/%2e%2e/%2e%2e/%2e%2e/%2e%2e/%2e%2e/winnt/win.ini HTTP/1.1
[Sun Feb 03 11:38:27.689254 2019] [core:error] [pid 5376:tid 6636] [client 172.22.2.1:52012] AH00126: Invalid URI in request GET /%2e%2e\\%2e%2e\\%2e%2e\\%2e%2e\\%2e%2e\\%2e%2e\\%2e%2e\\%2e%2e\\%2e%2e\\%2e%2e\\windows\\win.ini HTTP/1.1
[Sun Feb 03 11:38:27.736054 2019] [core:error] [pid 5376:tid 17100] [client 172.22.2.1:52014] AH00126: Invalid URI in request GET /%2e%2e\\%2e%2e\\%2e%2e\\%2e%2e\\%2e%2e\\%2e%2e\\%2e%2e\\%2e%2e\\%2e%2e\\%2e%2e\\winnt\\win.ini HTTP/1.1
[Sun Feb 03 11:38:28.001254 2019] [cgi:error] [pid 5376:tid 14732] [client 172.22.2.1:51986] script not found or unable to stat: E:/nuevo/htdocs/2iqapm7e.pl
[Sun Feb 03 11:38:28.250855 2019] [core:error] [pid 5376:tid 17100] (20024)The given path is misformatted or contained invalid characters: [client 172.22.2.1:52019] AH00127: Cannot map GET /.../.../.../.../.../.../.../.../.../windows/win.ini HTTP/1.1 to file
[Sun Feb 03 11:38:28.297655 2019] [cgi:error] [pid 5376:tid 14732] [client 172.22.2.1:51986] script not found or unable to stat: E:/nuevo/htdocs/2iqapm7e.cgi
[Sun Feb 03 11:38:28.500455 2019] [core:error] [pid 5376:tid 17100] (20024)The given path is misformatted or contained invalid characters: [client 172.22.2.1:52019] AH00127: Cannot map GET /.../.../.../.../.../.../.../.../.../winnt/win.ini HTTP/1.1 to file
[Sun Feb 03 11:38:28.500455 2019] [cgi:error] [pid 5376:tid 14732] [client 172.22.2.1:51986] script not found or unable to stat: E:/nuevo/htdocs/2iqapm7e.cgi
[Sun Feb 03 11:38:29.155656 2019] [core:error] [pid 5376:tid 17100] (20024)The given path is misformatted or contained invalid characters: [client 172.22.2.1:52019] AH00127: Cannot map GET /...\\...\\...\\...\\...\\...\\...\\...\\...\\windows\\win.ini HTTP/1.1 to file
[Sun Feb 03 11:38:29.311657 2019] [core:error] [pid 5376:tid 17100] (20024)The given path is misformatted or contained invalid characters: [client 172.22.2.1:52019] AH00127: Cannot map GET /...\\...\\...\\...\\...\\...\\...\\...\\...\\winnt\\win.ini HTTP/1.1 to file
[Sun Feb 03 11:38:29.670457 2019] [core:error] [pid 5376:tid 17100] (20024)The given path is misformatted or contained invalid characters: [client 172.22.2.1:52019] AH00127: Cannot map GET /..../..../..../..../..../..../..../..../..../windows/win.ini HTTP/1.1 to file
[Sun Feb 03 11:38:30.060458 2019] [core:error] [pid 5376:tid 17100] (20024)The given path is misformatted or contained invalid characters: [client 172.22.2.1:52019] AH00127: Cannot map GET /..../..../..../..../..../..../..../..../..../winnt/win.ini HTTP/1.1 to file
[Sun Feb 03 11:38:30.824859 2019] [core:error] [pid 5376:tid 17100] (20024)The given path is misformatted or contained invalid characters: [client 172.22.2.1:52019] AH00127: Cannot map GET /....\\....\\....\\....\\....\\....\\....\\....\\....\\windows\\win.ini HTTP/1.1 to file
[Sun Feb 03 11:38:30.949660 2019] [core:error] [pid 5376:tid 17100] (20024)The given path is misformatted or contained invalid characters: [client 172.22.2.1:52019] AH00127: Cannot map GET /....\\....\\....\\....\\....\\....\\....\\....\\....\\winnt\\win.ini HTTP/1.1 to file
[Sun Feb 03 11:38:31.043260 2019] [core:error] [pid 5376:tid 17100] [client 172.22.2.1:52019] AH00126: Invalid URI in request GET /././././././../../../../../windows/win.ini HTTP/1.1
[Sun Feb 03 11:38:31.729661 2019] [core:error] [pid 5376:tid 17100] [client 172.22.2.1:52043] AH00126: Invalid URI in request GET /././././././../../../../../winnt/win.ini HTTP/1.1
[Sun Feb 03 11:38:31.932461 2019] [core:error] [pid 5376:tid 14984] [client 172.22.2.1:52047] AH00126: Invalid URI in request GET /nessus\\..\\..\\..\\..\\..\\..\\windows\\win.ini HTTP/1.1
[Sun Feb 03 11:38:31.994861 2019] [core:error] [pid 5376:tid 14984] [client 172.22.2.1:52048] AH00126: Invalid URI in request GET /nessus\\..\\..\\..\\..\\..\\..\\winnt\\win.ini HTTP/1.1
[Sun Feb 03 11:38:32.088462 2019] [core:error] [pid 5376:tid 14984] (22)Invalid argument: [client 172.22.2.1:52049] AH00127: Cannot map GET /%80../%80../%80../%80../%80../%80../windows/win.ini HTTP/1.1 to file
[Sun Feb 03 11:38:32.478462 2019] [core:error] [pid 5376:tid 14984] (22)Invalid argument: [client 172.22.2.1:52049] AH00127: Cannot map GET /%80../%80../%80../%80../%80../%80../winnt/win.ini HTTP/1.1 to file
[Sun Feb 03 11:38:32.525262 2019] [core:error] [pid 5376:tid 14984] (22)Invalid argument: [client 172.22.2.1:52049] AH00127: Cannot map GET /%c0.%c0./%c0.%c0./%c0.%c0./%c0.%c0./%c0.%c0./windows/win.ini HTTP/1.1 to file
[Sun Feb 03 11:38:32.665663 2019] [core:error] [pid 5376:tid 14984] (22)Invalid argument: [client 172.22.2.1:52049] AH00127: Cannot map GET /%c0.%c0./%c0.%c0./%c0.%c0./%c0.%c0./%c0.%c0./winnt/win.ini HTTP/1.1 to file
[Sun Feb 03 11:38:32.946463 2019] [core:error] [pid 5376:tid 14984] (22)Invalid argument: [client 172.22.2.1:52049] AH00127: Cannot map GET /%c0%2e%c0%2e/%c0%2e%c0%2e/%c0%2e%c0%2e/%c0%2e%c0%2e/windows/win.ini HTTP/1.1 to file
[Sun Feb 03 11:38:32.962063 2019] [authz_core:error] [pid 5376:tid 17100] [client 172.22.2.1:52058] AH01630: client denied by server configuration: E:/nuevo/htdocs/.htaccess.old
[Sun Feb 03 11:38:33.008863 2019] [core:error] [pid 5376:tid 14984] (22)Invalid argument: [client 172.22.2.1:52049] AH00127: Cannot map GET /%c0%2e%c0%2e/%c0%2e%c0%2e/%c0%2e%c0%2e/%c0%2e%c0%2e/winnt/win.ini HTTP/1.1 to file
[Sun Feb 03 11:38:33.086863 2019] [authz_core:error] [pid 5376:tid 17100] [client 172.22.2.1:52058] AH01630: client denied by server configuration: E:/nuevo/htdocs/.htaccess.bak
[Sun Feb 03 11:38:33.383264 2019] [authz_core:error] [pid 5376:tid 17100] [client 172.22.2.1:52058] AH01630: client denied by server configuration: E:/nuevo/htdocs/.htaccess~
[Sun Feb 03 11:38:33.632864 2019] [authz_core:error] [pid 5376:tid 17100] [client 172.22.2.1:52058] AH01630: client denied by server configuration: E:/nuevo/htdocs/.htaccess.copy
[Sun Feb 03 11:38:33.742065 2019] [core:error] [pid 5376:tid 14984] [client 172.22.2.1:52065] AH00126: Invalid URI in request GET /../../../../../../../../../../../../etc/passwd HTTP/1.1
[Sun Feb 03 11:38:33.742065 2019] [authz_core:error] [pid 5376:tid 17100] [client 172.22.2.1:52058] AH01630: client denied by server configuration: E:/nuevo/htdocs/.htaccess.tmp
[Sun Feb 03 11:38:33.820065 2019] [core:error] [pid 5376:tid 14984] [client 172.22.2.1:52066] AH00126: Invalid URI in request GET /./../../../../../../../../../../../etc/passwd HTTP/1.1
[Sun Feb 03 11:38:33.898065 2019] [core:error] [pid 5376:tid 17100] [client 172.22.2.1:52067] AH00126: Invalid URI in request GET //../../../../../../../../../../../../etc/passwd HTTP/1.1
[Sun Feb 03 11:38:33.898065 2019] [authz_core:error] [pid 5376:tid 14984] [client 172.22.2.1:52068] AH01630: client denied by server configuration: E:/nuevo/htdocs/.htaccess.1
[Sun Feb 03 11:38:33.929265 2019] [core:error] [pid 5376:tid 17100] (20024)The given path is misformatted or contained invalid characters: [client 172.22.2.1:52069] AH00127: Cannot map GET /..../..../..../..../..../..../..../..../..../..../..../..../etc/passwd HTTP/1.1 to file
[Sun Feb 03 11:38:34.007265 2019] [authz_core:error] [pid 5376:tid 14984] [client 172.22.2.1:52068] AH01630: client denied by server configuration: E:/nuevo/htdocs/.htaccess.~1~
[Sun Feb 03 11:38:34.022865 2019] [core:error] [pid 5376:tid 17100] [client 172.22.2.1:52069] AH00126: Invalid URI in request GET /%2e%2e/%2e%2e/%2e%2e/%2e%2e/%2e%2e/%2e%2e/%2e%2e/%2e%2e/%2e%2e/%2e%2e/%2e%2e/%2e%2e/etc/passwd HTTP/1.1
[Sun Feb 03 11:38:34.303665 2019] [core:error] [pid 5376:tid 17100] [client 172.22.2.1:52077] AH00126: Invalid URI in request GET /././././././../../../../../etc/passwd HTTP/1.1
[Sun Feb 03 11:38:45.520085 2019] [core:error] [pid 5376:tid 17100] [client 172.22.2.1:52092] AH00126: Invalid URI in request GET ..\\..\\..\\..\\..\\..\\windows\\win.ini HTTP/1.1
[Sun Feb 03 11:38:48.109690 2019] [core:error] [pid 5376:tid 17100] [client 172.22.2.1:52096] AH00126: Invalid URI in request GET ..\\..\\..\\..\\..\\..\\winnt\\win.ini HTTP/1.1
[Sun Feb 03 11:38:58.436908 2019] [access_compat:error] [pid 5376:tid 6636] [client 172.22.2.1:52105] AH01797: client denied by server configuration: E:/nuevo/htdocs/xampp/index.php
[Sun Feb 03 11:39:56.484610 2019] [cgi:error] [pid 5376:tid 6804] [client 172.22.2.1:52147] script not found or unable to stat: E:/nuevo/htdocs/niet716787249.asp
[Sun Feb 03 11:40:22.973456 2019] [core:error] [pid 5376:tid 14732] (20024)The given path is misformatted or contained invalid characters: [client 172.22.2.1:52129] AH00127: Cannot map GET /<script>document.cookie=%22testekni=5492;%22</script> HTTP/1.1 to file
[Sun Feb 03 11:40:29.322668 2019] [core:error] [pid 5376:tid 14732] [client 172.22.2.1:52129] AH00126: Invalid URI in request GET <script>document.cookie=%22testekni=5492;%22</script> HTTP/1.1
[Sun Feb 03 11:40:31.475471 2019] [core:error] [pid 5376:tid 14732] (20024)The given path is misformatted or contained invalid characters: [client 172.22.2.1:52198] AH00127: Cannot map GET /<meta%20http-equiv=Set-Cookie%20content=%22testekni=5492%22> HTTP/1.1 to file
[Sun Feb 03 11:40:34.455077 2019] [core:error] [pid 5376:tid 14732] [client 172.22.2.1:52198] AH00126: Invalid URI in request GET <meta%20http-equiv=Set-Cookie%20content=%22testekni=5492%22> HTTP/1.1
[Sun Feb 03 11:41:10.257139 2019] [core:error] [pid 5376:tid 13504] [client 172.22.2.1:52279] AH00038: Forbidden: E:/nuevo/cgi-bin/com5 doesn't point to a file or directory
[Sun Feb 03 11:41:20.615558 2019] [cgi:error] [pid 5376:tid 6804] [client 172.22.2.1:52307] script not found or unable to stat: E:/nuevo/cgi-bin/pub
[Sun Feb 03 11:41:47.712805 2019] [core:error] [pid 5376:tid 15704] [client 172.22.2.1:52407] AH00135: Invalid method in request NESSUS / HTTP/1.0
[Sun Feb 03 11:42:11.175246 2019] [proxy:error] [pid 5376:tid 15292] (OS 10061)No connection could be made because the target machine actively refused it.  : AH00957: AJP: attempt to connect to 127.0.0.1:8009 (*) failed
[Sun Feb 03 11:42:11.175246 2019] [proxy_ajp:error] [pid 5376:tid 15292] [client 172.22.2.1:52483] AH00896: failed to make connection to backend: 127.0.0.1
[Sun Feb 03 11:42:21.408864 2019] [cgi:error] [pid 5376:tid 9328] [client 172.22.2.1:52509] script not found or unable to stat: E:/nuevo/htdocs/InitialPage.asp
[Sun Feb 03 11:42:22.781667 2019] [cgi:error] [pid 5376:tid 15420] [client 172.22.2.1:52518] script not found or unable to stat: E:/nuevo/cgi-bin/printenv
[Sun Feb 03 11:42:30.472480 2019] [negotiation:error] [pid 5376:tid 15420] [client 172.22.2.1:52535] AH00690: no acceptable variant: E:/nuevo/apache/error/HTTP_NOT_FOUND.html.var
[Sun Feb 03 11:42:31.096481 2019] [negotiation:error] [pid 5376:tid 15420] [client 172.22.2.1:52535] AH00690: no acceptable variant: E:/nuevo/apache/error/HTTP_NOT_FOUND.html.var
[Sun Feb 03 11:42:32.126083 2019] [negotiation:error] [pid 5376:tid 15420] [client 172.22.2.1:52535] AH00690: no acceptable variant: E:/nuevo/apache/error/HTTP_NOT_FOUND.html.var
[Sun Feb 03 11:42:32.360084 2019] [negotiation:error] [pid 5376:tid 15420] [client 172.22.2.1:52535] AH00690: no acceptable variant: E:/nuevo/apache/error/HTTP_NOT_FOUND.html.var
[Sun Feb 03 11:42:32.609684 2019] [cgi:error] [pid 5376:tid 15340] [client 172.22.2.1:52544] script not found or unable to stat: E:/nuevo/cgi-bin/index.cgi
[Sun Feb 03 11:42:32.828084 2019] [negotiation:error] [pid 5376:tid 15420] [client 172.22.2.1:52535] AH00690: no acceptable variant: E:/nuevo/apache/error/HTTP_NOT_FOUND.html.var
[Sun Feb 03 11:42:40.565698 2019] [core:error] [pid 5376:tid 7572] [client 172.22.2.1:52598] AH00135: Invalid method in request SEARCH / HTTP/1.1
[Sun Feb 03 11:42:41.220899 2019] [negotiation:error] [pid 5376:tid 7572] [client 172.22.2.1:52604] AH00690: no acceptable variant: E:/nuevo/apache/error/HTTP_NOT_FOUND.html.var
[Sun Feb 03 11:42:48.131711 2019] [negotiation:error] [pid 5376:tid 15084] [client 172.22.2.1:52641] AH00690: no acceptable variant: E:/nuevo/apache/error/HTTP_NOT_FOUND.html.var
[Sun Feb 03 11:43:00.908134 2019] [access_compat:error] [pid 5376:tid 3000] [client 172.22.2.1:52696] AH01797: client denied by server configuration: E:/nuevo/htdocs/server-info
[Sun Feb 03 11:43:03.263738 2019] [access_compat:error] [pid 5376:tid 14984] [client 172.22.2.1:52701] AH01797: client denied by server configuration: E:/nuevo/htdocs/server-status
[Sun Feb 03 11:43:03.497738 2019] [authz_core:error] [pid 5376:tid 15292] [client 172.22.2.1:52703] AH01630: client denied by server configuration: E:/nuevo/htdocs/.htaccess
[Sun Feb 03 11:43:05.400942 2019] [authz_core:error] [pid 5376:tid 15292] [client 172.22.2.1:52703] AH01630: client denied by server configuration: E:/nuevo/htdocs/.htpasswd
[Sun Feb 03 11:43:22.092971 2019] [cgi:error] [pid 5376:tid 14984] [client 172.22.2.1:52794] script not found or unable to stat: E:/nuevo/cgi-bin/client_execute.cgi
[Sun Feb 03 11:43:25.727777 2019] [cgi:error] [pid 5376:tid 14984] [client 172.22.2.1:52808] script not found or unable to stat: E:/nuevo/cgi-bin/guestimage.html
[Sun Feb 03 11:43:26.710579 2019] [cgi:error] [pid 5376:tid 13504] [client 172.22.2.1:52817] script not found or unable to stat: E:/nuevo/cgi-bin/camctrl.cgi
[Sun Feb 03 11:43:27.006980 2019] [cgi:error] [pid 5376:tid 13504] [client 172.22.2.1:52818] script not found or unable to stat: E:/nuevo/cgi-bin/ctrldirect.cgi
[Sun Feb 03 11:43:27.318980 2019] [cgi:error] [pid 5376:tid 8356] [client 172.22.2.1:52822] script not found or unable to stat: E:/nuevo/cgi-bin/pdesk.cgi
[Sun Feb 03 11:43:27.974181 2019] [cgi:error] [pid 5376:tid 13504] [client 172.22.2.1:52829] script not found or unable to stat: E:/nuevo/htdocs/main.cgi
[Sun Feb 03 11:43:29.549784 2019] [core:error] [pid 5376:tid 8356] (20024)The given path is misformatted or contained invalid characters: [client 172.22.2.1:52837] AH00127: Cannot map GET /<script>foo</script> HTTP/1.1 to file
[Sun Feb 03 11:43:33.527791 2019] [cgi:error] [pid 5376:tid 15292] [client 172.22.2.1:52866] script not found or unable to stat: E:/nuevo/cgi-bin/kvm.cgi
[Sun Feb 03 11:43:33.714991 2019] [cgi:error] [pid 5376:tid 13504] [client 172.22.2.1:52869] script not found or unable to stat: E:/nuevo/cgi-bin/login.cgi
[Sun Feb 03 11:43:33.933392 2019] [cgi:error] [pid 5376:tid 15244] [client 172.22.2.1:52870] script not found or unable to stat: E:/nuevo/cgi-bin/kvm.cgi
[Sun Feb 03 11:43:38.285799 2019] [cgi:error] [pid 5376:tid 16848] [client 172.22.2.1:52891] script not found or unable to stat: E:/nuevo/htdocs/8WBTPibc.asp
[Sun Feb 03 11:43:57.427033 2019] [core:error] [pid 5376:tid 15244] [client 172.22.2.1:52906] AH00126: Invalid URI in request GET /%2e%2e/%2e%2e/%2e%2e/%2e%2e/%2e%2e/%2e%2e/%2e%2e/etc/passwd HTTP/1.1
[Sun Feb 03 11:44:05.913448 2019] [access_compat:error] [pid 5376:tid 7572] [client 172.22.2.1:52905] AH01797: client denied by server configuration: E:/nuevo/htdocs/server-status
[Sun Feb 03 11:44:17.707069 2019] [access_compat:error] [pid 5376:tid 7572] [client 172.22.2.1:52927] AH01797: client denied by server configuration: E:/nuevo/webalizer/
[Sun Feb 03 11:44:19.423072 2019] [mpm_winnt:warn] [pid 5376:tid 19504] (OS 64)The specified network name is no longer available.  : AH00341: winnt_accept: Asynchronous AcceptEx failed.
[Sun Feb 03 11:44:21.763076 2019] [mpm_winnt:warn] [pid 5376:tid 19504] (OS 64)The specified network name is no longer available.  : AH00341: winnt_accept: Asynchronous AcceptEx failed.
[Sun Feb 03 11:44:37.955904 2019] [core:error] [pid 5376:tid 15432] [client 172.22.2.1:53075] AH00038: Forbidden: E:/nuevo/htdocs/nul doesn't point to a file or directory
[Sun Feb 03 11:44:39.235106 2019] [cgi:error] [pid 5376:tid 15432] [client 172.22.2.1:53110] script not found or unable to stat: E:/nuevo/cgi-bin/filescan
[Sun Feb 03 11:44:39.593907 2019] [cgi:error] [pid 5376:tid 15432] [client 172.22.2.1:53124] script not found or unable to stat: E:/nuevo/htdocs/FormHandler.cgi
[Sun Feb 03 11:44:39.749907 2019] [cgi:error] [pid 5376:tid 15432] [client 172.22.2.1:53130] script not found or unable to stat: E:/nuevo/htdocs/admin.cgi
[Sun Feb 03 11:44:39.781107 2019] [cgi:error] [pid 5376:tid 15432] [client 172.22.2.1:53132] script not found or unable to stat: E:/nuevo/htdocs/administrator.cgi
[Sun Feb 03 11:44:39.812307 2019] [cgi:error] [pid 5376:tid 15432] [client 172.22.2.1:53134] script not found or unable to stat: E:/nuevo/htdocs/buglist.cgi
[Sun Feb 03 11:44:39.843508 2019] [cgi:error] [pid 5376:tid 15432] [client 172.22.2.1:53138] script not found or unable to stat: E:/nuevo/cgi-bin/admin
[Sun Feb 03 11:44:39.874708 2019] [cgi:error] [pid 5376:tid 15432] [client 172.22.2.1:53140] script not found or unable to stat: E:/nuevo/cgi-bin/admin.cgi
[Sun Feb 03 11:44:39.921508 2019] [cgi:error] [pid 5376:tid 15432] [client 172.22.2.1:53141] script not found or unable to stat: E:/nuevo/cgi-bin/admin.pl
[Sun Feb 03 11:44:39.937108 2019] [cgi:error] [pid 5376:tid 15432] [client 172.22.2.1:53143] script not found or unable to stat: E:/nuevo/cgi-bin/administrator
[Sun Feb 03 11:44:39.952708 2019] [cgi:error] [pid 5376:tid 15432] [client 172.22.2.1:53145] script not found or unable to stat: E:/nuevo/cgi-bin/administrator.cgi
[Sun Feb 03 11:44:39.983908 2019] [cgi:error] [pid 5376:tid 15432] [client 172.22.2.1:53147] script not found or unable to stat: E:/nuevo/cgi-bin/agorn.cgi
[Sun Feb 03 11:44:40.015108 2019] [cgi:error] [pid 5376:tid 15432] [client 172.22.2.1:53149] script not found or unable to stat: E:/nuevo/cgi-bin/bugreport.cgi
[Sun Feb 03 11:44:40.030708 2019] [cgi:error] [pid 5376:tid 15432] [client 172.22.2.1:53150] script not found or unable to stat: E:/nuevo/cgi-bin/cart.cgi
[Sun Feb 03 11:44:40.046308 2019] [cgi:error] [pid 5376:tid 14732] [client 172.22.2.1:53151] script not found or unable to stat: E:/nuevo/htdocs/admin.cgi
[Sun Feb 03 11:44:40.061908 2019] [cgi:error] [pid 5376:tid 15432] [client 172.22.2.1:53152] script not found or unable to stat: E:/nuevo/cgi-bin/clwarn.cgi
[Sun Feb 03 11:44:40.061908 2019] [cgi:error] [pid 5376:tid 14732] [client 172.22.2.1:53153] script not found or unable to stat: E:/nuevo/htdocs/administrator.cgi
[Sun Feb 03 11:44:40.077508 2019] [cgi:error] [pid 5376:tid 15432] [client 172.22.2.1:53154] script not found or unable to stat: E:/nuevo/cgi-bin/count.cgi
[Sun Feb 03 11:44:40.077508 2019] [cgi:error] [pid 5376:tid 14732] [client 172.22.2.1:53155] script not found or unable to stat: E:/nuevo/htdocs/buglist.cgi
[Sun Feb 03 11:44:40.093108 2019] [cgi:error] [pid 5376:tid 15432] [client 172.22.2.1:53156] script not found or unable to stat: E:/nuevo/cgi-bin/Count.cgi
[Sun Feb 03 11:44:40.124308 2019] [cgi:error] [pid 5376:tid 15432] [client 172.22.2.1:53158] script not found or unable to stat: E:/nuevo/cgi-bin/faqmanager.cgi
[Sun Feb 03 11:44:40.124308 2019] [cgi:error] [pid 5376:tid 14732] [client 172.22.2.1:53159] script not found or unable to stat: E:/nuevo/cgi-bin/admin
[Sun Feb 03 11:44:40.139908 2019] [cgi:error] [pid 5376:tid 15432] [client 172.22.2.1:53160] script not found or unable to stat: E:/nuevo/cgi-bin/FormHandler.cgi
[Sun Feb 03 11:44:40.155508 2019] [cgi:error] [pid 5376:tid 14732] [client 172.22.2.1:53161] script not found or unable to stat: E:/nuevo/cgi-bin/admin.cgi
[Sun Feb 03 11:44:40.171108 2019] [cgi:error] [pid 5376:tid 15432] [client 172.22.2.1:53162] script not found or unable to stat: E:/nuevo/cgi-bin/FormMail.cgi
[Sun Feb 03 11:44:40.171108 2019] [cgi:error] [pid 5376:tid 14732] [client 172.22.2.1:53163] script not found or unable to stat: E:/nuevo/cgi-bin/admin.pl
[Sun Feb 03 11:44:40.186708 2019] [cgi:error] [pid 5376:tid 15432] [client 172.22.2.1:53164] script not found or unable to stat: E:/nuevo/cgi-bin/guestbook.cgi
[Sun Feb 03 11:44:40.202308 2019] [cgi:error] [pid 5376:tid 14732] [client 172.22.2.1:53165] script not found or unable to stat: E:/nuevo/cgi-bin/administrator
[Sun Feb 03 11:44:40.202308 2019] [cgi:error] [pid 5376:tid 15432] [client 172.22.2.1:53166] script not found or unable to stat: E:/nuevo/cgi-bin/help.cgi
[Sun Feb 03 11:44:40.217908 2019] [cgi:error] [pid 5376:tid 14732] [client 172.22.2.1:53167] script not found or unable to stat: E:/nuevo/cgi-bin/administrator.cgi
[Sun Feb 03 11:44:40.233508 2019] [cgi:error] [pid 5376:tid 15432] [client 172.22.2.1:53168] script not found or unable to stat: E:/nuevo/cgi-bin/hi
[Sun Feb 03 11:44:40.249108 2019] [cgi:error] [pid 5376:tid 14732] [client 172.22.2.1:53169] script not found or unable to stat: E:/nuevo/cgi-bin/agorn.cgi
[Sun Feb 03 11:44:40.249108 2019] [cgi:error] [pid 5376:tid 15432] [client 172.22.2.1:53170] script not found or unable to stat: E:/nuevo/cgi-bin/index.cgi
[Sun Feb 03 11:44:40.264708 2019] [cgi:error] [pid 5376:tid 14732] [client 172.22.2.1:53171] script not found or unable to stat: E:/nuevo/cgi-bin/bugreport.cgi
[Sun Feb 03 11:44:40.280308 2019] [cgi:error] [pid 5376:tid 15432] [client 172.22.2.1:53172] script not found or unable to stat: E:/nuevo/cgi-bin/index.pl
[Sun Feb 03 11:44:40.295908 2019] [cgi:error] [pid 5376:tid 14732] [client 172.22.2.1:53173] script not found or unable to stat: E:/nuevo/cgi-bin/cart.cgi
[Sun Feb 03 11:44:40.295908 2019] [cgi:error] [pid 5376:tid 15432] [client 172.22.2.1:53174] script not found or unable to stat: E:/nuevo/cgi-bin/index.sh
[Sun Feb 03 11:44:40.311508 2019] [cgi:error] [pid 5376:tid 14732] [client 172.22.2.1:53175] script not found or unable to stat: E:/nuevo/cgi-bin/clwarn.cgi
[Sun Feb 03 11:44:40.327108 2019] [cgi:error] [pid 5376:tid 15432] [client 172.22.2.1:53176] script not found or unable to stat: E:/nuevo/cgi-bin/login
[Sun Feb 03 11:44:40.327108 2019] [cgi:error] [pid 5376:tid 14732] [client 172.22.2.1:53177] script not found or unable to stat: E:/nuevo/cgi-bin/count.cgi
[Sun Feb 03 11:44:40.342708 2019] [cgi:error] [pid 5376:tid 15432] [client 172.22.2.1:53178] script not found or unable to stat: E:/nuevo/cgi-bin/login.cgi
[Sun Feb 03 11:44:40.358308 2019] [cgi:error] [pid 5376:tid 14732] [client 172.22.2.1:53179] script not found or unable to stat: E:/nuevo/cgi-bin/Count.cgi
[Sun Feb 03 11:44:40.358308 2019] [cgi:error] [pid 5376:tid 15432] [client 172.22.2.1:53180] script not found or unable to stat: E:/nuevo/cgi-bin/mailit.pl
[Sun Feb 03 11:44:40.373908 2019] [cgi:error] [pid 5376:tid 14732] [client 172.22.2.1:53181] script not found or unable to stat: E:/nuevo/cgi-bin/faqmanager.cgi
[Sun Feb 03 11:44:40.389508 2019] [cgi:error] [pid 5376:tid 15432] [client 172.22.2.1:53182] script not found or unable to stat: E:/nuevo/cgi-bin/mt
[Sun Feb 03 11:44:40.389508 2019] [cgi:error] [pid 5376:tid 14732] [client 172.22.2.1:53183] script not found or unable to stat: E:/nuevo/cgi-bin/FormHandler.cgi
[Sun Feb 03 11:44:40.405109 2019] [cgi:error] [pid 5376:tid 15432] [client 172.22.2.1:53184] script not found or unable to stat: E:/nuevo/cgi-bin/mt
[Sun Feb 03 11:44:40.420709 2019] [cgi:error] [pid 5376:tid 14732] [client 172.22.2.1:53185] script not found or unable to stat: E:/nuevo/cgi-bin/FormMail.cgi
[Sun Feb 03 11:44:40.436309 2019] [cgi:error] [pid 5376:tid 15432] [client 172.22.2.1:53186] script not found or unable to stat: E:/nuevo/cgi-bin/mt-static
[Sun Feb 03 11:44:40.451909 2019] [cgi:error] [pid 5376:tid 14732] [client 172.22.2.1:53187] script not found or unable to stat: E:/nuevo/cgi-bin/guestbook.cgi
[Sun Feb 03 11:44:40.467509 2019] [cgi:error] [pid 5376:tid 15432] [client 172.22.2.1:53188] script not found or unable to stat: E:/nuevo/cgi-bin/mt-static
[Sun Feb 03 11:44:40.467509 2019] [cgi:error] [pid 5376:tid 14732] [client 172.22.2.1:53189] script not found or unable to stat: E:/nuevo/cgi-bin/help.cgi
[Sun Feb 03 11:44:40.483109 2019] [cgi:error] [pid 5376:tid 15432] [client 172.22.2.1:53190] script not found or unable to stat: E:/nuevo/cgi-bin/ncbook
