[Sun Feb 24 11:38:00.100970 2019] [cgi:error] [pid 11652:tid 10148] [client 172.22.2.1:54813] script not found or unable to stat: E:/nuevo/cgi-bin/viewcvs.cgi
[Sun Feb 24 11:38:00.100970 2019] [cgi:error] [pid 11652:tid 14996] [client 172.22.2.1:54814] script not found or unable to stat: E:/nuevo/cgi-bin/mt
[Sun Feb 24 11:38:00.194570 2019] [cgi:error] [pid 11652:tid 14996] [client 172.22.2.1:54815] script not found or unable to stat: E:/nuevo/cgi-bin/wa
[Sun Feb 24 11:38:00.210170 2019] [cgi:error] [pid 11652:tid 10148] [client 172.22.2.1:54816] script not found or unable to stat: E:/nuevo/cgi-bin/mt-static
[Sun Feb 24 11:38:00.272570 2019] [cgi:error] [pid 11652:tid 14996] [client 172.22.2.1:54817] script not found or unable to stat: E:/nuevo/cgi-bin/wa.cgi
[Sun Feb 24 11:38:00.334970 2019] [cgi:error] [pid 11652:tid 10148] [client 172.22.2.1:54818] script not found or unable to stat: E:/nuevo/cgi-bin/mt-static
[Sun Feb 24 11:38:00.397371 2019] [cgi:error] [pid 11652:tid 14996] [client 172.22.2.1:54819] script not found or unable to stat: E:/nuevo/cgi-bin/wa.exe
[Sun Feb 24 11:38:00.412971 2019] [cgi:error] [pid 11652:tid 10148] [client 172.22.2.1:54820] script not found or unable to stat: E:/nuevo/cgi-bin/ncbook
[Sun Feb 24 11:38:00.600171 2019] [cgi:error] [pid 11652:tid 14996] [client 172.22.2.1:54821] script not found or unable to stat: E:/nuevo/cgi-bin/whois.cgi
[Sun Feb 24 11:38:00.600171 2019] [cgi:error] [pid 11652:tid 9548] [client 172.22.2.1:54822] script not found or unable to stat: E:/nuevo/cgi-bin/printenv
[Sun Feb 24 11:38:00.709371 2019] [cgi:error] [pid 11652:tid 14996] [client 172.22.2.1:54825] script not found or unable to stat: E:/nuevo/cgi-bin/printenv.cgi
[Sun Feb 24 11:38:00.834171 2019] [cgi:error] [pid 11652:tid 9548] [client 172.22.2.1:54827] script not found or unable to stat: E:/nuevo/cgi-bin/quickstore.cgi
[Sun Feb 24 11:38:00.958972 2019] [cgi:error] [pid 11652:tid 14996] [client 172.22.2.1:54829] script not found or unable to stat: E:/nuevo/cgi-bin/search
[Sun Feb 24 11:38:01.068172 2019] [cgi:error] [pid 11652:tid 9548] [client 172.22.2.1:54831] script not found or unable to stat: E:/nuevo/cgi-bin/search.cgi
[Sun Feb 24 11:38:01.208572 2019] [cgi:error] [pid 11652:tid 9548] [client 172.22.2.1:54832] script not found or unable to stat: E:/nuevo/htdocs/index.cgi
[Sun Feb 24 11:38:01.224172 2019] [cgi:error] [pid 11652:tid 14996] [client 172.22.2.1:54833] script not found or unable to stat: E:/nuevo/cgi-bin/search
[Sun Feb 24 11:38:01.348972 2019] [cgi:error] [pid 11652:tid 14996] [client 172.22.2.1:54834] script not found or unable to stat: E:/nuevo/htdocs/index.pl
[Sun Feb 24 11:38:01.348972 2019] [cgi:error] [pid 11652:tid 9548] [client 172.22.2.1:54835] script not found or unable to stat: E:/nuevo/cgi-bin/status
[Sun Feb 24 11:38:01.473772 2019] [cgi:error] [pid 11652:tid 14996] [client 172.22.2.1:54837] script not found or unable to stat: E:/nuevo/cgi-bin/status.cgi
[Sun Feb 24 11:38:01.567373 2019] [cgi:error] [pid 11652:tid 14996] [client 172.22.2.1:54839] script not found or unable to stat: E:/nuevo/cgi-bin/test.cgi
[Sun Feb 24 11:38:01.567373 2019] [cgi:error] [pid 11652:tid 9548] [client 172.22.2.1:54838] script not found or unable to stat: E:/nuevo/htdocs/nph-mr.cgi
[Sun Feb 24 11:38:01.754573 2019] [cgi:error] [pid 11652:tid 10148] [client 172.22.2.1:54840] script not found or unable to stat: E:/nuevo/htdocs/query.cgi
[Sun Feb 24 11:38:01.801373 2019] [cgi:error] [pid 11652:tid 14996] [client 172.22.2.1:54841] script not found or unable to stat: E:/nuevo/cgi-bin/test.sh
[Sun Feb 24 11:38:01.894973 2019] [cgi:error] [pid 11652:tid 14996] [client 172.22.2.1:54843] script not found or unable to stat: E:/nuevo/htdocs/session_login.cgi
[Sun Feb 24 11:38:01.926173 2019] [cgi:error] [pid 11652:tid 10148] [client 172.22.2.1:54844] script not found or unable to stat: E:/nuevo/cgi-bin/test-cgi
[Sun Feb 24 11:38:02.050973 2019] [cgi:error] [pid 11652:tid 10148] [client 172.22.2.1:54845] script not found or unable to stat: E:/nuevo/htdocs/show_bug.cgi
[Sun Feb 24 11:38:02.050973 2019] [cgi:error] [pid 11652:tid 14996] [client 172.22.2.1:54846] script not found or unable to stat: E:/nuevo/cgi-bin/upload.cgi
[Sun Feb 24 11:38:02.144574 2019] [cgi:error] [pid 11652:tid 14996] [client 172.22.2.1:54848] script not found or unable to stat: E:/nuevo/cgi-bin/urlcount.cgi
[Sun Feb 24 11:38:02.284974 2019] [cgi:error] [pid 11652:tid 14996] [client 172.22.2.1:54849] script not found or unable to stat: E:/nuevo/htdocs/test.cgi
[Sun Feb 24 11:38:02.300574 2019] [cgi:error] [pid 11652:tid 10148] [client 172.22.2.1:54850] script not found or unable to stat: E:/nuevo/cgi-bin/viewcvs.cgi
[Sun Feb 24 11:38:02.425374 2019] [cgi:error] [pid 11652:tid 14996] [client 172.22.2.1:54852] script not found or unable to stat: E:/nuevo/cgi-bin/wa
[Sun Feb 24 11:38:02.534574 2019] [cgi:error] [pid 11652:tid 14996] [client 172.22.2.1:54853] script not found or unable to stat: E:/nuevo/htdocs/whois.cgi
[Sun Feb 24 11:38:02.565774 2019] [cgi:error] [pid 11652:tid 10148] [client 172.22.2.1:54855] script not found or unable to stat: E:/nuevo/cgi-bin/wa.cgi
[Sun Feb 24 11:38:02.737375 2019] [cgi:error] [pid 11652:tid 10148] [client 172.22.2.1:54857] script not found or unable to stat: E:/nuevo/cgi-bin/wa.exe
[Sun Feb 24 11:38:02.971375 2019] [cgi:error] [pid 11652:tid 10196] [client 172.22.2.1:54858] script not found or unable to stat: E:/nuevo/htdocs/wwwadmin.cgi
[Sun Feb 24 11:38:03.002575 2019] [cgi:error] [pid 11652:tid 9548] [client 172.22.2.1:54859] script not found or unable to stat: E:/nuevo/cgi-bin/whois.cgi
[Sun Feb 24 11:38:03.080575 2019] [cgi:error] [pid 11652:tid 10196] [client 172.22.2.1:54861] script not found or unable to stat: E:/nuevo/htdocs/wwwboard.cgi
[Sun Feb 24 11:38:03.127375 2019] [access_compat:error] [pid 11652:tid 9548] [client 172.22.2.1:54863] AH01797: client denied by server configuration: E:/nuevo/htdocs/xampp/cgi.cgi
[Sun Feb 24 11:38:04.422178 2019] [core:error] [pid 11652:tid 18448] (20024)The given path is misformatted or contained invalid characters: [client 172.22.2.1:54871] AH00127: Cannot map GET //${%23w%3d%23context.get('com.opensymphony.xwork2.dispatcher.HttpServletResponse').getWriter(),%23w.print('Nessus%20Response:%20'),%23w.println('struts_2_3_14_3_command_execution-2101583292'),%23w.flush(),%23w.close()}.action HTTP/1.1 to file
[Sun Feb 24 11:38:04.515778 2019] [cgi:error] [pid 11652:tid 9548] [client 172.22.2.1:54874] script not found or unable to stat: E:/nuevo/htdocs/index.cgi
[Sun Feb 24 11:38:04.812178 2019] [cgi:error] [pid 11652:tid 18448] [client 172.22.2.1:54877] script not found or unable to stat: E:/nuevo/htdocs/index.pl
[Sun Feb 24 11:38:05.030579 2019] [cgi:error] [pid 11652:tid 18448] [client 172.22.2.1:54883] script not found or unable to stat: E:/nuevo/htdocs/nph-mr.cgi
[Sun Feb 24 11:38:05.030579 2019] [core:error] [pid 11652:tid 10148] (20024)The given path is misformatted or contained invalid characters: [client 172.22.2.1:54878] AH00127: Cannot map GET //${%23w%3d%23context.get('com.opensymphony.xwork2.dispatcher.HttpServletResponse').getWriter(),%23w.print('Nessus%20Response:%20'),%23w.println('struts_2_3_14_3_command_execution-2128590'),%23w.flush(),%23w.close()}.action HTTP/1.1 to file
[Sun Feb 24 11:38:05.186579 2019] [cgi:error] [pid 11652:tid 18448] [client 172.22.2.1:54884] script not found or unable to stat: E:/nuevo/htdocs/query.cgi
[Sun Feb 24 11:38:05.451779 2019] [cgi:error] [pid 11652:tid 9548] [client 172.22.2.1:54886] script not found or unable to stat: E:/nuevo/htdocs/session_login.cgi
[Sun Feb 24 11:38:05.670180 2019] [cgi:error] [pid 11652:tid 9548] [client 172.22.2.1:54890] script not found or unable to stat: E:/nuevo/htdocs/show_bug.cgi
[Sun Feb 24 11:38:05.919780 2019] [cgi:error] [pid 11652:tid 14996] [client 172.22.2.1:54895] script not found or unable to stat: E:/nuevo/htdocs/test.cgi
[Sun Feb 24 11:38:06.777782 2019] [core:error] [pid 11652:tid 14996] [client 172.22.2.1:54900] AH00126: Invalid URI in request GET /././.. HTTP/1.1
[Sun Feb 24 11:38:06.808982 2019] [cgi:error] [pid 11652:tid 9548] [client 172.22.2.1:54899] script not found or unable to stat: E:/nuevo/htdocs/whois.cgi
[Sun Feb 24 11:38:06.933782 2019] [core:error] [pid 11652:tid 8392] [client 172.22.2.1:54905] AH00126: Invalid URI in request GET ././././././././././././././././././././././././././././././././././././././././././././././././././././././././././././././././././././././././././././././././././././././././././././././././../../../../../../../../ HTTP/1.1
[Sun Feb 24 11:38:07.152182 2019] [cgi:error] [pid 11652:tid 14996] [client 172.22.2.1:54908] script not found or unable to stat: E:/nuevo/htdocs/wwwadmin.cgi
[Sun Feb 24 11:38:07.152182 2019] [core:error] [pid 11652:tid 9548] [client 172.22.2.1:54909] AH00126: Invalid URI in request GET /././.. HTTP/1.1
[Sun Feb 24 11:38:07.292583 2019] [cgi:error] [pid 11652:tid 9548] [client 172.22.2.1:54912] script not found or unable to stat: E:/nuevo/htdocs/wwwboard.cgi
[Sun Feb 24 11:38:07.339383 2019] [core:error] [pid 11652:tid 14996] [client 172.22.2.1:54914] AH00126: Invalid URI in request GET ././././././././././././././././././././././././././././././././././././././././././././././././././././././././././././././././././././././././././././././././././././././././././././././././../../../../../../../../ HTTP/1.1
[Sun Feb 24 11:38:07.495383 2019] [access_compat:error] [pid 11652:tid 9548] [client 172.22.2.1:54915] AH01797: client denied by server configuration: E:/nuevo/htdocs/xampp/cgi.cgi
[Sun Feb 24 11:38:09.788587 2019] [core:error] [pid 11652:tid 14996] [client 172.22.2.1:54949] AH00126: Invalid URI in request GET /..\\pixfir~1\\how_to_login.html HTTP/1.1
[Sun Feb 24 11:38:10.084988 2019] [core:error] [pid 11652:tid 17676] [client 172.22.2.1:54955] AH00126: Invalid URI in request GET /..\\pixfir~1\\how_to_login.html HTTP/1.1
[Sun Feb 24 11:38:10.662189 2019] [cgi:error] [pid 11652:tid 14996] [client 172.22.2.1:54967] script not found or unable to stat: E:/nuevo/cgi-bin/faqmanager.cgi
[Sun Feb 24 11:38:10.958589 2019] [cgi:error] [pid 11652:tid 14996] [client 172.22.2.1:54971] script not found or unable to stat: E:/nuevo/cgi-bin/faqmanager.cgi
[Sun Feb 24 12:21:24.728345 2019] [mpm_winnt:warn] [pid 11652:tid 18844] (OS 64)The specified network name is no longer available.  : AH00341: winnt_accept: Asynchronous AcceptEx failed.
[Sun Feb 24 12:27:59.237438 2019] [mpm_winnt:warn] [pid 11652:tid 18844] (OS 64)The specified network name is no longer available.  : AH00341: winnt_accept: Asynchronous AcceptEx failed.
[Sun Feb 24 12:43:45.706700 2019] [mpm_winnt:warn] [pid 11652:tid 18844] (OS 64)The specified network name is no longer available.  : AH00341: winnt_accept: Asynchronous AcceptEx failed.
[Sun Feb 24 12:50:32.212214 2019] [mpm_winnt:warn] [pid 11652:tid 18844] (OS 64)The specified network name is no longer available.  : AH00341: winnt_accept: Asynchronous AcceptEx failed.
[Sun Feb 24 12:51:07.187476 2019] [mpm_winnt:warn] [pid 11652:tid 18844] (OS 64)The specified network name is no longer available.  : AH00341: winnt_accept: Asynchronous AcceptEx failed.
[Sun Feb 24 12:51:07.187476 2019] [mpm_winnt:warn] [pid 11652:tid 18844] (OS 64)The specified network name is no longer available.  : AH00341: winnt_accept: Asynchronous AcceptEx failed.
[Sun Feb 24 12:51:07.187476 2019] [mpm_winnt:warn] [pid 11652:tid 18844] (OS 64)The specified network name is no longer available.  : AH00341: winnt_accept: Asynchronous AcceptEx failed.
[Sun Feb 24 12:51:07.499476 2019] [mpm_winnt:warn] [pid 11652:tid 18844] (OS 64)The specified network name is no longer available.  : AH00341: winnt_accept: Asynchronous AcceptEx failed.
[Sun Feb 24 12:51:07.499476 2019] [mpm_winnt:warn] [pid 11652:tid 18844] (OS 64)The specified network name is no longer available.  : AH00341: winnt_accept: Asynchronous AcceptEx failed.
[Sun Feb 24 13:07:35.121611 2019] [mpm_winnt:warn] [pid 11652:tid 18844] (OS 64)The specified network name is no longer available.  : AH00341: winnt_accept: Asynchronous AcceptEx failed.
[Sun Feb 24 13:26:47.308434 2019] [mpm_winnt:warn] [pid 11652:tid 18844] (OS 64)The specified network name is no longer available.  : AH00341: winnt_accept: Asynchronous AcceptEx failed.
[Sun Feb 24 13:26:47.308434 2019] [mpm_winnt:warn] [pid 11652:tid 18844] (OS 64)The specified network name is no longer available.  : AH00341: winnt_accept: Asynchronous AcceptEx failed.
[Sun Feb 24 15:07:09.418212 2019] [access_compat:error] [pid 11652:tid 15620] [client 84.226.46.161:50754] AH01797: client denied by server configuration: E:/nuevo/phpMyAdmin/index.php
[Sun Feb 24 15:07:09.792612 2019] [access_compat:error] [pid 11652:tid 15620] [client 84.226.46.161:50852] AH01797: client denied by server configuration: E:/nuevo/htdocs/phpMyadmin
[Sun Feb 24 15:07:10.151413 2019] [access_compat:error] [pid 11652:tid 15620] [client 84.226.46.161:50946] AH01797: client denied by server configuration: E:/nuevo/htdocs/phpMyAdmin
[Sun Feb 24 15:07:10.510214 2019] [access_compat:error] [pid 11652:tid 15620] [client 84.226.46.161:51044] AH01797: client denied by server configuration: E:/nuevo/htdocs/phpmyAdmin
[Sun Feb 24 15:07:10.869014 2019] [access_compat:error] [pid 11652:tid 15620] [client 84.226.46.161:51108] AH01797: client denied by server configuration: E:/nuevo/htdocs/phpmyadmin2
[Sun Feb 24 15:07:11.243415 2019] [access_compat:error] [pid 11652:tid 15620] [client 84.226.46.161:51188] AH01797: client denied by server configuration: E:/nuevo/htdocs/phpmyadmin3
[Sun Feb 24 15:07:11.602216 2019] [access_compat:error] [pid 11652:tid 15620] [client 84.226.46.161:51256] AH01797: client denied by server configuration: E:/nuevo/htdocs/phpmyadmin4
[Sun Feb 24 15:39:42.182842 2019] [proxy:error] [pid 11652:tid 10148] (OS 10061)No connection could be made because the target machine actively refused it.  : AH00957: HTTP: attempt to connect to 172.22.1.61:8080 (172.22.1.61) failed
[Sun Feb 24 15:39:42.182842 2019] [proxy:error] [pid 11652:tid 10148] AH00959: ap_proxy_connect_backend disabling worker for (172.22.1.61) for 60s
[Sun Feb 24 15:39:42.182842 2019] [proxy_http:error] [pid 11652:tid 10148] [client 186.144.30.51:49252] AH01114: HTTP: failed to make connection to backend: 172.22.1.61
[Sun Feb 24 15:44:40.018565 2019] [proxy:error] [pid 11652:tid 10576] (OS 10061)No connection could be made because the target machine actively refused it.  : AH00957: HTTP: attempt to connect to 172.22.1.144:80 (172.22.1.144) failed
[Sun Feb 24 15:44:40.018565 2019] [proxy:error] [pid 11652:tid 10576] AH00959: ap_proxy_connect_backend disabling worker for (172.22.1.144) for 60s
[Sun Feb 24 15:44:40.018565 2019] [proxy_http:error] [pid 11652:tid 10576] [client 35.192.84.7:48030] AH01114: HTTP: failed to make connection to backend: 172.22.1.144
[Sun Feb 24 15:45:25.336644 2019] [proxy:error] [pid 11652:tid 15392] (OS 10061)No connection could be made because the target machine actively refused it.  : AH00957: HTTP: attempt to connect to 172.22.1.61:8080 (172.22.1.61) failed
[Sun Feb 24 15:45:25.336644 2019] [proxy:error] [pid 11652:tid 15392] AH00959: ap_proxy_connect_backend disabling worker for (172.22.1.61) for 60s
[Sun Feb 24 15:45:25.336644 2019] [proxy_http:error] [pid 11652:tid 15392] [client 186.144.30.51:49449] AH01114: HTTP: failed to make connection to backend: 172.22.1.61
[Sun Feb 24 15:47:20.589647 2019] [proxy:error] [pid 11652:tid 9048] (OS 10061)No connection could be made because the target machine actively refused it.  : AH00957: HTTP: attempt to connect to 172.22.1.61:8080 (172.22.1.61) failed
[Sun Feb 24 15:47:20.589647 2019] [proxy:error] [pid 11652:tid 9048] AH00959: ap_proxy_connect_backend disabling worker for (172.22.1.61) for 60s
[Sun Feb 24 15:47:20.589647 2019] [proxy_http:error] [pid 11652:tid 9048] [client 186.144.30.51:49479] AH01114: HTTP: failed to make connection to backend: 172.22.1.61
[Sun Feb 24 16:05:33.387166 2019] [proxy:error] [pid 11652:tid 8416] (OS 10061)No connection could be made because the target machine actively refused it.  : AH00957: HTTP: attempt to connect to 172.22.1.144:80 (172.22.1.144) failed
[Sun Feb 24 16:05:33.387166 2019] [proxy:error] [pid 11652:tid 8416] AH00959: ap_proxy_connect_backend disabling worker for (172.22.1.144) for 60s
[Sun Feb 24 16:05:33.387166 2019] [proxy_http:error] [pid 11652:tid 8416] [client 35.192.84.7:56774] AH01114: HTTP: failed to make connection to backend: 172.22.1.144
[Sun Feb 24 16:06:39.375282 2019] [proxy:error] [pid 11652:tid 17296] (OS 10061)No connection could be made because the target machine actively refused it.  : AH00957: HTTP: attempt to connect to 172.22.1.61:8080 (172.22.1.61) failed
[Sun Feb 24 16:06:39.375282 2019] [proxy:error] [pid 11652:tid 17296] AH00959: ap_proxy_connect_backend disabling worker for (172.22.1.61) for 60s
[Sun Feb 24 16:06:39.375282 2019] [proxy_http:error] [pid 11652:tid 17296] [client 186.154.101.66:58330] AH01114: HTTP: failed to make connection to backend: 172.22.1.61
[Sun Feb 24 16:23:48.883490 2019] [mpm_winnt:warn] [pid 11652:tid 18844] (OS 64)The specified network name is no longer available.  : AH00341: winnt_accept: Asynchronous AcceptEx failed.
[Sun Feb 24 16:23:48.883490 2019] [mpm_winnt:warn] [pid 11652:tid 18844] (OS 64)The specified network name is no longer available.  : AH00341: winnt_accept: Asynchronous AcceptEx failed.
[Sun Feb 24 16:23:48.883490 2019] [mpm_winnt:warn] [pid 11652:tid 18844] (OS 64)The specified network name is no longer available.  : AH00341: winnt_accept: Asynchronous AcceptEx failed.
[Sun Feb 24 16:23:48.883490 2019] [mpm_winnt:warn] [pid 11652:tid 18844] (OS 64)The specified network name is no longer available.  : AH00341: winnt_accept: Asynchronous AcceptEx failed.
[Sun Feb 24 16:23:48.883490 2019] [mpm_winnt:warn] [pid 11652:tid 18844] (OS 64)The specified network name is no longer available.  : AH00341: winnt_accept: Asynchronous AcceptEx failed.
[Sun Feb 24 16:23:48.883490 2019] [mpm_winnt:warn] [pid 11652:tid 18844] (OS 64)The specified network name is no longer available.  : AH00341: winnt_accept: Asynchronous AcceptEx failed.
[Sun Feb 24 16:23:48.883490 2019] [mpm_winnt:warn] [pid 11652:tid 18844] (OS 64)The specified network name is no longer available.  : AH00341: winnt_accept: Asynchronous AcceptEx failed.
[Sun Feb 24 16:23:48.883490 2019] [mpm_winnt:warn] [pid 11652:tid 18844] (OS 64)The specified network name is no longer available.  : AH00341: winnt_accept: Asynchronous AcceptEx failed.
[Sun Feb 24 16:23:48.883490 2019] [mpm_winnt:warn] [pid 11652:tid 18844] (OS 64)The specified network name is no longer available.  : AH00341: winnt_accept: Asynchronous AcceptEx failed.
[Sun Feb 24 16:23:48.883490 2019] [mpm_winnt:warn] [pid 11652:tid 18844] (OS 64)The specified network name is no longer available.  : AH00341: winnt_accept: Asynchronous AcceptEx failed.
[Sun Feb 24 16:23:48.883490 2019] [mpm_winnt:warn] [pid 11652:tid 18844] (OS 64)The specified network name is no longer available.  : AH00341: winnt_accept: Asynchronous AcceptEx failed.
[Sun Feb 24 16:23:48.883490 2019] [mpm_winnt:warn] [pid 11652:tid 18844] (OS 64)The specified network name is no longer available.  : AH00341: winnt_accept: Asynchronous AcceptEx failed.
[Sun Feb 24 16:23:48.883490 2019] [mpm_winnt:warn] [pid 11652:tid 18844] (OS 64)The specified network name is no longer available.  : AH00341: winnt_accept: Asynchronous AcceptEx failed.
[Sun Feb 24 16:23:48.883490 2019] [mpm_winnt:warn] [pid 11652:tid 18844] (OS 64)The specified network name is no longer available.  : AH00341: winnt_accept: Asynchronous AcceptEx failed.
[Sun Feb 24 16:23:48.883490 2019] [mpm_winnt:warn] [pid 11652:tid 18844] (OS 64)The specified network name is no longer available.  : AH00341: winnt_accept: Asynchronous AcceptEx failed.
[Sun Feb 24 16:23:48.883490 2019] [mpm_winnt:warn] [pid 11652:tid 18844] (OS 64)The specified network name is no longer available.  : AH00341: winnt_accept: Asynchronous AcceptEx failed.
[Sun Feb 24 16:23:48.883490 2019] [mpm_winnt:warn] [pid 11652:tid 18844] (OS 64)The specified network name is no longer available.  : AH00341: winnt_accept: Asynchronous AcceptEx failed.
[Sun Feb 24 16:23:48.883490 2019] [mpm_winnt:warn] [pid 11652:tid 18844] (OS 64)The specified network name is no longer available.  : AH00341: winnt_accept: Asynchronous AcceptEx failed.
[Sun Feb 24 16:23:48.883490 2019] [mpm_winnt:warn] [pid 11652:tid 18844] (OS 64)The specified network name is no longer available.  : AH00341: winnt_accept: Asynchronous AcceptEx failed.
[Sun Feb 24 16:23:48.883490 2019] [mpm_winnt:warn] [pid 11652:tid 18844] (OS 64)The specified network name is no longer available.  : AH00341: winnt_accept: Asynchronous AcceptEx failed.
[Sun Feb 24 16:23:48.883490 2019] [mpm_winnt:warn] [pid 11652:tid 18844] (OS 64)The specified network name is no longer available.  : AH00341: winnt_accept: Asynchronous AcceptEx failed.
[Sun Feb 24 16:23:48.883490 2019] [mpm_winnt:warn] [pid 11652:tid 18844] (OS 64)The specified network name is no longer available.  : AH00341: winnt_accept: Asynchronous AcceptEx failed.
[Sun Feb 24 16:23:48.883490 2019] [mpm_winnt:warn] [pid 11652:tid 18844] (OS 64)The specified network name is no longer available.  : AH00341: winnt_accept: Asynchronous AcceptEx failed.
[Sun Feb 24 16:23:48.883490 2019] [mpm_winnt:warn] [pid 11652:tid 18844] (OS 64)The specified network name is no longer available.  : AH00341: winnt_accept: Asynchronous AcceptEx failed.
[Sun Feb 24 16:23:48.883490 2019] [mpm_winnt:warn] [pid 11652:tid 18844] (OS 64)The specified network name is no longer available.  : AH00341: winnt_accept: Asynchronous AcceptEx failed.
[Sun Feb 24 16:23:48.883490 2019] [mpm_winnt:warn] [pid 11652:tid 18844] (OS 64)The specified network name is no longer available.  : AH00341: winnt_accept: Asynchronous AcceptEx failed.
[Sun Feb 24 16:23:48.883490 2019] [mpm_winnt:warn] [pid 11652:tid 18844] (OS 64)The specified network name is no longer available.  : AH00341: winnt_accept: Asynchronous AcceptEx failed.
[Sun Feb 24 16:23:48.883490 2019] [mpm_winnt:warn] [pid 11652:tid 18844] (OS 64)The specified network name is no longer available.  : AH00341: winnt_accept: Asynchronous AcceptEx failed.
[Sun Feb 24 16:23:48.883490 2019] [mpm_winnt:warn] [pid 11652:tid 18844] (OS 64)The specified network name is no longer available.  : AH00341: winnt_accept: Asynchronous AcceptEx failed.
[Sun Feb 24 16:23:48.883490 2019] [mpm_winnt:warn] [pid 11652:tid 18844] (OS 64)The specified network name is no longer available.  : AH00341: winnt_accept: Asynchronous AcceptEx failed.
[Sun Feb 24 16:23:48.883490 2019] [mpm_winnt:warn] [pid 11652:tid 18844] (OS 64)The specified network name is no longer available.  : AH00341: winnt_accept: Asynchronous AcceptEx failed.
[Sun Feb 24 16:26:02.341725 2019] [mpm_winnt:warn] [pid 11652:tid 18844] (OS 64)The specified network name is no longer available.  : AH00341: winnt_accept: Asynchronous AcceptEx failed.
[Sun Feb 24 16:30:43.891019 2019] [mpm_winnt:warn] [pid 11652:tid 18844] (OS 64)The specified network name is no longer available.  : AH00341: winnt_accept: Asynchronous AcceptEx failed.
[Sun Feb 24 16:48:02.494043 2019] [proxy:error] [pid 11652:tid 14272] (OS 10061)No connection could be made because the target machine actively refused it.  : AH00957: HTTP: attempt to connect to 172.22.1.61:8080 (172.22.1.61) failed
[Sun Feb 24 16:48:02.494043 2019] [proxy:error] [pid 11652:tid 14272] AH00959: ap_proxy_connect_backend disabling worker for (172.22.1.61) for 60s
[Sun Feb 24 16:48:02.494043 2019] [proxy_http:error] [pid 11652:tid 14272] [client 186.84.199.245:49703] AH01114: HTTP: failed to make connection to backend: 172.22.1.61
[Sun Feb 24 16:50:07.403463 2019] [proxy:error] [pid 11652:tid 14272] (OS 10061)No connection could be made because the target machine actively refused it.  : AH00957: HTTP: attempt to connect to 172.22.1.61:8080 (172.22.1.61) failed
[Sun Feb 24 16:50:07.403463 2019] [proxy:error] [pid 11652:tid 14272] AH00959: ap_proxy_connect_backend disabling worker for (172.22.1.61) for 60s
[Sun Feb 24 16:50:07.403463 2019] [proxy_http:error] [pid 11652:tid 14272] [client 186.84.199.245:50314] AH01114: HTTP: failed to make connection to backend: 172.22.1.61
[Sun Feb 24 16:52:51.671751 2019] [mpm_winnt:warn] [pid 11652:tid 18844] (OS 64)The specified network name is no longer available.  : AH00341: winnt_accept: Asynchronous AcceptEx failed.
[Sun Feb 24 17:08:01.200149 2019] [proxy:error] [pid 11652:tid 11072] (OS 10061)No connection could be made because the target machine actively refused it.  : AH00957: HTTP: attempt to connect to 172.22.1.144:80 (172.22.1.144) failed
[Sun Feb 24 17:08:01.200149 2019] [proxy:error] [pid 11652:tid 11072] AH00959: ap_proxy_connect_backend disabling worker for (172.22.1.144) for 60s
[Sun Feb 24 17:08:01.200149 2019] [proxy_http:error] [pid 11652:tid 11072] [client 35.192.84.7:61608] AH01114: HTTP: failed to make connection to backend: 172.22.1.144
[Sun Feb 24 18:07:20.518000 2019] [core:error] [pid 11652:tid 12840] (20024)The given path is misformatted or contained invalid characters: [client 23.237.4.26:40638] AH00127: Cannot map GET /www.ambientebogota.gov.co:81/ HTTP/1.1 to file
[Sun Feb 24 18:14:20.860739 2019] [proxy:error] [pid 11652:tid 17676] (OS 10060)A connection attempt failed because the connected party did not properly respond after a period of time, or established connection failed because connected host has failed to respond.  : AH00957: HTTP: attempt to connect to 172.22.1.51:8399 (172.22.1.51) failed
[Sun Feb 24 18:14:20.860739 2019] [proxy:error] [pid 11652:tid 17676] AH00959: ap_proxy_connect_backend disabling worker for (172.22.1.51) for 60s
[Sun Feb 24 18:14:20.860739 2019] [proxy_http:error] [pid 11652:tid 17676] [client 161.10.81.247:65201] AH01114: HTTP: failed to make connection to backend: 172.22.1.51
[Sun Feb 24 18:14:31.546757 2019] [proxy:error] [pid 11652:tid 11516] AH00940: HTTP: disabled connection for (172.22.1.51)
[Sun Feb 24 18:54:59.581822 2019] [proxy:error] [pid 11652:tid 17692] (OS 10061)No connection could be made because the target machine actively refused it.  : AH00957: HTTP: attempt to connect to 172.22.1.61:8080 (172.22.1.61) failed
[Sun Feb 24 18:54:59.581822 2019] [proxy:error] [pid 11652:tid 17692] AH00959: ap_proxy_connect_backend disabling worker for (172.22.1.61) for 60s
[Sun Feb 24 18:54:59.581822 2019] [proxy_http:error] [pid 11652:tid 17692] [client 186.154.101.66:59076] AH01114: HTTP: failed to make connection to backend: 172.22.1.61
[Sun Feb 24 18:57:51.182124 2019] [mpm_winnt:warn] [pid 11652:tid 18844] (OS 64)The specified network name is no longer available.  : AH00341: winnt_accept: Asynchronous AcceptEx failed.
[Sun Feb 24 18:57:51.182124 2019] [mpm_winnt:warn] [pid 11652:tid 18844] (OS 64)The specified network name is no longer available.  : AH00341: winnt_accept: Asynchronous AcceptEx failed.
[Sun Feb 24 18:57:51.182124 2019] [mpm_winnt:warn] [pid 11652:tid 18844] (OS 64)The specified network name is no longer available.  : AH00341: winnt_accept: Asynchronous AcceptEx failed.
[Sun Feb 24 18:57:51.182124 2019] [mpm_winnt:warn] [pid 11652:tid 18844] (OS 64)The specified network name is no longer available.  : AH00341: winnt_accept: Asynchronous AcceptEx failed.
[Sun Feb 24 18:57:51.182124 2019] [mpm_winnt:warn] [pid 11652:tid 18844] (OS 64)The specified network name is no longer available.  : AH00341: winnt_accept: Asynchronous AcceptEx failed.
[Sun Feb 24 18:57:51.182124 2019] [mpm_winnt:warn] [pid 11652:tid 18844] (OS 64)The specified network name is no longer available.  : AH00341: winnt_accept: Asynchronous AcceptEx failed.
[Sun Feb 24 18:57:51.182124 2019] [mpm_winnt:warn] [pid 11652:tid 18844] (OS 64)The specified network name is no longer available.  : AH00341: winnt_accept: Asynchronous AcceptEx failed.
[Sun Feb 24 18:57:51.182124 2019] [mpm_winnt:warn] [pid 11652:tid 18844] (OS 64)The specified network name is no longer available.  : AH00341: winnt_accept: Asynchronous AcceptEx failed.
[Sun Feb 24 18:57:51.182124 2019] [mpm_winnt:warn] [pid 11652:tid 18844] (OS 64)The specified network name is no longer available.  : AH00341: winnt_accept: Asynchronous AcceptEx failed.
[Sun Feb 24 18:57:51.182124 2019] [mpm_winnt:warn] [pid 11652:tid 18844] (OS 64)The specified network name is no longer available.  : AH00341: winnt_accept: Asynchronous AcceptEx failed.
[Sun Feb 24 18:57:51.182124 2019] [mpm_winnt:warn] [pid 11652:tid 18844] (OS 64)The specified network name is no longer available.  : AH00341: winnt_accept: Asynchronous AcceptEx failed.
[Sun Feb 24 18:57:51.182124 2019] [mpm_winnt:warn] [pid 11652:tid 18844] (OS 64)The specified network name is no longer available.  : AH00341: winnt_accept: Asynchronous AcceptEx failed.
[Sun Feb 24 18:57:51.182124 2019] [mpm_winnt:warn] [pid 11652:tid 18844] (OS 64)The specified network name is no longer available.  : AH00341: winnt_accept: Asynchronous AcceptEx failed.
[Sun Feb 24 18:57:51.182124 2019] [mpm_winnt:warn] [pid 11652:tid 18844] (OS 64)The specified network name is no longer available.  : AH00341: winnt_accept: Asynchronous AcceptEx failed.
[Sun Feb 24 18:57:51.182124 2019] [mpm_winnt:warn] [pid 11652:tid 18844] (OS 64)The specified network name is no longer available.  : AH00341: winnt_accept: Asynchronous AcceptEx failed.
[Sun Feb 24 18:57:51.182124 2019] [mpm_winnt:warn] [pid 11652:tid 18844] (OS 64)The specified network name is no longer available.  : AH00341: winnt_accept: Asynchronous AcceptEx failed.
[Sun Feb 24 18:57:51.182124 2019] [mpm_winnt:warn] [pid 11652:tid 18844] (OS 64)The specified network name is no longer available.  : AH00341: winnt_accept: Asynchronous AcceptEx failed.
[Sun Feb 24 18:57:51.182124 2019] [mpm_winnt:warn] [pid 11652:tid 18844] (OS 64)The specified network name is no longer available.  : AH00341: winnt_accept: Asynchronous AcceptEx failed.
[Sun Feb 24 18:57:51.182124 2019] [mpm_winnt:warn] [pid 11652:tid 18844] (OS 64)The specified network name is no longer available.  : AH00341: winnt_accept: Asynchronous AcceptEx failed.
[Sun Feb 24 18:57:51.182124 2019] [mpm_winnt:warn] [pid 11652:tid 18844] (OS 64)The specified network name is no longer available.  : AH00341: winnt_accept: Asynchronous AcceptEx failed.
[Sun Feb 24 18:57:51.182124 2019] [mpm_winnt:warn] [pid 11652:tid 18844] (OS 64)The specified network name is no longer available.  : AH00341: winnt_accept: Asynchronous AcceptEx failed.
[Sun Feb 24 18:57:51.182124 2019] [mpm_winnt:warn] [pid 11652:tid 18844] (OS 64)The specified network name is no longer available.  : AH00341: winnt_accept: Asynchronous AcceptEx failed.
[Sun Feb 24 18:57:51.182124 2019] [mpm_winnt:warn] [pid 11652:tid 18844] (OS 64)The specified network name is no longer available.  : AH00341: winnt_accept: Asynchronous AcceptEx failed.
[Sun Feb 24 18:57:51.182124 2019] [mpm_winnt:warn] [pid 11652:tid 18844] (OS 64)The specified network name is no longer available.  : AH00341: winnt_accept: Asynchronous AcceptEx failed.
[Sun Feb 24 18:57:51.182124 2019] [mpm_winnt:warn] [pid 11652:tid 18844] (OS 64)The specified network name is no longer available.  : AH00341: winnt_accept: Asynchronous AcceptEx failed.
[Sun Feb 24 18:57:51.182124 2019] [mpm_winnt:warn] [pid 11652:tid 18844] (OS 64)The specified network name is no longer available.  : AH00341: winnt_accept: Asynchronous AcceptEx failed.
[Sun Feb 24 18:57:51.182124 2019] [mpm_winnt:warn] [pid 11652:tid 18844] (OS 64)The specified network name is no longer available.  : AH00341: winnt_accept: Asynchronous AcceptEx failed.
[Sun Feb 24 18:58:04.192546 2019] [proxy:error] [pid 11652:tid 14468] (OS 10061)No connection could be made because the target machine actively refused it.  : AH00957: HTTP: attempt to connect to 172.22.1.61:8080 (172.22.1.61) failed
[Sun Feb 24 18:58:04.192546 2019] [proxy:error] [pid 11652:tid 14468] AH00959: ap_proxy_connect_backend disabling worker for (172.22.1.61) for 60s
[Sun Feb 24 18:58:04.192546 2019] [proxy_http:error] [pid 11652:tid 14468] [client 66.249.88.62:62654] AH01114: HTTP: failed to make connection to backend: 172.22.1.61, referer: http://190.27.245.106/sipse/faces/index.xhtml
[Sun Feb 24 18:58:05.237748 2019] [proxy:error] [pid 11652:tid 14468] AH00940: HTTP: disabled connection for (172.22.1.61)
[Sun Feb 24 19:01:41.797329 2019] [proxy:error] [pid 11652:tid 7184] (OS 10060)A connection attempt failed because the connected party did not properly respond after a period of time, or established connection failed because connected host has failed to respond.  : AH00957: HTTP: attempt to connect to 172.22.1.31:80 (172.22.1.31) failed
[Sun Feb 24 19:01:41.797329 2019] [proxy:error] [pid 11652:tid 7184] AH00959: ap_proxy_connect_backend disabling worker for (172.22.1.31) for 60s
[Sun Feb 24 19:01:41.797329 2019] [proxy_http:error] [pid 11652:tid 7184] [client 207.46.13.214:12392] AH01114: HTTP: failed to make connection to backend: 172.22.1.31
[Sun Feb 24 19:10:19.156637 2019] [mpm_winnt:warn] [pid 11652:tid 18844] (OS 64)The specified network name is no longer available.  : AH00341: winnt_accept: Asynchronous AcceptEx failed.
[Sun Feb 24 19:10:19.156637 2019] [mpm_winnt:warn] [pid 11652:tid 18844] (OS 64)The specified network name is no longer available.  : AH00341: winnt_accept: Asynchronous AcceptEx failed.
[Sun Feb 24 19:10:19.156637 2019] [mpm_winnt:warn] [pid 11652:tid 18844] (OS 64)The specified network name is no longer available.  : AH00341: winnt_accept: Asynchronous AcceptEx failed.
[Sun Feb 24 19:10:19.156637 2019] [mpm_winnt:warn] [pid 11652:tid 18844] (OS 64)The specified network name is no longer available.  : AH00341: winnt_accept: Asynchronous AcceptEx failed.
[Sun Feb 24 19:10:19.156637 2019] [mpm_winnt:warn] [pid 11652:tid 18844] (OS 64)The specified network name is no longer available.  : AH00341: winnt_accept: Asynchronous AcceptEx failed.
[Sun Feb 24 19:10:19.156637 2019] [mpm_winnt:warn] [pid 11652:tid 18844] (OS 64)The specified network name is no longer available.  : AH00341: winnt_accept: Asynchronous AcceptEx failed.
[Sun Feb 24 19:11:43.115985 2019] [proxy:error] [pid 11652:tid 17692] (OS 10061)No connection could be made because the target machine actively refused it.  : AH00957: HTTP: attempt to connect to 172.22.1.144:80 (172.22.1.144) failed
[Sun Feb 24 19:11:43.115985 2019] [proxy:error] [pid 11652:tid 17692] AH00959: ap_proxy_connect_backend disabling worker for (172.22.1.144) for 60s
[Sun Feb 24 19:11:43.115985 2019] [proxy_http:error] [pid 11652:tid 17692] [client 35.192.84.7:16784] AH01114: HTTP: failed to make connection to backend: 172.22.1.144
[Sun Feb 24 20:30:19.519069 2019] [access_compat:error] [pid 11652:tid 18448] [client 116.196.74.82:24201] AH01797: client denied by server configuration: E:/nuevo/phpMyAdmin/scripts
[Sun Feb 24 20:30:20.189870 2019] [access_compat:error] [pid 11652:tid 18448] [client 116.196.74.82:24363] AH01797: client denied by server configuration: E:/nuevo/htdocs/phpMyAdmin
[Sun Feb 24 20:30:20.860671 2019] [access_compat:error] [pid 11652:tid 17008] [client 116.196.74.82:24531] AH01797: client denied by server configuration: E:/nuevo/phpMyAdmin/scripts
[Sun Feb 24 20:30:21.500272 2019] [access_compat:error] [pid 11652:tid 11452] [client 116.196.74.82:24697] AH01797: client denied by server configuration: E:/nuevo/htdocs/phpMyAdmin
[Sun Feb 24 20:32:08.360460 2019] [access_compat:error] [pid 11652:tid 18448] [client 116.196.74.82:39749] AH01797: client denied by server configuration: E:/nuevo/phpMyAdmin/index.php
[Sun Feb 24 20:32:09.140461 2019] [access_compat:error] [pid 11652:tid 18448] [client 116.196.74.82:39921] AH01797: client denied by server configuration: E:/nuevo/htdocs/phpMyAdmin
[Sun Feb 24 20:32:28.390895 2019] [access_compat:error] [pid 11652:tid 13224] [client 116.196.74.82:43492] AH01797: client denied by server configuration: E:/nuevo/htdocs/phpmyadmin0
[Sun Feb 24 20:32:29.155296 2019] [access_compat:error] [pid 11652:tid 13224] [client 116.196.74.82:43639] AH01797: client denied by server configuration: E:/nuevo/htdocs/phpmyadmin1
[Sun Feb 24 20:32:29.919698 2019] [access_compat:error] [pid 11652:tid 13224] [client 116.196.74.82:43785] AH01797: client denied by server configuration: E:/nuevo/htdocs/phpmyadmin2
[Sun Feb 24 20:32:32.899303 2019] [access_compat:error] [pid 11652:tid 16632] [client 116.196.74.82:44284] AH01797: client denied by server configuration: E:/nuevo/htdocs/xampp/phpmyadmin
[Sun Feb 24 20:32:33.523304 2019] [access_compat:error] [pid 11652:tid 16632] [client 116.196.74.82:44405] AH01797: client denied by server configuration: E:/nuevo/htdocs/phpMyadmin_bak
[Sun Feb 24 20:32:35.457707 2019] [access_compat:error] [pid 11652:tid 16632] [client 116.196.74.82:44759] AH01797: client denied by server configuration: E:/nuevo/htdocs/phpmyadmin-old
[Sun Feb 24 20:32:39.498115 2019] [access_compat:error] [pid 11652:tid 17184] [client 116.196.74.82:44910] AH01797: client denied by server configuration: E:/nuevo/htdocs/phpMyAdminold
[Sun Feb 24 20:32:43.476121 2019] [access_compat:error] [pid 11652:tid 15620] [client 116.196.74.82:45387] AH01797: client denied by server configuration: E:/nuevo/htdocs/phpMyAdmin.old
[Sun Feb 24 20:32:51.588136 2019] [access_compat:error] [pid 11652:tid 17000] [client 116.196.74.82:46148] AH01797: client denied by server configuration: E:/nuevo/htdocs/phpMyAdmin
[Sun Feb 24 20:32:55.597343 2019] [access_compat:error] [pid 11652:tid 17000] [client 116.196.74.82:46734] AH01797: client denied by server configuration: E:/nuevo/htdocs/phpMyAdmin__
[Sun Feb 24 20:32:56.377344 2019] [access_compat:error] [pid 11652:tid 8312] [client 116.196.74.82:46928] AH01797: client denied by server configuration: E:/nuevo/htdocs/phpMyAdmin+++---
[Sun Feb 24 20:33:12.382972 2019] [access_compat:error] [pid 11652:tid 17316] [client 116.196.74.82:48827] AH01797: client denied by server configuration: E:/nuevo/htdocs/phpMyAdmin1
[Sun Feb 24 20:33:13.194174 2019] [access_compat:error] [pid 11652:tid 17316] [client 116.196.74.82:48979] AH01797: client denied by server configuration: E:/nuevo/htdocs/phpMyAdmin123
[Sun Feb 24 20:33:16.345379 2019] [access_compat:error] [pid 11652:tid 17000] [client 116.196.74.82:49403] AH01797: client denied by server configuration: E:/nuevo/htdocs/phpMyAdmina
[Sun Feb 24 21:48:33.848114 2019] [mpm_winnt:warn] [pid 11652:tid 18844] (OS 64)The specified network name is no longer available.  : AH00341: winnt_accept: Asynchronous AcceptEx failed.
[Sun Feb 24 21:48:33.848114 2019] [mpm_winnt:warn] [pid 11652:tid 18844] (OS 64)The specified network name is no longer available.  : AH00341: winnt_accept: Asynchronous AcceptEx failed.
[Sun Feb 24 21:48:33.863714 2019] [mpm_winnt:warn] [pid 11652:tid 18844] (OS 64)The specified network name is no longer available.  : AH00341: winnt_accept: Asynchronous AcceptEx failed.
[Sun Feb 24 21:48:33.863714 2019] [mpm_winnt:warn] [pid 11652:tid 18844] (OS 64)The specified network name is no longer available.  : AH00341: winnt_accept: Asynchronous AcceptEx failed.
[Sun Feb 24 21:48:33.863714 2019] [mpm_winnt:warn] [pid 11652:tid 18844] (OS 64)The specified network name is no longer available.  : AH00341: winnt_accept: Asynchronous AcceptEx failed.
[Sun Feb 24 21:48:33.863714 2019] [mpm_winnt:warn] [pid 11652:tid 18844] (OS 64)The specified network name is no longer available.  : AH00341: winnt_accept: Asynchronous AcceptEx failed.
[Sun Feb 24 21:48:33.863714 2019] [mpm_winnt:warn] [pid 11652:tid 18844] (OS 64)The specified network name is no longer available.  : AH00341: winnt_accept: Asynchronous AcceptEx failed.
[Sun Feb 24 21:48:33.863714 2019] [mpm_winnt:warn] [pid 11652:tid 18844] (OS 64)The specified network name is no longer available.  : AH00341: winnt_accept: Asynchronous AcceptEx failed.
[Sun Feb 24 21:48:33.863714 2019] [mpm_winnt:warn] [pid 11652:tid 18844] (OS 64)The specified network name is no longer available.  : AH00341: winnt_accept: Asynchronous AcceptEx failed.
[Sun Feb 24 21:48:33.863714 2019] [mpm_winnt:warn] [pid 11652:tid 18844] (OS 64)The specified network name is no longer available.  : AH00341: winnt_accept: Asynchronous AcceptEx failed.
[Sun Feb 24 21:48:33.863714 2019] [mpm_winnt:warn] [pid 11652:tid 18844] (OS 64)The specified network name is no longer available.  : AH00341: winnt_accept: Asynchronous AcceptEx failed.
[Sun Feb 24 21:48:33.863714 2019] [mpm_winnt:warn] [pid 11652:tid 18844] (OS 64)The specified network name is no longer available.  : AH00341: winnt_accept: Asynchronous AcceptEx failed.
[Sun Feb 24 21:48:33.863714 2019] [mpm_winnt:warn] [pid 11652:tid 18844] (OS 64)The specified network name is no longer available.  : AH00341: winnt_accept: Asynchronous AcceptEx failed.
[Sun Feb 24 21:48:33.863714 2019] [mpm_winnt:warn] [pid 11652:tid 18844] (OS 64)The specified network name is no longer available.  : AH00341: winnt_accept: Asynchronous AcceptEx failed.
[Sun Feb 24 21:48:33.863714 2019] [mpm_winnt:warn] [pid 11652:tid 18844] (OS 64)The specified network name is no longer available.  : AH00341: winnt_accept: Asynchronous AcceptEx failed.
[Sun Feb 24 21:48:33.863714 2019] [mpm_winnt:warn] [pid 11652:tid 18844] (OS 64)The specified network name is no longer available.  : AH00341: winnt_accept: Asynchronous AcceptEx failed.
[Sun Feb 24 21:48:33.863714 2019] [mpm_winnt:warn] [pid 11652:tid 18844] (OS 64)The specified network name is no longer available.  : AH00341: winnt_accept: Asynchronous AcceptEx failed.
[Sun Feb 24 21:48:33.863714 2019] [mpm_winnt:warn] [pid 11652:tid 18844] (OS 64)The specified network name is no longer available.  : AH00341: winnt_accept: Asynchronous AcceptEx failed.
[Sun Feb 24 21:48:33.863714 2019] [mpm_winnt:warn] [pid 11652:tid 18844] (OS 64)The specified network name is no longer available.  : AH00341: winnt_accept: Asynchronous AcceptEx failed.
[Sun Feb 24 21:48:33.863714 2019] [mpm_winnt:warn] [pid 11652:tid 18844] (OS 64)The specified network name is no longer available.  : AH00341: winnt_accept: Asynchronous AcceptEx failed.
[Sun Feb 24 21:48:33.863714 2019] [mpm_winnt:warn] [pid 11652:tid 18844] (OS 64)The specified network name is no longer available.  : AH00341: winnt_accept: Asynchronous AcceptEx failed.
[Sun Feb 24 21:48:33.863714 2019] [mpm_winnt:warn] [pid 11652:tid 18844] (OS 64)The specified network name is no longer available.  : AH00341: winnt_accept: Asynchronous AcceptEx failed.
[Sun Feb 24 21:56:00.149298 2019] [proxy:error] [pid 11652:tid 11072] (OS 10060)A connection attempt failed because the connected party did not properly respond after a period of time, or established connection failed because connected host has failed to respond.  : AH00957: HTTP: attempt to connect to 172.22.1.31:80 (172.22.1.31) failed
[Sun Feb 24 21:56:00.149298 2019] [proxy:error] [pid 11652:tid 11072] AH00959: ap_proxy_connect_backend disabling worker for (172.22.1.31) for 60s
[Sun Feb 24 21:56:00.149298 2019] [proxy_http:error] [pid 11652:tid 11072] [client 40.77.167.166:1743] AH01114: HTTP: failed to make connection to backend: 172.22.1.31
[Sun Feb 24 22:03:16.372864 2019] [mpm_winnt:warn] [pid 11652:tid 18844] (OS 64)The specified network name is no longer available.  : AH00341: winnt_accept: Asynchronous AcceptEx failed.
[Sun Feb 24 23:30:06.766415 2019] [proxy:error] [pid 11652:tid 17316] (OS 10061)No connection could be made because the target machine actively refused it.  : AH00957: HTTP: attempt to connect to 172.22.1.61:8080 (172.22.1.61) failed
[Sun Feb 24 23:30:06.766415 2019] [proxy:error] [pid 11652:tid 17316] AH00959: ap_proxy_connect_backend disabling worker for (172.22.1.61) for 60s
[Sun Feb 24 23:30:06.766415 2019] [proxy_http:error] [pid 11652:tid 17316] [client 181.57.240.17:8650] AH01114: HTTP: failed to make connection to backend: 172.22.1.61
[Sun Feb 24 23:34:39.127294 2019] [proxy:error] [pid 11652:tid 13056] (OS 10061)No connection could be made because the target machine actively refused it.  : AH00957: HTTP: attempt to connect to 172.22.1.61:8080 (172.22.1.61) failed
[Sun Feb 24 23:34:39.127294 2019] [proxy:error] [pid 11652:tid 13056] AH00959: ap_proxy_connect_backend disabling worker for (172.22.1.61) for 60s
[Sun Feb 24 23:34:39.127294 2019] [proxy_http:error] [pid 11652:tid 13056] [client 181.57.240.17:45889] AH01114: HTTP: failed to make connection to backend: 172.22.1.61
[Sun Feb 24 23:34:46.365707 2019] [proxy:error] [pid 11652:tid 15420] AH00940: HTTP: disabled connection for (172.22.1.61)
[Sun Feb 24 23:59:15.123886 2019] [mpm_winnt:warn] [pid 11652:tid 18844] (OS 64)The specified network name is no longer available.  : AH00341: winnt_accept: Asynchronous AcceptEx failed.

:: Command execute ::

Enter:
 
Select:
 

:: Search ::
regexp 

:: Upload ::
 
[ ok ]

:: Make Dir ::
 
[ ok ]
:: Make File ::
 
[ ok ]

:: Go Dir ::
 
:: Go File ::
 

--[ c99shell v. 1.0 pre-release build #13 powered by Captain Crunch Security Team | http://ccteam.ru | Generation time: 0.0312 ]--