[Sun Mar 10 11:39:37.629757 2019] [core:error] [pid 14324:tid 4220] [client 172.22.2.1:22988] AH00126: Invalid URI in request GET ..\\..\\..\\..\\..\\..\\winnt\\win.ini HTTP/1.1
[Sun Mar 10 11:39:57.394992 2019] [authz_core:error] [pid 14324:tid 17748] [client 172.22.2.1:23025] AH01630: client denied by server configuration: E:/nuevo/htdocs/.htaccess.old
[Sun Mar 10 11:40:14.601822 2019] [authz_core:error] [pid 14324:tid 17748] [client 172.22.2.1:23042] AH01630: client denied by server configuration: E:/nuevo/htdocs/.htaccess.bak
[Sun Mar 10 11:40:16.302225 2019] [access_compat:error] [pid 14324:tid 4052] [client 172.22.2.1:23047] AH01797: client denied by server configuration: E:/nuevo/htdocs/xampp/index.php
[Sun Mar 10 11:40:16.754626 2019] [authz_core:error] [pid 14324:tid 17748] [client 172.22.2.1:23042] AH01630: client denied by server configuration: E:/nuevo/htdocs/.htaccess~
[Sun Mar 10 11:40:26.957044 2019] [authz_core:error] [pid 14324:tid 17748] [client 172.22.2.1:23042] AH01630: client denied by server configuration: E:/nuevo/htdocs/.htaccess.copy
[Sun Mar 10 11:40:30.903851 2019] [authz_core:error] [pid 14324:tid 17748] [client 172.22.2.1:23042] AH01630: client denied by server configuration: E:/nuevo/htdocs/.htaccess.tmp
[Sun Mar 10 11:40:33.836656 2019] [authz_core:error] [pid 14324:tid 17748] [client 172.22.2.1:23079] AH01630: client denied by server configuration: E:/nuevo/htdocs/.htaccess.1
[Sun Mar 10 11:40:36.847461 2019] [authz_core:error] [pid 14324:tid 17748] [client 172.22.2.1:23079] AH01630: client denied by server configuration: E:/nuevo/htdocs/.htaccess.~1~
[Sun Mar 10 11:40:37.221862 2019] [cgi:error] [pid 14324:tid 3796] [client 172.22.2.1:23077] script not found or unable to stat: E:/nuevo/htdocs/niet648467956.asp
[Sun Mar 10 11:40:53.913891 2019] [cgi:error] [pid 14324:tid 6304] [client 172.22.2.1:23180] script not found or unable to stat: E:/nuevo/cgi-bin/pub
[Sun Mar 10 11:40:54.147891 2019] [core:error] [pid 14324:tid 6304] [client 172.22.2.1:23183] AH00038: Forbidden: E:/nuevo/cgi-bin/com5 doesn't point to a file or directory
[Sun Mar 10 11:41:07.953916 2019] [core:error] [pid 14324:tid 3772] [client 172.22.2.1:23264] AH00135: Invalid method in request NESSUS / HTTP/1.0
[Sun Mar 10 11:41:37.905968 2019] [proxy:error] [pid 14324:tid 4052] (OS 10061)No connection could be made because the target machine actively refused it.  : AH00957: AJP: attempt to connect to 127.0.0.1:8009 (*) failed
[Sun Mar 10 11:41:37.905968 2019] [proxy_ajp:error] [pid 14324:tid 4052] [client 172.22.2.1:23369] AH00896: failed to make connection to backend: 127.0.0.1
[Sun Mar 10 11:41:43.272378 2019] [cgi:error] [pid 14324:tid 4112] [client 172.22.2.1:23402] script not found or unable to stat: E:/nuevo/htdocs/InitialPage.asp
[Sun Mar 10 11:41:46.080383 2019] [cgi:error] [pid 14324:tid 4520] [client 172.22.2.1:23413] script not found or unable to stat: E:/nuevo/cgi-bin/printenv
[Sun Mar 10 11:41:48.264386 2019] [negotiation:error] [pid 14324:tid 4112] [client 172.22.2.1:23426] AH00690: no acceptable variant: E:/nuevo/apache/error/HTTP_NOT_FOUND.html.var
[Sun Mar 10 11:41:48.763587 2019] [negotiation:error] [pid 14324:tid 4112] [client 172.22.2.1:23426] AH00690: no acceptable variant: E:/nuevo/apache/error/HTTP_NOT_FOUND.html.var
[Sun Mar 10 11:41:48.841587 2019] [negotiation:error] [pid 14324:tid 4112] [client 172.22.2.1:23426] AH00690: no acceptable variant: E:/nuevo/apache/error/HTTP_NOT_FOUND.html.var
[Sun Mar 10 11:41:48.888388 2019] [negotiation:error] [pid 14324:tid 4112] [client 172.22.2.1:23426] AH00690: no acceptable variant: E:/nuevo/apache/error/HTTP_NOT_FOUND.html.var
[Sun Mar 10 11:41:48.950788 2019] [negotiation:error] [pid 14324:tid 4112] [client 172.22.2.1:23426] AH00690: no acceptable variant: E:/nuevo/apache/error/HTTP_NOT_FOUND.html.var
[Sun Mar 10 11:41:49.543589 2019] [cgi:error] [pid 14324:tid 4760] [client 172.22.2.1:23431] script not found or unable to stat: E:/nuevo/cgi-bin/index.cgi
[Sun Mar 10 11:41:56.376401 2019] [core:error] [pid 14324:tid 3412] [client 172.22.2.1:23475] AH00135: Invalid method in request SEARCH / HTTP/1.1
[Sun Mar 10 11:41:57.062802 2019] [negotiation:error] [pid 14324:tid 17632] [client 172.22.2.1:23481] AH00690: no acceptable variant: E:/nuevo/apache/error/HTTP_NOT_FOUND.html.var
[Sun Mar 10 11:42:04.831616 2019] [negotiation:error] [pid 14324:tid 17632] [client 172.22.2.1:23529] AH00690: no acceptable variant: E:/nuevo/apache/error/HTTP_NOT_FOUND.html.var
[Sun Mar 10 11:42:09.605224 2019] [access_compat:error] [pid 14324:tid 4040] [client 172.22.2.1:23582] AH01797: client denied by server configuration: E:/nuevo/htdocs/server-info
[Sun Mar 10 11:42:15.299234 2019] [access_compat:error] [pid 14324:tid 3772] [client 172.22.2.1:23594] AH01797: client denied by server configuration: E:/nuevo/htdocs/server-status
[Sun Mar 10 11:42:15.392834 2019] [authz_core:error] [pid 14324:tid 4120] [client 172.22.2.1:23596] AH01630: client denied by server configuration: E:/nuevo/htdocs/.htaccess
[Sun Mar 10 11:42:16.952837 2019] [authz_core:error] [pid 14324:tid 4120] [client 172.22.2.1:23596] AH01630: client denied by server configuration: E:/nuevo/htdocs/.htpasswd
[Sun Mar 10 11:42:23.177248 2019] [cgi:error] [pid 14324:tid 4472] [client 172.22.2.1:23678] script not found or unable to stat: E:/nuevo/cgi-bin/client_execute.cgi
[Sun Mar 10 11:42:23.676449 2019] [cgi:error] [pid 14324:tid 4472] [client 172.22.2.1:23690] script not found or unable to stat: E:/nuevo/cgi-bin/guestimage.html
[Sun Mar 10 11:42:24.004049 2019] [cgi:error] [pid 14324:tid 7396] [client 172.22.2.1:23697] script not found or unable to stat: E:/nuevo/cgi-bin/camctrl.cgi
[Sun Mar 10 11:42:24.082049 2019] [cgi:error] [pid 14324:tid 7396] [client 172.22.2.1:23699] script not found or unable to stat: E:/nuevo/cgi-bin/ctrldirect.cgi
[Sun Mar 10 11:42:24.362850 2019] [cgi:error] [pid 14324:tid 4472] [client 172.22.2.1:23706] script not found or unable to stat: E:/nuevo/htdocs/main.cgi
[Sun Mar 10 11:42:24.846451 2019] [cgi:error] [pid 14324:tid 4052] [client 172.22.2.1:23711] script not found or unable to stat: E:/nuevo/cgi-bin/pdesk.cgi
[Sun Mar 10 11:42:26.125653 2019] [core:error] [pid 14324:tid 4196] (20024)The given path is misformatted or contained invalid characters: [client 172.22.2.1:23722] AH00127: Cannot map GET /<script>foo</script> HTTP/1.1 to file
[Sun Mar 10 11:42:29.744859 2019] [cgi:error] [pid 14324:tid 3636] [client 172.22.2.1:23764] script not found or unable to stat: E:/nuevo/cgi-bin/kvm.cgi
[Sun Mar 10 11:42:29.916460 2019] [cgi:error] [pid 14324:tid 3636] [client 172.22.2.1:23767] script not found or unable to stat: E:/nuevo/cgi-bin/kvm.cgi
[Sun Mar 10 11:42:31.086462 2019] [cgi:error] [pid 14324:tid 8760] [client 172.22.2.1:23772] script not found or unable to stat: E:/nuevo/cgi-bin/login.cgi
[Sun Mar 10 11:42:34.534068 2019] [cgi:error] [pid 14324:tid 4832] [client 172.22.2.1:23795] script not found or unable to stat: E:/nuevo/htdocs/D9SLQT5k.asp
[Sun Mar 10 11:42:43.691284 2019] [access_compat:error] [pid 14324:tid 4688] [client 172.22.2.1:23824] AH01797: client denied by server configuration: E:/nuevo/htdocs/server-status
[Sun Mar 10 11:42:43.862884 2019] [core:error] [pid 14324:tid 4688] [client 172.22.2.1:23825] AH00126: Invalid URI in request GET /%2e%2e/%2e%2e/%2e%2e/%2e%2e/%2e%2e/%2e%2e/%2e%2e/etc/passwd HTTP/1.1
[Sun Mar 10 11:42:46.062488 2019] [access_compat:error] [pid 14324:tid 4664] [client 172.22.2.1:23850] AH01797: client denied by server configuration: E:/nuevo/webalizer/
[Sun Mar 10 11:43:17.746144 2019] [core:error] [pid 14324:tid 4464] [client 172.22.2.1:24031] AH00038: Forbidden: E:/nuevo/htdocs/nul doesn't point to a file or directory
[Sun Mar 10 11:43:21.084549 2019] [cgi:error] [pid 14324:tid 4464] [client 172.22.2.1:24070] script not found or unable to stat: E:/nuevo/cgi-bin/filescan
[Sun Mar 10 11:43:23.564954 2019] [cgi:error] [pid 14324:tid 3500] [client 172.22.2.1:24083] script not found or unable to stat: E:/nuevo/htdocs/FormHandler.cgi
[Sun Mar 10 11:43:24.282555 2019] [cgi:error] [pid 14324:tid 3924] [client 172.22.2.1:24093] script not found or unable to stat: E:/nuevo/htdocs/admin.cgi
[Sun Mar 10 11:43:24.376155 2019] [cgi:error] [pid 14324:tid 4520] [client 172.22.2.1:24095] script not found or unable to stat: E:/nuevo/htdocs/administrator.cgi
[Sun Mar 10 11:43:24.485355 2019] [cgi:error] [pid 14324:tid 4664] [client 172.22.2.1:24099] script not found or unable to stat: E:/nuevo/htdocs/buglist.cgi
[Sun Mar 10 11:43:24.797356 2019] [cgi:error] [pid 14324:tid 4520] [client 172.22.2.1:24105] script not found or unable to stat: E:/nuevo/cgi-bin/admin
[Sun Mar 10 11:43:25.046956 2019] [cgi:error] [pid 14324:tid 4664] [client 172.22.2.1:24107] script not found or unable to stat: E:/nuevo/cgi-bin/admin.cgi
[Sun Mar 10 11:43:25.358957 2019] [cgi:error] [pid 14324:tid 3924] [client 172.22.2.1:24109] script not found or unable to stat: E:/nuevo/cgi-bin/admin.pl
[Sun Mar 10 11:43:25.374557 2019] [cgi:error] [pid 14324:tid 4520] [client 172.22.2.1:24110] script not found or unable to stat: E:/nuevo/htdocs/admin.cgi
[Sun Mar 10 11:43:25.483757 2019] [cgi:error] [pid 14324:tid 4664] [client 172.22.2.1:24111] script not found or unable to stat: E:/nuevo/cgi-bin/administrator
[Sun Mar 10 11:43:25.577357 2019] [cgi:error] [pid 14324:tid 4520] [client 172.22.2.1:24113] script not found or unable to stat: E:/nuevo/htdocs/administrator.cgi
[Sun Mar 10 11:43:25.592957 2019] [cgi:error] [pid 14324:tid 4664] [client 172.22.2.1:24114] script not found or unable to stat: E:/nuevo/cgi-bin/administrator.cgi
[Sun Mar 10 11:43:25.686558 2019] [cgi:error] [pid 14324:tid 4664] [client 172.22.2.1:24116] script not found or unable to stat: E:/nuevo/cgi-bin/agorn.cgi
[Sun Mar 10 11:43:25.686558 2019] [cgi:error] [pid 14324:tid 4520] [client 172.22.2.1:24115] script not found or unable to stat: E:/nuevo/htdocs/buglist.cgi
[Sun Mar 10 11:43:25.764558 2019] [core:error] [pid 14324:tid 3924] (20024)The given path is misformatted or contained invalid characters: [client 172.22.2.1:24112] AH00127: Cannot map GET //${%23w%3d%23context.get('com.opensymphony.xwork2.dispatcher.HttpServletResponse').getWriter(),%23w.print('Nessus%20Response:%20'),%23w.println('struts_2_3_14_3_command_execution-1591978464'),%23w.flush(),%23w.close()}.action HTTP/1.1 to file
[Sun Mar 10 11:43:25.764558 2019] [cgi:error] [pid 14324:tid 4520] [client 172.22.2.1:24117] script not found or unable to stat: E:/nuevo/cgi-bin/bugreport.cgi
[Sun Mar 10 11:43:25.842558 2019] [cgi:error] [pid 14324:tid 4664] [client 172.22.2.1:24119] script not found or unable to stat: E:/nuevo/cgi-bin/cart.cgi
[Sun Mar 10 11:43:25.858158 2019] [cgi:error] [pid 14324:tid 4520] [client 172.22.2.1:24120] script not found or unable to stat: E:/nuevo/cgi-bin/admin
[Sun Mar 10 11:43:25.998558 2019] [cgi:error] [pid 14324:tid 4664] [client 172.22.2.1:24122] script not found or unable to stat: E:/nuevo/cgi-bin/clwarn.cgi
[Sun Mar 10 11:43:25.998558 2019] [cgi:error] [pid 14324:tid 4520] [client 172.22.2.1:24123] script not found or unable to stat: E:/nuevo/cgi-bin/admin.cgi
[Sun Mar 10 11:43:26.123358 2019] [cgi:error] [pid 14324:tid 4520] [client 172.22.2.1:24125] script not found or unable to stat: E:/nuevo/cgi-bin/count.cgi
[Sun Mar 10 11:43:26.123358 2019] [cgi:error] [pid 14324:tid 4664] [client 172.22.2.1:24126] script not found or unable to stat: E:/nuevo/cgi-bin/admin.pl
[Sun Mar 10 11:43:26.201358 2019] [cgi:error] [pid 14324:tid 4520] [client 172.22.2.1:24127] script not found or unable to stat: E:/nuevo/cgi-bin/Count.cgi
[Sun Mar 10 11:43:26.201358 2019] [cgi:error] [pid 14324:tid 3924] [client 172.22.2.1:24128] script not found or unable to stat: E:/nuevo/cgi-bin/administrator
[Sun Mar 10 11:43:26.372959 2019] [cgi:error] [pid 14324:tid 17748] [client 172.22.2.1:24130] script not found or unable to stat: E:/nuevo/cgi-bin/faqmanager.cgi
[Sun Mar 10 11:43:26.372959 2019] [cgi:error] [pid 14324:tid 3924] [client 172.22.2.1:24131] script not found or unable to stat: E:/nuevo/cgi-bin/administrator.cgi
[Sun Mar 10 11:43:26.450959 2019] [cgi:error] [pid 14324:tid 3924] [client 172.22.2.1:24133] script not found or unable to stat: E:/nuevo/cgi-bin/FormHandler.cgi
[Sun Mar 10 11:43:26.466559 2019] [cgi:error] [pid 14324:tid 17748] [client 172.22.2.1:24134] script not found or unable to stat: E:/nuevo/cgi-bin/agorn.cgi
[Sun Mar 10 11:43:26.560159 2019] [cgi:error] [pid 14324:tid 3924] [client 172.22.2.1:24135] script not found or unable to stat: E:/nuevo/cgi-bin/FormMail.cgi
[Sun Mar 10 11:43:26.606959 2019] [cgi:error] [pid 14324:tid 4520] [client 172.22.2.1:24137] script not found or unable to stat: E:/nuevo/cgi-bin/bugreport.cgi
[Sun Mar 10 11:43:26.747359 2019] [cgi:error] [pid 14324:tid 3924] [client 172.22.2.1:24138] script not found or unable to stat: E:/nuevo/cgi-bin/guestbook.cgi
[Sun Mar 10 11:43:26.747359 2019] [cgi:error] [pid 14324:tid 4520] [client 172.22.2.1:24139] script not found or unable to stat: E:/nuevo/cgi-bin/cart.cgi
[Sun Mar 10 11:43:26.809759 2019] [cgi:error] [pid 14324:tid 4520] [client 172.22.2.1:24143] script not found or unable to stat: E:/nuevo/cgi-bin/help.cgi
[Sun Mar 10 11:43:26.825360 2019] [cgi:error] [pid 14324:tid 3924] [client 172.22.2.1:24144] script not found or unable to stat: E:/nuevo/cgi-bin/clwarn.cgi
[Sun Mar 10 11:43:26.918960 2019] [cgi:error] [pid 14324:tid 4520] [client 172.22.2.1:24146] script not found or unable to stat: E:/nuevo/cgi-bin/count.cgi
[Sun Mar 10 11:43:26.918960 2019] [cgi:error] [pid 14324:tid 3924] [client 172.22.2.1:24145] script not found or unable to stat: E:/nuevo/cgi-bin/hi
[Sun Mar 10 11:43:27.152960 2019] [cgi:error] [pid 14324:tid 3924] [client 172.22.2.1:24148] script not found or unable to stat: E:/nuevo/cgi-bin/index.cgi
[Sun Mar 10 11:43:27.168560 2019] [cgi:error] [pid 14324:tid 17748] [client 172.22.2.1:24149] script not found or unable to stat: E:/nuevo/cgi-bin/Count.cgi
[Sun Mar 10 11:43:27.215360 2019] [cgi:error] [pid 14324:tid 4520] [client 172.22.2.1:24150] script not found or unable to stat: E:/nuevo/cgi-bin/index.pl
[Sun Mar 10 11:43:27.246560 2019] [cgi:error] [pid 14324:tid 4520] [client 172.22.2.1:24153] script not found or unable to stat: E:/nuevo/cgi-bin/index.sh
[Sun Mar 10 11:43:27.262160 2019] [cgi:error] [pid 14324:tid 3924] [client 172.22.2.1:24152] script not found or unable to stat: E:/nuevo/cgi-bin/faqmanager.cgi
[Sun Mar 10 11:43:27.449361 2019] [cgi:error] [pid 14324:tid 17748] [client 172.22.2.1:24154] script not found or unable to stat: E:/nuevo/cgi-bin/login
[Sun Mar 10 11:43:27.558561 2019] [cgi:error] [pid 14324:tid 3924] [client 172.22.2.1:24155] script not found or unable to stat: E:/nuevo/cgi-bin/FormHandler.cgi
[Sun Mar 10 11:43:27.823761 2019] [cgi:error] [pid 14324:tid 17748] [client 172.22.2.1:24156] script not found or unable to stat: E:/nuevo/cgi-bin/login.cgi
[Sun Mar 10 11:43:27.854961 2019] [core:error] [pid 14324:tid 3924] [client 172.22.2.1:24157] AH00126: Invalid URI in request GET /././.. HTTP/1.1
[Sun Mar 10 11:43:27.854961 2019] [cgi:error] [pid 14324:tid 4520] [client 172.22.2.1:24158] script not found or unable to stat: E:/nuevo/cgi-bin/FormMail.cgi
[Sun Mar 10 11:43:27.964162 2019] [cgi:error] [pid 14324:tid 3924] [client 172.22.2.1:24160] script not found or unable to stat: E:/nuevo/cgi-bin/mailit.pl
[Sun Mar 10 11:43:27.964162 2019] [cgi:error] [pid 14324:tid 17748] [client 172.22.2.1:24162] script not found or unable to stat: E:/nuevo/cgi-bin/guestbook.cgi
[Sun Mar 10 11:43:27.995362 2019] [core:error] [pid 14324:tid 4520] [client 172.22.2.1:24163] AH00126: Invalid URI in request GET ././././././././././././././././././././././././././././././././././././././././././././././././././././././././././././././././././././././././././././././././././././././././././././././././../../../../../../../../ HTTP/1.1
[Sun Mar 10 11:43:28.073362 2019] [cgi:error] [pid 14324:tid 4520] [client 172.22.2.1:24164] script not found or unable to stat: E:/nuevo/cgi-bin/mt
[Sun Mar 10 11:43:28.120162 2019] [cgi:error] [pid 14324:tid 17748] [client 172.22.2.1:24165] script not found or unable to stat: E:/nuevo/cgi-bin/help.cgi
[Sun Mar 10 11:43:28.307362 2019] [cgi:error] [pid 14324:tid 4520] [client 172.22.2.1:24168] script not found or unable to stat: E:/nuevo/cgi-bin/mt
[Sun Mar 10 11:43:28.416562 2019] [cgi:error] [pid 14324:tid 17748] [client 172.22.2.1:24169] script not found or unable to stat: E:/nuevo/cgi-bin/hi
[Sun Mar 10 11:43:28.556963 2019] [cgi:error] [pid 14324:tid 17748] [client 172.22.2.1:24171] script not found or unable to stat: E:/nuevo/cgi-bin/mt-static
[Sun Mar 10 11:43:28.556963 2019] [cgi:error] [pid 14324:tid 3924] [client 172.22.2.1:24172] script not found or unable to stat: E:/nuevo/cgi-bin/index.cgi
[Sun Mar 10 11:43:28.728563 2019] [cgi:error] [pid 14324:tid 3924] [client 172.22.2.1:24173] script not found or unable to stat: E:/nuevo/cgi-bin/mt-static
[Sun Mar 10 11:43:28.744163 2019] [cgi:error] [pid 14324:tid 17748] [client 172.22.2.1:24174] script not found or unable to stat: E:/nuevo/cgi-bin/index.pl
[Sun Mar 10 11:43:28.884563 2019] [cgi:error] [pid 14324:tid 3924] [client 172.22.2.1:24176] script not found or unable to stat: E:/nuevo/cgi-bin/ncbook
[Sun Mar 10 11:43:28.900163 2019] [cgi:error] [pid 14324:tid 17748] [client 172.22.2.1:24177] script not found or unable to stat: E:/nuevo/cgi-bin/index.sh
[Sun Mar 10 11:43:29.040563 2019] [cgi:error] [pid 14324:tid 4520] [client 172.22.2.1:24179] script not found or unable to stat: E:/nuevo/cgi-bin/printenv
[Sun Mar 10 11:43:29.040563 2019] [cgi:error] [pid 14324:tid 17748] [client 172.22.2.1:24180] script not found or unable to stat: E:/nuevo/cgi-bin/login.cgi
[Sun Mar 10 11:43:29.180964 2019] [cgi:error] [pid 14324:tid 3924] [client 172.22.2.1:24181] script not found or unable to stat: E:/nuevo/cgi-bin/printenv.cgi
[Sun Mar 10 11:43:29.180964 2019] [cgi:error] [pid 14324:tid 17748] [client 172.22.2.1:24182] script not found or unable to stat: E:/nuevo/cgi-bin/mailit.pl
[Sun Mar 10 11:43:29.274564 2019] [cgi:error] [pid 14324:tid 17748] [client 172.22.2.1:24184] script not found or unable to stat: E:/nuevo/cgi-bin/quickstore.cgi
[Sun Mar 10 11:43:29.290164 2019] [cgi:error] [pid 14324:tid 3924] [client 172.22.2.1:24185] script not found or unable to stat: E:/nuevo/cgi-bin/mt
[Sun Mar 10 11:43:29.368164 2019] [cgi:error] [pid 14324:tid 4520] [client 172.22.2.1:24187] script not found or unable to stat: E:/nuevo/cgi-bin/search
[Sun Mar 10 11:43:29.446164 2019] [cgi:error] [pid 14324:tid 4520] [client 172.22.2.1:24189] script not found or unable to stat: E:/nuevo/cgi-bin/search.cgi
[Sun Mar 10 11:43:29.446164 2019] [cgi:error] [pid 14324:tid 3924] [client 172.22.2.1:24188] script not found or unable to stat: E:/nuevo/cgi-bin/mt
[Sun Mar 10 11:43:29.586564 2019] [cgi:error] [pid 14324:tid 3924] [client 172.22.2.1:24191] script not found or unable to stat: E:/nuevo/cgi-bin/search
[Sun Mar 10 11:43:29.586564 2019] [cgi:error] [pid 14324:tid 4520] [client 172.22.2.1:24192] script not found or unable to stat: E:/nuevo/cgi-bin/mt-static
[Sun Mar 10 11:43:29.976565 2019] [cgi:error] [pid 14324:tid 17748] [client 172.22.2.1:24195] script not found or unable to stat: E:/nuevo/cgi-bin/mt-static
[Sun Mar 10 11:43:29.976565 2019] [cgi:error] [pid 14324:tid 3924] [client 172.22.2.1:24194] script not found or unable to stat: E:/nuevo/cgi-bin/status
[Sun Mar 10 11:43:30.085765 2019] [cgi:error] [pid 14324:tid 4520] [client 172.22.2.1:24196] script not found or unable to stat: E:/nuevo/cgi-bin/status.cgi
[Sun Mar 10 11:43:30.085765 2019] [cgi:error] [pid 14324:tid 3924] [client 172.22.2.1:24197] script not found or unable to stat: E:/nuevo/cgi-bin/ncbook
[Sun Mar 10 11:43:30.319766 2019] [cgi:error] [pid 14324:tid 3924] [client 172.22.2.1:24199] script not found or unable to stat: E:/nuevo/cgi-bin/test.cgi
[Sun Mar 10 11:43:30.335366 2019] [cgi:error] [pid 14324:tid 4520] [client 172.22.2.1:24200] script not found or unable to stat: E:/nuevo/cgi-bin/printenv
[Sun Mar 10 11:43:30.569366 2019] [cgi:error] [pid 14324:tid 3956] [client 172.22.2.1:24204] script not found or unable to stat: E:/nuevo/cgi-bin/printenv.cgi
[Sun Mar 10 11:43:30.569366 2019] [cgi:error] [pid 14324:tid 3924] [client 172.22.2.1:24203] script not found or unable to stat: E:/nuevo/cgi-bin/test.sh
[Sun Mar 10 11:43:30.772166 2019] [cgi:error] [pid 14324:tid 3956] [client 172.22.2.1:24206] script not found or unable to stat: E:/nuevo/cgi-bin/test-cgi
[Sun Mar 10 11:43:30.881367 2019] [cgi:error] [pid 14324:tid 3924] [client 172.22.2.1:24207] script not found or unable to stat: E:/nuevo/cgi-bin/quickstore.cgi
[Sun Mar 10 11:43:30.896967 2019] [cgi:error] [pid 14324:tid 3956] [client 172.22.2.1:24208] script not found or unable to stat: E:/nuevo/cgi-bin/upload.cgi
[Sun Mar 10 11:43:30.974967 2019] [cgi:error] [pid 14324:tid 3924] [client 172.22.2.1:24211] script not found or unable to stat: E:/nuevo/cgi-bin/search
[Sun Mar 10 11:43:31.115367 2019] [cgi:error] [pid 14324:tid 3956] [client 172.22.2.1:24213] script not found or unable to stat: E:/nuevo/cgi-bin/urlcount.cgi
[Sun Mar 10 11:43:31.115367 2019] [cgi:error] [pid 14324:tid 4520] [client 172.22.2.1:24215] script not found or unable to stat: E:/nuevo/cgi-bin/search.cgi
[Sun Mar 10 11:43:31.286967 2019] [cgi:error] [pid 14324:tid 4520] [client 172.22.2.1:24217] script not found or unable to stat: E:/nuevo/cgi-bin/search
[Sun Mar 10 11:43:31.286967 2019] [cgi:error] [pid 14324:tid 3924] [client 172.22.2.1:24216] script not found or unable to stat: E:/nuevo/cgi-bin/viewcvs.cgi
[Sun Mar 10 11:43:31.536568 2019] [cgi:error] [pid 14324:tid 4520] [client 172.22.2.1:24219] script not found or unable to stat: E:/nuevo/cgi-bin/wa
[Sun Mar 10 11:43:31.536568 2019] [cgi:error] [pid 14324:tid 3924] [client 172.22.2.1:24220] script not found or unable to stat: E:/nuevo/cgi-bin/status
[Sun Mar 10 11:43:31.692568 2019] [cgi:error] [pid 14324:tid 3924] [client 172.22.2.1:24222] script not found or unable to stat: E:/nuevo/cgi-bin/wa.cgi
[Sun Mar 10 11:43:31.723768 2019] [cgi:error] [pid 14324:tid 4520] [client 172.22.2.1:24223] script not found or unable to stat: E:/nuevo/cgi-bin/status.cgi
[Sun Mar 10 11:43:31.848568 2019] [cgi:error] [pid 14324:tid 3924] [client 172.22.2.1:24226] script not found or unable to stat: E:/nuevo/cgi-bin/wa.exe
[Sun Mar 10 11:43:31.988969 2019] [cgi:error] [pid 14324:tid 4336] [client 172.22.2.1:24227] script not found or unable to stat: E:/nuevo/cgi-bin/test.cgi
[Sun Mar 10 11:43:32.160569 2019] [cgi:error] [pid 14324:tid 4520] [client 172.22.2.1:24229] script not found or unable to stat: E:/nuevo/cgi-bin/whois.cgi
[Sun Mar 10 11:43:32.160569 2019] [cgi:error] [pid 14324:tid 4336] [client 172.22.2.1:24230] script not found or unable to stat: E:/nuevo/cgi-bin/test.sh
[Sun Mar 10 11:43:32.347769 2019] [cgi:error] [pid 14324:tid 4336] [client 172.22.2.1:24232] script not found or unable to stat: E:/nuevo/cgi-bin/test-cgi
[Sun Mar 10 11:43:32.519370 2019] [core:error] [pid 14324:tid 3924] [client 172.22.2.1:24236] AH00126: Invalid URI in request GET /..\\pixfir~1\\how_to_login.html HTTP/1.1
[Sun Mar 10 11:43:32.519370 2019] [cgi:error] [pid 14324:tid 4336] [client 172.22.2.1:24235] script not found or unable to stat: E:/nuevo/cgi-bin/upload.cgi
[Sun Mar 10 11:43:32.659770 2019] [cgi:error] [pid 14324:tid 4336] [client 172.22.2.1:24239] script not found or unable to stat: E:/nuevo/cgi-bin/urlcount.cgi
[Sun Mar 10 11:43:32.784570 2019] [core:error] [pid 14324:tid 3924] [client 172.22.2.1:24241] AH00126: Invalid URI in request GET /..\\pixfir~1\\how_to_login.html HTTP/1.1
[Sun Mar 10 11:43:32.878170 2019] [cgi:error] [pid 14324:tid 4520] [client 172.22.2.1:24243] script not found or unable to stat: E:/nuevo/cgi-bin/viewcvs.cgi
[Sun Mar 10 11:43:33.034170 2019] [cgi:error] [pid 14324:tid 4336] [client 172.22.2.1:24245] script not found or unable to stat: E:/nuevo/htdocs/index.cgi
[Sun Mar 10 11:43:33.127771 2019] [cgi:error] [pid 14324:tid 3924] [client 172.22.2.1:24246] script not found or unable to stat: E:/nuevo/cgi-bin/wa
[Sun Mar 10 11:43:33.283771 2019] [cgi:error] [pid 14324:tid 4336] [client 172.22.2.1:24248] script not found or unable to stat: E:/nuevo/htdocs/index.pl
[Sun Mar 10 11:43:33.580171 2019] [cgi:error] [pid 14324:tid 3924] [client 172.22.2.1:24250] script not found or unable to stat: E:/nuevo/cgi-bin/wa.cgi
[Sun Mar 10 11:43:33.814172 2019] [cgi:error] [pid 14324:tid 4520] [client 172.22.2.1:24254] script not found or unable to stat: E:/nuevo/htdocs/nph-mr.cgi
[Sun Mar 10 11:43:33.829772 2019] [cgi:error] [pid 14324:tid 3924] [client 172.22.2.1:24253] script not found or unable to stat: E:/nuevo/cgi-bin/wa.exe
[Sun Mar 10 11:43:33.907772 2019] [cgi:error] [pid 14324:tid 4336] [client 172.22.2.1:24255] script not found or unable to stat: E:/nuevo/htdocs/query.cgi
[Sun Mar 10 11:43:33.938972 2019] [cgi:error] [pid 14324:tid 3924] [client 172.22.2.1:24257] script not found or unable to stat: E:/nuevo/cgi-bin/whois.cgi
[Sun Mar 10 11:43:34.157372 2019] [cgi:error] [pid 14324:tid 4336] [client 172.22.2.1:24258] script not found or unable to stat: E:/nuevo/htdocs/session_login.cgi
[Sun Mar 10 11:43:34.328973 2019] [cgi:error] [pid 14324:tid 3924] [client 172.22.2.1:24261] script not found or unable to stat: E:/nuevo/htdocs/show_bug.cgi
[Sun Mar 10 11:43:34.765773 2019] [cgi:error] [pid 14324:tid 3924] [client 172.22.2.1:24269] script not found or unable to stat: E:/nuevo/htdocs/test.cgi
[Sun Mar 10 11:43:35.108974 2019] [cgi:error] [pid 14324:tid 4520] [client 172.22.2.1:24273] script not found or unable to stat: E:/nuevo/htdocs/index.cgi
[Sun Mar 10 11:43:35.233774 2019] [cgi:error] [pid 14324:tid 4336] [client 172.22.2.1:24275] script not found or unable to stat: E:/nuevo/htdocs/whois.cgi
[Sun Mar 10 11:43:35.233774 2019] [cgi:error] [pid 14324:tid 4520] [client 172.22.2.1:24276] script not found or unable to stat: E:/nuevo/htdocs/index.pl
[Sun Mar 10 11:43:35.483375 2019] [cgi:error] [pid 14324:tid 4520] [client 172.22.2.1:24280] script not found or unable to stat: E:/nuevo/cgi-bin/faqmanager.cgi
[Sun Mar 10 11:43:35.483375 2019] [cgi:error] [pid 14324:tid 4336] [client 172.22.2.1:24281] script not found or unable to stat: E:/nuevo/htdocs/wwwadmin.cgi
[Sun Mar 10 11:43:35.608175 2019] [cgi:error] [pid 14324:tid 3924] [client 172.22.2.1:24283] script not found or unable to stat: E:/nuevo/htdocs/wwwboard.cgi
[Sun Mar 10 11:43:35.608175 2019] [cgi:error] [pid 14324:tid 4336] [client 172.22.2.1:24282] script not found or unable to stat: E:/nuevo/htdocs/nph-mr.cgi
[Sun Mar 10 11:43:36.060576 2019] [access_compat:error] [pid 14324:tid 3924] [client 172.22.2.1:24285] AH01797: client denied by server configuration: E:/nuevo/htdocs/xampp/cgi.cgi
[Sun Mar 10 11:43:36.060576 2019] [cgi:error] [pid 14324:tid 4520] [client 172.22.2.1:24286] script not found or unable to stat: E:/nuevo/htdocs/query.cgi
[Sun Mar 10 11:43:36.200976 2019] [cgi:error] [pid 14324:tid 4336] [client 172.22.2.1:24288] script not found or unable to stat: E:/nuevo/htdocs/session_login.cgi
[Sun Mar 10 11:43:36.372576 2019] [cgi:error] [pid 14324:tid 4336] [client 172.22.2.1:24289] script not found or unable to stat: E:/nuevo/htdocs/show_bug.cgi
[Sun Mar 10 11:43:36.965377 2019] [cgi:error] [pid 14324:tid 4520] [client 172.22.2.1:24294] script not found or unable to stat: E:/nuevo/htdocs/test.cgi
[Sun Mar 10 11:43:38.587780 2019] [cgi:error] [pid 14324:tid 4520] [client 172.22.2.1:24298] script not found or unable to stat: E:/nuevo/htdocs/whois.cgi
[Sun Mar 10 11:43:38.681380 2019] [cgi:error] [pid 14324:tid 4520] [client 172.22.2.1:24300] script not found or unable to stat: E:/nuevo/htdocs/wwwadmin.cgi
[Sun Mar 10 11:43:38.743780 2019] [cgi:error] [pid 14324:tid 4520] [client 172.22.2.1:24301] script not found or unable to stat: E:/nuevo/htdocs/wwwboard.cgi
[Sun Mar 10 11:43:38.790581 2019] [access_compat:error] [pid 14324:tid 4520] [client 172.22.2.1:24302] AH01797: client denied by server configuration: E:/nuevo/htdocs/xampp/cgi.cgi
[Sun Mar 10 11:43:56.668212 2019] [mpm_winnt:warn] [pid 14324:tid 29544] (OS 64)The specified network name is no longer available.  : AH00341: winnt_accept: Asynchronous AcceptEx failed.
[Sun Mar 10 11:45:40.455194 2019] [mpm_winnt:warn] [pid 14324:tid 29544] (OS 64)The specified network name is no longer available.  : AH00341: winnt_accept: Asynchronous AcceptEx failed.
[Sun Mar 10 11:51:27.212603 2019] [mpm_winnt:warn] [pid 14324:tid 29544] (OS 64)The specified network name is no longer available.  : AH00341: winnt_accept: Asynchronous AcceptEx failed.
[Sun Mar 10 11:58:51.454584 2019] [mpm_winnt:warn] [pid 14324:tid 29544] (OS 64)The specified network name is no longer available.  : AH00341: winnt_accept: Asynchronous AcceptEx failed.
[Sun Mar 10 12:00:00.094704 2019] [mpm_winnt:warn] [pid 14324:tid 29544] (OS 64)The specified network name is no longer available.  : AH00341: winnt_accept: Asynchronous AcceptEx failed.
[Sun Mar 10 12:00:54.804000 2019] [proxy:error] [pid 14324:tid 3852] (OS 10060)A connection attempt failed because the connected party did not properly respond after a period of time, or established connection failed because connected host has failed to respond.  : AH00957: HTTP: attempt to connect to 172.22.1.31:80 (172.22.1.31) failed
[Sun Mar 10 12:00:54.804000 2019] [proxy:error] [pid 14324:tid 3852] AH00959: ap_proxy_connect_backend disabling worker for (172.22.1.31) for 60s
[Sun Mar 10 12:00:54.804000 2019] [proxy_http:error] [pid 14324:tid 3852] [client 66.249.65.193:45016] AH01114: HTTP: failed to make connection to backend: 172.22.1.31
[Sun Mar 10 12:01:12.354031 2019] [proxy:error] [pid 14324:tid 4652] AH00940: HTTP: disabled connection for (172.22.1.31)
[Sun Mar 10 12:02:14.566940 2019] [mpm_winnt:warn] [pid 14324:tid 29544] (OS 64)The specified network name is no longer available.  : AH00341: winnt_accept: Asynchronous AcceptEx failed.
[Sun Mar 10 12:07:28.673492 2019] [mpm_winnt:warn] [pid 14324:tid 29544] (OS 64)The specified network name is no longer available.  : AH00341: winnt_accept: Asynchronous AcceptEx failed.
[Sun Mar 10 12:09:50.992542 2019] [mpm_winnt:warn] [pid 14324:tid 29544] (OS 64)The specified network name is no longer available.  : AH00341: winnt_accept: Asynchronous AcceptEx failed.
[Sun Mar 10 12:14:23.400220 2019] [mpm_winnt:warn] [pid 14324:tid 29544] (OS 64)The specified network name is no longer available.  : AH00341: winnt_accept: Asynchronous AcceptEx failed.
[Sun Mar 10 12:18:19.569035 2019] [mpm_winnt:warn] [pid 14324:tid 29544] (OS 64)The specified network name is no longer available.  : AH00341: winnt_accept: Asynchronous AcceptEx failed.
[Sun Mar 10 12:21:34.054577 2019] [mpm_winnt:warn] [pid 14324:tid 29544] (OS 64)The specified network name is no longer available.  : AH00341: winnt_accept: Asynchronous AcceptEx failed.
[Sun Mar 10 12:26:09.613461 2019] [mpm_winnt:warn] [pid 14324:tid 29544] (OS 64)The specified network name is no longer available.  : AH00341: winnt_accept: Asynchronous AcceptEx failed.
[Sun Mar 10 12:33:59.377086 2019] [proxy:error] [pid 14324:tid 17748] (OS 10060)A connection attempt failed because the connected party did not properly respond after a period of time, or established connection failed because connected host has failed to respond.  : AH00957: HTTP: attempt to connect to 172.22.1.31:80 (172.22.1.31) failed
[Sun Mar 10 12:33:59.377086 2019] [proxy:error] [pid 14324:tid 17748] AH00959: ap_proxy_connect_backend disabling worker for (172.22.1.31) for 60s
[Sun Mar 10 12:33:59.377086 2019] [proxy_http:error] [pid 14324:tid 17748] [client 66.249.65.193:56411] AH01114: HTTP: failed to make connection to backend: 172.22.1.31
[Sun Mar 10 12:34:10.094305 2019] [mpm_winnt:warn] [pid 14324:tid 29544] (OS 64)The specified network name is no longer available.  : AH00341: winnt_accept: Asynchronous AcceptEx failed.
[Sun Mar 10 12:36:33.754957 2019] [mpm_winnt:warn] [pid 14324:tid 29544] (OS 64)The specified network name is no longer available.  : AH00341: winnt_accept: Asynchronous AcceptEx failed.
[Sun Mar 10 12:41:16.396253 2019] [mpm_winnt:warn] [pid 14324:tid 29544] (OS 64)The specified network name is no longer available.  : AH00341: winnt_accept: Asynchronous AcceptEx failed.
[Sun Mar 10 12:47:25.149701 2019] [mpm_winnt:warn] [pid 14324:tid 29544] (OS 64)The specified network name is no longer available.  : AH00341: winnt_accept: Asynchronous AcceptEx failed.
[Sun Mar 10 12:50:43.020449 2019] [mpm_winnt:warn] [pid 14324:tid 29544] (OS 64)The specified network name is no longer available.  : AH00341: winnt_accept: Asynchronous AcceptEx failed.
[Sun Mar 10 12:54:57.831296 2019] [mpm_winnt:warn] [pid 14324:tid 29544] (OS 64)The specified network name is no longer available.  : AH00341: winnt_accept: Asynchronous AcceptEx failed.
[Sun Mar 10 13:04:49.087935 2019] [proxy:error] [pid 14324:tid 3716] (OS 10060)A connection attempt failed because the connected party did not properly respond after a period of time, or established connection failed because connected host has failed to respond.  : AH00957: HTTP: attempt to connect to 172.22.1.31:80 (172.22.1.31) failed
[Sun Mar 10 13:04:49.087935 2019] [proxy:error] [pid 14324:tid 3716] AH00959: ap_proxy_connect_backend disabling worker for (172.22.1.31) for 60s
[Sun Mar 10 13:04:49.087935 2019] [proxy_http:error] [pid 14324:tid 3716] [client 66.249.65.223:53740] AH01114: HTTP: failed to make connection to backend: 172.22.1.31
[Sun Mar 10 13:04:49.259535 2019] [proxy:error] [pid 14324:tid 3716] AH00940: HTTP: disabled connection for (172.22.1.31)
[Sun Mar 10 13:06:51.688550 2019] [proxy:error] [pid 14324:tid 3988] (OS 10060)A connection attempt failed because the connected party did not properly respond after a period of time, or established connection failed because connected host has failed to respond.  : AH00957: HTTP: attempt to connect to 172.22.1.31:80 (172.22.1.31) failed
[Sun Mar 10 13:06:51.688550 2019] [proxy:error] [pid 14324:tid 3988] AH00959: ap_proxy_connect_backend disabling worker for (172.22.1.31) for 60s
[Sun Mar 10 13:06:51.688550 2019] [proxy_http:error] [pid 14324:tid 3988] [client 66.249.65.193:54005] AH01114: HTTP: failed to make connection to backend: 172.22.1.31
[Sun Mar 10 13:07:05.744175 2019] [proxy:error] [pid 14324:tid 14552] AH00940: HTTP: disabled connection for (172.22.1.31)
[Sun Mar 10 13:08:22.558710 2019] [mpm_winnt:warn] [pid 14324:tid 29544] (OS 64)The specified network name is no longer available.  : AH00341: winnt_accept: Asynchronous AcceptEx failed.
[Sun Mar 10 13:08:22.558710 2019] [mpm_winnt:warn] [pid 14324:tid 29544] (OS 64)The specified network name is no longer available.  : AH00341: winnt_accept: Asynchronous AcceptEx failed.
[Sun Mar 10 13:08:22.558710 2019] [mpm_winnt:warn] [pid 14324:tid 29544] (OS 64)The specified network name is no longer available.  : AH00341: winnt_accept: Asynchronous AcceptEx failed.
[Sun Mar 10 13:08:22.558710 2019] [mpm_winnt:warn] [pid 14324:tid 29544] (OS 64)The specified network name is no longer available.  : AH00341: winnt_accept: Asynchronous AcceptEx failed.
[Sun Mar 10 13:08:22.558710 2019] [mpm_winnt:warn] [pid 14324:tid 29544] (OS 64)The specified network name is no longer available.  : AH00341: winnt_accept: Asynchronous AcceptEx failed.
[Sun Mar 10 13:08:22.558710 2019] [mpm_winnt:warn] [pid 14324:tid 29544] (OS 64)The specified network name is no longer available.  : AH00341: winnt_accept: Asynchronous AcceptEx failed.
[Sun Mar 10 13:08:22.558710 2019] [mpm_winnt:warn] [pid 14324:tid 29544] (OS 64)The specified network name is no longer available.  : AH00341: winnt_accept: Asynchronous AcceptEx failed.
[Sun Mar 10 13:09:50.230864 2019] [mpm_winnt:warn] [pid 14324:tid 29544] (OS 64)The specified network name is no longer available.  : AH00341: winnt_accept: Asynchronous AcceptEx failed.
[Sun Mar 10 13:13:14.747223 2019] [mpm_winnt:warn] [pid 14324:tid 29544] (OS 64)The specified network name is no longer available.  : AH00341: winnt_accept: Asynchronous AcceptEx failed.
[Sun Mar 10 13:17:04.956827 2019] [mpm_winnt:warn] [pid 14324:tid 29544] (OS 64)The specified network name is no longer available.  : AH00341: winnt_accept: Asynchronous AcceptEx failed.
[Sun Mar 10 13:21:53.416934 2019] [mpm_winnt:warn] [pid 14324:tid 29544] (OS 64)The specified network name is no longer available.  : AH00341: winnt_accept: Asynchronous AcceptEx failed.
[Sun Mar 10 13:25:53.002155 2019] [mpm_winnt:warn] [pid 14324:tid 29544] (OS 64)The specified network name is no longer available.  : AH00341: winnt_accept: Asynchronous AcceptEx failed.
[Sun Mar 10 13:28:53.026471 2019] [mpm_winnt:warn] [pid 14324:tid 29544] (OS 64)The specified network name is no longer available.  : AH00341: winnt_accept: Asynchronous AcceptEx failed.
[Sun Mar 10 13:34:02.468614 2019] [proxy:error] [pid 14324:tid 3908] (OS 10060)A connection attempt failed because the connected party did not properly respond after a period of time, or established connection failed because connected host has failed to respond.  : AH00957: HTTP: attempt to connect to 172.22.1.31:80 (172.22.1.31) failed
[Sun Mar 10 13:34:02.468614 2019] [proxy:error] [pid 14324:tid 3908] AH00959: ap_proxy_connect_backend disabling worker for (172.22.1.31) for 60s
[Sun Mar 10 13:34:02.468614 2019] [proxy_http:error] [pid 14324:tid 3908] [client 66.249.65.193:38488] AH01114: HTTP: failed to make connection to backend: 172.22.1.31
[Sun Mar 10 13:34:06.041021 2019] [mpm_winnt:warn] [pid 14324:tid 29544] (OS 64)The specified network name is no longer available.  : AH00341: winnt_accept: Asynchronous AcceptEx failed.
[Sun Mar 10 13:34:19.956245 2019] [proxy:error] [pid 14324:tid 4104] AH00940: HTTP: disabled connection for (172.22.1.31)
[Sun Mar 10 13:36:52.836514 2019] [mpm_winnt:warn] [pid 14324:tid 29544] (OS 64)The specified network name is no longer available.  : AH00341: winnt_accept: Asynchronous AcceptEx failed.
[Sun Mar 10 13:40:11.034862 2019] [mpm_winnt:warn] [pid 14324:tid 29544] (OS 64)The specified network name is no longer available.  : AH00341: winnt_accept: Asynchronous AcceptEx failed.
[Sun Mar 10 13:48:08.348900 2019] [mpm_winnt:warn] [pid 14324:tid 29544] (OS 64)The specified network name is no longer available.  : AH00341: winnt_accept: Asynchronous AcceptEx failed.
[Sun Mar 10 13:48:43.292961 2019] [mpm_winnt:warn] [pid 14324:tid 29544] (OS 64)The specified network name is no longer available.  : AH00341: winnt_accept: Asynchronous AcceptEx failed.
[Sun Mar 10 13:53:06.200223 2019] [mpm_winnt:warn] [pid 14324:tid 29544] (OS 64)The specified network name is no longer available.  : AH00341: winnt_accept: Asynchronous AcceptEx failed.
[Sun Mar 10 13:57:18.733467 2019] [mpm_winnt:warn] [pid 14324:tid 29544] (OS 64)The specified network name is no longer available.  : AH00341: winnt_accept: Asynchronous AcceptEx failed.
[Sun Mar 10 14:01:58.738359 2019] [proxy:error] [pid 14324:tid 3604] (OS 10060)A connection attempt failed because the connected party did not properly respond after a period of time, or established connection failed because connected host has failed to respond.  : AH00957: HTTP: attempt to connect to 172.22.1.31:80 (172.22.1.31) failed
[Sun Mar 10 14:01:58.738359 2019] [proxy:error] [pid 14324:tid 3604] AH00959: ap_proxy_connect_backend disabling worker for (172.22.1.31) for 60s
[Sun Mar 10 14:01:58.738359 2019] [proxy_http:error] [pid 14324:tid 3604] [client 66.249.65.222:45715] AH01114: HTTP: failed to make connection to backend: 172.22.1.31
[Sun Mar 10 14:01:58.909959 2019] [proxy:error] [pid 14324:tid 3604] AH00940: HTTP: disabled connection for (172.22.1.31)
[Sun Mar 10 14:02:35.523223 2019] [proxy:error] [pid 14324:tid 3796] AH00940: HTTP: disabled connection for (172.22.1.31)
[Sun Mar 10 14:05:01.633080 2019] [mpm_winnt:warn] [pid 14324:tid 29544] (OS 64)The specified network name is no longer available.  : AH00341: winnt_accept: Asynchronous AcceptEx failed.
[Sun Mar 10 14:06:29.726435 2019] [mpm_winnt:warn] [pid 14324:tid 29544] (OS 64)The specified network name is no longer available.  : AH00341: winnt_accept: Asynchronous AcceptEx failed.
[Sun Mar 10 14:13:28.321970 2019] [mpm_winnt:warn] [pid 14324:tid 29544] (OS 64)The specified network name is no longer available.  : AH00341: winnt_accept: Asynchronous AcceptEx failed.
[Sun Mar 10 14:16:03.136642 2019] [mpm_winnt:warn] [pid 14324:tid 29544] (OS 64)The specified network name is no longer available.  : AH00341: winnt_accept: Asynchronous AcceptEx failed.
[Sun Mar 10 14:20:11.099077 2019] [mpm_winnt:warn] [pid 14324:tid 29544] (OS 64)The specified network name is no longer available.  : AH00341: winnt_accept: Asynchronous AcceptEx failed.
[Sun Mar 10 14:28:46.664383 2019] [mpm_winnt:warn] [pid 14324:tid 29544] (OS 64)The specified network name is no longer available.  : AH00341: winnt_accept: Asynchronous AcceptEx failed.
[Sun Mar 10 14:28:46.664383 2019] [mpm_winnt:warn] [pid 14324:tid 29544] (OS 64)The specified network name is no longer available.  : AH00341: winnt_accept: Asynchronous AcceptEx failed.
[Sun Mar 10 14:28:46.664383 2019] [mpm_winnt:warn] [pid 14324:tid 29544] (OS 64)The specified network name is no longer available.  : AH00341: winnt_accept: Asynchronous AcceptEx failed.
[Sun Mar 10 14:28:46.679983 2019] [mpm_winnt:warn] [pid 14324:tid 29544] (OS 64)The specified network name is no longer available.  : AH00341: winnt_accept: Asynchronous AcceptEx failed.
[Sun Mar 10 14:32:48.792408 2019] [mpm_winnt:warn] [pid 14324:tid 29544] (OS 64)The specified network name is no longer available.  : AH00341: winnt_accept: Asynchronous AcceptEx failed.
[Sun Mar 10 14:34:24.794977 2019] [proxy:error] [pid 14324:tid 3852] (OS 10060)A connection attempt failed because the connected party did not properly respond after a period of time, or established connection failed because connected host has failed to respond.  : AH00957: HTTP: attempt to connect to 172.22.1.31:80 (172.22.1.31) failed
[Sun Mar 10 14:34:24.794977 2019] [proxy:error] [pid 14324:tid 3852] AH00959: ap_proxy_connect_backend disabling worker for (172.22.1.31) for 60s
[Sun Mar 10 14:34:24.794977 2019] [proxy_http:error] [pid 14324:tid 3852] [client 66.249.65.193:48648] AH01114: HTTP: failed to make connection to backend: 172.22.1.31
[Sun Mar 10 14:38:58.591058 2019] [mpm_winnt:warn] [pid 14324:tid 29544] (OS 64)The specified network name is no longer available.  : AH00341: winnt_accept: Asynchronous AcceptEx failed.
[Sun Mar 10 14:43:26.599528 2019] [mpm_winnt:warn] [pid 14324:tid 29544] (OS 64)The specified network name is no longer available.  : AH00341: winnt_accept: Asynchronous AcceptEx failed.
[Sun Mar 10 14:43:57.830783 2019] [mpm_winnt:warn] [pid 14324:tid 29544] (OS 64)The specified network name is no longer available.  : AH00341: winnt_accept: Asynchronous AcceptEx failed.
[Sun Mar 10 14:48:14.794435 2019] [mpm_winnt:warn] [pid 14324:tid 29544] (OS 64)The specified network name is no longer available.  : AH00341: winnt_accept: Asynchronous AcceptEx failed.
[Sun Mar 10 14:55:58.520849 2019] [mpm_winnt:warn] [pid 14324:tid 29544] (OS 64)The specified network name is no longer available.  : AH00341: winnt_accept: Asynchronous AcceptEx failed.
[Sun Mar 10 14:59:56.811268 2019] [mpm_winnt:warn] [pid 14324:tid 29544] (OS 64)The specified network name is no longer available.  : AH00341: winnt_accept: Asynchronous AcceptEx failed.
[Sun Mar 10 15:03:25.570834 2019] [mpm_winnt:warn] [pid 14324:tid 29544] (OS 64)The specified network name is no longer available.  : AH00341: winnt_accept: Asynchronous AcceptEx failed.
[Sun Mar 10 15:08:41.268589 2019] [mpm_winnt:warn] [pid 14324:tid 29544] (OS 64)The specified network name is no longer available.  : AH00341: winnt_accept: Asynchronous AcceptEx failed.
[Sun Mar 10 15:09:44.245899 2019] [proxy:error] [pid 14324:tid 4092] (OS 10060)A connection attempt failed because the connected party did not properly respond after a period of time, or established connection failed because connected host has failed to respond.  : AH00957: HTTP: attempt to connect to 172.22.1.31:80 (172.22.1.31) failed
[Sun Mar 10 15:09:44.245899 2019] [proxy:error] [pid 14324:tid 4092] AH00959: ap_proxy_connect_backend disabling worker for (172.22.1.31) for 60s
[Sun Mar 10 15:09:44.245899 2019] [proxy_http:error] [pid 14324:tid 4092] [client 66.249.65.222:60624] AH01114: HTTP: failed to make connection to backend: 172.22.1.31
[Sun Mar 10 15:10:03.246733 2019] [mpm_winnt:warn] [pid 14324:tid 29544] (OS 64)The specified network name is no longer available.  : AH00341: winnt_accept: Asynchronous AcceptEx failed.
[Sun Mar 10 15:11:39.826502 2019] [proxy:error] [pid 14324:tid 3716] (OS 10060)A connection attempt failed because the connected party did not properly respond after a period of time, or established connection failed because connected host has failed to respond.  : AH00957: HTTP: attempt to connect to 172.22.1.31:80 (172.22.1.31) failed
[Sun Mar 10 15:11:39.826502 2019] [proxy:error] [pid 14324:tid 3716] AH00959: ap_proxy_connect_backend disabling worker for (172.22.1.31) for 60s
[Sun Mar 10 15:11:39.826502 2019] [proxy_http:error] [pid 14324:tid 3716] [client 66.249.65.222:50503] AH01114: HTTP: failed to make connection to backend: 172.22.1.31
[Sun Mar 10 15:12:17.391368 2019] [proxy:error] [pid 14324:tid 3548] AH00940: HTTP: disabled connection for (172.22.1.31)
[Sun Mar 10 15:16:33.497018 2019] [mpm_winnt:warn] [pid 14324:tid 29544] (OS 64)The specified network name is no longer available.  : AH00341: winnt_accept: Asynchronous AcceptEx failed.
[Sun Mar 10 15:18:05.927180 2019] [mpm_winnt:warn] [pid 14324:tid 29544] (OS 64)The specified network name is no longer available.  : AH00341: winnt_accept: Asynchronous AcceptEx failed.
[Sun Mar 10 15:23:18.567330 2019] [mpm_winnt:warn] [pid 14324:tid 29544] (OS 64)The specified network name is no longer available.  : AH00341: winnt_accept: Asynchronous AcceptEx failed.
[Sun Mar 10 15:26:58.059715 2019] [mpm_winnt:warn] [pid 14324:tid 29544] (OS 64)The specified network name is no longer available.  : AH00341: winnt_accept: Asynchronous AcceptEx failed.
[Sun Mar 10 15:30:03.715641 2019] [mpm_winnt:warn] [pid 14324:tid 29544] (OS 64)The specified network name is no longer available.  : AH00341: winnt_accept: Asynchronous AcceptEx failed.
[Sun Mar 10 15:35:44.981841 2019] [mpm_winnt:warn] [pid 14324:tid 29544] (OS 64)The specified network name is no longer available.  : AH00341: winnt_accept: Asynchronous AcceptEx failed.
[Sun Mar 10 15:40:13.458312 2019] [mpm_winnt:warn] [pid 14324:tid 29544] (OS 64)The specified network name is no longer available.  : AH00341: winnt_accept: Asynchronous AcceptEx failed.
[Sun Mar 10 15:46:18.202553 2019] [mpm_winnt:warn] [pid 14324:tid 29544] (OS 64)The specified network name is no longer available.  : AH00341: winnt_accept: Asynchronous AcceptEx failed.
[Sun Mar 10 15:48:30.131985 2019] [mpm_winnt:warn] [pid 14324:tid 29544] (OS 64)The specified network name is no longer available.  : AH00341: winnt_accept: Asynchronous AcceptEx failed.
[Sun Mar 10 15:52:30.419207 2019] [proxy:error] [pid 14324:tid 18268] (OS 10060)A connection attempt failed because the connected party did not properly respond after a period of time, or established connection failed because connected host has failed to respond.  : AH00957: HTTP: attempt to connect to 172.22.1.31:80 (172.22.1.31) failed
[Sun Mar 10 15:52:30.419207 2019] [proxy:error] [pid 14324:tid 18268] AH00959: ap_proxy_connect_backend disabling worker for (172.22.1.31) for 60s
[Sun Mar 10 15:52:30.419207 2019] [proxy_http:error] [pid 14324:tid 18268] [client 66.249.65.222:61102] AH01114: HTTP: failed to make connection to backend: 172.22.1.31
[Sun Mar 10 15:53:57.326959 2019] [mpm_winnt:warn] [pid 14324:tid 29544] (OS 64)The specified network name is no longer available.  : AH00341: winnt_accept: Asynchronous AcceptEx failed.
[Sun Mar 10 15:56:54.761671 2019] [proxy:error] [pid 14324:tid 17632] (OS 10060)A connection attempt failed because the connected party did not properly respond after a period of time, or established connection failed because connected host has failed to respond.  : AH00957: HTTP: attempt to connect to 172.22.1.31:80 (172.22.1.31) failed
[Sun Mar 10 15:56:54.761671 2019] [proxy:error] [pid 14324:tid 17632] AH00959: ap_proxy_connect_backend disabling worker for (172.22.1.31) for 60s
[Sun Mar 10 15:56:54.761671 2019] [proxy_http:error] [pid 14324:tid 17632] [client 66.249.65.193:44369] AH01114: HTTP: failed to make connection to backend: 172.22.1.31
[Sun Mar 10 15:58:41.200658 2019] [mpm_winnt:warn] [pid 14324:tid 29544] (OS 64)The specified network name is no longer available.  : AH00341: winnt_accept: Asynchronous AcceptEx failed.
[Sun Mar 10 16:00:15.955224 2019] [proxy:error] [pid 14324:tid 4320] (OS 10060)A connection attempt failed because the connected party did not properly respond after a period of time, or established connection failed because connected host has failed to respond.  : AH00957: HTTP: attempt to connect to 172.22.1.31:80 (172.22.1.31) failed
[Sun Mar 10 16:00:15.955224 2019] [proxy:error] [pid 14324:tid 4320] AH00959: ap_proxy_connect_backend disabling worker for (172.22.1.31) for 60s
[Sun Mar 10 16:00:15.955224 2019] [proxy_http:error] [pid 14324:tid 4320] [client 66.249.65.222:44408] AH01114: HTTP: failed to make connection to backend: 172.22.1.31
[Sun Mar 10 16:01:10.368120 2019] [mpm_winnt:warn] [pid 14324:tid 29544] (OS 64)The specified network name is no longer available.  : AH00341: winnt_accept: Asynchronous AcceptEx failed.
[Sun Mar 10 16:06:58.950732 2019] [mpm_winnt:warn] [pid 14324:tid 29544] (OS 64)The specified network name is no longer available.  : AH00341: winnt_accept: Asynchronous AcceptEx failed.
