[Sun Mar 10 06:18:36.572327 2019] [proxy:error] [pid 14324:tid 5204] AH00959: ap_proxy_connect_backend disabling worker for (172.22.1.144) for 60s
[Sun Mar 10 06:18:36.572327 2019] [proxy_http:error] [pid 14324:tid 5204] [client 66.249.64.219:46126] AH01114: HTTP: failed to make connection to backend: 172.22.1.144
[Sun Mar 10 06:20:23.978515 2019] [proxy:error] [pid 14324:tid 4392] (OS 10061)No connection could be made because the target machine actively refused it.  : AH00957: HTTP: attempt to connect to 172.22.1.144:80 (172.22.1.144) failed
[Sun Mar 10 06:20:23.978515 2019] [proxy:error] [pid 14324:tid 4392] AH00959: ap_proxy_connect_backend disabling worker for (172.22.1.144) for 60s
[Sun Mar 10 06:20:23.978515 2019] [proxy_http:error] [pid 14324:tid 4392] [client 66.249.64.219:59245] AH01114: HTTP: failed to make connection to backend: 172.22.1.144
[Sun Mar 10 06:21:02.744583 2019] [mpm_winnt:warn] [pid 14324:tid 29544] (OS 64)The specified network name is no longer available.  : AH00341: winnt_accept: Asynchronous AcceptEx failed.
[Sun Mar 10 06:22:02.461488 2019] [proxy:error] [pid 14324:tid 3868] (OS 10061)No connection could be made because the target machine actively refused it.  : AH00957: HTTP: attempt to connect to 172.22.1.144:80 (172.22.1.144) failed
[Sun Mar 10 06:22:02.461488 2019] [proxy:error] [pid 14324:tid 3868] AH00959: ap_proxy_connect_backend disabling worker for (172.22.1.144) for 60s
[Sun Mar 10 06:22:02.461488 2019] [proxy_http:error] [pid 14324:tid 3868] [client 66.249.64.219:38690] AH01114: HTTP: failed to make connection to backend: 172.22.1.144
[Sun Mar 10 06:22:58.418787 2019] [proxy:error] [pid 14324:tid 3812] AH00940: HTTP: disabled connection for (172.22.1.144)
[Sun Mar 10 06:24:33.656954 2019] [proxy:error] [pid 14324:tid 3812] (OS 10061)No connection could be made because the target machine actively refused it.  : AH00957: HTTP: attempt to connect to 172.22.1.144:80 (172.22.1.144) failed
[Sun Mar 10 06:24:33.656954 2019] [proxy:error] [pid 14324:tid 3812] AH00959: ap_proxy_connect_backend disabling worker for (172.22.1.144) for 60s
[Sun Mar 10 06:24:33.656954 2019] [proxy_http:error] [pid 14324:tid 3812] [client 66.249.64.219:43310] AH01114: HTTP: failed to make connection to backend: 172.22.1.144
[Sun Mar 10 06:25:11.752221 2019] [mpm_winnt:warn] [pid 14324:tid 29544] (OS 64)The specified network name is no longer available.  : AH00341: winnt_accept: Asynchronous AcceptEx failed.
[Sun Mar 10 06:25:54.527496 2019] [proxy:error] [pid 14324:tid 4464] (OS 10061)No connection could be made because the target machine actively refused it.  : AH00957: HTTP: attempt to connect to 172.22.1.144:80 (172.22.1.144) failed
[Sun Mar 10 06:25:54.527496 2019] [proxy:error] [pid 14324:tid 4464] AH00959: ap_proxy_connect_backend disabling worker for (172.22.1.144) for 60s
[Sun Mar 10 06:25:54.527496 2019] [proxy_http:error] [pid 14324:tid 4464] [client 66.249.64.223:55038] AH01114: HTTP: failed to make connection to backend: 172.22.1.144
[Sun Mar 10 06:27:53.446505 2019] [mpm_winnt:warn] [pid 14324:tid 29544] (OS 64)The specified network name is no longer available.  : AH00341: winnt_accept: Asynchronous AcceptEx failed.
[Sun Mar 10 06:28:48.545802 2019] [proxy:error] [pid 14324:tid 3940] (OS 10061)No connection could be made because the target machine actively refused it.  : AH00957: HTTP: attempt to connect to 172.22.1.144:80 (172.22.1.144) failed
[Sun Mar 10 06:28:48.545802 2019] [proxy:error] [pid 14324:tid 3940] AH00959: ap_proxy_connect_backend disabling worker for (172.22.1.144) for 60s
[Sun Mar 10 06:28:48.545802 2019] [proxy_http:error] [pid 14324:tid 3940] [client 66.249.64.219:49924] AH01114: HTTP: failed to make connection to backend: 172.22.1.144
[Sun Mar 10 06:30:15.593954 2019] [proxy:error] [pid 14324:tid 4464] (OS 10061)No connection could be made because the target machine actively refused it.  : AH00957: HTTP: attempt to connect to 172.22.1.144:80 (172.22.1.144) failed
[Sun Mar 10 06:30:15.593954 2019] [proxy:error] [pid 14324:tid 4464] AH00959: ap_proxy_connect_backend disabling worker for (172.22.1.144) for 60s
[Sun Mar 10 06:30:15.593954 2019] [proxy_http:error] [pid 14324:tid 4464] [client 66.249.64.219:48248] AH01114: HTTP: failed to make connection to backend: 172.22.1.144
[Sun Mar 10 06:31:16.808462 2019] [mpm_winnt:warn] [pid 14324:tid 29544] (OS 64)The specified network name is no longer available.  : AH00341: winnt_accept: Asynchronous AcceptEx failed.
[Sun Mar 10 06:32:09.177754 2019] [proxy:error] [pid 14324:tid 4464] (OS 10061)No connection could be made because the target machine actively refused it.  : AH00957: HTTP: attempt to connect to 172.22.1.144:80 (172.22.1.144) failed
[Sun Mar 10 06:32:09.177754 2019] [proxy:error] [pid 14324:tid 4464] AH00959: ap_proxy_connect_backend disabling worker for (172.22.1.144) for 60s
[Sun Mar 10 06:32:09.177754 2019] [proxy_http:error] [pid 14324:tid 4464] [client 66.249.64.223:45923] AH01114: HTTP: failed to make connection to backend: 172.22.1.144
[Sun Mar 10 06:36:47.575843 2019] [mpm_winnt:warn] [pid 14324:tid 29544] (OS 64)The specified network name is no longer available.  : AH00341: winnt_accept: Asynchronous AcceptEx failed.
[Sun Mar 10 06:41:55.941585 2019] [mpm_winnt:warn] [pid 14324:tid 29544] (OS 64)The specified network name is no longer available.  : AH00341: winnt_accept: Asynchronous AcceptEx failed.
[Sun Mar 10 06:45:19.287942 2019] [mpm_winnt:warn] [pid 14324:tid 29544] (OS 64)The specified network name is no longer available.  : AH00341: winnt_accept: Asynchronous AcceptEx failed.
[Sun Mar 10 06:47:27.442167 2019] [mpm_winnt:warn] [pid 14324:tid 29544] (OS 64)The specified network name is no longer available.  : AH00341: winnt_accept: Asynchronous AcceptEx failed.
[Sun Mar 10 06:51:38.711808 2019] [mpm_winnt:warn] [pid 14324:tid 29544] (OS 64)The specified network name is no longer available.  : AH00341: winnt_accept: Asynchronous AcceptEx failed.
[Sun Mar 10 06:57:46.139253 2019] [mpm_winnt:warn] [pid 14324:tid 29544] (OS 64)The specified network name is no longer available.  : AH00341: winnt_accept: Asynchronous AcceptEx failed.
[Sun Mar 10 07:03:38.606273 2019] [mpm_winnt:warn] [pid 14324:tid 29544] (OS 64)The specified network name is no longer available.  : AH00341: winnt_accept: Asynchronous AcceptEx failed.
[Sun Mar 10 07:07:53.885121 2019] [mpm_winnt:warn] [pid 14324:tid 29544] (OS 64)The specified network name is no longer available.  : AH00341: winnt_accept: Asynchronous AcceptEx failed.
[Sun Mar 10 07:09:55.222134 2019] [mpm_winnt:warn] [pid 14324:tid 29544] (OS 64)The specified network name is no longer available.  : AH00341: winnt_accept: Asynchronous AcceptEx failed.
[Sun Mar 10 07:16:52.678867 2019] [mpm_winnt:warn] [pid 14324:tid 29544] (OS 64)The specified network name is no longer available.  : AH00341: winnt_accept: Asynchronous AcceptEx failed.
[Sun Mar 10 07:22:51.120697 2019] [mpm_winnt:warn] [pid 14324:tid 29544] (OS 64)The specified network name is no longer available.  : AH00341: winnt_accept: Asynchronous AcceptEx failed.
[Sun Mar 10 07:25:34.203383 2019] [mpm_winnt:warn] [pid 14324:tid 29544] (OS 64)The specified network name is no longer available.  : AH00341: winnt_accept: Asynchronous AcceptEx failed.
[Sun Mar 10 07:30:00.074650 2019] [mpm_winnt:warn] [pid 14324:tid 29544] (OS 64)The specified network name is no longer available.  : AH00341: winnt_accept: Asynchronous AcceptEx failed.
[Sun Mar 10 07:33:24.809410 2019] [proxy:error] [pid 14324:tid 4392] (OS 10060)A connection attempt failed because the connected party did not properly respond after a period of time, or established connection failed because connected host has failed to respond.  : AH00957: HTTP: attempt to connect to 172.22.1.31:80 (172.22.1.31) failed
[Sun Mar 10 07:33:24.809410 2019] [proxy:error] [pid 14324:tid 4392] AH00959: ap_proxy_connect_backend disabling worker for (172.22.1.31) for 60s
[Sun Mar 10 07:33:24.809410 2019] [proxy_http:error] [pid 14324:tid 4392] [client 66.249.64.223:41156] AH01114: HTTP: failed to make connection to backend: 172.22.1.31
[Sun Mar 10 07:35:02.652782 2019] [mpm_winnt:warn] [pid 14324:tid 29544] (OS 64)The specified network name is no longer available.  : AH00341: winnt_accept: Asynchronous AcceptEx failed.
[Sun Mar 10 07:35:21.201214 2019] [mpm_winnt:warn] [pid 14324:tid 29544] (OS 64)The specified network name is no longer available.  : AH00341: winnt_accept: Asynchronous AcceptEx failed.
[Sun Mar 10 07:36:10.388101 2019] [mpm_winnt:warn] [pid 14324:tid 29544] (OS 64)The specified network name is no longer available.  : AH00341: winnt_accept: Asynchronous AcceptEx failed.
[Sun Mar 10 07:41:01.079011 2019] [mpm_winnt:warn] [pid 14324:tid 29544] (OS 64)The specified network name is no longer available.  : AH00341: winnt_accept: Asynchronous AcceptEx failed.
[Sun Mar 10 07:47:20.565278 2019] [mpm_winnt:warn] [pid 14324:tid 29544] (OS 64)The specified network name is no longer available.  : AH00341: winnt_accept: Asynchronous AcceptEx failed.
[Sun Mar 10 07:51:52.676556 2019] [mpm_winnt:warn] [pid 14324:tid 29544] (OS 64)The specified network name is no longer available.  : AH00341: winnt_accept: Asynchronous AcceptEx failed.
[Sun Mar 10 07:56:09.546607 2019] [mpm_winnt:warn] [pid 14324:tid 29544] (OS 64)The specified network name is no longer available.  : AH00341: winnt_accept: Asynchronous AcceptEx failed.
[Sun Mar 10 07:57:51.087185 2019] [mpm_winnt:warn] [pid 14324:tid 29544] (OS 64)The specified network name is no longer available.  : AH00341: winnt_accept: Asynchronous AcceptEx failed.
[Sun Mar 10 08:05:07.232751 2019] [mpm_winnt:warn] [pid 14324:tid 29544] (OS 64)The specified network name is no longer available.  : AH00341: winnt_accept: Asynchronous AcceptEx failed.
[Sun Mar 10 08:06:20.802481 2019] [mpm_winnt:warn] [pid 14324:tid 29544] (OS 64)The specified network name is no longer available.  : AH00341: winnt_accept: Asynchronous AcceptEx failed.
[Sun Mar 10 08:11:04.676179 2019] [mpm_winnt:warn] [pid 14324:tid 29544] (OS 64)The specified network name is no longer available.  : AH00341: winnt_accept: Asynchronous AcceptEx failed.
[Sun Mar 10 08:17:56.423302 2019] [mpm_winnt:warn] [pid 14324:tid 29544] (OS 64)The specified network name is no longer available.  : AH00341: winnt_accept: Asynchronous AcceptEx failed.
[Sun Mar 10 08:22:49.360617 2019] [mpm_winnt:warn] [pid 14324:tid 29544] (OS 64)The specified network name is no longer available.  : AH00341: winnt_accept: Asynchronous AcceptEx failed.
[Sun Mar 10 08:24:26.158787 2019] [mpm_winnt:warn] [pid 14324:tid 29544] (OS 64)The specified network name is no longer available.  : AH00341: winnt_accept: Asynchronous AcceptEx failed.
[Sun Mar 10 08:29:33.120526 2019] [mpm_winnt:warn] [pid 14324:tid 29544] (OS 64)The specified network name is no longer available.  : AH00341: winnt_accept: Asynchronous AcceptEx failed.
[Sun Mar 10 08:34:25.511840 2019] [proxy:error] [pid 14324:tid 4652] (OS 10060)A connection attempt failed because the connected party did not properly respond after a period of time, or established connection failed because connected host has failed to respond.  : AH00957: HTTP: attempt to connect to 172.22.1.31:80 (172.22.1.31) failed
[Sun Mar 10 08:34:25.511840 2019] [proxy:error] [pid 14324:tid 4652] AH00959: ap_proxy_connect_backend disabling worker for (172.22.1.31) for 60s
[Sun Mar 10 08:34:25.511840 2019] [proxy_http:error] [pid 14324:tid 4652] [client 181.53.12.92:6284] AH01114: HTTP: failed to make connection to backend: 172.22.1.31
[Sun Mar 10 08:35:07.709914 2019] [mpm_winnt:warn] [pid 14324:tid 29544] (OS 64)The specified network name is no longer available.  : AH00341: winnt_accept: Asynchronous AcceptEx failed.
[Sun Mar 10 08:36:49.780893 2019] [mpm_winnt:warn] [pid 14324:tid 29544] (OS 64)The specified network name is no longer available.  : AH00341: winnt_accept: Asynchronous AcceptEx failed.
[Sun Mar 10 08:43:00.375144 2019] [mpm_winnt:warn] [pid 14324:tid 29544] (OS 64)The specified network name is no longer available.  : AH00341: winnt_accept: Asynchronous AcceptEx failed.
[Sun Mar 10 08:47:38.445632 2019] [mpm_winnt:warn] [pid 14324:tid 29544] (OS 64)The specified network name is no longer available.  : AH00341: winnt_accept: Asynchronous AcceptEx failed.
[Sun Mar 10 08:48:35.354532 2019] [mpm_winnt:warn] [pid 14324:tid 29544] (OS 64)The specified network name is no longer available.  : AH00341: winnt_accept: Asynchronous AcceptEx failed.
[Sun Mar 10 08:55:06.946420 2019] [mpm_winnt:warn] [pid 14324:tid 29544] (OS 64)The specified network name is no longer available.  : AH00341: winnt_accept: Asynchronous AcceptEx failed.
[Sun Mar 10 09:00:55.513432 2019] [mpm_winnt:warn] [pid 14324:tid 29544] (OS 64)The specified network name is no longer available.  : AH00341: winnt_accept: Asynchronous AcceptEx failed.
[Sun Mar 10 09:02:26.851593 2019] [mpm_winnt:warn] [pid 14324:tid 29544] (OS 64)The specified network name is no longer available.  : AH00341: winnt_accept: Asynchronous AcceptEx failed.
[Sun Mar 10 09:04:55.348253 2019] [proxy:error] [pid 14324:tid 14552] (OS 10061)No connection could be made because the target machine actively refused it.  : AH00957: HTTP: attempt to connect to 172.22.1.144:80 (172.22.1.144) failed
[Sun Mar 10 09:04:55.348253 2019] [proxy:error] [pid 14324:tid 14552] AH00959: ap_proxy_connect_backend disabling worker for (172.22.1.144) for 60s
[Sun Mar 10 09:04:55.348253 2019] [proxy_http:error] [pid 14324:tid 14552] [client 66.249.64.219:55269] AH01114: HTTP: failed to make connection to backend: 172.22.1.144
[Sun Mar 10 09:06:32.427224 2019] [proxy:error] [pid 14324:tid 4196] (OS 10060)A connection attempt failed because the connected party did not properly respond after a period of time, or established connection failed because connected host has failed to respond.  : AH00957: HTTP: attempt to connect to 172.22.1.31:80 (172.22.1.31) failed
[Sun Mar 10 09:06:32.427224 2019] [proxy:error] [pid 14324:tid 4196] AH00959: ap_proxy_connect_backend disabling worker for (172.22.1.31) for 60s
[Sun Mar 10 09:06:32.427224 2019] [proxy_http:error] [pid 14324:tid 4196] [client 66.249.64.221:36101] AH01114: HTTP: failed to make connection to backend: 172.22.1.31
[Sun Mar 10 09:06:32.552024 2019] [proxy:error] [pid 14324:tid 4196] AH00940: HTTP: disabled connection for (172.22.1.31)
[Sun Mar 10 09:07:52.268164 2019] [mpm_winnt:warn] [pid 14324:tid 29544] (OS 64)The specified network name is no longer available.  : AH00341: winnt_accept: Asynchronous AcceptEx failed.
[Sun Mar 10 09:07:52.268164 2019] [mpm_winnt:warn] [pid 14324:tid 29544] (OS 64)The specified network name is no longer available.  : AH00341: winnt_accept: Asynchronous AcceptEx failed.
[Sun Mar 10 09:07:52.268164 2019] [mpm_winnt:warn] [pid 14324:tid 29544] (OS 64)The specified network name is no longer available.  : AH00341: winnt_accept: Asynchronous AcceptEx failed.
[Sun Mar 10 09:08:03.406584 2019] [mpm_winnt:warn] [pid 14324:tid 29544] (OS 64)The specified network name is no longer available.  : AH00341: winnt_accept: Asynchronous AcceptEx failed.
[Sun Mar 10 09:13:03.972312 2019] [mpm_winnt:warn] [pid 14324:tid 29544] (OS 64)The specified network name is no longer available.  : AH00341: winnt_accept: Asynchronous AcceptEx failed.
[Sun Mar 10 09:15:09.365332 2019] [mpm_winnt:warn] [pid 14324:tid 29544] (OS 64)The specified network name is no longer available.  : AH00341: winnt_accept: Asynchronous AcceptEx failed.
[Sun Mar 10 09:23:40.593830 2019] [mpm_winnt:warn] [pid 14324:tid 29544] (OS 64)The specified network name is no longer available.  : AH00341: winnt_accept: Asynchronous AcceptEx failed.
[Sun Mar 10 09:25:35.924832 2019] [mpm_winnt:warn] [pid 14324:tid 29544] (OS 64)The specified network name is no longer available.  : AH00341: winnt_accept: Asynchronous AcceptEx failed.
[Sun Mar 10 09:31:12.885424 2019] [mpm_winnt:warn] [pid 14324:tid 29544] (OS 64)The specified network name is no longer available.  : AH00341: winnt_accept: Asynchronous AcceptEx failed.
[Sun Mar 10 09:31:38.516269 2019] [mpm_winnt:warn] [pid 14324:tid 29544] (OS 64)The specified network name is no longer available.  : AH00341: winnt_accept: Asynchronous AcceptEx failed.
[Sun Mar 10 09:38:02.947745 2019] [mpm_winnt:warn] [pid 14324:tid 29544] (OS 64)The specified network name is no longer available.  : AH00341: winnt_accept: Asynchronous AcceptEx failed.
[Sun Mar 10 09:40:15.563577 2019] [proxy:error] [pid 14324:tid 17948] (OS 10060)A connection attempt failed because the connected party did not properly respond after a period of time, or established connection failed because connected host has failed to respond.  : AH00957: HTTP: attempt to connect to 172.22.1.31:80 (172.22.1.31) failed
[Sun Mar 10 09:40:15.563577 2019] [proxy:error] [pid 14324:tid 17948] AH00959: ap_proxy_connect_backend disabling worker for (172.22.1.31) for 60s
[Sun Mar 10 09:40:15.563577 2019] [proxy_http:error] [pid 14324:tid 17948] [client 66.249.64.223:42532] AH01114: HTTP: failed to make connection to backend: 172.22.1.31
[Sun Mar 10 09:42:38.647029 2019] [access_compat:error] [pid 14324:tid 3380] [client 193.253.98.42:53476] AH01797: client denied by server configuration: E:/nuevo/phpMyAdmin/index.php
[Sun Mar 10 09:42:39.442630 2019] [access_compat:error] [pid 14324:tid 3716] [client 193.253.98.42:14689] AH01797: client denied by server configuration: E:/nuevo/htdocs/phpMyadmin
[Sun Mar 10 09:42:40.238232 2019] [access_compat:error] [pid 14324:tid 4028] [client 193.253.98.42:50823] AH01797: client denied by server configuration: E:/nuevo/htdocs/phpMyAdmin
[Sun Mar 10 09:42:41.033833 2019] [access_compat:error] [pid 14324:tid 4028] [client 193.253.98.42:8032] AH01797: client denied by server configuration: E:/nuevo/htdocs/phpmyAdmin
[Sun Mar 10 09:42:41.845034 2019] [access_compat:error] [pid 14324:tid 4028] [client 193.253.98.42:26498] AH01797: client denied by server configuration: E:/nuevo/htdocs/phpmyadmin2
[Sun Mar 10 09:42:42.656236 2019] [access_compat:error] [pid 14324:tid 4028] [client 193.253.98.42:25498] AH01797: client denied by server configuration: E:/nuevo/htdocs/phpmyadmin3
[Sun Mar 10 09:42:43.451837 2019] [access_compat:error] [pid 14324:tid 4392] [client 193.253.98.42:52383] AH01797: client denied by server configuration: E:/nuevo/htdocs/phpmyadmin4
[Sun Mar 10 09:43:40.267137 2019] [access_compat:error] [pid 14324:tid 3684] [client 193.253.98.42:39328] AH01797: client denied by server configuration: E:/nuevo/htdocs/phpMyAdmin2
[Sun Mar 10 09:43:41.047138 2019] [access_compat:error] [pid 14324:tid 3684] [client 193.253.98.42:49839] AH01797: client denied by server configuration: E:/nuevo/htdocs/phpMyAdmin3
[Sun Mar 10 09:43:41.858340 2019] [access_compat:error] [pid 14324:tid 3684] [client 193.253.98.42:22162] AH01797: client denied by server configuration: E:/nuevo/htdocs/phpMyAdmin4
[Sun Mar 10 09:43:42.638341 2019] [access_compat:error] [pid 14324:tid 3684] [client 193.253.98.42:28091] AH01797: client denied by server configuration: E:/nuevo/htdocs/phpMyAdmin-3
[Sun Mar 10 09:43:49.268353 2019] [mpm_winnt:warn] [pid 14324:tid 29544] (OS 64)The specified network name is no longer available.  : AH00341: winnt_accept: Asynchronous AcceptEx failed.
[Sun Mar 10 09:43:57.785968 2019] [access_compat:error] [pid 14324:tid 5876] [client 193.253.98.42:6945] AH01797: client denied by server configuration: E:/nuevo/htdocs/phpmyadmin2011
[Sun Mar 10 09:43:58.581569 2019] [access_compat:error] [pid 14324:tid 5876] [client 193.253.98.42:57555] AH01797: client denied by server configuration: E:/nuevo/htdocs/phpmyadmin2012
[Sun Mar 10 09:43:59.392771 2019] [access_compat:error] [pid 14324:tid 5876] [client 193.253.98.42:27145] AH01797: client denied by server configuration: E:/nuevo/htdocs/phpmyadmin2013
[Sun Mar 10 09:44:00.203972 2019] [access_compat:error] [pid 14324:tid 3552] [client 193.253.98.42:56095] AH01797: client denied by server configuration: E:/nuevo/htdocs/phpmyadmin2014
[Sun Mar 10 09:44:01.046373 2019] [access_compat:error] [pid 14324:tid 3684] [client 193.253.98.42:54911] AH01797: client denied by server configuration: E:/nuevo/htdocs/phpmyadmin2015
[Sun Mar 10 09:44:01.826375 2019] [access_compat:error] [pid 14324:tid 3684] [client 193.253.98.42:57464] AH01797: client denied by server configuration: E:/nuevo/htdocs/phpmyadmin2016
[Sun Mar 10 09:44:02.606376 2019] [access_compat:error] [pid 14324:tid 3684] [client 193.253.98.42:6527] AH01797: client denied by server configuration: E:/nuevo/htdocs/phpmyadmin2017
[Sun Mar 10 09:44:03.386378 2019] [access_compat:error] [pid 14324:tid 3684] [client 193.253.98.42:47041] AH01797: client denied by server configuration: E:/nuevo/htdocs/phpmyadmin2018
[Sun Mar 10 09:44:04.197579 2019] [access_compat:error] [pid 14324:tid 3684] [client 193.253.98.42:43161] AH01797: client denied by server configuration: E:/nuevo/htdocs/phpmyadmin2019
[Sun Mar 10 09:48:26.122039 2019] [mpm_winnt:warn] [pid 14324:tid 29544] (OS 64)The specified network name is no longer available.  : AH00341: winnt_accept: Asynchronous AcceptEx failed.
[Sun Mar 10 09:50:20.454640 2019] [mpm_winnt:warn] [pid 14324:tid 29544] (OS 64)The specified network name is no longer available.  : AH00341: winnt_accept: Asynchronous AcceptEx failed.
[Sun Mar 10 09:56:02.407240 2019] [mpm_winnt:warn] [pid 14324:tid 29544] (OS 64)The specified network name is no longer available.  : AH00341: winnt_accept: Asynchronous AcceptEx failed.
[Sun Mar 10 10:00:35.906921 2019] [mpm_winnt:warn] [pid 14324:tid 29544] (OS 64)The specified network name is no longer available.  : AH00341: winnt_accept: Asynchronous AcceptEx failed.
[Sun Mar 10 10:04:17.427310 2019] [mpm_winnt:warn] [pid 14324:tid 29544] (OS 64)The specified network name is no longer available.  : AH00341: winnt_accept: Asynchronous AcceptEx failed.
[Sun Mar 10 10:07:33.285654 2019] [proxy:error] [pid 14324:tid 4740] (OS 10060)A connection attempt failed because the connected party did not properly respond after a period of time, or established connection failed because connected host has failed to respond.  : AH00957: HTTP: attempt to connect to 172.22.1.31:80 (172.22.1.31) failed
[Sun Mar 10 10:07:33.285654 2019] [proxy:error] [pid 14324:tid 4740] AH00959: ap_proxy_connect_backend disabling worker for (172.22.1.31) for 60s
[Sun Mar 10 10:07:33.285654 2019] [proxy_http:error] [pid 14324:tid 4740] [client 66.249.64.219:51750] AH01114: HTTP: failed to make connection to backend: 172.22.1.31
[Sun Mar 10 10:07:42.848471 2019] [mpm_winnt:warn] [pid 14324:tid 29544] (OS 64)The specified network name is no longer available.  : AH00341: winnt_accept: Asynchronous AcceptEx failed.
[Sun Mar 10 10:07:50.804485 2019] [proxy:error] [pid 14324:tid 3684] AH00940: HTTP: disabled connection for (172.22.1.31)
[Sun Mar 10 10:08:10.008118 2019] [proxy:error] [pid 14324:tid 4456] AH00940: HTTP: disabled connection for (172.22.1.31)
[Sun Mar 10 10:10:19.269945 2019] [mpm_winnt:warn] [pid 14324:tid 29544] (OS 64)The specified network name is no longer available.  : AH00341: winnt_accept: Asynchronous AcceptEx failed.
[Sun Mar 10 10:15:56.433338 2019] [mpm_winnt:warn] [pid 14324:tid 29544] (OS 64)The specified network name is no longer available.  : AH00341: winnt_accept: Asynchronous AcceptEx failed.
[Sun Mar 10 10:21:55.187168 2019] [mpm_winnt:warn] [pid 14324:tid 29544] (OS 64)The specified network name is no longer available.  : AH00341: winnt_accept: Asynchronous AcceptEx failed.
[Sun Mar 10 10:25:12.839515 2019] [mpm_winnt:warn] [pid 14324:tid 29544] (OS 64)The specified network name is no longer available.  : AH00341: winnt_accept: Asynchronous AcceptEx failed.
[Sun Mar 10 10:28:13.971433 2019] [mpm_winnt:warn] [pid 14324:tid 29544] (OS 64)The specified network name is no longer available.  : AH00341: winnt_accept: Asynchronous AcceptEx failed.
[Sun Mar 10 10:33:53.209629 2019] [proxy:error] [pid 14324:tid 4664] (OS 10060)A connection attempt failed because the connected party did not properly respond after a period of time, or established connection failed because connected host has failed to respond.  : AH00957: HTTP: attempt to connect to 172.22.1.31:80 (172.22.1.31) failed
[Sun Mar 10 10:33:53.209629 2019] [proxy:error] [pid 14324:tid 4664] AH00959: ap_proxy_connect_backend disabling worker for (172.22.1.31) for 60s
[Sun Mar 10 10:33:53.209629 2019] [proxy_http:error] [pid 14324:tid 4664] [client 66.249.64.219:39230] AH01114: HTTP: failed to make connection to backend: 172.22.1.31
[Sun Mar 10 10:34:52.177733 2019] [mpm_winnt:warn] [pid 14324:tid 29544] (OS 64)The specified network name is no longer available.  : AH00341: winnt_accept: Asynchronous AcceptEx failed.
[Sun Mar 10 10:38:16.444491 2019] [mpm_winnt:warn] [pid 14324:tid 29544] (OS 64)The specified network name is no longer available.  : AH00341: winnt_accept: Asynchronous AcceptEx failed.
[Sun Mar 10 10:43:30.005042 2019] [core:error] [pid 14324:tid 4456] (20024)The given path is misformatted or contained invalid characters: [client 66.249.65.215:57856] AH00127: Cannot map GET /www.ambientebogota.gov.co:81/ HTTP/1.1 to file
[Sun Mar 10 10:43:44.653468 2019] [mpm_winnt:warn] [pid 14324:tid 29544] (OS 64)The specified network name is no longer available.  : AH00341: winnt_accept: Asynchronous AcceptEx failed.
[Sun Mar 10 10:44:19.098328 2019] [mpm_winnt:warn] [pid 14324:tid 29544] (OS 64)The specified network name is no longer available.  : AH00341: winnt_accept: Asynchronous AcceptEx failed.
[Sun Mar 10 10:48:35.609579 2019] [mpm_winnt:warn] [pid 14324:tid 29544] (OS 64)The specified network name is no longer available.  : AH00341: winnt_accept: Asynchronous AcceptEx failed.
[Sun Mar 10 10:52:50.077226 2019] [mpm_winnt:warn] [pid 14324:tid 29544] (OS 64)The specified network name is no longer available.  : AH00341: winnt_accept: Asynchronous AcceptEx failed.
[Sun Mar 10 10:57:28.724915 2019] [mpm_winnt:warn] [pid 14324:tid 29544] (OS 64)The specified network name is no longer available.  : AH00341: winnt_accept: Asynchronous AcceptEx failed.
[Sun Mar 10 11:03:23.344738 2019] [mpm_winnt:warn] [pid 14324:tid 29544] (OS 64)The specified network name is no longer available.  : AH00341: winnt_accept: Asynchronous AcceptEx failed.
[Sun Mar 10 11:05:52.028599 2019] [mpm_winnt:warn] [pid 14324:tid 29544] (OS 64)The specified network name is no longer available.  : AH00341: winnt_accept: Asynchronous AcceptEx failed.
[Sun Mar 10 11:07:55.674416 2019] [proxy:error] [pid 14324:tid 4152] (OS 10060)A connection attempt failed because the connected party did not properly respond after a period of time, or established connection failed because connected host has failed to respond.  : AH00957: HTTP: attempt to connect to 172.22.1.31:80 (172.22.1.31) failed
[Sun Mar 10 11:07:55.674416 2019] [proxy:error] [pid 14324:tid 4152] AH00959: ap_proxy_connect_backend disabling worker for (172.22.1.31) for 60s
[Sun Mar 10 11:07:55.674416 2019] [proxy_http:error] [pid 14324:tid 4152] [client 66.249.65.222:44632] AH01114: HTTP: failed to make connection to backend: 172.22.1.31
[Sun Mar 10 11:08:13.084047 2019] [proxy:error] [pid 14324:tid 4104] AH00940: HTTP: disabled connection for (172.22.1.31)
[Sun Mar 10 11:09:36.403793 2019] [mpm_winnt:warn] [pid 14324:tid 29544] (OS 64)The specified network name is no longer available.  : AH00341: winnt_accept: Asynchronous AcceptEx failed.
[Sun Mar 10 11:10:24.295877 2019] [mpm_winnt:warn] [pid 14324:tid 29544] (OS 64)The specified network name is no longer available.  : AH00341: winnt_accept: Asynchronous AcceptEx failed.
[Sun Mar 10 11:17:31.814628 2019] [mpm_winnt:warn] [pid 14324:tid 29544] (OS 64)The specified network name is no longer available.  : AH00341: winnt_accept: Asynchronous AcceptEx failed.
[Sun Mar 10 11:18:26.321124 2019] [mpm_winnt:warn] [pid 14324:tid 29544] (OS 64)The specified network name is no longer available.  : AH00341: winnt_accept: Asynchronous AcceptEx failed.
[Sun Mar 10 11:21:11.525414 2019] [mpm_winnt:warn] [pid 14324:tid 29544] (OS 64)The specified network name is no longer available.  : AH00341: winnt_accept: Asynchronous AcceptEx failed.
[Sun Mar 10 11:24:39.520580 2019] [mpm_winnt:warn] [pid 14324:tid 29544] (OS 64)The specified network name is no longer available.  : AH00341: winnt_accept: Asynchronous AcceptEx failed.
[Sun Mar 10 11:28:40.806203 2019] [mpm_winnt:warn] [pid 14324:tid 29544] (OS 64)The specified network name is no longer available.  : AH00341: winnt_accept: Asynchronous AcceptEx failed.
[Sun Mar 10 11:30:48.960428 2019] [mpm_winnt:warn] [pid 14324:tid 29544] (OS 64)The specified network name is no longer available.  : AH00341: winnt_accept: Asynchronous AcceptEx failed.
[Sun Mar 10 11:31:00.020848 2019] [mpm_winnt:warn] [pid 14324:tid 29544] (OS 64)The specified network name is no longer available.  : AH00341: winnt_accept: Asynchronous AcceptEx failed.
[Sun Mar 10 11:31:15.964076 2019] [mpm_winnt:warn] [pid 14324:tid 29544] (OS 64)The specified network name is no longer available.  : AH00341: winnt_accept: Asynchronous AcceptEx failed.
[Sun Mar 10 11:31:16.478877 2019] [mpm_winnt:warn] [pid 14324:tid 29544] (OS 64)The specified network name is no longer available.  : AH00341: winnt_accept: Asynchronous AcceptEx failed.
[Sun Mar 10 11:31:16.978078 2019] [mpm_winnt:warn] [pid 14324:tid 29544] (OS 64)The specified network name is no longer available.  : AH00341: winnt_accept: Asynchronous AcceptEx failed.
[Sun Mar 10 11:31:18.974881 2019] [mpm_winnt:warn] [pid 14324:tid 29544] (OS 64)The specified network name is no longer available.  : AH00341: winnt_accept: Asynchronous AcceptEx failed.
[Sun Mar 10 11:31:19.474082 2019] [mpm_winnt:warn] [pid 14324:tid 29544] (OS 64)The specified network name is no longer available.  : AH00341: winnt_accept: Asynchronous AcceptEx failed.
[Sun Mar 10 11:31:19.973283 2019] [mpm_winnt:warn] [pid 14324:tid 29544] (OS 64)The specified network name is no longer available.  : AH00341: winnt_accept: Asynchronous AcceptEx failed.
[Sun Mar 10 11:31:21.470886 2019] [mpm_winnt:warn] [pid 14324:tid 29544] (OS 64)The specified network name is no longer available.  : AH00341: winnt_accept: Asynchronous AcceptEx failed.
[Sun Mar 10 11:31:35.105309 2019] [mpm_winnt:warn] [pid 14324:tid 29544] (OS 64)The specified network name is no longer available.  : AH00341: winnt_accept: Asynchronous AcceptEx failed.
[Sun Mar 10 11:31:35.120909 2019] [mpm_winnt:warn] [pid 14324:tid 29544] (OS 64)The specified network name is no longer available.  : AH00341: winnt_accept: Asynchronous AcceptEx failed.
[Sun Mar 10 11:32:01.094955 2019] [mpm_winnt:warn] [pid 14324:tid 29544] (OS 64)The specified network name is no longer available.  : AH00341: winnt_accept: Asynchronous AcceptEx failed.
[Sun Mar 10 11:32:07.880967 2019] [mpm_winnt:warn] [pid 14324:tid 29544] (OS 64)The specified network name is no longer available.  : AH00341: winnt_accept: Asynchronous AcceptEx failed.
[Sun Mar 10 11:32:14.744979 2019] [mpm_winnt:warn] [pid 14324:tid 29544] (OS 64)The specified network name is no longer available.  : AH00341: winnt_accept: Asynchronous AcceptEx failed.
[Sun Mar 10 11:32:14.932179 2019] [mpm_winnt:warn] [pid 14324:tid 29544] (OS 64)The specified network name is no longer available.  : AH00341: winnt_accept: Asynchronous AcceptEx failed.
[Sun Mar 10 11:32:39.283822 2019] [proxy:error] [pid 14324:tid 4336] (OS 10060)A connection attempt failed because the connected party did not properly respond after a period of time, or established connection failed because connected host has failed to respond.  : AH00957: HTTP: attempt to connect to 172.22.1.31:80 (172.22.1.31) failed
[Sun Mar 10 11:32:39.283822 2019] [proxy:error] [pid 14324:tid 4336] AH00959: ap_proxy_connect_backend disabling worker for (172.22.1.31) for 60s
[Sun Mar 10 11:32:39.283822 2019] [proxy_http:error] [pid 14324:tid 4336] [client 66.249.65.223:47233] AH01114: HTTP: failed to make connection to backend: 172.22.1.31
[Sun Mar 10 11:32:39.439822 2019] [proxy:error] [pid 14324:tid 4336] AH00940: HTTP: disabled connection for (172.22.1.31)
[Sun Mar 10 11:33:22.511498 2019] [mpm_winnt:warn] [pid 14324:tid 29544] (OS 64)The specified network name is no longer available.  : AH00341: winnt_accept: Asynchronous AcceptEx failed.
[Sun Mar 10 11:33:23.572300 2019] [mpm_winnt:warn] [pid 14324:tid 29544] (OS 64)The specified network name is no longer available.  : AH00341: winnt_accept: Asynchronous AcceptEx failed.
[Sun Mar 10 11:35:54.081364 2019] [core:error] [pid 14324:tid 17748] [client 172.22.2.1:22513] AH00126: Invalid URI in request GNUTELLA CONNECT/0.6
[Sun Mar 10 11:35:54.284165 2019] [core:error] [pid 14324:tid 17748] [client 172.22.2.1:22515] AH00126: Invalid URI in request GNUTELLA CONNECT/0.4
[Sun Mar 10 11:35:54.502565 2019] [core:error] [pid 14324:tid 17748] [client 172.22.2.1:22516] AH00126: Invalid URI in request GNUTELLA CONNECT/0.6
[Sun Mar 10 11:35:55.188966 2019] [core:error] [pid 14324:tid 17748] [client 172.22.2.1:22520] AH00126: Invalid URI in request GNUTELLA CONNECT/0.4
[Sun Mar 10 11:35:55.500967 2019] [core:error] [pid 14324:tid 4104] (20025)The given path contained wildcard characters: [client 172.22.2.1:22524] AH00036: access to * failed (filesystem path 'E:/nuevo/htdocs/*')
[Sun Mar 10 11:35:55.719367 2019] [core:error] [pid 14324:tid 17748] (20025)The given path contained wildcard characters: [client 172.22.2.1:22531] AH00036: access to * failed (filesystem path 'E:/nuevo/htdocs/*')
[Sun Mar 10 11:36:09.759392 2019] [core:error] [pid 14324:tid 4196] [client 172.22.2.1:22593] AH00135: Invalid method in request ERHUGB / HTTP/1.1
[Sun Mar 10 11:36:13.004198 2019] [core:error] [pid 14324:tid 4472] [client 172.22.2.1:22645] AH00126: Invalid URI in request some invalid request
[Sun Mar 10 11:36:13.565799 2019] [core:error] [pid 14324:tid 4472] [client 172.22.2.1:22649] AH00126: Invalid URI in request some invalid request
[Sun Mar 10 11:36:15.391002 2019] [core:error] [pid 14324:tid 8760] [client 172.22.2.1:22660] AH00135: Invalid method in request QOUZCW / HTTP/1.1
[Sun Mar 10 11:36:23.721416 2019] [cgi:error] [pid 14324:tid 6304] [client 172.22.2.1:22689] script not found or unable to stat: E:/nuevo/htdocs/XHIfUYzz19uo.cgi
[Sun Mar 10 11:36:30.179828 2019] [cgi:error] [pid 14324:tid 6304] [client 172.22.2.1:22689] script not found or unable to stat: E:/nuevo/htdocs/XHIfUYzz19uo.pl
[Sun Mar 10 11:37:00.521881 2019] [cgi:error] [pid 14324:tid 6304] [client 172.22.2.1:22689] script not found or unable to stat: E:/nuevo/htdocs/XHIfUYzz19uo.asp
[Sun Mar 10 11:37:08.462295 2019] [core:error] [pid 14324:tid 3412] [client 172.22.2.1:22717] AH00126: Invalid URI in request t3 12.2.1
[Sun Mar 10 11:37:10.396698 2019] [cgi:error] [pid 14324:tid 6304] [client 172.22.2.1:22689] script not found or unable to stat: E:/nuevo/cgi-bin/XHIfUYzz19uo.html
[Sun Mar 10 11:37:10.396698 2019] [core:error] [pid 14324:tid 4220] [client 172.22.2.1:22722] AH00126: Invalid URI in request t3s 12.2.1
[Sun Mar 10 11:37:11.816301 2019] [cgi:error] [pid 14324:tid 6304] [client 172.22.2.1:22689] script not found or unable to stat: E:/nuevo/cgi-bin/XHIfUYzz19uo.cgi
[Sun Mar 10 11:37:13.001903 2019] [cgi:error] [pid 14324:tid 6304] [client 172.22.2.1:22689] script not found or unable to stat: E:/nuevo/cgi-bin/XHIfUYzz19uo.sh
[Sun Mar 10 11:37:14.390305 2019] [cgi:error] [pid 14324:tid 6304] [client 172.22.2.1:22689] script not found or unable to stat: E:/nuevo/cgi-bin/XHIfUYzz19uo.pl
[Sun Mar 10 11:37:15.856708 2019] [cgi:error] [pid 14324:tid 6304] [client 172.22.2.1:22689] script not found or unable to stat: E:/nuevo/cgi-bin/XHIfUYzz19uo.inc
[Sun Mar 10 11:37:17.151510 2019] [cgi:error] [pid 14324:tid 6304] [client 172.22.2.1:22689] script not found or unable to stat: E:/nuevo/cgi-bin/XHIfUYzz19uo.shtml
[Sun Mar 10 11:37:17.993912 2019] [cgi:error] [pid 14324:tid 6304] [client 172.22.2.1:22689] script not found or unable to stat: E:/nuevo/cgi-bin/XHIfUYzz19uo.asp
[Sun Mar 10 11:37:19.522714 2019] [cgi:error] [pid 14324:tid 6304] [client 172.22.2.1:22689] script not found or unable to stat: E:/nuevo/cgi-bin/XHIfUYzz19uo.php
[Sun Mar 10 11:37:21.644318 2019] [cgi:error] [pid 14324:tid 6304] [client 172.22.2.1:22689] script not found or unable to stat: E:/nuevo/cgi-bin/XHIfUYzz19uo.php3
[Sun Mar 10 11:37:23.703522 2019] [cgi:error] [pid 14324:tid 6304] [client 172.22.2.1:22689] script not found or unable to stat: E:/nuevo/cgi-bin/XHIfUYzz19uo.cfm
[Sun Mar 10 11:37:26.324326 2019] [mpm_winnt:warn] [pid 14324:tid 29544] (OS 64)The specified network name is no longer available.  : AH00341: winnt_accept: Asynchronous AcceptEx failed.
[Sun Mar 10 11:37:39.927550 2019] [cgi:error] [pid 14324:tid 6304] [client 172.22.2.1:22736] script not found or unable to stat: E:/nuevo/htdocs/XHIfUYzz19uo.cgi
[Sun Mar 10 11:37:41.924354 2019] [cgi:error] [pid 14324:tid 6304] [client 172.22.2.1:22736] script not found or unable to stat: E:/nuevo/htdocs/XHIfUYzz19uo.pl
[Sun Mar 10 11:37:44.997559 2019] [cgi:error] [pid 14324:tid 6304] [client 172.22.2.1:22736] script not found or unable to stat: E:/nuevo/htdocs/XHIfUYzz19uo.asp
[Sun Mar 10 11:37:49.178366 2019] [cgi:error] [pid 14324:tid 6304] [client 172.22.2.1:22736] script not found or unable to stat: E:/nuevo/cgi-bin/XHIfUYzz19uo.html
[Sun Mar 10 11:37:49.927168 2019] [cgi:error] [pid 14324:tid 6304] [client 172.22.2.1:22736] script not found or unable to stat: E:/nuevo/cgi-bin/XHIfUYzz19uo.cgi
[Sun Mar 10 11:37:50.738369 2019] [cgi:error] [pid 14324:tid 6304] [client 172.22.2.1:22736] script not found or unable to stat: E:/nuevo/cgi-bin/XHIfUYzz19uo.sh
[Sun Mar 10 11:37:51.128370 2019] [cgi:error] [pid 14324:tid 6304] [client 172.22.2.1:22736] script not found or unable to stat: E:/nuevo/cgi-bin/XHIfUYzz19uo.pl
[Sun Mar 10 11:37:51.939571 2019] [cgi:error] [pid 14324:tid 6304] [client 172.22.2.1:22736] script not found or unable to stat: E:/nuevo/cgi-bin/XHIfUYzz19uo.inc
[Sun Mar 10 11:37:52.610373 2019] [cgi:error] [pid 14324:tid 6304] [client 172.22.2.1:22736] script not found or unable to stat: E:/nuevo/cgi-bin/XHIfUYzz19uo.shtml
[Sun Mar 10 11:37:52.969173 2019] [cgi:error] [pid 14324:tid 6304] [client 172.22.2.1:22736] script not found or unable to stat: E:/nuevo/cgi-bin/XHIfUYzz19uo.asp
[Sun Mar 10 11:37:53.811575 2019] [cgi:error] [pid 14324:tid 6304] [client 172.22.2.1:22736] script not found or unable to stat: E:/nuevo/cgi-bin/XHIfUYzz19uo.php
[Sun Mar 10 11:37:55.043977 2019] [cgi:error] [pid 14324:tid 6304] [client 172.22.2.1:22736] script not found or unable to stat: E:/nuevo/cgi-bin/XHIfUYzz19uo.php3
[Sun Mar 10 11:37:55.667978 2019] [cgi:error] [pid 14324:tid 6304] [client 172.22.2.1:22736] script not found or unable to stat: E:/nuevo/cgi-bin/XHIfUYzz19uo.cfm
[Sun Mar 10 11:38:14.684411 2019] [mpm_winnt:warn] [pid 14324:tid 29544] (OS 64)The specified network name is no longer available.  : AH00341: winnt_accept: Asynchronous AcceptEx failed.
[Sun Mar 10 11:38:24.325228 2019] [mpm_winnt:warn] [pid 14324:tid 29544] (OS 64)The specified network name is no longer available.  : AH00341: winnt_accept: Asynchronous AcceptEx failed.
[Sun Mar 10 11:38:51.765676 2019] [mpm_winnt:warn] [pid 14324:tid 29544] (OS 64)The specified network name is no longer available.  : AH00341: winnt_accept: Asynchronous AcceptEx failed.
[Sun Mar 10 11:39:24.634934 2019] [core:error] [pid 14324:tid 4152] [client 172.22.2.1:22909] AH00126: Invalid URI in request GET /../../../../../../../../../../../../windows/win.ini HTTP/1.1
[Sun Mar 10 11:39:24.744134 2019] [core:error] [pid 14324:tid 4320] [client 172.22.2.1:22911] AH00126: Invalid URI in request GET /../../../../../../../../../../../../winnt/win.ini HTTP/1.1
[Sun Mar 10 11:39:24.915735 2019] [core:error] [pid 14324:tid 4320] [client 172.22.2.1:22915] AH00126: Invalid URI in request GET ../../../../../../../../../../../../windows/win.ini HTTP/1.1
[Sun Mar 10 11:39:24.962535 2019] [cgi:error] [pid 14324:tid 4152] [client 172.22.2.1:22916] script not found or unable to stat: E:/nuevo/htdocs/eoitobmg.asp
[Sun Mar 10 11:39:25.024935 2019] [core:error] [pid 14324:tid 4320] [client 172.22.2.1:22917] AH00126: Invalid URI in request GET ../../../../../../../../../../../../winnt/win.ini HTTP/1.1
[Sun Mar 10 11:39:25.087335 2019] [cgi:error] [pid 14324:tid 4152] [client 172.22.2.1:22916] script not found or unable to stat: E:/nuevo/htdocs/eoitobmg.asp
[Sun Mar 10 11:39:25.165335 2019] [core:error] [pid 14324:tid 4320] [client 172.22.2.1:22918] AH00126: Invalid URI in request GET ..\\..\\..\\..\\..\\..\\..\\..\\..\\..\\windows\\win.ini HTTP/1.1
[Sun Mar 10 11:39:25.243335 2019] [cgi:error] [pid 14324:tid 4152] [client 172.22.2.1:22916] script not found or unable to stat: E:/nuevo/htdocs/eoitobmg.pl
[Sun Mar 10 11:39:25.274535 2019] [core:error] [pid 14324:tid 4320] [client 172.22.2.1:22919] AH00126: Invalid URI in request GET ..\\..\\..\\..\\..\\..\\..\\..\\..\\..\\winnt\\win.ini HTTP/1.1
[Sun Mar 10 11:39:25.414936 2019] [core:error] [pid 14324:tid 17748] [client 172.22.2.1:22920] AH00126: Invalid URI in request GET /..\\..\\..\\..\\..\\..\\..\\..\\..\\..\\windows\\win.ini HTTP/1.1
[Sun Mar 10 11:39:25.430536 2019] [cgi:error] [pid 14324:tid 4152] [client 172.22.2.1:22916] script not found or unable to stat: E:/nuevo/htdocs/eoitobmg.pl
[Sun Mar 10 11:39:25.492936 2019] [cgi:error] [pid 14324:tid 4152] [client 172.22.2.1:22916] script not found or unable to stat: E:/nuevo/htdocs/eoitobmg.cgi
[Sun Mar 10 11:39:25.539736 2019] [core:error] [pid 14324:tid 17748] [client 172.22.2.1:22922] AH00126: Invalid URI in request GET /..\\..\\..\\..\\..\\..\\..\\..\\..\\..\\winnt\\win.ini HTTP/1.1
[Sun Mar 10 11:39:25.633336 2019] [cgi:error] [pid 14324:tid 4152] [client 172.22.2.1:22916] script not found or unable to stat: E:/nuevo/htdocs/eoitobmg.cgi
[Sun Mar 10 11:39:26.335337 2019] [core:error] [pid 14324:tid 17748] (20024)The given path is misformatted or contained invalid characters: [client 172.22.2.1:22930] AH00127: Cannot map GET /.|./.|./.|./.|./.|./.|./.|./.|./.|./.|./.|./windows/win.ini HTTP/1.1 to file
[Sun Mar 10 11:39:26.413337 2019] [core:error] [pid 14324:tid 17748] (20024)The given path is misformatted or contained invalid characters: [client 172.22.2.1:22930] AH00127: Cannot map GET /.|./.|./.|./.|./.|./.|./.|./.|./.|./.|./.|./winnt/win.ini HTTP/1.1 to file
[Sun Mar 10 11:39:26.584938 2019] [core:error] [pid 14324:tid 17748] [client 172.22.2.1:22930] AH00126: Invalid URI in request GET /%2e%2e/%2e%2e/%2e%2e/%2e%2e/%2e%2e/%2e%2e/%2e%2e/%2e%2e/%2e%2e/%2e%2e/%2e%2e/windows/win.ini HTTP/1.1
[Sun Mar 10 11:39:26.678538 2019] [core:error] [pid 14324:tid 17748] [client 172.22.2.1:22932] AH00126: Invalid URI in request GET /%2e%2e/%2e%2e/%2e%2e/%2e%2e/%2e%2e/%2e%2e/%2e%2e/%2e%2e/%2e%2e/%2e%2e/%2e%2e/winnt/win.ini HTTP/1.1
[Sun Mar 10 11:39:26.756538 2019] [core:error] [pid 14324:tid 17748] [client 172.22.2.1:22933] AH00126: Invalid URI in request GET /%2e%2e\\%2e%2e\\%2e%2e\\%2e%2e\\%2e%2e\\%2e%2e\\%2e%2e\\%2e%2e\\%2e%2e\\%2e%2e\\windows\\win.ini HTTP/1.1
[Sun Mar 10 11:39:27.006138 2019] [core:error] [pid 14324:tid 17748] [client 172.22.2.1:22934] AH00126: Invalid URI in request GET /%2e%2e\\%2e%2e\\%2e%2e\\%2e%2e\\%2e%2e\\%2e%2e\\%2e%2e\\%2e%2e\\%2e%2e\\%2e%2e\\winnt\\win.ini HTTP/1.1
[Sun Mar 10 11:39:27.661339 2019] [core:error] [pid 14324:tid 4320] (20024)The given path is misformatted or contained invalid characters: [client 172.22.2.1:22937] AH00127: Cannot map GET /.../.../.../.../.../.../.../.../.../windows/win.ini HTTP/1.1 to file
[Sun Mar 10 11:39:28.519341 2019] [core:error] [pid 14324:tid 4320] (20024)The given path is misformatted or contained invalid characters: [client 172.22.2.1:22937] AH00127: Cannot map GET /.../.../.../.../.../.../.../.../.../winnt/win.ini HTTP/1.1 to file
[Sun Mar 10 11:39:28.597341 2019] [core:error] [pid 14324:tid 4320] (20024)The given path is misformatted or contained invalid characters: [client 172.22.2.1:22937] AH00127: Cannot map GET /...\\...\\...\\...\\...\\...\\...\\...\\...\\windows\\win.ini HTTP/1.1 to file
[Sun Mar 10 11:39:28.644141 2019] [core:error] [pid 14324:tid 4320] (20024)The given path is misformatted or contained invalid characters: [client 172.22.2.1:22937] AH00127: Cannot map GET /...\\...\\...\\...\\...\\...\\...\\...\\...\\winnt\\win.ini HTTP/1.1 to file
[Sun Mar 10 11:39:28.831342 2019] [core:error] [pid 14324:tid 4320] (20024)The given path is misformatted or contained invalid characters: [client 172.22.2.1:22937] AH00127: Cannot map GET /..../..../..../..../..../..../..../..../..../windows/win.ini HTTP/1.1 to file
[Sun Mar 10 11:39:29.049742 2019] [core:error] [pid 14324:tid 4320] (20024)The given path is misformatted or contained invalid characters: [client 172.22.2.1:22937] AH00127: Cannot map GET /..../..../..../..../..../..../..../..../..../winnt/win.ini HTTP/1.1 to file
[Sun Mar 10 11:39:29.127742 2019] [core:error] [pid 14324:tid 4320] (20024)The given path is misformatted or contained invalid characters: [client 172.22.2.1:22937] AH00127: Cannot map GET /....\\....\\....\\....\\....\\....\\....\\....\\....\\windows\\win.ini HTTP/1.1 to file
[Sun Mar 10 11:39:29.236942 2019] [core:error] [pid 14324:tid 4320] (20024)The given path is misformatted or contained invalid characters: [client 172.22.2.1:22937] AH00127: Cannot map GET /....\\....\\....\\....\\....\\....\\....\\....\\....\\winnt\\win.ini HTTP/1.1 to file
[Sun Mar 10 11:39:29.392942 2019] [core:error] [pid 14324:tid 4320] [client 172.22.2.1:22937] AH00126: Invalid URI in request GET /././././././../../../../../windows/win.ini HTTP/1.1
[Sun Mar 10 11:39:29.829743 2019] [core:error] [pid 14324:tid 4320] [client 172.22.2.1:22940] AH00126: Invalid URI in request GET /././././././../../../../../winnt/win.ini HTTP/1.1
[Sun Mar 10 11:39:30.219744 2019] [core:error] [pid 14324:tid 4320] [client 172.22.2.1:22944] AH00126: Invalid URI in request GET /nessus\\..\\..\\..\\..\\..\\..\\windows\\win.ini HTTP/1.1
[Sun Mar 10 11:39:30.360144 2019] [core:error] [pid 14324:tid 4320] [client 172.22.2.1:22945] AH00126: Invalid URI in request GET /nessus\\..\\..\\..\\..\\..\\..\\winnt\\win.ini HTTP/1.1
[Sun Mar 10 11:39:30.469344 2019] [core:error] [pid 14324:tid 4320] (22)Invalid argument: [client 172.22.2.1:22946] AH00127: Cannot map GET /%80../%80../%80../%80../%80../%80../windows/win.ini HTTP/1.1 to file
[Sun Mar 10 11:39:30.672145 2019] [core:error] [pid 14324:tid 4320] (22)Invalid argument: [client 172.22.2.1:22946] AH00127: Cannot map GET /%80../%80../%80../%80../%80../%80../winnt/win.ini HTTP/1.1 to file
[Sun Mar 10 11:39:30.672145 2019] [core:error] [pid 14324:tid 4320] (22)Invalid argument: [client 172.22.2.1:22946] AH00127: Cannot map GET /%c0.%c0./%c0.%c0./%c0.%c0./%c0.%c0./%c0.%c0./windows/win.ini HTTP/1.1 to file
[Sun Mar 10 11:39:30.765745 2019] [core:error] [pid 14324:tid 4320] (22)Invalid argument: [client 172.22.2.1:22946] AH00127: Cannot map GET /%c0.%c0./%c0.%c0./%c0.%c0./%c0.%c0./%c0.%c0./winnt/win.ini HTTP/1.1 to file
[Sun Mar 10 11:39:30.890545 2019] [core:error] [pid 14324:tid 4320] (22)Invalid argument: [client 172.22.2.1:22946] AH00127: Cannot map GET /%c0%2e%c0%2e/%c0%2e%c0%2e/%c0%2e%c0%2e/%c0%2e%c0%2e/windows/win.ini HTTP/1.1 to file
[Sun Mar 10 11:39:31.140146 2019] [core:error] [pid 14324:tid 4320] (22)Invalid argument: [client 172.22.2.1:22946] AH00127: Cannot map GET /%c0%2e%c0%2e/%c0%2e%c0%2e/%c0%2e%c0%2e/%c0%2e%c0%2e/winnt/win.ini HTTP/1.1 to file
[Sun Mar 10 11:39:31.233746 2019] [core:error] [pid 14324:tid 4152] (20024)The given path is misformatted or contained invalid characters: [client 172.22.2.1:22916] AH00127: Cannot map GET /<script>document.cookie=%22testfgix=7317;%22</script> HTTP/1.1 to file
[Sun Mar 10 11:39:31.420946 2019] [core:error] [pid 14324:tid 4152] [client 172.22.2.1:22916] AH00126: Invalid URI in request GET <script>document.cookie=%22testfgix=7317;%22</script> HTTP/1.1
[Sun Mar 10 11:39:31.779747 2019] [core:error] [pid 14324:tid 4320] (20024)The given path is misformatted or contained invalid characters: [client 172.22.2.1:22951] AH00127: Cannot map GET /<meta%20http-equiv=Set-Cookie%20content=%22testfgix=7317%22> HTTP/1.1 to file
[Sun Mar 10 11:39:31.982547 2019] [core:error] [pid 14324:tid 4320] [client 172.22.2.1:22951] AH00126: Invalid URI in request GET <meta%20http-equiv=Set-Cookie%20content=%22testfgix=7317%22> HTTP/1.1
[Sun Mar 10 11:39:32.450548 2019] [core:error] [pid 14324:tid 17748] [client 172.22.2.1:22957] AH00126: Invalid URI in request GET /../../../../../../../../../../../../etc/passwd HTTP/1.1
[Sun Mar 10 11:39:32.934149 2019] [core:error] [pid 14324:tid 17748] [client 172.22.2.1:22959] AH00126: Invalid URI in request GET /./../../../../../../../../../../../etc/passwd HTTP/1.1
[Sun Mar 10 11:39:33.495750 2019] [core:error] [pid 14324:tid 4152] [client 172.22.2.1:22962] AH00126: Invalid URI in request GET //../../../../../../../../../../../../etc/passwd HTTP/1.1
[Sun Mar 10 11:39:33.698550 2019] [core:error] [pid 14324:tid 4152] (20024)The given path is misformatted or contained invalid characters: [client 172.22.2.1:22964] AH00127: Cannot map GET /..../..../..../..../..../..../..../..../..../..../..../..../etc/passwd HTTP/1.1 to file
[Sun Mar 10 11:39:34.353751 2019] [core:error] [pid 14324:tid 4152] [client 172.22.2.1:22964] AH00126: Invalid URI in request GET /%2e%2e/%2e%2e/%2e%2e/%2e%2e/%2e%2e/%2e%2e/%2e%2e/%2e%2e/%2e%2e/%2e%2e/%2e%2e/%2e%2e/etc/passwd HTTP/1.1
[Sun Mar 10 11:39:35.570553 2019] [core:error] [pid 14324:tid 4220] [client 172.22.2.1:22974] AH00126: Invalid URI in request GET /././././././../../../../../etc/passwd HTTP/1.1
[Sun Mar 10 11:39:37.224156 2019] [core:error] [pid 14324:tid 17748] [client 172.22.2.1:22986] AH00126: Invalid URI in request GET ..\\..\\..\\..\\..\\..\\windows\\win.ini HTTP/1.1
