!C99Shell v. 1.0 pre-release build #13!

Software: Apache. PHP/5.5.15 

uname -a: Windows NT SVR-DMZ 6.1 build 7600 (Windows Server 2008 R2 Enterprise Edition) i586 

SYSTEM 

Safe-mode: OFF (not secure)

E:\nuevo\apache\logs\   drwxrwxrwx
Free 9.41 GB of 239.26 GB (3.93%)
Detected drives: [ a ] [ c ] [ d ] [ e ] [ f ]
Home    Back    Forward    UPDIR    Refresh    Search    Buffer    Encoder    Tools    Proc.    FTP brute    Sec.    SQL    PHP-code    Update    Feedback    Self remove    Logout    


Viewing file:     error.2019.03.31.log (112.94 KB)      -rw-rw-rw-
Select action/file-type:
(+) | (+) | (+) | Code (+) | Session (+) | (+) | SDB (+) | (+) | (+) | (+) | (+) | (+) |
[Sun Mar 31 01:10:16.646416 2019] [mpm_winnt:warn] [pid 10808:tid 22968] (OS 64)The specified network name is no longer available.  : AH00341: winnt_accept: Asynchronous AcceptEx failed.
[Sun Mar 31 01:46:22.554220 2019] [mpm_winnt:warn] [pid 10808:tid 22968] (OS 64)The specified network name is no longer available.  : AH00341: winnt_accept: Asynchronous AcceptEx failed.
[Sun Mar 31 01:52:47.547296 2019] [access_compat:error] [pid 10808:tid 3484] [client 118.24.126.243:12904] AH01797: client denied by server configuration: E:/nuevo/phpMyAdmin/scripts
[Sun Mar 31 01:52:48.218098 2019] [access_compat:error] [pid 10808:tid 3484] [client 118.24.126.243:13004] AH01797: client denied by server configuration: E:/nuevo/htdocs/phpMyAdmin
[Sun Mar 31 01:52:48.920099 2019] [access_compat:error] [pid 10808:tid 3484] [client 118.24.126.243:13117] AH01797: client denied by server configuration: E:/nuevo/phpMyAdmin/scripts
[Sun Mar 31 01:52:51.525303 2019] [access_compat:error] [pid 10808:tid 3484] [client 118.24.126.243:13255] AH01797: client denied by server configuration: E:/nuevo/htdocs/phpMyAdmin
[Sun Mar 31 01:54:37.246689 2019] [access_compat:error] [pid 10808:tid 3484] [client 118.24.126.243:29124] AH01797: client denied by server configuration: E:/nuevo/phpMyAdmin/index.php
[Sun Mar 31 01:54:37.948690 2019] [access_compat:error] [pid 10808:tid 3484] [client 118.24.126.243:29249] AH01797: client denied by server configuration: E:/nuevo/htdocs/phpMyAdmin
[Sun Mar 31 01:55:08.930345 2019] [access_compat:error] [pid 10808:tid 4208] [client 118.24.126.243:33296] AH01797: client denied by server configuration: E:/nuevo/htdocs/phpmyadmin0
[Sun Mar 31 01:55:09.632346 2019] [access_compat:error] [pid 10808:tid 4208] [client 118.24.126.243:33413] AH01797: client denied by server configuration: E:/nuevo/htdocs/phpmyadmin1
[Sun Mar 31 01:55:11.535549 2019] [access_compat:error] [pid 10808:tid 4208] [client 118.24.126.243:33662] AH01797: client denied by server configuration: E:/nuevo/htdocs/phpMyAdmin-4.4.0
[Sun Mar 31 01:55:13.610353 2019] [access_compat:error] [pid 10808:tid 4208] [client 118.24.126.243:34023] AH01797: client denied by server configuration: E:/nuevo/htdocs/xampp/phpmyadmin
[Sun Mar 31 01:55:16.964359 2019] [access_compat:error] [pid 10808:tid 3184] [client 118.24.126.243:34513] AH01797: client denied by server configuration: E:/nuevo/htdocs/phpmyadmin-old
[Sun Mar 31 01:55:17.697560 2019] [access_compat:error] [pid 10808:tid 3184] [client 118.24.126.243:34632] AH01797: client denied by server configuration: E:/nuevo/htdocs/phpMyAdminold
[Sun Mar 31 01:55:18.383961 2019] [access_compat:error] [pid 10808:tid 3184] [client 118.24.126.243:34729] AH01797: client denied by server configuration: E:/nuevo/htdocs/phpMyAdmin.old
[Sun Mar 31 01:55:21.925168 2019] [access_compat:error] [pid 10808:tid 3096] [client 118.24.126.243:35287] AH01797: client denied by server configuration: E:/nuevo/phpMyAdmin/phpmyadmin
[Sun Mar 31 01:55:22.673969 2019] [access_compat:error] [pid 10808:tid 3096] [client 118.24.126.243:35423] AH01797: client denied by server configuration: E:/nuevo/htdocs/phpMyAdmin
[Sun Mar 31 01:55:24.187172 2019] [access_compat:error] [pid 10808:tid 15424] [client 118.24.126.243:35618] AH01797: client denied by server configuration: E:/nuevo/htdocs/phpMyAdmin__
[Sun Mar 31 01:55:24.842373 2019] [access_compat:error] [pid 10808:tid 3384] [client 118.24.126.243:35741] AH01797: client denied by server configuration: E:/nuevo/htdocs/phpMyAdmin+++---
[Sun Mar 31 01:55:31.831185 2019] [access_compat:error] [pid 10808:tid 4208] [client 118.24.126.243:36897] AH01797: client denied by server configuration: E:/nuevo/htdocs/phpMyAdmin123
[Sun Mar 31 01:55:33.219587 2019] [access_compat:error] [pid 10808:tid 4208] [client 118.24.126.243:37133] AH01797: client denied by server configuration: E:/nuevo/htdocs/phpMyAdmina
[Sun Mar 31 01:55:34.545590 2019] [access_compat:error] [pid 10808:tid 4208] [client 118.24.126.243:37352] AH01797: client denied by server configuration: E:/nuevo/htdocs/phpMyAdmins
[Sun Mar 31 01:55:35.543991 2019] [access_compat:error] [pid 10808:tid 4208] [client 118.24.126.243:37536] AH01797: client denied by server configuration: E:/nuevo/htdocs/phpmyadmin2222
[Sun Mar 31 02:23:09.599297 2019] [mpm_winnt:warn] [pid 10808:tid 22968] (OS 64)The specified network name is no longer available.  : AH00341: winnt_accept: Asynchronous AcceptEx failed.
[Sun Mar 31 02:44:54.089188 2019] [mpm_winnt:warn] [pid 10808:tid 22968] (OS 64)The specified network name is no longer available.  : AH00341: winnt_accept: Asynchronous AcceptEx failed.
[Sun Mar 31 02:45:25.086442 2019] [mpm_winnt:warn] [pid 10808:tid 22968] (OS 64)The specified network name is no longer available.  : AH00341: winnt_accept: Asynchronous AcceptEx failed.
[Sun Mar 31 02:49:39.585289 2019] [mpm_winnt:warn] [pid 10808:tid 22968] (OS 64)The specified network name is no longer available.  : AH00341: winnt_accept: Asynchronous AcceptEx failed.
[Sun Mar 31 02:50:10.566944 2019] [mpm_winnt:warn] [pid 10808:tid 22968] (OS 64)The specified network name is no longer available.  : AH00341: winnt_accept: Asynchronous AcceptEx failed.
[Sun Mar 31 03:14:04.895863 2019] [mpm_winnt:warn] [pid 10808:tid 22968] (OS 64)The specified network name is no longer available.  : AH00341: winnt_accept: Asynchronous AcceptEx failed.
[Sun Mar 31 03:14:35.893117 2019] [mpm_winnt:warn] [pid 10808:tid 22968] (OS 64)The specified network name is no longer available.  : AH00341: winnt_accept: Asynchronous AcceptEx failed.
[Sun Mar 31 03:14:41.056727 2019] [mpm_winnt:warn] [pid 10808:tid 22968] (OS 64)The specified network name is no longer available.  : AH00341: winnt_accept: Asynchronous AcceptEx failed.
[Sun Mar 31 03:15:12.069581 2019] [mpm_winnt:warn] [pid 10808:tid 22968] (OS 64)The specified network name is no longer available.  : AH00341: winnt_accept: Asynchronous AcceptEx failed.
[Sun Mar 31 04:10:07.169769 2019] [mpm_winnt:warn] [pid 10808:tid 22968] (OS 64)The specified network name is no longer available.  : AH00341: winnt_accept: Asynchronous AcceptEx failed.
[Sun Mar 31 04:10:38.151423 2019] [mpm_winnt:warn] [pid 10808:tid 22968] (OS 64)The specified network name is no longer available.  : AH00341: winnt_accept: Asynchronous AcceptEx failed.
[Sun Mar 31 04:49:30.152719 2019] [mpm_winnt:warn] [pid 10808:tid 22968] (OS 64)The specified network name is no longer available.  : AH00341: winnt_accept: Asynchronous AcceptEx failed.
[Sun Mar 31 05:15:03.729012 2019] [core:error] [pid 10808:tid 4208] (20024)The given path is misformatted or contained invalid characters: [client 61.155.218.109:40877] AH00127: Cannot map GET /w00tw00t.at.blackhats.romanian.anti-sec:) HTTP/1.1 to file
[Sun Mar 31 05:15:04.524614 2019] [access_compat:error] [pid 10808:tid 17176] [client 61.155.218.109:40945] AH01797: client denied by server configuration: E:/nuevo/htdocs/phpMyAdmin
[Sun Mar 31 05:15:05.320215 2019] [access_compat:error] [pid 10808:tid 3484] [client 61.155.218.109:41031] AH01797: client denied by server configuration: E:/nuevo/phpMyAdmin/scripts
[Sun Mar 31 06:23:35.599835 2019] [core:error] [pid 10808:tid 4372] (20024)The given path is misformatted or contained invalid characters: [client 40.77.167.86:9394] AH00127: Cannot map GET /.../Lista%20de%20Chequeo%20Informe%20Mov%20AU.xls HTTP/1.1 to file
[Sun Mar 31 06:58:51.821552 2019] [proxy:error] [pid 10808:tid 6656] (OS 10060)A connection attempt failed because the connected party did not properly respond after a period of time, or established connection failed because connected host has failed to respond.  : AH00957: HTTP: attempt to connect to 172.22.1.31:80 (172.22.1.31) failed
[Sun Mar 31 06:58:51.821552 2019] [proxy:error] [pid 10808:tid 6656] AH00959: ap_proxy_connect_backend disabling worker for (172.22.1.31) for 60s
[Sun Mar 31 06:58:51.821552 2019] [proxy_http:error] [pid 10808:tid 6656] [client 66.249.88.62:38783] AH01114: HTTP: failed to make connection to backend: 172.22.1.31
[Sun Mar 31 06:58:56.985161 2019] [proxy:error] [pid 10808:tid 17236] (OS 10060)A connection attempt failed because the connected party did not properly respond after a period of time, or established connection failed because connected host has failed to respond.  : AH00957: HTTP: attempt to connect to 172.22.1.31:80 (172.22.1.31) failed
[Sun Mar 31 06:58:56.985161 2019] [proxy_http:error] [pid 10808:tid 17236] [client 186.29.182.108:5009] AH01114: HTTP: failed to make connection to backend: 172.22.1.31
[Sun Mar 31 07:17:33.681922 2019] [core:error] [pid 10808:tid 17964] (20024)The given path is misformatted or contained invalid characters: [client 119.233.223.160:54167] AH00127: Cannot map HEAD /www.ambientebogota.gov.co:81/ HTTP/1.1 to file
[Sun Mar 31 07:17:34.415123 2019] [core:error] [pid 10808:tid 17964] (20024)The given path is misformatted or contained invalid characters: [client 119.233.223.160:54176] AH00127: Cannot map GET /www.ambientebogota.gov.co:81/ HTTP/1.1 to file
[Sun Mar 31 07:17:35.741126 2019] [core:error] [pid 10808:tid 17964] (20024)The given path is misformatted or contained invalid characters: [client 119.233.223.160:54195] AH00127: Cannot map HEAD /www.ambientebogota.gov.co:81 HTTP/1.1 to file
[Sun Mar 31 07:17:36.443127 2019] [core:error] [pid 10808:tid 17964] (20024)The given path is misformatted or contained invalid characters: [client 119.233.223.160:54205] AH00127: Cannot map GET /www.ambientebogota.gov.co:81 HTTP/1.1 to file
[Sun Mar 31 07:28:07.433035 2019] [mpm_winnt:warn] [pid 10808:tid 22968] (OS 64)The specified network name is no longer available.  : AH00341: winnt_accept: Asynchronous AcceptEx failed.
[Sun Mar 31 07:28:07.433035 2019] [mpm_winnt:warn] [pid 10808:tid 22968] (OS 64)The specified network name is no longer available.  : AH00341: winnt_accept: Asynchronous AcceptEx failed.
[Sun Mar 31 07:28:07.433035 2019] [mpm_winnt:warn] [pid 10808:tid 22968] (OS 64)The specified network name is no longer available.  : AH00341: winnt_accept: Asynchronous AcceptEx failed.
[Sun Mar 31 07:28:07.448635 2019] [mpm_winnt:warn] [pid 10808:tid 22968] (OS 64)The specified network name is no longer available.  : AH00341: winnt_accept: Asynchronous AcceptEx failed.
[Sun Mar 31 07:28:07.448635 2019] [mpm_winnt:warn] [pid 10808:tid 22968] (OS 64)The specified network name is no longer available.  : AH00341: winnt_accept: Asynchronous AcceptEx failed.
[Sun Mar 31 07:28:07.464235 2019] [mpm_winnt:warn] [pid 10808:tid 22968] (OS 64)The specified network name is no longer available.  : AH00341: winnt_accept: Asynchronous AcceptEx failed.
[Sun Mar 31 07:28:07.464235 2019] [mpm_winnt:warn] [pid 10808:tid 22968] (OS 64)The specified network name is no longer available.  : AH00341: winnt_accept: Asynchronous AcceptEx failed.
[Sun Mar 31 07:28:07.464235 2019] [mpm_winnt:warn] [pid 10808:tid 22968] (OS 64)The specified network name is no longer available.  : AH00341: winnt_accept: Asynchronous AcceptEx failed.
[Sun Mar 31 08:27:55.688938 2019] [mpm_winnt:warn] [pid 10808:tid 22968] (OS 64)The specified network name is no longer available.  : AH00341: winnt_accept: Asynchronous AcceptEx failed.
[Sun Mar 31 08:32:48.267451 2019] [mpm_winnt:warn] [pid 10808:tid 22968] (OS 64)The specified network name is no longer available.  : AH00341: winnt_accept: Asynchronous AcceptEx failed.
[Sun Mar 31 08:33:51.494362 2019] [mpm_winnt:warn] [pid 10808:tid 22968] (OS 64)The specified network name is no longer available.  : AH00341: winnt_accept: Asynchronous AcceptEx failed.
[Sun Mar 31 09:05:25.415689 2019] [mpm_winnt:warn] [pid 10808:tid 22968] (OS 64)The specified network name is no longer available.  : AH00341: winnt_accept: Asynchronous AcceptEx failed.
[Sun Mar 31 09:45:58.115162 2019] [mpm_winnt:warn] [pid 10808:tid 22968] (OS 64)The specified network name is no longer available.  : AH00341: winnt_accept: Asynchronous AcceptEx failed.
[Sun Mar 31 10:07:55.490676 2019] [mpm_winnt:warn] [pid 10808:tid 22968] (OS 64)The specified network name is no longer available.  : AH00341: winnt_accept: Asynchronous AcceptEx failed.
[Sun Mar 31 10:07:56.442277 2019] [mpm_winnt:warn] [pid 10808:tid 22968] (OS 64)The specified network name is no longer available.  : AH00341: winnt_accept: Asynchronous AcceptEx failed.
[Sun Mar 31 10:17:21.210069 2019] [mpm_winnt:warn] [pid 10808:tid 22968] (OS 64)The specified network name is no longer available.  : AH00341: winnt_accept: Asynchronous AcceptEx failed.
[Sun Mar 31 10:42:57.765968 2019] [core:error] [pid 10808:tid 4208] (20024)The given path is misformatted or contained invalid characters: [client 159.203.91.198:46962] AH00127: Cannot map GET /galeria/carrusel/Carrusel/jquery-ui-%0A%0A1.8.13.custom.min.js HTTP/1.1 to file
[Sun Mar 31 11:31:40.165901 2019] [mpm_winnt:warn] [pid 10808:tid 22968] (OS 64)The specified network name is no longer available.  : AH00341: winnt_accept: Asynchronous AcceptEx failed.
[Sun Mar 31 11:31:51.694321 2019] [mpm_winnt:warn] [pid 10808:tid 22968] (OS 64)The specified network name is no longer available.  : AH00341: winnt_accept: Asynchronous AcceptEx failed.
[Sun Mar 31 11:31:52.209122 2019] [mpm_winnt:warn] [pid 10808:tid 22968] (OS 64)The specified network name is no longer available.  : AH00341: winnt_accept: Asynchronous AcceptEx failed.
[Sun Mar 31 11:31:55.219927 2019] [mpm_winnt:warn] [pid 10808:tid 22968] (OS 64)The specified network name is no longer available.  : AH00341: winnt_accept: Asynchronous AcceptEx failed.
[Sun Mar 31 11:31:55.734728 2019] [mpm_winnt:warn] [pid 10808:tid 22968] (OS 64)The specified network name is no longer available.  : AH00341: winnt_accept: Asynchronous AcceptEx failed.
[Sun Mar 31 11:31:56.233929 2019] [mpm_winnt:warn] [pid 10808:tid 22968] (OS 64)The specified network name is no longer available.  : AH00341: winnt_accept: Asynchronous AcceptEx failed.
[Sun Mar 31 11:31:56.733130 2019] [mpm_winnt:warn] [pid 10808:tid 22968] (OS 64)The specified network name is no longer available.  : AH00341: winnt_accept: Asynchronous AcceptEx failed.
[Sun Mar 31 11:32:08.932352 2019] [mpm_winnt:warn] [pid 10808:tid 22968] (OS 64)The specified network name is no longer available.  : AH00341: winnt_accept: Asynchronous AcceptEx failed.
[Sun Mar 31 11:32:12.442358 2019] [mpm_winnt:warn] [pid 10808:tid 22968] (OS 64)The specified network name is no longer available.  : AH00341: winnt_accept: Asynchronous AcceptEx failed.
[Sun Mar 31 11:32:25.546381 2019] [mpm_winnt:warn] [pid 10808:tid 22968] (OS 64)The specified network name is no longer available.  : AH00341: winnt_accept: Asynchronous AcceptEx failed.
[Sun Mar 31 11:32:25.561981 2019] [mpm_winnt:warn] [pid 10808:tid 22968] (OS 64)The specified network name is no longer available.  : AH00341: winnt_accept: Asynchronous AcceptEx failed.
[Sun Mar 31 11:32:44.828015 2019] [mpm_winnt:warn] [pid 10808:tid 22968] (OS 64)The specified network name is no longer available.  : AH00341: winnt_accept: Asynchronous AcceptEx failed.
[Sun Mar 31 11:32:55.857234 2019] [mpm_winnt:warn] [pid 10808:tid 22968] (OS 64)The specified network name is no longer available.  : AH00341: winnt_accept: Asynchronous AcceptEx failed.
[Sun Mar 31 11:33:06.761653 2019] [mpm_winnt:warn] [pid 10808:tid 22968] (OS 64)The specified network name is no longer available.  : AH00341: winnt_accept: Asynchronous AcceptEx failed.
[Sun Mar 31 11:33:06.824053 2019] [mpm_winnt:warn] [pid 10808:tid 22968] (OS 64)The specified network name is no longer available.  : AH00341: winnt_accept: Asynchronous AcceptEx failed.
[Sun Mar 31 11:34:11.517367 2019] [mpm_winnt:warn] [pid 10808:tid 22968] (OS 64)The specified network name is no longer available.  : AH00341: winnt_accept: Asynchronous AcceptEx failed.
[Sun Mar 31 11:34:12.624969 2019] [mpm_winnt:warn] [pid 10808:tid 22968] (OS 64)The specified network name is no longer available.  : AH00341: winnt_accept: Asynchronous AcceptEx failed.
[Sun Mar 31 11:36:37.003222 2019] [core:error] [pid 10808:tid 3672] [client 172.22.2.1:47402] AH00126: Invalid URI in request GNUTELLA CONNECT/0.6
[Sun Mar 31 11:36:37.050022 2019] [core:error] [pid 10808:tid 16920] (20025)The given path contained wildcard characters: [client 172.22.2.1:47403] AH00036: access to * failed (filesystem path 'E:/nuevo/htdocs/*')
[Sun Mar 31 11:36:37.050022 2019] [core:error] [pid 10808:tid 3672] [client 172.22.2.1:47404] AH00126: Invalid URI in request GNUTELLA CONNECT/0.4
[Sun Mar 31 11:36:37.159223 2019] [core:error] [pid 10808:tid 3672] [client 172.22.2.1:47406] AH00126: Invalid URI in request GNUTELLA CONNECT/0.6
[Sun Mar 31 11:36:37.284023 2019] [core:error] [pid 10808:tid 17940] (20025)The given path contained wildcard characters: [client 172.22.2.1:47407] AH00036: access to * failed (filesystem path 'E:/nuevo/htdocs/*')
[Sun Mar 31 11:36:37.783224 2019] [core:error] [pid 10808:tid 3672] [client 172.22.2.1:47408] AH00126: Invalid URI in request GNUTELLA CONNECT/0.4
[Sun Mar 31 11:36:47.268040 2019] [core:error] [pid 10808:tid 5764] [client 172.22.2.1:47443] AH00135: Invalid method in request ZOCPNC / HTTP/1.1
[Sun Mar 31 11:37:01.635666 2019] [core:error] [pid 10808:tid 17964] [client 172.22.2.1:47475] AH00126: Invalid URI in request some invalid request
[Sun Mar 31 11:37:11.307683 2019] [core:error] [pid 10808:tid 17924] [client 172.22.2.1:47596] AH00126: Invalid URI in request some invalid request
[Sun Mar 31 11:37:22.633303 2019] [core:error] [pid 10808:tid 6464] [client 172.22.2.1:47612] AH00135: Invalid method in request VFBLKB / HTTP/1.1
[Sun Mar 31 11:37:31.057317 2019] [cgi:error] [pid 10808:tid 3212] [client 172.22.2.1:47635] script not found or unable to stat: E:/nuevo/htdocs/cpIJNZO8V8sa.cgi
[Sun Mar 31 11:37:35.004124 2019] [cgi:error] [pid 10808:tid 3212] [client 172.22.2.1:47635] script not found or unable to stat: E:/nuevo/htdocs/cpIJNZO8V8sa.pl
[Sun Mar 31 11:37:41.072535 2019] [cgi:error] [pid 10808:tid 3212] [client 172.22.2.1:47635] script not found or unable to stat: E:/nuevo/htdocs/cpIJNZO8V8sa.asp
[Sun Mar 31 11:37:47.749347 2019] [cgi:error] [pid 10808:tid 3212] [client 172.22.2.1:47635] script not found or unable to stat: E:/nuevo/cgi-bin/cpIJNZO8V8sa.html
[Sun Mar 31 11:37:49.980151 2019] [cgi:error] [pid 10808:tid 3212] [client 172.22.2.1:47635] script not found or unable to stat: E:/nuevo/cgi-bin/cpIJNZO8V8sa.cgi
[Sun Mar 31 11:37:51.306153 2019] [cgi:error] [pid 10808:tid 3212] [client 172.22.2.1:47635] script not found or unable to stat: E:/nuevo/cgi-bin/cpIJNZO8V8sa.sh
[Sun Mar 31 11:37:54.207758 2019] [cgi:error] [pid 10808:tid 3212] [client 172.22.2.1:47635] script not found or unable to stat: E:/nuevo/cgi-bin/cpIJNZO8V8sa.pl
[Sun Mar 31 11:37:56.220162 2019] [cgi:error] [pid 10808:tid 3212] [client 172.22.2.1:47635] script not found or unable to stat: E:/nuevo/cgi-bin/cpIJNZO8V8sa.inc
[Sun Mar 31 11:37:58.435365 2019] [cgi:error] [pid 10808:tid 3212] [client 172.22.2.1:47635] script not found or unable to stat: E:/nuevo/cgi-bin/cpIJNZO8V8sa.shtml
[Sun Mar 31 11:37:59.371367 2019] [cgi:error] [pid 10808:tid 3212] [client 172.22.2.1:47635] script not found or unable to stat: E:/nuevo/cgi-bin/cpIJNZO8V8sa.asp
[Sun Mar 31 11:38:00.572569 2019] [cgi:error] [pid 10808:tid 3212] [client 172.22.2.1:47635] script not found or unable to stat: E:/nuevo/cgi-bin/cpIJNZO8V8sa.php
[Sun Mar 31 11:38:02.475773 2019] [cgi:error] [pid 10808:tid 3212] [client 172.22.2.1:47635] script not found or unable to stat: E:/nuevo/cgi-bin/cpIJNZO8V8sa.php3
[Sun Mar 31 11:38:05.720578 2019] [cgi:error] [pid 10808:tid 3212] [client 172.22.2.1:47635] script not found or unable to stat: E:/nuevo/cgi-bin/cpIJNZO8V8sa.cfm
[Sun Mar 31 11:38:12.678190 2019] [core:error] [pid 10808:tid 3916] [client 172.22.2.1:47688] AH00126: Invalid URI in request t3 12.2.1
[Sun Mar 31 11:38:13.738992 2019] [core:error] [pid 10808:tid 3916] [client 172.22.2.1:47690] AH00126: Invalid URI in request t3s 12.2.1
[Sun Mar 31 11:38:17.576599 2019] [cgi:error] [pid 10808:tid 3212] [client 172.22.2.1:47691] script not found or unable to stat: E:/nuevo/htdocs/cpIJNZO8V8sa.cgi
[Sun Mar 31 11:38:19.339402 2019] [cgi:error] [pid 10808:tid 3212] [client 172.22.2.1:47691] script not found or unable to stat: E:/nuevo/htdocs/cpIJNZO8V8sa.pl
[Sun Mar 31 11:38:21.461006 2019] [cgi:error] [pid 10808:tid 3212] [client 172.22.2.1:47691] script not found or unable to stat: E:/nuevo/htdocs/cpIJNZO8V8sa.asp
[Sun Mar 31 11:38:23.925810 2019] [cgi:error] [pid 10808:tid 3212] [client 172.22.2.1:47691] script not found or unable to stat: E:/nuevo/cgi-bin/cpIJNZO8V8sa.html
[Sun Mar 31 11:38:24.830612 2019] [cgi:error] [pid 10808:tid 3212] [client 172.22.2.1:47691] script not found or unable to stat: E:/nuevo/cgi-bin/cpIJNZO8V8sa.cgi
[Sun Mar 31 11:38:25.517013 2019] [cgi:error] [pid 10808:tid 3212] [client 172.22.2.1:47691] script not found or unable to stat: E:/nuevo/cgi-bin/cpIJNZO8V8sa.sh
[Sun Mar 31 11:38:26.250214 2019] [cgi:error] [pid 10808:tid 3212] [client 172.22.2.1:47691] script not found or unable to stat: E:/nuevo/cgi-bin/cpIJNZO8V8sa.pl
[Sun Mar 31 11:38:27.077016 2019] [cgi:error] [pid 10808:tid 3212] [client 172.22.2.1:47691] script not found or unable to stat: E:/nuevo/cgi-bin/cpIJNZO8V8sa.inc
[Sun Mar 31 11:38:28.278218 2019] [cgi:error] [pid 10808:tid 3212] [client 172.22.2.1:47691] script not found or unable to stat: E:/nuevo/cgi-bin/cpIJNZO8V8sa.shtml
[Sun Mar 31 11:38:28.808619 2019] [cgi:error] [pid 10808:tid 3212] [client 172.22.2.1:47691] script not found or unable to stat: E:/nuevo/cgi-bin/cpIJNZO8V8sa.asp
[Sun Mar 31 11:38:29.744620 2019] [cgi:error] [pid 10808:tid 3212] [client 172.22.2.1:47691] script not found or unable to stat: E:/nuevo/cgi-bin/cpIJNZO8V8sa.php
[Sun Mar 31 11:38:30.150221 2019] [cgi:error] [pid 10808:tid 3212] [client 172.22.2.1:47691] script not found or unable to stat: E:/nuevo/cgi-bin/cpIJNZO8V8sa.php3
[Sun Mar 31 11:38:30.852222 2019] [cgi:error] [pid 10808:tid 3212] [client 172.22.2.1:47691] script not found or unable to stat: E:/nuevo/cgi-bin/cpIJNZO8V8sa.cfm
[Sun Mar 31 11:38:55.500266 2019] [core:error] [pid 10808:tid 17964] [client 172.22.2.1:47844] AH00126: Invalid URI in request GET /../../../../../../../../../../../../windows/win.ini HTTP/1.1
[Sun Mar 31 11:38:55.890266 2019] [core:error] [pid 10808:tid 17964] [client 172.22.2.1:47846] AH00126: Invalid URI in request GET /../../../../../../../../../../../../winnt/win.ini HTTP/1.1
[Sun Mar 31 11:38:56.139867 2019] [core:error] [pid 10808:tid 17964] [client 172.22.2.1:47849] AH00126: Invalid URI in request GET ../../../../../../../../../../../../windows/win.ini HTTP/1.1
[Sun Mar 31 11:38:56.389467 2019] [core:error] [pid 10808:tid 17964] [client 172.22.2.1:47852] AH00126: Invalid URI in request GET ../../../../../../../../../../../../winnt/win.ini HTTP/1.1
[Sun Mar 31 11:38:56.795068 2019] [core:error] [pid 10808:tid 17964] [client 172.22.2.1:47855] AH00126: Invalid URI in request GET ..\\..\\..\\..\\..\\..\\..\\..\\..\\..\\windows\\win.ini HTTP/1.1
[Sun Mar 31 11:38:57.153869 2019] [core:error] [pid 10808:tid 17964] [client 172.22.2.1:47859] AH00126: Invalid URI in request GET ..\\..\\..\\..\\..\\..\\..\\..\\..\\..\\winnt\\win.ini HTTP/1.1
[Sun Mar 31 11:38:57.450269 2019] [core:error] [pid 10808:tid 17964] [client 172.22.2.1:47860] AH00126: Invalid URI in request GET /..\\..\\..\\..\\..\\..\\..\\..\\..\\..\\windows\\win.ini HTTP/1.1
[Sun Mar 31 11:38:57.762270 2019] [core:error] [pid 10808:tid 3844] [client 172.22.2.1:47863] AH00126: Invalid URI in request GET /..\\..\\..\\..\\..\\..\\..\\..\\..\\..\\winnt\\win.ini HTTP/1.1
[Sun Mar 31 11:38:57.762270 2019] [cgi:error] [pid 10808:tid 17964] [client 172.22.2.1:47864] script not found or unable to stat: E:/nuevo/htdocs/8nig96fu.asp
[Sun Mar 31 11:38:57.855870 2019] [cgi:error] [pid 10808:tid 17964] [client 172.22.2.1:47864] script not found or unable to stat: E:/nuevo/htdocs/8nig96fu.asp
[Sun Mar 31 11:38:58.526671 2019] [core:error] [pid 10808:tid 3844] (20024)The given path is misformatted or contained invalid characters: [client 172.22.2.1:47876] AH00127: Cannot map GET /.|./.|./.|./.|./.|./.|./.|./.|./.|./.|./.|./windows/win.ini HTTP/1.1 to file
[Sun Mar 31 11:38:58.589071 2019] [cgi:error] [pid 10808:tid 17964] [client 172.22.2.1:47864] script not found or unable to stat: E:/nuevo/htdocs/8nig96fu.pl
[Sun Mar 31 11:38:58.604671 2019] [core:error] [pid 10808:tid 3844] (20024)The given path is misformatted or contained invalid characters: [client 172.22.2.1:47876] AH00127: Cannot map GET /.|./.|./.|./.|./.|./.|./.|./.|./.|./.|./.|./winnt/win.ini HTTP/1.1 to file
[Sun Mar 31 11:38:58.682671 2019] [cgi:error] [pid 10808:tid 17964] [client 172.22.2.1:47864] script not found or unable to stat: E:/nuevo/htdocs/8nig96fu.pl
[Sun Mar 31 11:38:58.682671 2019] [core:error] [pid 10808:tid 3844] [client 172.22.2.1:47876] AH00126: Invalid URI in request GET /%2e%2e/%2e%2e/%2e%2e/%2e%2e/%2e%2e/%2e%2e/%2e%2e/%2e%2e/%2e%2e/%2e%2e/%2e%2e/windows/win.ini HTTP/1.1
[Sun Mar 31 11:38:58.729471 2019] [core:error] [pid 10808:tid 3844] [client 172.22.2.1:47878] AH00126: Invalid URI in request GET /%2e%2e/%2e%2e/%2e%2e/%2e%2e/%2e%2e/%2e%2e/%2e%2e/%2e%2e/%2e%2e/%2e%2e/%2e%2e/winnt/win.ini HTTP/1.1
[Sun Mar 31 11:38:58.838672 2019] [core:error] [pid 10808:tid 3844] [client 172.22.2.1:47879] AH00126: Invalid URI in request GET /%2e%2e\\%2e%2e\\%2e%2e\\%2e%2e\\%2e%2e\\%2e%2e\\%2e%2e\\%2e%2e\\%2e%2e\\%2e%2e\\windows\\win.ini HTTP/1.1
[Sun Mar 31 11:38:58.869872 2019] [core:error] [pid 10808:tid 3844] [client 172.22.2.1:47880] AH00126: Invalid URI in request GET /%2e%2e\\%2e%2e\\%2e%2e\\%2e%2e\\%2e%2e\\%2e%2e\\%2e%2e\\%2e%2e\\%2e%2e\\%2e%2e\\winnt\\win.ini HTTP/1.1
[Sun Mar 31 11:38:59.088272 2019] [cgi:error] [pid 10808:tid 17964] [client 172.22.2.1:47864] script not found or unable to stat: E:/nuevo/htdocs/8nig96fu.cgi
[Sun Mar 31 11:38:59.181872 2019] [core:error] [pid 10808:tid 3844] (20024)The given path is misformatted or contained invalid characters: [client 172.22.2.1:47884] AH00127: Cannot map GET /.../.../.../.../.../.../.../.../.../windows/win.ini HTTP/1.1 to file
[Sun Mar 31 11:38:59.259872 2019] [cgi:error] [pid 10808:tid 17964] [client 172.22.2.1:47864] script not found or unable to stat: E:/nuevo/htdocs/8nig96fu.cgi
[Sun Mar 31 11:38:59.322272 2019] [core:error] [pid 10808:tid 3844] (20024)The given path is misformatted or contained invalid characters: [client 172.22.2.1:47884] AH00127: Cannot map GET /.../.../.../.../.../.../.../.../.../winnt/win.ini HTTP/1.1 to file
[Sun Mar 31 11:38:59.478273 2019] [core:error] [pid 10808:tid 3844] (20024)The given path is misformatted or contained invalid characters: [client 172.22.2.1:47884] AH00127: Cannot map GET /...\\...\\...\\...\\...\\...\\...\\...\\...\\windows\\win.ini HTTP/1.1 to file
[Sun Mar 31 11:38:59.727873 2019] [core:error] [pid 10808:tid 3844] (20024)The given path is misformatted or contained invalid characters: [client 172.22.2.1:47884] AH00127: Cannot map GET /...\\...\\...\\...\\...\\...\\...\\...\\...\\winnt\\win.ini HTTP/1.1 to file
[Sun Mar 31 11:38:59.743473 2019] [core:error] [pid 10808:tid 3844] (20024)The given path is misformatted or contained invalid characters: [client 172.22.2.1:47884] AH00127: Cannot map GET /..../..../..../..../..../..../..../..../..../windows/win.ini HTTP/1.1 to file
[Sun Mar 31 11:38:59.774673 2019] [core:error] [pid 10808:tid 3844] (20024)The given path is misformatted or contained invalid characters: [client 172.22.2.1:47884] AH00127: Cannot map GET /..../..../..../..../..../..../..../..../..../winnt/win.ini HTTP/1.1 to file
[Sun Mar 31 11:39:00.071074 2019] [core:error] [pid 10808:tid 3844] (20024)The given path is misformatted or contained invalid characters: [client 172.22.2.1:47884] AH00127: Cannot map GET /....\\....\\....\\....\\....\\....\\....\\....\\....\\windows\\win.ini HTTP/1.1 to file
[Sun Mar 31 11:39:00.336274 2019] [core:error] [pid 10808:tid 3844] (20024)The given path is misformatted or contained invalid characters: [client 172.22.2.1:47884] AH00127: Cannot map GET /....\\....\\....\\....\\....\\....\\....\\....\\....\\winnt\\win.ini HTTP/1.1 to file
[Sun Mar 31 11:39:00.492274 2019] [core:error] [pid 10808:tid 3844] [client 172.22.2.1:47884] AH00126: Invalid URI in request GET /././././././../../../../../windows/win.ini HTTP/1.1
[Sun Mar 31 11:39:00.570275 2019] [core:error] [pid 10808:tid 17040] [client 172.22.2.1:47896] AH00126: Invalid URI in request GET /././././././../../../../../winnt/win.ini HTTP/1.1
[Sun Mar 31 11:39:00.897875 2019] [core:error] [pid 10808:tid 3844] [client 172.22.2.1:47901] AH00126: Invalid URI in request GET /nessus\\..\\..\\..\\..\\..\\..\\windows\\win.ini HTTP/1.1
[Sun Mar 31 11:39:00.991475 2019] [core:error] [pid 10808:tid 16828] [client 172.22.2.1:47903] AH00126: Invalid URI in request GET /nessus\\..\\..\\..\\..\\..\\..\\winnt\\win.ini HTTP/1.1
[Sun Mar 31 11:39:01.053875 2019] [core:error] [pid 10808:tid 16828] (22)Invalid argument: [client 172.22.2.1:47905] AH00127: Cannot map GET /%80../%80../%80../%80../%80../%80../windows/win.ini HTTP/1.1 to file
[Sun Mar 31 11:39:01.334676 2019] [core:error] [pid 10808:tid 16828] (22)Invalid argument: [client 172.22.2.1:47905] AH00127: Cannot map GET /%80../%80../%80../%80../%80../%80../winnt/win.ini HTTP/1.1 to file
[Sun Mar 31 11:39:01.412676 2019] [core:error] [pid 10808:tid 16828] (22)Invalid argument: [client 172.22.2.1:47905] AH00127: Cannot map GET /%c0.%c0./%c0.%c0./%c0.%c0./%c0.%c0./%c0.%c0./windows/win.ini HTTP/1.1 to file
[Sun Mar 31 11:39:01.631076 2019] [core:error] [pid 10808:tid 16828] (22)Invalid argument: [client 172.22.2.1:47905] AH00127: Cannot map GET /%c0.%c0./%c0.%c0./%c0.%c0./%c0.%c0./%c0.%c0./winnt/win.ini HTTP/1.1 to file
[Sun Mar 31 11:39:01.677876 2019] [core:error] [pid 10808:tid 16828] (22)Invalid argument: [client 172.22.2.1:47905] AH00127: Cannot map GET /%c0%2e%c0%2e/%c0%2e%c0%2e/%c0%2e%c0%2e/%c0%2e%c0%2e/windows/win.ini HTTP/1.1 to file
[Sun Mar 31 11:39:01.974277 2019] [core:error] [pid 10808:tid 16828] (22)Invalid argument: [client 172.22.2.1:47905] AH00127: Cannot map GET /%c0%2e%c0%2e/%c0%2e%c0%2e/%c0%2e%c0%2e/%c0%2e%c0%2e/winnt/win.ini HTTP/1.1 to file
[Sun Mar 31 11:39:02.816678 2019] [core:error] [pid 10808:tid 16828] [client 172.22.2.1:47923] AH00126: Invalid URI in request GET /../../../../../../../../../../../../etc/passwd HTTP/1.1
[Sun Mar 31 11:39:02.941479 2019] [core:error] [pid 10808:tid 16828] [client 172.22.2.1:47925] AH00126: Invalid URI in request GET /./../../../../../../../../../../../etc/passwd HTTP/1.1
[Sun Mar 31 11:39:02.988279 2019] [core:error] [pid 10808:tid 17844] [client 172.22.2.1:47927] AH00126: Invalid URI in request GET //../../../../../../../../../../../../etc/passwd HTTP/1.1
[Sun Mar 31 11:39:03.222279 2019] [core:error] [pid 10808:tid 16828] (20024)The given path is misformatted or contained invalid characters: [client 172.22.2.1:47928] AH00127: Cannot map GET /..../..../..../..../..../..../..../..../..../..../..../..../etc/passwd HTTP/1.1 to file
[Sun Mar 31 11:39:03.378279 2019] [core:error] [pid 10808:tid 16828] [client 172.22.2.1:47928] AH00126: Invalid URI in request GET /%2e%2e/%2e%2e/%2e%2e/%2e%2e/%2e%2e/%2e%2e/%2e%2e/%2e%2e/%2e%2e/%2e%2e/%2e%2e/%2e%2e/etc/passwd HTTP/1.1
[Sun Mar 31 11:39:04.205081 2019] [core:error] [pid 10808:tid 16828] [client 172.22.2.1:47938] AH00126: Invalid URI in request GET /././././././../../../../../etc/passwd HTTP/1.1
[Sun Mar 31 11:39:05.109883 2019] [core:error] [pid 10808:tid 17844] [client 172.22.2.1:47950] AH00126: Invalid URI in request GET /../../../../../../../../../../../../windows/win.ini HTTP/1.1
[Sun Mar 31 11:39:05.468683 2019] [core:error] [pid 10808:tid 17844] [client 172.22.2.1:47952] AH00126: Invalid URI in request GET /../../../../../../../../../../../../winnt/win.ini HTTP/1.1
[Sun Mar 31 11:39:05.593483 2019] [core:error] [pid 10808:tid 16828] [client 172.22.2.1:47956] AH00126: Invalid URI in request GET ../../../../../../../../../../../../windows/win.ini HTTP/1.1
[Sun Mar 31 11:39:05.858684 2019] [core:error] [pid 10808:tid 16828] [client 172.22.2.1:47959] AH00126: Invalid URI in request GET ../../../../../../../../../../../../winnt/win.ini HTTP/1.1
[Sun Mar 31 11:39:07.013086 2019] [core:error] [pid 10808:tid 16828] [client 172.22.2.1:47962] AH00126: Invalid URI in request GET ..\\..\\..\\..\\..\\..\\..\\..\\..\\..\\windows\\win.ini HTTP/1.1
[Sun Mar 31 11:39:07.231486 2019] [core:error] [pid 10808:tid 6212] [client 172.22.2.1:47964] AH00126: Invalid URI in request GET ..\\..\\..\\..\\..\\..\\..\\..\\..\\..\\winnt\\win.ini HTTP/1.1
[Sun Mar 31 11:39:08.417088 2019] [core:error] [pid 10808:tid 6212] [client 172.22.2.1:47968] AH00126: Invalid URI in request GET /..\\..\\..\\..\\..\\..\\..\\..\\..\\..\\windows\\win.ini HTTP/1.1
[Sun Mar 31 11:39:08.978689 2019] [core:error] [pid 10808:tid 6560] [client 172.22.2.1:47970] AH00126: Invalid URI in request GET /..\\..\\..\\..\\..\\..\\..\\..\\..\\..\\winnt\\win.ini HTTP/1.1
[Sun Mar 31 11:39:10.959893 2019] [core:error] [pid 10808:tid 7072] (20024)The given path is misformatted or contained invalid characters: [client 172.22.2.1:47983] AH00127: Cannot map GET /.|./.|./.|./.|./.|./.|./.|./.|./.|./.|./.|./windows/win.ini HTTP/1.1 to file
[Sun Mar 31 11:39:11.583894 2019] [core:error] [pid 10808:tid 7072] (20024)The given path is misformatted or contained invalid characters: [client 172.22.2.1:47983] AH00127: Cannot map GET /.|./.|./.|./.|./.|./.|./.|./.|./.|./.|./.|./winnt/win.ini HTTP/1.1 to file
[Sun Mar 31 11:39:11.880294 2019] [core:error] [pid 10808:tid 17964] (20024)The given path is misformatted or contained invalid characters: [client 172.22.2.1:47864] AH00127: Cannot map GET /<script>document.cookie=%22testzlyu=3760;%22</script> HTTP/1.1 to file
[Sun Mar 31 11:39:14.719499 2019] [authz_core:error] [pid 10808:tid 3484] [client 172.22.2.1:47996] AH01630: client denied by server configuration: E:/nuevo/htdocs/.htaccess.old
[Sun Mar 31 11:39:14.766299 2019] [core:error] [pid 10808:tid 7072] [client 172.22.2.1:47983] AH00126: Invalid URI in request GET /%2e%2e/%2e%2e/%2e%2e/%2e%2e/%2e%2e/%2e%2e/%2e%2e/%2e%2e/%2e%2e/%2e%2e/%2e%2e/windows/win.ini HTTP/1.1
[Sun Mar 31 11:39:14.813100 2019] [core:error] [pid 10808:tid 17964] [client 172.22.2.1:47864] AH00126: Invalid URI in request GET <script>document.cookie=%22testzlyu=3760;%22</script> HTTP/1.1
[Sun Mar 31 11:39:14.813100 2019] [authz_core:error] [pid 10808:tid 3484] [client 172.22.2.1:47996] AH01630: client denied by server configuration: E:/nuevo/htdocs/.htaccess.bak
[Sun Mar 31 11:39:14.875500 2019] [core:error] [pid 10808:tid 7072] [client 172.22.2.1:47999] AH00126: Invalid URI in request GET /%2e%2e/%2e%2e/%2e%2e/%2e%2e/%2e%2e/%2e%2e/%2e%2e/%2e%2e/%2e%2e/%2e%2e/%2e%2e/winnt/win.ini HTTP/1.1
[Sun Mar 31 11:39:15.047100 2019] [core:error] [pid 10808:tid 17964] (20024)The given path is misformatted or contained invalid characters: [client 172.22.2.1:48000] AH00127: Cannot map GET /<meta%20http-equiv=Set-Cookie%20content=%22testzlyu=3760%22> HTTP/1.1 to file
[Sun Mar 31 11:39:15.047100 2019] [authz_core:error] [pid 10808:tid 3484] [client 172.22.2.1:47996] AH01630: client denied by server configuration: E:/nuevo/htdocs/.htaccess~
[Sun Mar 31 11:39:15.187500 2019] [core:error] [pid 10808:tid 7072] [client 172.22.2.1:48002] AH00126: Invalid URI in request GET /%2e%2e\\%2e%2e\\%2e%2e\\%2e%2e\\%2e%2e\\%2e%2e\\%2e%2e\\%2e%2e\\%2e%2e\\%2e%2e\\windows\\win.ini HTTP/1.1
[Sun Mar 31 11:39:15.296700 2019] [core:error] [pid 10808:tid 17964] [client 172.22.2.1:48000] AH00126: Invalid URI in request GET <meta%20http-equiv=Set-Cookie%20content=%22testzlyu=3760%22> HTTP/1.1
[Sun Mar 31 11:39:15.327900 2019] [authz_core:error] [pid 10808:tid 3484] [client 172.22.2.1:47996] AH01630: client denied by server configuration: E:/nuevo/htdocs/.htaccess.copy
[Sun Mar 31 11:39:15.936302 2019] [core:error] [pid 10808:tid 7072] [client 172.22.2.1:48005] AH00126: Invalid URI in request GET /%2e%2e\\%2e%2e\\%2e%2e\\%2e%2e\\%2e%2e\\%2e%2e\\%2e%2e\\%2e%2e\\%2e%2e\\%2e%2e\\winnt\\win.ini HTTP/1.1
[Sun Mar 31 11:39:25.748719 2019] [cgi:error] [pid 10808:tid 17964] [client 172.22.2.1:48028] script not found or unable to stat: E:/nuevo/htdocs/xa0k3ndg.asp
[Sun Mar 31 11:39:29.321125 2019] [authz_core:error] [pid 10808:tid 3484] [client 172.22.2.1:47996] AH01630: client denied by server configuration: E:/nuevo/htdocs/.htaccess.tmp
[Sun Mar 31 11:39:30.553527 2019] [core:error] [pid 10808:tid 3672] (20024)The given path is misformatted or contained invalid characters: [client 172.22.2.1:48034] AH00127: Cannot map GET /.../.../.../.../.../.../.../.../.../windows/win.ini HTTP/1.1 to file
[Sun Mar 31 11:39:31.302329 2019] [cgi:error] [pid 10808:tid 17964] [client 172.22.2.1:48028] script not found or unable to stat: E:/nuevo/htdocs/xa0k3ndg.asp
[Sun Mar 31 11:39:31.785929 2019] [core:error] [pid 10808:tid 3672] (20024)The given path is misformatted or contained invalid characters: [client 172.22.2.1:48034] AH00127: Cannot map GET /.../.../.../.../.../.../.../.../.../winnt/win.ini HTTP/1.1 to file
[Sun Mar 31 11:39:31.879530 2019] [authz_core:error] [pid 10808:tid 3484] [client 172.22.2.1:48042] AH01630: client denied by server configuration: E:/nuevo/htdocs/.htaccess.1
[Sun Mar 31 11:39:35.670336 2019] [core:error] [pid 10808:tid 3672] (20024)The given path is misformatted or contained invalid characters: [client 172.22.2.1:48034] AH00127: Cannot map GET /...\\...\\...\\...\\...\\...\\...\\...\\...\\windows\\win.ini HTTP/1.1 to file
[Sun Mar 31 11:39:38.759142 2019] [authz_core:error] [pid 10808:tid 3484] [client 172.22.2.1:48042] AH01630: client denied by server configuration: E:/nuevo/htdocs/.htaccess.~1~
[Sun Mar 31 11:39:42.003947 2019] [core:error] [pid 10808:tid 3672] (20024)The given path is misformatted or contained invalid characters: [client 172.22.2.1:48034] AH00127: Cannot map GET /...\\...\\...\\...\\...\\...\\...\\...\\...\\winnt\\win.ini HTTP/1.1 to file
[Sun Mar 31 11:39:42.752749 2019] [cgi:error] [pid 10808:tid 17964] [client 172.22.2.1:48028] script not found or unable to stat: E:/nuevo/htdocs/xa0k3ndg.pl
[Sun Mar 31 11:39:42.815149 2019] [authz_core:error] [pid 10808:tid 7072] [client 172.22.2.1:48065] AH01630: client denied by server configuration: E:/nuevo/htdocs/.htaccess.old
[Sun Mar 31 11:39:42.877549 2019] [core:error] [pid 10808:tid 3672] (20024)The given path is misformatted or contained invalid characters: [client 172.22.2.1:48034] AH00127: Cannot map GET /..../..../..../..../..../..../..../..../..../windows/win.ini HTTP/1.1 to file
[Sun Mar 31 11:39:43.766750 2019] [cgi:error] [pid 10808:tid 17964] [client 172.22.2.1:48028] script not found or unable to stat: E:/nuevo/htdocs/xa0k3ndg.pl
[Sun Mar 31 11:39:43.829151 2019] [authz_core:error] [pid 10808:tid 7072] [client 172.22.2.1:48065] AH01630: client denied by server configuration: E:/nuevo/htdocs/.htaccess.bak
[Sun Mar 31 11:39:43.829151 2019] [core:error] [pid 10808:tid 3672] (20024)The given path is misformatted or contained invalid characters: [client 172.22.2.1:48034] AH00127: Cannot map GET /..../..../..../..../..../..../..../..../..../winnt/win.ini HTTP/1.1 to file
[Sun Mar 31 11:39:43.907151 2019] [access_compat:error] [pid 10808:tid 17940] [client 172.22.2.1:48069] AH01797: client denied by server configuration: E:/nuevo/htdocs/xampp/index.php
[Sun Mar 31 11:39:44.265951 2019] [cgi:error] [pid 10808:tid 17964] [client 172.22.2.1:48028] script not found or unable to stat: E:/nuevo/htdocs/xa0k3ndg.cgi
[Sun Mar 31 11:39:44.297151 2019] [core:error] [pid 10808:tid 3672] (20024)The given path is misformatted or contained invalid characters: [client 172.22.2.1:48034] AH00127: Cannot map GET /....\\....\\....\\....\\....\\....\\....\\....\\....\\windows\\win.ini HTTP/1.1 to file
[Sun Mar 31 11:39:44.312751 2019] [authz_core:error] [pid 10808:tid 7072] [client 172.22.2.1:48065] AH01630: client denied by server configuration: E:/nuevo/htdocs/.htaccess~
[Sun Mar 31 11:39:44.609152 2019] [cgi:error] [pid 10808:tid 17964] [client 172.22.2.1:48028] script not found or unable to stat: E:/nuevo/htdocs/xa0k3ndg.cgi
[Sun Mar 31 11:39:44.640352 2019] [access_compat:error] [pid 10808:tid 17940] [client 172.22.2.1:48071] AH01797: client denied by server configuration: E:/nuevo/htdocs/xampp/index.php
[Sun Mar 31 11:39:44.780752 2019] [core:error] [pid 10808:tid 3672] (20024)The given path is misformatted or contained invalid characters: [client 172.22.2.1:48034] AH00127: Cannot map GET /....\\....\\....\\....\\....\\....\\....\\....\\....\\winnt\\win.ini HTTP/1.1 to file
[Sun Mar 31 11:39:44.780752 2019] [authz_core:error] [pid 10808:tid 7072] [client 172.22.2.1:48065] AH01630: client denied by server configuration: E:/nuevo/htdocs/.htaccess.copy
[Sun Mar 31 11:39:45.045953 2019] [core:error] [pid 10808:tid 3672] [client 172.22.2.1:48034] AH00126: Invalid URI in request GET /././././././../../../../../windows/win.ini HTTP/1.1
[Sun Mar 31 11:39:45.045953 2019] [authz_core:error] [pid 10808:tid 7072] [client 172.22.2.1:48065] AH01630: client denied by server configuration: E:/nuevo/htdocs/.htaccess.tmp
[Sun Mar 31 11:39:45.264353 2019] [core:error] [pid 10808:tid 3672] [client 172.22.2.1:48075] AH00126: Invalid URI in request GET /././././././../../../../../winnt/win.ini HTTP/1.1
[Sun Mar 31 11:39:45.669954 2019] [authz_core:error] [pid 10808:tid 3672] [client 172.22.2.1:48079] AH01630: client denied by server configuration: E:/nuevo/htdocs/.htaccess.1
[Sun Mar 31 11:39:45.857154 2019] [core:error] [pid 10808:tid 7072] [client 172.22.2.1:48084] AH00126: Invalid URI in request GET /nessus\\..\\..\\..\\..\\..\\..\\windows\\win.ini HTTP/1.1
[Sun Mar 31 11:39:46.340755 2019] [authz_core:error] [pid 10808:tid 3672] [client 172.22.2.1:48079] AH01630: client denied by server configuration: E:/nuevo/htdocs/.htaccess.~1~
[Sun Mar 31 11:39:46.543555 2019] [core:error] [pid 10808:tid 17940] [client 172.22.2.1:48088] AH00126: Invalid URI in request GET /nessus\\..\\..\\..\\..\\..\\..\\winnt\\win.ini HTTP/1.1
[Sun Mar 31 11:39:47.619957 2019] [core:error] [pid 10808:tid 17940] (22)Invalid argument: [client 172.22.2.1:48091] AH00127: Cannot map GET /%80../%80../%80../%80../%80../%80../windows/win.ini HTTP/1.1 to file
[Sun Mar 31 11:39:49.398360 2019] [core:error] [pid 10808:tid 17940] (22)Invalid argument: [client 172.22.2.1:48091] AH00127: Cannot map GET /%80../%80../%80../%80../%80../%80../winnt/win.ini HTTP/1.1 to file
[Sun Mar 31 11:39:49.897561 2019] [core:error] [pid 10808:tid 17940] (22)Invalid argument: [client 172.22.2.1:48091] AH00127: Cannot map GET /%c0.%c0./%c0.%c0./%c0.%c0./%c0.%c0./%c0.%c0./windows/win.ini HTTP/1.1 to file
[Sun Mar 31 11:39:50.568362 2019] [core:error] [pid 10808:tid 17940] (22)Invalid argument: [client 172.22.2.1:48091] AH00127: Cannot map GET /%c0.%c0./%c0.%c0./%c0.%c0./%c0.%c0./%c0.%c0./winnt/win.ini HTTP/1.1 to file
[Sun Mar 31 11:39:50.817963 2019] [core:error] [pid 10808:tid 17940] (22)Invalid argument: [client 172.22.2.1:48091] AH00127: Cannot map GET /%c0%2e%c0%2e/%c0%2e%c0%2e/%c0%2e%c0%2e/%c0%2e%c0%2e/windows/win.ini HTTP/1.1 to file
[Sun Mar 31 11:39:51.005163 2019] [cgi:error] [pid 10808:tid 3672] [client 172.22.2.1:48110] script not found or unable to stat: E:/nuevo/htdocs/niet1926462511.asp
[Sun Mar 31 11:39:51.098763 2019] [core:error] [pid 10808:tid 17940] (22)Invalid argument: [client 172.22.2.1:48091] AH00127: Cannot map GET /%c0%2e%c0%2e/%c0%2e%c0%2e/%c0%2e%c0%2e/%c0%2e%c0%2e/winnt/win.ini HTTP/1.1 to file
[Sun Mar 31 11:39:52.487166 2019] [core:error] [pid 10808:tid 7072] [client 172.22.2.1:48129] AH00126: Invalid URI in request GET /../../../../../../../../../../../../etc/passwd HTTP/1.1
[Sun Mar 31 11:39:52.705566 2019] [core:error] [pid 10808:tid 7072] [client 172.22.2.1:48130] AH00126: Invalid URI in request GET /./../../../../../../../../../../../etc/passwd HTTP/1.1
[Sun Mar 31 11:39:52.814766 2019] [core:error] [pid 10808:tid 7072] [client 172.22.2.1:48132] AH00126: Invalid URI in request GET //../../../../../../../../../../../../etc/passwd HTTP/1.1
[Sun Mar 31 11:39:52.923967 2019] [core:error] [pid 10808:tid 7072] (20024)The given path is misformatted or contained invalid characters: [client 172.22.2.1:48133] AH00127: Cannot map GET /..../..../..../..../..../..../..../..../..../..../..../..../etc/passwd HTTP/1.1 to file
[Sun Mar 31 11:39:53.204767 2019] [core:error] [pid 10808:tid 7072] [client 172.22.2.1:48133] AH00126: Invalid URI in request GET /%2e%2e/%2e%2e/%2e%2e/%2e%2e/%2e%2e/%2e%2e/%2e%2e/%2e%2e/%2e%2e/%2e%2e/%2e%2e/%2e%2e/etc/passwd HTTP/1.1
[Sun Mar 31 11:39:53.703968 2019] [core:error] [pid 10808:tid 7072] [client 172.22.2.1:48138] AH00126: Invalid URI in request GET /././././././../../../../../etc/passwd HTTP/1.1
[Sun Mar 31 11:39:54.593169 2019] [core:error] [pid 10808:tid 17940] [client 172.22.2.1:48145] AH00126: Invalid URI in request GET ..\\..\\..\\..\\..\\..\\windows\\win.ini HTTP/1.1
[Sun Mar 31 11:39:54.671170 2019] [core:error] [pid 10808:tid 17940] [client 172.22.2.1:48147] AH00126: Invalid URI in request GET ..\\..\\..\\..\\..\\..\\winnt\\win.ini HTTP/1.1
[Sun Mar 31 11:39:54.920770 2019] [core:error] [pid 10808:tid 7072] [client 172.22.2.1:48151] AH00126: Invalid URI in request GET ..\\..\\..\\..\\..\\..\\windows\\win.ini HTTP/1.1
[Sun Mar 31 11:39:55.170370 2019] [core:error] [pid 10808:tid 7072] [client 172.22.2.1:48154] AH00126: Invalid URI in request GET ..\\..\\..\\..\\..\\..\\winnt\\win.ini HTTP/1.1
[Sun Mar 31 11:39:57.245174 2019] [cgi:error] [pid 10808:tid 17940] [client 172.22.2.1:48174] script not found or unable to stat: E:/nuevo/htdocs/niet703038220.asp
[Sun Mar 31 11:40:01.550782 2019] [core:error] [pid 10808:tid 17964] (20024)The given path is misformatted or contained invalid characters: [client 172.22.2.1:48028] AH00127: Cannot map GET /<script>document.cookie=%22testsqoj=1159;%22</script> HTTP/1.1 to file
[Sun Mar 31 11:40:01.909582 2019] [core:error] [pid 10808:tid 17964] [client 172.22.2.1:48028] AH00126: Invalid URI in request GET <script>document.cookie=%22testsqoj=1159;%22</script> HTTP/1.1
[Sun Mar 31 11:40:02.611584 2019] [core:error] [pid 10808:tid 17964] (20024)The given path is misformatted or contained invalid characters: [client 172.22.2.1:48261] AH00127: Cannot map GET /<meta%20http-equiv=Set-Cookie%20content=%22testsqoj=1159%22> HTTP/1.1 to file
[Sun Mar 31 11:40:03.110784 2019] [core:error] [pid 10808:tid 17964] [client 172.22.2.1:48261] AH00126: Invalid URI in request GET <meta%20http-equiv=Set-Cookie%20content=%22testsqoj=1159%22> HTTP/1.1
[Sun Mar 31 11:40:05.169988 2019] [core:error] [pid 10808:tid 17940] [client 172.22.2.1:48289] AH00038: Forbidden: E:/nuevo/cgi-bin/com5 doesn't point to a file or directory
[Sun Mar 31 11:40:05.778389 2019] [cgi:error] [pid 10808:tid 3508] [client 172.22.2.1:48298] script not found or unable to stat: E:/nuevo/cgi-bin/pub
[Sun Mar 31 11:40:06.168390 2019] [core:error] [pid 10808:tid 17940] [client 172.22.2.1:48304] AH00038: Forbidden: E:/nuevo/cgi-bin/com5 doesn't point to a file or directory
[Sun Mar 31 11:40:06.168390 2019] [cgi:error] [pid 10808:tid 3508] [client 172.22.2.1:48306] script not found or unable to stat: E:/nuevo/cgi-bin/pub
[Sun Mar 31 11:40:15.887207 2019] [core:error] [pid 10808:tid 17964] [client 172.22.2.1:48443] AH00135: Invalid method in request NESSUS / HTTP/1.0
[Sun Mar 31 11:40:16.417608 2019] [core:error] [pid 10808:tid 6904] [client 172.22.2.1:48451] AH00135: Invalid method in request NESSUS / HTTP/1.0
[Sun Mar 31 11:40:29.396831 2019] [mpm_winnt:warn] [pid 10808:tid 22968] (OS 64)The specified network name is no longer available.  : AH00341: winnt_accept: Asynchronous AcceptEx failed.
[Sun Mar 31 11:40:29.396831 2019] [mpm_winnt:warn] [pid 10808:tid 22968] (OS 64)The specified network name is no longer available.  : AH00341: winnt_accept: Asynchronous AcceptEx failed.
[Sun Mar 31 11:40:29.396831 2019] [mpm_winnt:warn] [pid 10808:tid 22968] (OS 64)The specified network name is no longer available.  : AH00341: winnt_accept: Asynchronous AcceptEx failed.
[Sun Mar 31 11:40:29.396831 2019] [mpm_winnt:warn] [pid 10808:tid 22968] (OS 64)The specified network name is no longer available.  : AH00341: winnt_accept: Asynchronous AcceptEx failed.
[Sun Mar 31 11:40:44.934458 2019] [proxy:error] [pid 10808:tid 17676] (OS 10061)No connection could be made because the target machine actively refused it.  : AH00957: AJP: attempt to connect to 127.0.0.1:8009 (*) failed
[Sun Mar 31 11:40:44.934458 2019] [proxy_ajp:error] [pid 10808:tid 17676] [client 172.22.2.1:48538] AH00896: failed to make connection to backend: 127.0.0.1
[Sun Mar 31 11:40:45.558459 2019] [cgi:error] [pid 10808:tid 17676] [client 172.22.2.1:48565] script not found or unable to stat: E:/nuevo/htdocs/InitialPage.asp
[Sun Mar 31 11:40:45.776859 2019] [cgi:error] [pid 10808:tid 17676] [client 172.22.2.1:48568] script not found or unable to stat: E:/nuevo/htdocs/InitialPage.asp
[Sun Mar 31 11:40:46.104460 2019] [proxy:error] [pid 10808:tid 3972] (OS 10061)No connection could be made because the target machine actively refused it.  : AH00957: AJP: attempt to connect to 127.0.0.1:8009 (*) failed
